CXAK59 PAOT 011455
CLMOTZ

CLIMATE REPORT 
NATIONAL WEATHER SERVICE KOTZEBUE, AK
655 AM AKDT TUE APR 1 2014
...................................

...THE KOTZEBUE WSO AP CLIMATE SUMMARY FOR THE MONTH OF MARCH 2014...

CLIMATE NORMAL PERIOD 1981 TO 2010
CLIMATE RECORD PERIOD 1898 TO 2014

WEATHER         OBSERVED          NORMAL  DEPART  LAST YEAR\'S
                 VALUE   DATE(S)  VALUE   FROM    VALUE  DATE(S)
                                          NORMAL
................................................................
TEMPERATURE (F)
RECORD
 HIGH              41   3/18/1900 
 LOW              -58   3/16/1930 
HIGHEST            33   3/25         28       5      30  3/09  
LOWEST            -14               -24      10     -35  3/02  
AVG. MAXIMUM       16.3               8.8     7.5     8.8    
AVG. MINIMUM       -0.8              -6.7     5.9    -5.6   
MEAN                7.8               1.1     6.7     1.6
DAYS MAX >= 90      0                 0.0     0.0     0
DAYS MAX <= 32     30                28.4     1.6    31
DAYS MAX >= 80      0                 0.0     0.0     0
DAYS MAX >= 70      0                 0.0     0.0     0
DAYS MIN <= 32     31                28.9     2.1    31
DAYS MIN <= 0      18                19.8    -1.8    21

PRECIPITATION (INCHES)
RECORD
 MAXIMUM            2.18   2009   
 MINIMUM            0.00   1953
TOTALS              0.34              0.44   -0.10    0.37
DAILY AVG.          0.01              0.01    0.00    0.01
DAYS >= .01         6                 5.9     0.1     9
DAYS >= .10         1                 1.3    -0.3     0
DAYS >= .50         0                 0.1    -0.1     0
DAYS >= 1.0         0                 0.0     0.0     0
GREATEST
 24 HR TOTAL        0.20   3/13                       0.09  3/07        

SNOWFALL (INCHES)
RECORDS
 TOTAL             21.9   1954
 24 HR TOTAL       10.2   3-03-1932
 SNOW DEPTH       240     3-06-1931    
TOTALS              6.8               5.9     0.9     3.7   
SINCE 7/1          31.8              47.7   -15.9    28.0   
SNOWDEPTH AVG.      8                22     -14       8
DAYS >= TRACE      11                11.7    -0.7    14
DAYS >= 1.0         3                 2.1     0.9     0
DAYS >= 6.0         0                 0.0    -0.0     0
GREATEST
 SNOW DEPTH        10   3/23                         11  3/15  
 24 HR TOTAL      2.4   3/13                        0.7  3/08  

DEGREE_DAYS
HEATING TOTAL    1765              1987    -222    1957 
 SINCE 7/1      10697             12229   -1532   12244
COOLING TOTAL       0                 0       0       0
 SINCE 1/1          0                 0       0       0
................................................................

WIND (MPH)                        
AVERAGE WIND SPEED                8.7
HIGHEST WIND SPEED/DIRECTION     31/110    DATE   03/17
HIGHEST GUST SPEED/DIRECTION     39/110    DATE   03/17

SKY COVER
POSSIBLE SUNSHINE (PERCENT)   MM                                      
AVERAGE SKY COVER             MM
NUMBER OF DAYS FAIR           MM
NUMBER OF DAYS PC             MM
NUMBER OF DAYS CLOUDY         MM

AVERAGE RH (PERCENT)     MM

WEATHER CONDITIONS. NUMBER OF DAYS WITH
THUNDERSTORM              0     ICE PELLETS                 0
RAIN                      0     GLAZE                       0
DRIZZLE                   0     HAIL                        0
SNOW                      7     HAZE                        6
FOG                      13     FOG W/VIS <= 1/4 MILE       1
BLOWING SNOW              1


-  INDICATES NEGATIVE NUMBERS.
R  INDICATES RECORD WAS SET OR TIED.
MM INDICATES DATA IS MISSING.
T  INDICATES TRACE AMOUNT.

&&
...WARMER AND DRIER THAN NORMAL IN KOTZEBUE,ALASKA...

MARCH 2014 WAS A WARMER AND DRIER THAN NORMAL MONTH IN KOTZEBUE. THE FIRST
PART OF THE MONTH WAS DOMINATED BY HIGH PRESSURE CENTERED OVER THE NORTHWEST 
TERRITORIES OF CANADA. THE MIDDLE OF THE MONTH SAW A POWERFUL LOW PRESSURE 
SYSTEM IN THE GULF OF ALASKA WITH SHORT WAVE TROUGHS ROTATING EAST TO WEST 
THROUGH THE AREA. THE LAST PART OF THE MONTH SAW HIGH PRESSURE OVER THE WEST 
COAST AND RUSSIA  DOMINATING THE WEATHER OVER KOTZEBUE.


TEMPERATURES...MARCH 2014 WAS THE 12TH WARMEST FOR AVERAGE MAXIMUM TEMPERATURE 
AND 15TH WARMEST FOR AVERAGE MINIMUM TEMPERATURE IN STATION HISTORY. THE AVERAGE 
TEMPERATURE WAS ALSO THE 12TH WARMEST TEMPERATURE IN STATION HISTORY. 


PRECIPITATION...MARCH 2014 WAS SLIGHT BELOW NORMAL FOR THE MONTH. THE ONLY 
RECORDS SET DURING THE MONTH WERE FOR PRECIPITATION AND SNOWFALL ON THE 13TH OF 
THE MONTH. 


$$


CMK APR 14