CXAK59 PAOT 021640
CLMOTZ

CLIMATE REPORT 
NATIONAL WEATHER SERVICE KOTZEBUE, AK
840 AM AKDT SAT MAY 2 2015
...................................

...THE KOTZEBUE WSO AP CLIMATE SUMMARY FOR THE MONTH OF APRIL 2015...

CLIMATE NORMAL PERIOD 1981 TO 2010
CLIMATE RECORD PERIOD 1898 TO 2015

WEATHER         OBSERVED          NORMAL  DEPART  LAST YEAR\'S
                 VALUE   DATE(S)  VALUE   FROM    VALUE  DATE(S)
                                          NORMAL
................................................................
TEMPERATURE (F)
RECORD
 HIGH              48   4/27/1988 
 LOW              -44   4/05/1943 
HIGHEST            44   4/24         34      10      45  4/28  
LOWEST            -14               -15       1     -11  4/09  
AVG. MAXIMUM       24.2              21.2     3.0    29.0    
AVG. MINIMUM        8.6               5.4     3.2    15.0   
MEAN               16.4              13.3     3.1    22.0
DAYS MAX >= 90      0                 0.0     0.0     0
DAYS MAX <= 32     19                22.1    -3.1    12
DAYS MAX >= 80      0                 0.0     0.0     0
DAYS MAX >= 70      0                 0.0     0.0     0
DAYS MIN <= 32     30                27.6     2.4    27
DAYS MIN <= 0       9                11.3    -2.3    10

PRECIPITATION (INCHES)
RECORD
 MAXIMUM            1.84   2002   
 MINIMUM            0.00   1995
TOTALS              0.55              0.54    0.01    0.21
DAILY AVG.          0.02              0.01    0.01    0.01
DAYS >= .01         8                 5.8     2.2     7
DAYS >= .10         3                 1.2     1.8     0
DAYS >= .50         0                 0.1    -0.1     0
DAYS >= 1.0         0                 0.0     0.0     0
GREATEST
 24 HR TOTAL        0.18   4/07                       0.06  4/22        

SNOWFALL (INCHES)
RECORDS
 TOTAL             18.4   2002
 24 HR TOTAL        6.9   4-07-2011
 SNOW DEPTH       158     4-06-1944    
TOTALS              3.9               5.1    -1.2     0.4   
SINCE 7/1          24.7              52.0   -27.3    32.2   
SNOWDEPTH AVG.      7                18     -11       3
DAYS >= TRACE      15                11.6     3.4     6
DAYS >= 1.0         1                 1.4    -0.4     0
DAYS >= 6.0         0                 0.0    -0.0     0
GREATEST
 SNOW DEPTH        10   4/18                          7  4/07  
 24 HR TOTAL      1.8   4/07                        0.2  4/14  

DEGREE_DAYS
HEATING TOTAL    1448              1551    -103    1282 
 SINCE 7/1      12378             13780   -1402   11979
COOLING TOTAL       0                 0       0       0
 SINCE 1/1          0                 0       0       0
................................................................

WIND (MPH)                        
AVERAGE WIND SPEED                9.8
HIGHEST WIND SPEED/DIRECTION     32/090    DATE    04/6
HIGHEST GUST SPEED/DIRECTION     37/080    DATE   04/19

SKY COVER
POSSIBLE SUNSHINE (PERCENT)   MM                                      
AVERAGE SKY COVER             MM
NUMBER OF DAYS FAIR           MM
NUMBER OF DAYS PC             MM
NUMBER OF DAYS CLOUDY         MM

AVERAGE RH (PERCENT)     MM

WEATHER CONDITIONS. NUMBER OF DAYS WITH
THUNDERSTORM              0     ICE PELLETS                 0
RAIN                      4     GLAZE                       0
DRIZZLE                   0     HAIL                        0
SNOW                     14     HAZE                        3
FOG                      19     FOG W/VIS <= 1/4 MILE       4
BLOWING SNOW              3


-  INDICATES NEGATIVE NUMBERS.
R  INDICATES RECORD WAS SET OR TIED.
MM INDICATES DATA IS MISSING.
T  INDICATES TRACE AMOUNT.

&&
...SLIGHTLY ABOVE NORMAL TEMPERATURES AND NEAR NORMAL PRECIPITATION IN KOTZEBUE...
 THE WEATHER OVER THE REGION WAS PRIMARILY DRIVEN BY A LONG WAVE TROUGH OVER MOST  
OF ALASKA FOR A MAJORITY OF THE MONTH. THIS LEAD TO THE AREA EXPERIENCING 
PRECIPITATION FOR HALF THE MONTH AS WELL AS SLIGHT ABOVE NORMAL TEMPERATURES IN THE 
MIDDLE AND LATTER PARTS OF THE MONTH. 
 

TEMPERATURES...THE DAILY HIGH...LOW...AND AVERAGE TEMPERATURE ALL WERE AT OR JUST 
SLIGHT THREE DEGREES ABOVE NORMAL FOR THE MONTH. THERE WAS ONLY ONE HIGH 
TEMPERATURE RECORD TIED ON THE 19TH AT 32 DEGREES. NO RECORDS WERE BROKEN DURING 
THE MONTH.


PRECIPITATION...THE AVERAGE PRECIPITATION FOR THE MONTH WAS JUST  ONE ONE HUNDREDTH 
OF AN INCH BELOW NORMAL FOR THE MONTH. THERE WAS ONLY ONE TIED RECORD FOR 
PRECIPITATION SET ON 19TH OF THE MONTH.  THE VILLAGE OBSERVED MULTIPLE 
PRECIPITATION TYPES OF BOTH RAIN AND SNOW DURING THE MONTH.

$$


KELLY MAY 15