CXAK59 PAOT 021125
CLMOTZ

CLIMATE REPORT 
NATIONAL WEATHER SERVICE KOTZEBUE, AK
325 AM AKDT SAT AUG 2 2014
...................................

...THE KOTZEBUE WSO AP CLIMATE SUMMARY FOR THE MONTH OF JULY 2014...

CLIMATE NORMAL PERIOD 1981 TO 2010
CLIMATE RECORD PERIOD 1898 TO 2014

WEATHER         OBSERVED          NORMAL  DEPART  LAST YEAR\'S
                 VALUE   DATE(S)  VALUE   FROM    VALUE  DATE(S)
                                          NORMAL
................................................................
TEMPERATURE (F)
RECORD
 HIGH              85   7/05/1958 
 LOW               30   7/02/1976 
HIGHEST            80   7/07         66      14      78  7/13  
LOWEST             41                36       5      45  7/10  
AVG. MAXIMUM       58.1              59.5    -1.4    60.9    
AVG. MINIMUM       49.2              49.7    -0.5    52.1   
MEAN               53.6              54.6    -1.0    56.5
DAYS MAX >= 90      0                 0.0     0.0     0
DAYS MAX <= 32      0                 0.0     0.0     0
DAYS MAX >= 80      1                 0.1     0.9     0
DAYS MAX >= 70      2                 2.8    -0.8     3
DAYS MIN <= 32      0                 0.0    -0.0     0
DAYS MIN <= 0       0                 0.0     0.0     0

PRECIPITATION (INCHES)
RECORD
 MAXIMUM            3.65   2012   
 MINIMUM            0.00   1995
TOTALS              2.59              1.45    1.14    1.28
DAILY AVG.          0.08              0.05    0.03    0.04
DAYS >= .01        17                 9.5     7.5    11
DAYS >= .10         9                 3.8     5.2     5
DAYS >= .50         1                 0.4     0.6     0
DAYS >= 1.0         0                 0.0    -0.0     0
GREATEST
 24 HR TOTAL        0.55   7/13                       0.29  7/06        

SNOWFALL (INCHES)
RECORDS
 TOTAL              0.2   2002
 24 HR TOTAL        0.2   7-02-2002
 SNOW DEPTH         0     7-01-2002    
TOTALS              0.0               0.0     0.0     0.0   
SINCE 7/1           0.0               0.0     0.0     0.0   
SNOWDEPTH AVG.      0                 0       0       0
DAYS >= TRACE       0                 0.1    -0.1     0
DAYS >= 1.0         0                 0.0     0.0     0
DAYS >= 6.0         0                 0.0     0.0     0
GREATEST
 SNOW DEPTH         0   MM                            0  MM    
 24 HR TOTAL      0.0   MM                          0.0  MM    

DEGREE_DAYS
HEATING TOTAL     354               326      28     262 
 SINCE 7/1        354               326      28     262
COOLING TOTAL       8                 0       8       5
 SINCE 1/1          8                 0       8      13
................................................................

WIND (MPH)                        
AVERAGE WIND SPEED               10.8
HIGHEST WIND SPEED/DIRECTION     30/300    DATE   07/24
HIGHEST GUST SPEED/DIRECTION     36/300    DATE   07/24

SKY COVER
POSSIBLE SUNSHINE (PERCENT)   MM                                      
AVERAGE SKY COVER             MM
NUMBER OF DAYS FAIR           MM
NUMBER OF DAYS PC             MM
NUMBER OF DAYS CLOUDY         MM

AVERAGE RH (PERCENT)     MM

WEATHER CONDITIONS. NUMBER OF DAYS WITH
THUNDERSTORM              0     ICE PELLETS                 0
RAIN                     24     GLAZE                       0
DRIZZLE                   0     HAIL                        0
SNOW                      0     HAZE                        0
FOG                      17     FOG W/VIS <= 1/4 MILE       0
BLOWING SNOW              0


-  INDICATES NEGATIVE NUMBERS.
R  INDICATES RECORD WAS SET OR TIED.
MM INDICATES DATA IS MISSING.
T  INDICATES TRACE AMOUNT.

&&
...WET JULY IN KOTZEBUE...

A VERY STRONG RIDGE OF HIGH PRESSURE OVER THE SOUTHWEST BERING SEA ALONG WITH A 
NORTH-SOUTH ORIENTED TROUGH WELL NORTH OF BARROW...DURING A MAJORITY OF THE 
MONTH LEAD TO AN ACTIVE WEATHER PATTERN OVER NORTHWEST ALASKA. THIS WAS THE 
DRIVING FACTOR FOR TAD COOLER THAN NORMAL TEMPERATURES THROUGH A MAJORITY OF THE 
MONTH.

TEMPERATURES...THE AVERAGE MAXIMUM...MINIMUM...AND AVERAGE TEMPERATURES WERE A 
TAD BELOW NORMAL FOR THE MONTH. THERE WERE A COUPLE OF HIGH TEMPERATURE RECORDS 
BROKEN DURING THE MONTH. 


7/6/14 - NEW HIGH TEMPERATURE OF 77 DEGREES BREAKING THE PREVIOUS RECORD OF 76 
DEGREES SET BACK IN 1987.

7/7/2014 - NEW HIGH TEMPERATURE OF 80 DEGREES BREAKING THE PREVIOUS RECORD OF 77 
DEGREES SET BACK IN 2009.



PRECIPITATION...IT WAS THE 11TH WETTEST MONTH IN STATION HISTORY. THERE WERE NO 
RECORDS SET DURING THE MONTH. THERE WERE A FEW BRIEF PERIODS OF MODERATE TO 
HEAVY RAINFALL OBSERVED DURING THE 13TH...15TH..AND 17TH OF THE MONTH. THERE 
WERE ONLY SEVEN DAYS DURING THE MONTH WITHOUT RAINFALL OBSERVED.

$$


CKELLY AUG 14