CXAK59 PAOM 010924
CLMOME

CLIMATE REPORT 
NATIONAL WEATHER SERVICE NOME, AK
124 AM AKDT WED APR 1 2015
...................................

...THE NOME WSO AP CLIMATE SUMMARY FOR THE MONTH OF MARCH 2015...

CLIMATE NORMAL PERIOD 1981 TO 2010
CLIMATE RECORD PERIOD 1907 TO 2015

WEATHER         OBSERVED          NORMAL  DEPART  LAST YEAR\'S
                 VALUE   DATE(S)  VALUE   FROM    VALUE  DATE(S)
                                          NORMAL
................................................................
TEMPERATURE (F)
RECORD
 HIGH              44   3/02/1938 
 LOW              -46   3/11/1971 
HIGHEST            31   3/06         35      -4      34  3/22  
LOWEST            -24               -21      -3      -9  3/19  
AVG. MAXIMUM       15.8              18.5    -2.7    20.3    
AVG. MINIMUM       -2.8               2.1    -4.9     4.2   
MEAN                6.5              10.3    -3.8    12.3
DAYS MAX >= 90      0                 0.0     0.0     0
DAYS MAX <= 32     31                27.3     3.7    30
DAYS MAX >= 80      0                 0.0     0.0     0
DAYS MAX >= 70      0                 0.0     0.0     0
DAYS MIN <= 32     31                30.9     0.1    31
DAYS MIN <= 0      17                14.5     2.5    12

PRECIPITATION (INCHES)
RECORD
 MAXIMUM            3.37   1907   
 MINIMUM            0.00   1960
TOTALS              0.70              0.65    0.05    0.53
DAILY AVG.          0.02              0.02    0.00    0.02
DAYS >= .01         5                 8.6    -3.6     8
DAYS >= .10         2                 1.9     0.1     2
DAYS >= .50         0                 0.1    -0.1     0
DAYS >= 1.0         0                 0.0     0.0     0
GREATEST
 24 HR TOTAL        0.45   3/06                       0.29  3/14        

SNOWFALL (INCHES)
RECORDS
 TOTAL             35.0   1935
 24 HR TOTAL       15.5   3-08-2009
 SNOW DEPTH        78     3-12-2009    
TOTALS              8.8               8.9    -0.1    12.3   
SINCE 7/1          52.1              66.2   -14.1    66.6   
SNOWDEPTH AVG.     14                18      -3      10
DAYS >= TRACE       9                14.2    -5.2    11
DAYS >= 1.0         2                 2.6    -0.6     3
DAYS >= 6.0         0                 0.1    -0.1     1
GREATEST
 SNOW DEPTH        19   3/10                         18  3/20  
 24 HR TOTAL      5.5   3/06                        7.1  3/14  

DEGREE_DAYS
HEATING TOTAL    1807              1696     111    1627 
 SINCE 7/1       9971             10978   -1007    9773
COOLING TOTAL       0                 0       0       0
 SINCE 1/1          0                 0       0       0
................................................................

WIND (MPH)                        
AVERAGE WIND SPEED                4.9
HIGHEST WIND SPEED/DIRECTION     41/280    DATE    03/7
HIGHEST GUST SPEED/DIRECTION     49/280    DATE    03/7

SKY COVER
POSSIBLE SUNSHINE (PERCENT)   MM                                      
AVERAGE SKY COVER             MM
NUMBER OF DAYS FAIR           MM
NUMBER OF DAYS PC             MM
NUMBER OF DAYS CLOUDY         MM

AVERAGE RH (PERCENT)     MM

WEATHER CONDITIONS. NUMBER OF DAYS WITH
THUNDERSTORM              0     ICE PELLETS                 0
RAIN                      0     GLAZE                       0
DRIZZLE                   0     HAIL                        0
SNOW                      8     HAZE                        1
FOG                      14     FOG W/VIS <= 1/4 MILE       0
BLOWING SNOW              2


-  INDICATES NEGATIVE NUMBERS.
R  INDICATES RECORD WAS SET OR TIED.
MM INDICATES DATA IS MISSING.
T  INDICATES TRACE AMOUNT.

&&


$$
RCT APR 15