CXAK59 PAOM 011345
CLMOME

CLIMATE REPORT 
NATIONAL WEATHER SERVICE NOME, AK
545 AM AKDT MON JUN 1 2015
...................................

...THE NOME WSO AP CLIMATE SUMMARY FOR THE MONTH OF MAY 2015...

CLIMATE NORMAL PERIOD 1981 TO 2010
CLIMATE RECORD PERIOD 1907 TO 2015

WEATHER         OBSERVED          NORMAL  DEPART  LAST YEAR\'S
                 VALUE   DATE(S)  VALUE   FROM    VALUE  DATE(S)
                                          NORMAL
................................................................
TEMPERATURE (F)
RECORD
 HIGH              78   5/30/1981 
 LOW              -11   5/02/1949 
HIGHEST            71   5/31         61      10      55  5/22  
LOWEST             22                16       6      20  5/05  
AVG. MAXIMUM       47.7              43.1     4.6    40.0    
AVG. MINIMUM       34.6              30.5     4.1    30.2   
MEAN               41.1              36.8     4.3    35.1
DAYS MAX >= 90      0                 0.0     0.0     0
DAYS MAX <= 32      2                 3.8    -1.8     3
DAYS MAX >= 80      0                 0.0     0.0     0
DAYS MAX >= 70      1                 0.3     0.7     0
DAYS MIN <= 32     11                18.9    -7.9    23
DAYS MIN <= 0       0                 0.2    -0.2     0

PRECIPITATION (INCHES)
RECORD
 MAXIMUM            2.95   2004   
 MINIMUM            0.00   1928
TOTALS              1.49              0.86    0.63    1.32
DAILY AVG.          0.05              0.03    0.02    0.04
DAYS >= .01        17                 8.6     8.4    17
DAYS >= .10         5                 2.9     2.1     6
DAYS >= .50         0                 0.2    -0.2     0
DAYS >= 1.0         0                 0.0     0.0     0
GREATEST
 24 HR TOTAL        0.36   5/16                       0.26  5/27        

SNOWFALL (INCHES)
RECORDS
 TOTAL             10.8   2013
 24 HR TOTAL        5.9   5-01-1937
 SNOW DEPTH        73     5-07-1995    
TOTALS              T                 2.3    -2.3     2.6   
SINCE 7/1          59.7              76.2   -16.5    72.3   
SNOWDEPTH AVG.      0                 1      -1       0
DAYS >= TRACE       2                 8.4    -6.4    11
DAYS >= 1.0         0                 0.8    -0.8     1
DAYS >= 6.0         0                 0.0     0.0     0
GREATEST
 SNOW DEPTH         2   5/02                          1  5/06  
 24 HR TOTAL        T   5/21                        1.1  5/06  

DEGREE_DAYS
HEATING TOTAL     732               875    -143     920 
 SINCE 7/1      12003             13188   -1185   11786
COOLING TOTAL       0                 0       0       0
 SINCE 1/1          0                 0       0       0
................................................................

WIND (MPH)                        
AVERAGE WIND SPEED                8.6
HIGHEST WIND SPEED/DIRECTION     28/110    DATE   05/20
HIGHEST GUST SPEED/DIRECTION     36/120    DATE   05/20

SKY COVER
POSSIBLE SUNSHINE (PERCENT)   MM                                      
AVERAGE SKY COVER             MM
NUMBER OF DAYS FAIR           MM
NUMBER OF DAYS PC             MM
NUMBER OF DAYS CLOUDY         MM

AVERAGE RH (PERCENT)     MM

WEATHER CONDITIONS. NUMBER OF DAYS WITH
THUNDERSTORM              0     ICE PELLETS                 0
RAIN                     20     GLAZE                       0
DRIZZLE                   0     HAIL                        0
SNOW                      2     HAZE                        3
FOG                      12     FOG W/VIS <= 1/4 MILE       1
BLOWING SNOW              0


-  INDICATES NEGATIVE NUMBERS.
R  INDICATES RECORD WAS SET OR TIED.
MM INDICATES DATA IS MISSING.
T  INDICATES TRACE AMOUNT.

&&

...SUMMARY AND HIGHLIGHTED WEATHER FOR MAY 2015... 

MAY 2015 ENDED WITH A DAILY RECORD WARM MINIMUM TEMPERATURE OF 50 DEGREES AND A 
HIGH DAILY TEMPERATURE OF 71 DEGREES AS WELL. THE HIGH TEMPERATURE BROKE THROUGH 
THE 70 DEGREES MARK FOR THE FIRST TIME THIS YEAR. MAY 2015 WAS NEAR NORMAL THROUGH 
MOST OF THE MONTH...WITH THE LAST THREE DAYS PUSHING THE AVERAGE TEMPERATURE FOR 
THE MONTH ABOVE NORMAL AS THE TEMPERATURES CLIMBED 12 TO 18 DEGREES ABOVE NORMAL. 
THE AVERAGE TEMPERATURE OF 41.1 DEGREES WAS 4.3 DEGREES ABOVE NORMAL. 

PRECIPITATION IN NOME FOR THE MONTH OF MAY WAS ALSO ABOVE NORMAL...IN FACT IT WAS 
THE TENTH WETTEST MAY ON RECORD. THE TOTAL OF 1.49 INCHES WAS .63 INCHES ABOVE 
NORMAL...THOUGH STILL NEARLY AN INCH AND HALF BELOW THE MAY MONTHLY RECORD OF 2.95 
INCHES SET BACK IN 2004. 

$$
JAS JUN 15