CXAK59 PAMC 030928
CLMMCG

CLIMATE REPORT 
NATIONAL WEATHER SERVICE MCGRATH, AK
128 AM AKDT WED SEP 3 2014
...................................

...THE MCGRATH AIRPORT CLIMATE SUMMARY FOR THE MONTH OF AUGUST 2014...

CLIMATE NORMAL PERIOD 1981 TO 2010
CLIMATE RECORD PERIOD 1940 TO 2014

WEATHER         OBSERVED          NORMAL  DEPART  LAST YEAR\'S
                 VALUE   DATE(S)  VALUE   FROM    VALUE  DATE(S)
                                          NORMAL
................................................................
TEMPERATURE (F)
RECORD
 HIGH              89   8/21/1977 
 LOW               25   8/28/1984 
HIGHEST            78   8/10         73       5      81  8/01  
LOWEST             31                31       0      35  8/25  
AVG. MAXIMUM       65.9              63.4     2.5    64.4    
AVG. MINIMUM       48.3              45.8     2.5    48.9   
MEAN               57.1              54.6     2.5    56.6
DAYS MAX >= 90      0                 0.0     0.0     0
DAYS MAX <= 32      0                 0.0     0.0     0
DAYS MAX >= 80      0                 0.9    -0.9     1
DAYS MAX >= 70     11                 5.9     5.1     7
DAYS MIN <= 32      2                 0.9     1.1     0
DAYS MIN <= 0       0                 0.0     0.0     0

PRECIPITATION (INCHES)
RECORD
 MAXIMUM            6.26   1945   
 MINIMUM            0.80   1968
TOTALS              1.74              2.80   -1.06    2.59
DAILY AVG.          0.06              0.09   -0.03    0.08
DAYS >= .01        18                15.9     2.1    19
DAYS >= .10         7                 8.0    -1.0     9
DAYS >= .50         0                 1.1    -1.1     1
DAYS >= 1.0         0                 0.1    -0.1     0
GREATEST
 24 HR TOTAL        0.34   8/17                       0.50  8/13        

SNOWFALL (INCHES)
RECORDS
 TOTAL              0.9   1998
 24 HR TOTAL        0.9   8-26-1998
 SNOW DEPTH         0     8-31-2014    
TOTALS              0.0               0.0     0.0     0.0   
SINCE 7/1           0.0               0.0     0.0     0.0   
SNOWDEPTH AVG.      0                 0       0       0
DAYS >= TRACE       0                 0.0    -0.0     0
DAYS >= 1.0         0                 0.0     0.0     0
DAYS >= 6.0         0                 0.0     0.0     0
GREATEST
 SNOW DEPTH         0   MM                            0  MM    
 24 HR TOTAL      0.0   MM                          0.0  MM    

DEGREE_DAYS
HEATING TOTAL     236               325     -89     253 
 SINCE 7/1        423               497     -74     418
COOLING TOTAL       0                 0       0       3
 SINCE 1/1         11                16      -5      78
................................................................

WIND (MPH)                        
AVERAGE WIND SPEED                3.7
HIGHEST WIND SPEED/DIRECTION     21/110    DATE   08/16
HIGHEST GUST SPEED/DIRECTION     25/290    DATE   08/26

SKY COVER
POSSIBLE SUNSHINE (PERCENT)   MM                                      
AVERAGE SKY COVER             MM
NUMBER OF DAYS FAIR           MM
NUMBER OF DAYS PC             MM
NUMBER OF DAYS CLOUDY         MM

AVERAGE RH (PERCENT)     MM

WEATHER CONDITIONS. NUMBER OF DAYS WITH
THUNDERSTORM              1     ICE PELLETS                 0
RAIN                     21     GLAZE                       0
DRIZZLE                   0     HAIL                        0
SNOW                      0     HAZE                        2
FOG                      17     FOG W/VIS <= 1/4 MILE       4
BLOWING SNOW              0


-  INDICATES NEGATIVE NUMBERS.
R  INDICATES RECORD WAS SET OR TIED.
MM INDICATES DATA IS MISSING.
T  INDICATES TRACE AMOUNT.

&&
ON AVERAGE...THE MONTH OF AUGUST 2014 WAS WARMER AND DRIER THAN EXPECTED WITH 
BOTH HIGH AND LOW TEMPERATURES AVERAGING 2.5 DEGREES WARMER THAN NORMAL. 
ADDITIONALLY...11 DAYS WERE OBSERVED WITH MAXIMUM TEMPERATURES GREATER THAN OR 
EQUAL TO 70 DEGREES...NEARLY TWICE THE NORMAL...HOWEVER THERE WERE NO DAYS 
OBSERVED WITH A MAXIMUM TEMPERATURE EQUAL TO OR GREATER THAN 80 DEGREES. THE 
HIGHEST TEMPERATURE RECORDED DURING THE MONTH WAS 78 DEGREES ON THE 10TH. 1.74 
INCHES OF PRECIPITATION WAS RECORDED DURING THE MONTH...OR ABOUT 62 PERCENT OF 
THE NORMAL AMOUNT FOR AUGUST. THE HIGHEST 24 HOUR PRECIPITATION AMOUNT OCCURRED 
ON AUGUST 17TH WHEN THE STATION RECORDED 0.34 INCHES OF RAIN. NO NEW OR TIED 
RECORDS WERE OBSERVED DURING THE MONTH. NOTE THAT THE SURFACE OBSERVING SYSTEM 
WAS UPGRADED ON AUGUST 20TH...RESULTING IN A LOSS OF THE DATA STORED ON THE 
SYSTEM PRIOR TO THE 20TH.

$$
JMC SEP 14