CXAK59 PAMC 011933
CLMMCG

CLIMATE REPORT 
NATIONAL WEATHER SERVICE MCGRATH, AK
1033 AM AKST SUN FEB 1 2015
...................................

...THE MCGRATH AIRPORT CLIMATE SUMMARY FOR THE MONTH OF JANUARY 2015...

CLIMATE NORMAL PERIOD 1981 TO 2010
CLIMATE RECORD PERIOD 1940 TO 2015

WEATHER         OBSERVED          NORMAL  DEPART  LAST YEAR\'S
                 VALUE   DATE(S)  VALUE   FROM    VALUE  DATE(S)
                                          NORMAL
................................................................
TEMPERATURE (F)
RECORD
 HIGH              54   1/30/1945 
 LOW              -75   1/27/1989 
HIGHEST            31   1/01         32      -1      42  1/20  
LOWEST            -43               -46       3     -41  1/12  
AVG. MAXIMUM        3.1               2.3     0.8    21.2    
AVG. MINIMUM      -13.8             -15.3     1.5     5.8   
MEAN               -5.4              -6.5     1.1    13.5
DAYS MAX >= 90      0                 0.0     0.0     0
DAYS MAX <= 32     31                28.7     2.3    22
DAYS MAX >= 80      0                 0.0     0.0     0
DAYS MAX >= 70      0                 0.0     0.0     0
DAYS MIN <= 32     31                30.8     0.2    31
DAYS MIN <= 0      20                23.4    -3.4     7

PRECIPITATION (INCHES)
RECORD
 MAXIMUM            3.74   1993   
 MINIMUM            0.10   1961
TOTALS              0.27              1.09   -0.82    1.60
DAILY AVG.          0.01              0.03   -0.02    0.05
DAYS >= .01         6                10.7    -4.7    13
DAYS >= .10         1                 3.0    -2.0     6
DAYS >= .50         0                 0.3    -0.3     1
DAYS >= 1.0         0                 0.1    -0.1     0
GREATEST
 24 HR TOTAL        0.12   1/17                       0.54  1/16        

SNOWFALL (INCHES)
RECORDS
 TOTAL             42.2   1993
 24 HR TOTAL       16.2   1-03-2005
 SNOW DEPTH        53     1-09-1949    
TOTALS              5.9              15.7    -9.8    14.9   
SINCE 7/1          31.3              66.1   -34.8    45.2   
SNOWDEPTH AVG.     12                22      -9      18
DAYS >= TRACE       9                17.0    -8.0    16
DAYS >= 1.0         3                 4.9    -1.9     5
DAYS >= 6.0         0                 0.2    -0.2     0
GREATEST
 SNOW DEPTH        14   1/26                         24  1/16  
 24 HR TOTAL      2.0   1/01                        5.4  1/16  

DEGREE_DAYS
HEATING TOTAL    2171              2213     -42    1588 
 SINCE 7/1       7488              8459    -971    7080
COOLING TOTAL       0                 0       0       0
 SINCE 1/1          0                 0       0       0
................................................................

WIND (MPH)                        
AVERAGE WIND SPEED                1.7
HIGHEST WIND SPEED/DIRECTION     16/010    DATE   01/22
HIGHEST GUST SPEED/DIRECTION     22/360    DATE   01/22

SKY COVER
POSSIBLE SUNSHINE (PERCENT)   MM                                      
AVERAGE SKY COVER             MM
NUMBER OF DAYS FAIR           MM
NUMBER OF DAYS PC             MM
NUMBER OF DAYS CLOUDY         MM

AVERAGE RH (PERCENT)     MM

WEATHER CONDITIONS. NUMBER OF DAYS WITH
THUNDERSTORM              0     ICE PELLETS                 1
RAIN                      1     GLAZE                       1
DRIZZLE                   0     HAIL                        0
SNOW                      8     HAZE                        2
FOG                      14     FOG W/VIS <= 1/4 MILE       1
BLOWING SNOW              0


-  INDICATES NEGATIVE NUMBERS.
R  INDICATES RECORD WAS SET OR TIED.
MM INDICATES DATA IS MISSING.
T  INDICATES TRACE AMOUNT.

&&
ON AVERAGE...JANUARY 2015 WAS ONLY SLIGHTLY WARMER THAN NORMAL...WITH AVERAGE 
MAXIMUM TEMPERATURES LESS THAN 1 DEGREE WARMER THAN NORMAL AND MINIMUM TEMPERATURES 
AVERAGING LESS THAN 2 DEGREES WARMER THAN NORMAL. TEMPERATURES REMAINED BELOW 
FREEZING FOR THE DURATION OF THE MONTH AS WELL AS BELOW 0 DEGREES FOR 15 TOTAL DAYS 
INCLUDING A CONTINUOUS STRETCH LASTING FROM JANUARY 22ND THROUGH THE END OF THE 
MONTH. THE HIGHEST TEMPERATURE RECORDED DURING THE MONTH WAS 31 DEGREES ON JANUARY 
1ST AND THE LOWEST TEMPERATURE OF -43 DEGREES WAS RECORDED ON JANUARY 26TH. 

JANUARY WAS ALSO DRIER THAN NORMAL...WITH A LIQUID EQUIVALENT PRECIPITATION TOTAL 
OF 0.27 INCHES...ABOUT 25 PERCENT OF THE NORMAL AMOUNT. NEARLY HALF OF THE 
PRECIPITATION FOR THE MONTH OCCURRED ON JANUARY 17TH. 5.9 INCHES OF SNOWFALL WAS 
RECORDED DURING THE MONTH...WHICH IS SLIGHTLY MORE THAN ONE THIRD OF THE NORMAL 
AMOUNT. THE AVERAGE SNOW DEPTH FOR THE MONTH...12 INCHES...IS ALSO ROUGHLY HALF OF 
THE NORMAL AMOUNT.

NO NEW RECORDS WERE SET OR TIED DURING THE MONTH.

$$
JMC FEB 15