CXAK59 PAFG 012044
CLMFAI


CLIMATE REPORT
NATIONAL WEATHER SERVICE FAIRBANKS, AK                               
1240 PM AKDT SAT AUG 1 2015
................................... 

...THE FAIRBANKS CLIMATE SUMMARY FOR THE MONTH OF JULY 2015...

CLIMATE NORMAL PERIOD 1981 TO 2010
CLIMATE RECORD PERIOD 1904 TO 2015

WEATHER         OBSERVED          NORMAL  DEPART  LAST YEAR'S         
                 VALUE   DATE(S)  VALUE   FROM    VALUE  DATE(S)      
                                          NORMAL                      
................................................................
TEMPERATURE (F)
RECORD
 HIGH              99   07/28/1919                                    
 LOW               30   07/11/1905                                    
HIGHEST            89   07/06        85       4       87  07/06       
LOWEST             47   07/03        43       4       39  07/26       
AVG. MAXIMUM     71.4              72.7    -1.3     69.5              
AVG. MINIMUM     53.1              52.3     0.8     52.5              
MEAN             62.2              62.5    -0.3     61.0              
DAYS MAX >= 90      0               0.1    -0.1        0              
DAYS MAX <= 32      0               0.0     0.0        0              
DAYS MIN <= 32      0               0.0     0.0        0              
DAYS MIN <= 0       0               0.0     0.0        0              

PRECIPITATION (INCHES)
RECORD
 MAXIMUM         5.96   2003                                          
 MINIMUM         0.06   2009                                          
TOTALS           2.78              2.16    0.62     5.78              
DAILY AVG.       0.09              0.07    0.02     0.19              
DAYS >= .01        14              12.9     1.1       13              
DAYS >= .10         6               5.3     0.7        7              
DAYS >= .50         1               1.0     0.0        3              
DAYS >= 1.00        0               0.3    -0.3        3              
GREATEST
 24 HR. TOTAL    1.07   07/27 TO 07/28           

SNOWFALL (INCHES)
RECORDS
 TOTAL            0.0                                       
 24 HR TOTAL      0.0                                               
 SNOW DEPTH         0                                               
TOTALS            0.0               0.0     0.0      0.0              
SINCE 7/1         0.0               0.0     0.0      0.0              
SNOWDEPTH AVG.      0               0.0     0.0        0              
DAYS >= TRACE       0               0.0     0.0        0              
DAYS >= 1.0         0               0.0     0.0        0              
GREATEST
 SNOW DEPTH         0            
 24 HR TOTAL      0.0   

DEGREE_DAYS
HEATING TOTAL     104               108      -4      137              
 SINCE 7/1        104               108      -4      137              
COOLING TOTAL      24                31      -7       19              
 SINCE 1/1         57                55       2       20              
..................................................

WIND (MPH)
AVERAGE WIND SPEED              4.7
HIGHEST WIND SPEED/DIRECTION    24/090    DATE  07/13
HIGHEST GUST SPEED/DIRECTION    31/250    DATE  07/17

SKY COVER
AVERAGE SKY COVER           0.70


WEATHER CONDITIONS. NUMBER OF DAYS WITH 
THUNDERSTORM              0     MIXED PRECIP               0
HEAVY RAIN                2     RAIN                       5
LIGHT RAIN               18     FREEZING RAIN              0
LT FREEZING RAIN          0     HAIL                       0
HEAVY SNOW                0     SNOW                       0
LIGHT SNOW                0     SLEET                      0
FOG                       9     FOG W/VIS <= 1/4 MILE      0
HAZE                     13                                           
                                                                    
-  INDICATES NEGATIVE NUMBERS.                                      
R  INDICATES RECORD WAS SET OR TIED.                                
MM INDICATES DATA IS MISSING.                                       
T  INDICATES TRACE AMOUNT.                                          

$$