CXAK59 PAFG 011637
CLMFAI


CLIMATE REPORT
NATIONAL WEATHER SERVICE FAIRBANKS, AK                               
731 AM AKST MON DEC 1 2014
................................... 

...THE FAIRBANKS CLIMATE SUMMARY FOR THE MONTH OF NOVEMBER 2014...

CLIMATE NORMAL PERIOD 1981 TO 2010
CLIMATE RECORD PERIOD 1904 TO 2014

WEATHER         OBSERVED          NORMAL  DEPART  LAST YEAR'S         
                 VALUE   DATE(S)  VALUE   FROM    VALUE  DATE(S)      
                                          NORMAL                      
................................................................
TEMPERATURE (F)
RECORD
 HIGH              54   11/25/1936                                    
 LOW              -54   11/29/1909                                    
HIGHEST            38   11/12        34       4       45  11/14       
LOWEST            -18   11/28       -28      10      -33  11/21       
                        11/27                                         
AVG. MAXIMUM     19.0              10.9     8.1     15.4              
AVG. MINIMUM      2.5              -5.7     8.2     -3.2              
MEAN             10.8               2.6     8.2      6.1              
DAYS MAX >= 90      0               0.0     0.0        0              
DAYS MAX <= 32     28              28.0     0.0       28              
DAYS MIN <= 32     30              30.0     0.0       30              
DAYS MIN <= 0      12              19.6    -7.6       20              

PRECIPITATION (INCHES)
RECORD
 MAXIMUM         4.65   1906                                          
 MINIMUM            T   1953                                          
TOTALS           0.18              0.67   -0.49     1.74              
DAILY AVG.       0.01              0.02   -0.01     0.06              
DAYS >= .01         3              10.3    -7.3       13              
DAYS >= .10         1               2.1    -1.1        5              
DAYS >= .50         0               0.0     0.0        1              
DAYS >= 1.00        0               0.0     0.0        0              
GREATEST
 24 HR. TOTAL    0.12   11/25 TO 11/25           11/13 TO 11/13       

SNOWFALL (INCHES)
RECORDS
 TOTAL           54.0   1970                                            
 24 HR TOTAL     14.6   11/20/1970 TO 11/20/1970                      
 SNOW DEPTH        42   11/29/1970                                    
TOTALS            3.8              13.2    -9.4     17.6              
SINCE 7/1         9.8              25.8   -16.0     19.0              
SNOWDEPTH AVG.      3                 7      -4        6              
DAYS >= TRACE       7              11.9    -4.9       22              
DAYS >= 1.0         1               4.6    -3.6        6              
GREATEST
 SNOW DEPTH         5   11/30                         12  11/30       
                        11/29
                        11/28                                         
 24 HR TOTAL      2.6   11/25                       

DEGREE_DAYS
HEATING TOTAL    1620              1872    -252     1762              
 SINCE 7/1       3718              4131    -413     3537              
COOLING TOTAL       0                 0       0        0              
 SINCE 1/1         27                61     -34      226              
....................................................

WIND (MPH)
AVERAGE WIND SPEED              2.7
HIGHEST WIND SPEED/DIRECTION    17/010    DATE  11/22
HIGHEST GUST SPEED/DIRECTION    20/010    DATE  11/22

SKY COVER
AVERAGE SKY COVER           0.50


WEATHER CONDITIONS. NUMBER OF DAYS WITH 
THUNDERSTORM              0     MIXED PRECIP               0
HEAVY RAIN                0     RAIN                       0
LIGHT RAIN                0     FREEZING RAIN              0
LT FREEZING RAIN          0     HAIL                       0
HEAVY SNOW                0     SNOW                       0
LIGHT SNOW                8     SLEET                      0
FOG                      11     FOG W/VIS <= 1/4 MILE      1
HAZE                      0                                           
                                                                    
-  INDICATES NEGATIVE NUMBERS.                                      
R  INDICATES RECORD WAS SET OR TIED.                                
MM INDICATES DATA IS MISSING.                                       
T  INDICATES TRACE AMOUNT.                                          

$$