CXAK58 PASN 111953 CCB
CLMSNP

CLIMATE REPORT...CORRECTED 
NATIONAL WEATHER SERVICE ST PAUL, AK
1153 AM AKDT FRI JUL 11 2014
...................................

...THE ST PAUL AIRPORT CLIMATE SUMMARY FOR THE MONTH OF JUNE 2014...

CLIMATE NORMAL PERIOD 1981 TO 2010
CLIMATE RECORD PERIOD 1949 TO 2014

WEATHER         OBSERVED          NORMAL  DEPART  LAST YEAR\'S
                 VALUE   DATE(S)  VALUE   FROM    VALUE  DATE(S)
                                          NORMAL
................................................................
TEMPERATURE (F)
RECORD
 HIGH              62   6/25/2000 
 LOW               16   6/03/1985 
HIGHEST            56   6/05/2014    51       5      54  6/24  
LOWEST             30   6/14/2014    28       2      31  6/02  
AVG. MAXIMUM       48.7              46.8     1.9    44.9    
AVG. MINIMUM       39.1              37.9     1.2    37.4   
MEAN               43.9              42.4     1.5    41.2
DAYS MAX >= 90      0                 0.0     0.0     0
DAYS MAX <= 32      0                 0.1    -0.1     0
DAYS MAX >= 80      0                 0.0     0.0     0
DAYS MAX >= 70      0                 0.0     0.0     0
DAYS MIN <= 32      2                 2.4    -0.4     1
DAYS MIN <= 0       0                 0.0     0.0     0

PRECIPITATION (INCHES)
RECORD
 MAXIMUM            3.59   1958   
 MINIMUM            0.01   1995
TOTALS              1.02              1.35   -0.33    1.55
DAILY AVG.          0.03              0.04   -0.01    0.05
DAYS >= .01        13                10.7     2.3    13
DAYS >= .10         4                 3.9     0.1     5
DAYS >= .50         0                 0.3    -0.3     1
DAYS >= 1.0         0                 0.0    -0.0     0
GREATEST
 24 HR TOTAL        0.33   6/11                       0.59  6/16        

SNOWFALL (INCHES)
RECORDS
 TOTAL              1.6   1965
 24 HR TOTAL        1.0   6-05-1965
 SNOW DEPTH         2     6-06-1975    
TOTALS              0.0               0.0     0.0     0.0   
SINCE 7/1          43.7              52.6    -8.9    72.7   
SNOWDEPTH AVG.      0                 0       0       0
DAYS >= TRACE       0                 0.5    -0.5     0
DAYS >= 1.0         0                 0.0     0.0     0
DAYS >= 6.0         0                 0.0     0.0     0
GREATEST
 SNOW DEPTH         0   MM                            0  MM    
 24 HR TOTAL      0.0   MM                          0.0  MM    

DEGREE_DAYS
HEATING TOTAL     628               679     -51     710 
 SINCE 7/1      10052             10800    -748   11668
COOLING TOTAL       0                 0       0       0
 SINCE 1/1          0                 0       0       0
................................................................

WIND (MPH)                        
AVERAGE WIND SPEED               10.8
HIGHEST WIND SPEED/DIRECTION     32/250    DATE   06/18
HIGHEST GUST SPEED/DIRECTION     41/250    DATE   06/18

SKY COVER
POSSIBLE SUNSHINE (PERCENT)   MM                                      
AVERAGE SKY COVER             MM
NUMBER OF DAYS FAIR           MM
NUMBER OF DAYS PC             MM
NUMBER OF DAYS CLOUDY         MM

AVERAGE RH (PERCENT)     MM

WEATHER CONDITIONS. NUMBER OF DAYS WITH
THUNDERSTORM              0     ICE PELLETS                 0
RAIN                     17     GLAZE                       0
DRIZZLE                   4     HAIL                        0
SNOW                      0     HAZE                        0
FOG                      24     FOG W/VIS <= 1/4 MILE       3
BLOWING SNOW              0


-  INDICATES NEGATIVE NUMBERS.
R  INDICATES RECORD WAS SET OR TIED.
MM INDICATES DATA IS MISSING.
T  INDICATES TRACE AMOUNT.

&&
...A WARM AND DRY START TO THE SUMMER FOR ST PAUL...

JUNE 2014 FOR ST PAUL WAS WARMER AND DRIER THAN NORMAL AS A HIGH PRESSURE RIDGE 
CENTERED OVER THE CENTRAL ALEUTIAN ISLANDS BROUGHT MAINLY SOUTHERLY TO 
WESTERLY WINDS...PRODUCING TEMPERATURES ABOVE NORMAL. 

MONTHLY TEMPERATURE AVERAGES WERE IN THE TOP TEN ON RECORD FOR THE MONTH OF 
JUNE. THE HIGHEST AVERAGE MAXIMUM TEMPERATURE WAS THE 6TH WARMEST ON RECORD. ON 
AVERAGE THE MONTHLY TEMPERATURE WAS 2 DEGREES WARMER THAN NORMAL.  ST PAUL TIED 
ONE TEMPERATURE RECORD...AND SET TWO NEW TEMPERATURE RECORDS...AS WELL AS SET 
ONE PRECIPITATION RECORD.

6/5/2014- NEW RECORD HIGH MINIMUM OF 56 BREAKING THE OLD RECORD OF 54 IN 2003

6/11/2014- NEW RECORD PRECIPITATION OF 0.33 INCHES BREAKING OLD RECORD OF 0.30 
INCHES SET IN 2003.

6/19/2014- NEW RECORD HIGH MAXIMUM OF 54 BREAKING THE OLD RECORD OF 53 IN 1993.

6/22/2014- TIED RECORD MINIMUM TEMP OF 33 SET IN 1959.

ALTHOUGH A RECORD WAS SET FOR PRECIPITATION ON THE 11TH IT ACCOUNTED FOR A 
MAJORITY OF THE MONTHLY AVERAGE.  ONLY 4 DAYS HAD PRECIPITATION GREATER THAN 
0.10.
$$
HCH JUL 14