CXAK58 PAKN 031237
CLMAKN

CLIMATE REPORT 
NATIONAL WEATHER SERVICE KING SALMON, AK
437 AM AKDT THU JUL 3 2014
...................................

...THE KING SALMON AP CLIMATE SUMMARY FOR THE MONTH OF JUNE 2014...

CLIMATE NORMAL PERIOD 1981 TO 2010
CLIMATE RECORD PERIOD 1949 TO 2014

WEATHER         OBSERVED          NORMAL  DEPART  LAST YEAR\'S
                 VALUE   DATE(S)  VALUE   FROM    VALUE  DATE(S)
                                          NORMAL
................................................................
TEMPERATURE (F)
RECORD
 HIGH              88   6/27/1953 
 LOW               27   6/05/2006 
HIGHEST            75   6/25         74       1      81  6/18  
LOWEST             28                30      -2      33  6/07  
AVG. MAXIMUM       59.5              60.9    -1.4    67.6    
AVG. MINIMUM       41.2              41.9    -0.7    43.0   
MEAN               50.4              51.5    -1.1    55.3
DAYS MAX >= 90      0                 0.0     0.0     0
DAYS MAX <= 32      0                 0.0     0.0     0
DAYS MAX >= 80      0                 0.2    -0.2     3
DAYS MAX >= 70      4                 2.7     1.3    14
DAYS MIN <= 32      2                 0.6     1.4     0
DAYS MIN <= 0       0                 0.0     0.0     0

PRECIPITATION (INCHES)
RECORD
 MAXIMUM            3.77   1950   
 MINIMUM            0.26   1959
TOTALS              3.25              1.65    1.60    1.05
DAILY AVG.          0.11              0.06    0.05    0.04
DAYS >= .01        19                12.6     6.4     7
DAYS >= .10        12                 4.9     7.1     2
DAYS >= .50         1                 0.4     0.6     1
DAYS >= 1.0         0                 0.0    -0.0     0
GREATEST
 24 HR TOTAL        0.64   6/17                       0.75  6/30        

SNOWFALL (INCHES)
RECORDS
 TOTAL              1.3   1972
 24 HR TOTAL        1.2   6-02-1972
 SNOW DEPTH         0     6-02-1971    
TOTALS              0.0               0.0     0.0     0.0   
SINCE 7/1          36.0              48.0   -12.0    75.3   
SNOWDEPTH AVG.      0                 0       0       0
DAYS >= TRACE       0                 0.3    -0.3     0
DAYS >= 1.0         0                 0.0     0.0     0
DAYS >= 6.0         0                 0.0     0.0     0
GREATEST
 SNOW DEPTH         0   MM                            0  MM    
 24 HR TOTAL      0.0   MM                          0.0  MM    

DEGREE_DAYS
HEATING TOTAL     431               407      24     282 
 SINCE 7/1       9324             10876   -1552   11267
COOLING TOTAL       0                 0       0       0
 SINCE 1/1          0                 0       0       0
................................................................

WIND (MPH)                        
AVERAGE WIND SPEED                8.2
HIGHEST WIND SPEED/DIRECTION     32/090    DATE    06/6
HIGHEST GUST SPEED/DIRECTION     43/090    DATE    06/6

SKY COVER
POSSIBLE SUNSHINE (PERCENT)   MM                                      
AVERAGE SKY COVER             MM
NUMBER OF DAYS FAIR           MM
NUMBER OF DAYS PC             MM
NUMBER OF DAYS CLOUDY         MM

AVERAGE RH (PERCENT)     MM

WEATHER CONDITIONS. NUMBER OF DAYS WITH
THUNDERSTORM              0     ICE PELLETS                 0
RAIN                     22     GLAZE                       0
DRIZZLE                   0     HAIL                        0
SNOW                      0     HAZE                        0
FOG                      22     FOG W/VIS <= 1/4 MILE       4
BLOWING SNOW              0


-  INDICATES NEGATIVE NUMBERS.
R  INDICATES RECORD WAS SET OR TIED.
MM INDICATES DATA IS MISSING.
T  INDICATES TRACE AMOUNT.

&&

...JUNE 2014 AT KING SALMON AK...

THE AVERAGE DAILY TEMPERATURE FOR KING SALMON IN JUNE
WAS 50.4 DEGREES. THE DAILY AVERAGE MAXIMUM TEMPERATURE
WAS 59.5 DEGREES WITH AN AVERAGE DAILY LOW OF 41.2 DEGREES. 
THE HIGHEST RECORDED TEMPERATURE DURING THE MONTH WAS 75
SET ON THE 25TH. A MONTHLY LOW TEMPERATURE OF 28 DEGREES
WAS RECORDED ON THE 3RD. THIS ALSO SET A NEW RECORD LOW
FOR THAT DATE TO REPLACE THE OLD RECORD OF 32 DEGREES HELD
SINCE 1982. ANOTHER RECORD LOW WAS SET ON THE 16TH WITH A
TEMPERATURE OF 32 DEGREES TO TIE THE OLD RECORD SET IN 1970.

3.25 INCHES OF RAIN WAS MEASURED DURING JUNE. THE HIGHEST 
DAILY AMOUNT OF RAIN FELL ON THE 17TH WITH 0.64 INCHES. 22
DAYS OF JUNE HAD A TRACE OR MORE OF MEASURABLE PRECIPITATION. 

THE AVERAGE WIND SPEED FOR THE MONTH WAS 8.2 MPH. THE 
STRONGEST WIND OCCURRED ON THE 6TH WITH A SUSTAINED WIND
SPEED FROM THE EAST AT 32 MPH. THE HIGHEST SINGLE GUST OF
43 MPH ALSO OCCURRED ON THE 6TH. 

CLIMATE RECORDS FOR KING SALMON GO BACK TO 6/14/1917. 

$$
FS JUL 14