CXAK58 PADQ 011237
CLMADQ

CLIMATE REPORT 
NATIONAL WEATHER SERVICE KODIAK, AK
437 AM AKDT SAT NOV 1 2014
...................................

...THE KODIAK AP CLIMATE SUMMARY FOR THE MONTH OF OCTOBER 2014...

CLIMATE NORMAL PERIOD 1981 TO 2010
CLIMATE RECORD PERIOD 1949 TO 2014

WEATHER         OBSERVED          NORMAL  DEPART  LAST YEAR\'S
                 VALUE   DATE(S)  VALUE   FROM    VALUE  DATE(S)
                                          NORMAL
................................................................
TEMPERATURE (F)
RECORD
 HIGH              62   10/10/1983
 LOW               10   10/31/1975
HIGHEST            54   10/03        54       0      58  10/04 
LOWEST             23                22       1      27  10/26 
AVG. MAXIMUM       46.2              46.4    -0.2    50.8    
AVG. MINIMUM       33.1              34.5    -1.4    38.0   
MEAN               39.6              40.5    -0.9    44.4
DAYS MAX >= 90      0                 0.0     0.0     0
DAYS MAX <= 32      0                 0.3    -0.3     0
DAYS MAX >= 80      0                 0.0     0.0     0
DAYS MAX >= 70      0                 0.0     0.0     0
DAYS MIN <= 32     16                11.8     4.2     6
DAYS MIN <= 0       0                 0.0     0.0     0

PRECIPITATION (INCHES)
RECORD
 MAXIMUM           17.13   2002   
 MINIMUM            1.56   1956
TOTALS              5.90              8.26   -2.36    9.96
DAILY AVG.          0.19              0.26   -0.07    0.32
DAYS >= .01        12                16.1    -4.1    23
DAYS >= .10         6                10.3    -4.3    14
DAYS >= .50         3                 5.2    -2.2     7
DAYS >= 1.0         2                 2.2    -0.2     4
GREATEST
 24 HR TOTAL        3.27   10/09                      1.84  10/03       

SNOWFALL (INCHES)
RECORDS
 TOTAL             14.9   1961
 24 HR TOTAL       10.0   10-30-1970
 SNOW DEPTH         9     10-30-1964   
TOTALS              0.7               1.1    -0.4     0.0   
SINCE 7/1           0.7               1.7    -1.0     0.0   
SNOWDEPTH AVG.      0                 0       0       0
DAYS >= TRACE       3                 3.6    -0.6     0
DAYS >= 1.0         0                 0.5    -0.5     0
DAYS >= 6.0         0                 0.0     0.0     0
GREATEST
 SNOW DEPTH         0   MM                            0  MM    
 24 HR TOTAL      0.5   10/31                       0.0  MM    

DEGREE_DAYS
HEATING TOTAL     778               760      18     629 
 SINCE 7/1       1649              1858    -209    1548
COOLING TOTAL       0                 0       0       0
 SINCE 1/1          4                 0       4       6
................................................................

WIND (MPH)                        
AVERAGE WIND SPEED                9.3
HIGHEST WIND SPEED/DIRECTION     38/030    DATE    10/2
HIGHEST GUST SPEED/DIRECTION     55/030    DATE    10/2

SKY COVER
POSSIBLE SUNSHINE (PERCENT)   MM                                      
AVERAGE SKY COVER             MM
NUMBER OF DAYS FAIR           MM
NUMBER OF DAYS PC             MM
NUMBER OF DAYS CLOUDY         MM

AVERAGE RH (PERCENT)     MM

WEATHER CONDITIONS. NUMBER OF DAYS WITH
THUNDERSTORM              0     ICE PELLETS                 0
RAIN                     17     GLAZE                       0
DRIZZLE                   0     HAIL                        0
SNOW                      3     HAZE                        2
FOG                       9     FOG W/VIS <= 1/4 MILE       0
BLOWING SNOW              0


-  INDICATES NEGATIVE NUMBERS.
R  INDICATES RECORD WAS SET OR TIED.
MM INDICATES DATA IS MISSING.
T  INDICATES TRACE AMOUNT.

&&


$$
*** NOV 14