CXAK58 PADQ 011322
CLMADQ

CLIMATE REPORT 
NATIONAL WEATHER SERVICE KODIAK, AK
522 AM AKDT FRI MAY 1 2015
...................................

...THE KODIAK AP CLIMATE SUMMARY FOR THE MONTH OF APRIL 2015...

CLIMATE NORMAL PERIOD 1981 TO 2010
CLIMATE RECORD PERIOD 1949 TO 2015

WEATHER         OBSERVED          NORMAL  DEPART  LAST YEAR\'S
                 VALUE   DATE(S)  VALUE   FROM    VALUE  DATE(S)
                                          NORMAL
................................................................
TEMPERATURE (F)
RECORD
 HIGH              69   4/28/2005 
 LOW                7   4/13/1977 
HIGHEST            58   4/28         53       5      51  4/30  
LOWEST             23                21       2      19  4/09  
AVG. MAXIMUM       44.7              42.9     1.8    44.0    
AVG. MINIMUM       33.3              32.3     1.0    34.4   
MEAN               39.0              37.6     1.4    39.2
DAYS MAX >= 90      0                 0.0     0.0     0
DAYS MAX <= 32      0                 0.6    -0.6     0
DAYS MAX >= 80      0                 0.0     0.0     0
DAYS MAX >= 70      0                 0.0     0.0     0
DAYS MIN <= 32     15                13.4     1.6     9
DAYS MIN <= 0       0                 0.0     0.0     0

PRECIPITATION (INCHES)
RECORD
 MAXIMUM           12.57   2007   
 MINIMUM            0.29   2002
TOTALS              6.64              5.81    0.83    7.13
DAILY AVG.          0.22              0.19    0.03    0.24
DAYS >= .01        22                17.5     4.5    19
DAYS >= .10        17                11.8     5.2    13
DAYS >= .50         4                 4.5    -0.5     4
DAYS >= 1.0         1                 1.0     0.0     2
GREATEST
 24 HR TOTAL        1.08   4/06                       2.24  4/12        

SNOWFALL (INCHES)
RECORDS
 TOTAL             34.8   1985
 24 HR TOTAL       11.2   4-07-1985
 SNOW DEPTH        25     4-02-1956    
TOTALS              3.2               7.9    -4.7     0.9   
SINCE 7/1          20.1              74.7   -54.6     0.0   
SNOWDEPTH AVG.      0                 0       0       0
DAYS >= TRACE      13                11.4     1.6     4
DAYS >= 1.0         0                 2.5    -2.5     0
DAYS >= 6.0         0                 0.3    -0.3     0
GREATEST
 SNOW DEPTH         0   4/20                          0  4/02  
 24 HR TOTAL      0.9   4/16                        0.7  4/02  

DEGREE_DAYS
HEATING TOTAL     773               821     -48     767 
 SINCE 7/1       6567              7692   -1125    7023
COOLING TOTAL       0                 0       0       0
 SINCE 1/1          0                 0       0       0
................................................................

WIND (MPH)                        
AVERAGE WIND SPEED               11.3
HIGHEST WIND SPEED/DIRECTION     40/040    DATE   04/22
HIGHEST GUST SPEED/DIRECTION     50/080    DATE   04/17

SKY COVER
POSSIBLE SUNSHINE (PERCENT)   MM                                      
AVERAGE SKY COVER             MM
NUMBER OF DAYS FAIR           MM
NUMBER OF DAYS PC             MM
NUMBER OF DAYS CLOUDY         MM

AVERAGE RH (PERCENT)     MM

WEATHER CONDITIONS. NUMBER OF DAYS WITH
THUNDERSTORM              0     ICE PELLETS                 0
RAIN                     26     GLAZE                       0
DRIZZLE                   0     HAIL                        0
SNOW                     11     HAZE                        0
FOG                      22     FOG W/VIS <= 1/4 MILE       0
BLOWING SNOW              0


-  INDICATES NEGATIVE NUMBERS.
R  INDICATES RECORD WAS SET OR TIED.
MM INDICATES DATA IS MISSING.
T  INDICATES TRACE AMOUNT.

&&


$$
LRM MAY 15