CXAK58 PACD 031814
CLMCDB

CLIMATE REPORT 
NATIONAL WEATHER SERVICE COLD BAY, AK
1014 AM AKDT FRI JUL 3 2015
...................................

...THE COLD BAY AP CLIMATE SUMMARY FOR THE MONTH OF JUNE 2015...

CLIMATE NORMAL PERIOD 1981 TO 2010
CLIMATE RECORD PERIOD 1942 TO 2015

WEATHER         OBSERVED          NORMAL  DEPART  LAST YEAR\'S
                 VALUE   DATE(S)  VALUE   FROM    VALUE  DATE(S)
                                          NORMAL
................................................................
TEMPERATURE (F)
RECORD
 HIGH              72   6/28/2001 
 LOW               27   6/04/2007 
HIGHEST            68   6/19         61       7      62  6/24  
LOWEST             33                33       0      32  6/02  
AVG. MAXIMUM       55.7              51.2     4.5    55.6    
AVG. MINIMUM       43.0              41.4     1.6    44.4   
MEAN               49.3              46.3     3.0    50.0
DAYS MAX >= 90      0                 0.0     0.0     0
DAYS MAX <= 32      0                 0.0     0.0     0
DAYS MAX >= 80      0                 0.0     0.0     0
DAYS MAX >= 70      0                 0.1    -0.1     0
DAYS MIN <= 32      0                 0.5    -0.5     1
DAYS MIN <= 0       0                 0.0     0.0     0

PRECIPITATION (INCHES)
RECORD
 MAXIMUM            8.35   2000   
 MINIMUM            0.12   1961
TOTALS              1.11              2.72   -1.61    1.05
DAILY AVG.          0.04              0.09   -0.05    0.04
DAYS >= .01        11                17.4    -6.4    16
DAYS >= .10         4                 7.2    -3.2     4
DAYS >= .50         0                 0.8    -0.8     0
DAYS >= 1.0         0                 0.2    -0.2     0
GREATEST
 24 HR TOTAL        0.43   6/04                       0.28  6/12        

SNOWFALL (INCHES)
RECORDS
 TOTAL              0.5   1971
 24 HR TOTAL        0.5   6-01-1971
 SNOW DEPTH         0     6-02-1985    
TOTALS              0.0               0.0     0.0     0.0   
SINCE 7/1          22.3              74.6   -52.3    37.3   
SNOWDEPTH AVG.      0                 0       0       0
DAYS >= TRACE       0                 0.6    -0.6     0
DAYS >= 1.0         0                 0.0     0.0     0
DAYS >= 6.0         0                 0.0     0.0     0
GREATEST
 SNOW DEPTH         0   MM                            0  MM    
 24 HR TOTAL      0.0   MM                          0.0  MM    

DEGREE_DAYS
HEATING TOTAL     460               562    -102     445 
 SINCE 7/1       8338              9560   -1222    7946
COOLING TOTAL       0                 0       0       0
 SINCE 1/1          0                 0       0       0
................................................................

WIND (MPH)                        
AVERAGE WIND SPEED               12.0
HIGHEST WIND SPEED/DIRECTION     38/130    DATE    06/8
HIGHEST GUST SPEED/DIRECTION     45/130    DATE    06/8

SKY COVER
POSSIBLE SUNSHINE (PERCENT)   MM                                      
AVERAGE SKY COVER             MM
NUMBER OF DAYS FAIR           MM
NUMBER OF DAYS PC             MM
NUMBER OF DAYS CLOUDY         MM

AVERAGE RH (PERCENT)     MM

WEATHER CONDITIONS. NUMBER OF DAYS WITH
THUNDERSTORM              0     ICE PELLETS                 0
RAIN                     14     GLAZE                       0
DRIZZLE                   0     HAIL                        0
SNOW                      0     HAZE                        0
FOG                      17     FOG W/VIS <= 1/4 MILE       6
BLOWING SNOW              0


-  INDICATES NEGATIVE NUMBERS.
R  INDICATES RECORD WAS SET OR TIED.
MM INDICATES DATA IS MISSING.
T  INDICATES TRACE AMOUNT.

&&

...JUNE WARMER WITH LESS THAN NORMAL PRECIPITATION...

TEMPERATURES...THE MAXIMUM TEMPERATURE FOR JUNE WAS EIGHT DEGREES WARMER THAN 
AVERAGE. THE MINIMUM TEMPERATURE WAS ONE DEGREE COOLER THAN AVERAGE. THE MAXIMUM 
TEMPERATURE WAS FIVE DEGREES WARMER THAN LAST YEAR. THE MINIMUM TEMPERATURE WAS ONE 
DEGREE WARMER THAN LAST YEAR.

PRECIPITATION...JUNE PRECIPITATION TOTALS OF 1.11 INCHES WERE 1.19 INCHES BELOW 
NORMAL...AND 0.06 INCHES HIGHER THAN LAST YEARS TOTAL OF 1.05 INCHES.

RECORDS...TWO MAXIMUM TEMPERATURE RECORDS WERE BROKEN IN JUNE...A PREVIOUS RECORD 
OF 59 SET IN 2013 ON JUNE 13 WAS BROKEN WITH A RECORD OF 66...ALSO PREVIOUS RECORD 
OF 62 SET IN 1965 ON JUNE 19 WAS BROKEN WITH A RECORD OF 68. TWO RECORDS WERE TIED 
IN JUNE...ON JUNE 16 A TEMPERATURE OF 66 TIED A RECORD SET IN 2002..ALSO ON JUNE 30 
A TEMPERATURE OF 62 TIED A RECORD SET IN 1998.

$$
DAB JUL 15