CXAK58 PACD 011843
CLMCDB

CLIMATE REPORT 
NATIONAL WEATHER SERVICE COLD BAY, AK
1043 AM AKDT WED OCT 1 2014
...................................

...THE COLD BAY AP CLIMATE SUMMARY FOR THE MONTH OF SEPTEMBER 2014...

CLIMATE NORMAL PERIOD 1981 TO 2010
CLIMATE RECORD PERIOD 1955 TO 2014

WEATHER         OBSERVED          NORMAL  DEPART  LAST YEAR\'S
                 VALUE   DATE(S)  VALUE   FROM    VALUE  DATE(S)
                                          NORMAL
................................................................
TEMPERATURE (F)
RECORD
 HIGH              76   9/05/1985 
 LOW               26   9/21/1992 
HIGHEST            61   9/07         60       1      60  9/20  
LOWEST             32                33      -1      38  9/30  
AVG. MAXIMUM       55.9              52.9     3.0    53.8    
AVG. MINIMUM       45.7              43.3     2.4    45.2   
MEAN               50.8              48.1     2.7    49.5
DAYS MAX >= 90      0                 0.0     0.0     0
DAYS MAX <= 32      0                 0.0     0.0     0
DAYS MAX >= 80      0                 0.0     0.0     0
DAYS MAX >= 70      0                 0.0    -0.0     0
DAYS MIN <= 32      1                 0.6     0.4     0
DAYS MIN <= 0       0                 0.0     0.0     0

PRECIPITATION (INCHES)
RECORD
 MAXIMUM            9.79   1965   
 MINIMUM            1.30   1972
TOTALS              5.47              4.73    0.74    4.91
DAILY AVG.          0.18              0.16    0.02    0.16
DAYS >= .01        19                22.5    -3.5    26
DAYS >= .10        12                11.3     0.7     9
DAYS >= .50         4                 2.5     1.5     3
DAYS >= 1.0         1                 0.6     0.4     0
GREATEST
 24 HR TOTAL        1.08   9/11                       0.94  9/26        

SNOWFALL (INCHES)
RECORDS
 TOTAL              0.2   1972
 24 HR TOTAL        0.2   9-30-1972
 SNOW DEPTH         0     9-30-1972    
TOTALS              0.0               0.0     0.0     0.0   
SINCE 7/1           0.0               0.0     0.0     0.0   
SNOWDEPTH AVG.      0                 0       0       0
DAYS >= TRACE       0                 0.9    -0.9     0
DAYS >= 1.0         0                 0.0     0.0     0
DAYS >= 6.0         0                 0.0     0.0     0
GREATEST
 SNOW DEPTH         0   MM                            0  MM    
 24 HR TOTAL      0.0   MM                          0.0  MM    

DEGREE_DAYS
HEATING TOTAL     420               507     -87     458 
 SINCE 7/1        962              1351    -389    1129
COOLING TOTAL       0                 0       0       0
 SINCE 1/1          0                 0       0       0
................................................................

WIND (MPH)                        
AVERAGE WIND SPEED               14.9
HIGHEST WIND SPEED/DIRECTION     48/140    DATE   09/12
HIGHEST GUST SPEED/DIRECTION     59/140    DATE   09/12

SKY COVER
POSSIBLE SUNSHINE (PERCENT)   MM                                      
AVERAGE SKY COVER             MM
NUMBER OF DAYS FAIR           MM
NUMBER OF DAYS PC             MM
NUMBER OF DAYS CLOUDY         MM

AVERAGE RH (PERCENT)     MM

WEATHER CONDITIONS. NUMBER OF DAYS WITH
THUNDERSTORM              0     ICE PELLETS                 0
RAIN                     20     GLAZE                       0
DRIZZLE                   0     HAIL                        0
SNOW                      0     HAZE                        0
FOG                      19     FOG W/VIS <= 1/4 MILE       1
BLOWING SNOW              0


-  INDICATES NEGATIVE NUMBERS.
R  INDICATES RECORD WAS SET OR TIED.
MM INDICATES DATA IS MISSING.
T  INDICATES TRACE AMOUNT.

&&
...WARM AND WET SEPTEMBER FOR COLD BAY...
 
IN  SEPTEMBER 2014 COLD BAY SET THE RECORD AS THE WARMEST IN RECORDED HISTORY. THE 
MOST INFLUENTIAL WEATHER PATTERN FOR THE MONTH WAS A SERIES OF LOWS WHICH PROVIDED 
PREDOMINANTLY CLOUDY SKIES THAT LEAD TO MANY HIGH MINIMUM TEMPERATURES THAT HELPED 
RAISE THE AVERAGE TEMPERATURE INTO THE RECORD SPOT. WINDS WERE PREDOMINATELY FROM A 
SOUTHWESTERLY DIRECTION.

ALL MONTHLY TEMPERATURE AVERAGES WERE ALL IN THE TOP FOUR ON RECORD FOR THE MONTH 
OF SEPTEMBER. THE AVERAGE MAXIMUM TEMPERATURE WAS THE SECOND WARMEST...THE AVERAGE 
LOW TEMPERATURE WAS TIED FOR THE FORTH WARMEST ON RECORD AND THE OVERALL AVERAGE 
MONTHLY TEMPERATURE WAS THE WARMEST ON RECORD. COLD BAY SET FIVE NEW RECORDS FOR 
HIGH MINIMUM TEMPERATURE AND TIED ONE RECORD FOR THE MAXIMUM TEMPERATURE. 

NEW TEMPERATURE RECORDS WERE SET ON... 

09/07/2014 NEW RECORD MAXIMUM MINIMUM TEMPERATURE OF 55 DEGREES REPLACING THE 
PREVIOUS RECORD OF 52 DEGREES SET IN 1984. 

09/08/2014 NEW RECORD MAXIMUM MINIMUM TEMPERATURE OF 53 DEGREES REPLACING THE 
PREVIOUS RECORD OF 51 DEGREES SET IN 1990. 

09/09/2014 NEW RECORD MAXIMUM MINIMUM TEMPERATURE OF 53 DEGREES REPLACING THE 
PREVIOUS RECORD OF 52 DEGREES SET IN 1994. 

09/10/2014 NEW RECORD MAXIMUM MINIMUM TEMPERATURE OF 53 DEGREES REPLACING THE 
PREVIOUS RECORD OF 52 DEGREES SET IN 1952. 

09/11/2014 NEW RECORD MAXIMUM MINIMUM TEMPERATURE OF 54 DEGREES REPLACING THE 
PREVIOUS RECORD OF 51 DEGREES SET IN 1994. 

TIED TEMPERATURE RECORDS OCCURRED ON... 

08/05/2014 RECORDED MAXIMUM TEMPERATURE OF 58 DEGREES TIED THE PREVIOUS SET IN 
2005. 

SEPTEMBER 2014 WAS A WET ONE WITH OVER FIVE INCHES OF RAINFALL.  COLD BAY HAD 
SEVENTEEN DAYS WHEN MORE THAN 0.01 OF RAIN FELL AND ONE DAY WITH OVER AN INCH. ONE 
NEW PRECIPITATION RECORD WAS BROKEN WHEN 1.08 INCHES OF RAIN FELL ON THE 11TH.  
THIS REPLACES THE PREVIOUS RECORD OF 1.04 INCHES SET IN 1990.


$$
STACY