CXAK58 PACD 011956
CLMCDB

CLIMATE REPORT 
NATIONAL WEATHER SERVICE COLD BAY, AK
1156 AM AKDT SAT AUG 1 2015
...................................

...THE COLD BAY AP CLIMATE SUMMARY FOR THE MONTH OF JULY 2015...

CLIMATE NORMAL PERIOD 1981 TO 2010
CLIMATE RECORD PERIOD 1955 TO 2015

WEATHER         OBSERVED          NORMAL  DEPART  LAST YEAR\'S
                 VALUE   DATE(S)  VALUE   FROM    VALUE  DATE(S)
                                          NORMAL
................................................................
TEMPERATURE (F)
RECORD
 HIGH              77   7/13/1960 
 LOW               33   7/08/1982 
HIGHEST            65   7/31         61       4      73  7/31  
LOWEST             43                39       4      43  7/17  
AVG. MAXIMUM       56.4              55.3     1.1    61.3    
AVG. MINIMUM       47.4              46.4     1.0    50.3   
MEAN               51.9              50.9     1.0    55.8
DAYS MAX >= 90      0                 0.0     0.0     0
DAYS MAX <= 32      0                 0.0     0.0     0
DAYS MAX >= 80      0                 0.0     0.0     0
DAYS MAX >= 70      0                 0.1    -0.1     2
DAYS MIN <= 32      0                 0.0     0.0     0
DAYS MIN <= 0       0                 0.0     0.0     0

PRECIPITATION (INCHES)
RECORD
 MAXIMUM            6.13   1982   
 MINIMUM            0.45   1991
TOTALS              2.47              2.48   -0.01    2.13
DAILY AVG.          0.08              0.08    0.00    0.07
DAYS >= .01        22                17.2     4.8    21
DAYS >= .10        11                 6.8     4.2     5
DAYS >= .50         0                 0.9    -0.9     1
DAYS >= 1.0         0                 0.1    -0.1     0
GREATEST
 24 HR TOTAL        0.24   7/11                       0.83  7/12        

SNOWFALL (INCHES)
RECORDS
 TOTAL              0.0   1976
 24 HR TOTAL        0.0   7-04-1976
 SNOW DEPTH         0     7-31-2015    
TOTALS              0.0               0.0     0.0     0.0   
SINCE 7/1           0.0               0.0     0.0     0.0   
SNOWDEPTH AVG.      0                 0       0       0
DAYS >= TRACE       0                 0.0     0.0     0
DAYS >= 1.0         0                 0.0     0.0     0
DAYS >= 6.0         0                 0.0     0.0     0
GREATEST
 SNOW DEPTH         0   MM                            0  MM    
 24 HR TOTAL      0.0   MM                          0.0  MM    

DEGREE_DAYS
HEATING TOTAL     400               438     -38     279 
 SINCE 7/1        400               438     -38     279
COOLING TOTAL       0                 0       0       0
 SINCE 1/1          0                 0       0       0
................................................................

WIND (MPH)                        
AVERAGE WIND SPEED               14.4
HIGHEST WIND SPEED/DIRECTION     51/150    DATE    07/5
HIGHEST GUST SPEED/DIRECTION     64/150    DATE    07/5

SKY COVER
POSSIBLE SUNSHINE (PERCENT)   MM                                      
AVERAGE SKY COVER             MM
NUMBER OF DAYS FAIR           MM
NUMBER OF DAYS PC             MM
NUMBER OF DAYS CLOUDY         MM

AVERAGE RH (PERCENT)     MM

WEATHER CONDITIONS. NUMBER OF DAYS WITH
THUNDERSTORM              0     ICE PELLETS                 0
RAIN                     26     GLAZE                       0
DRIZZLE                   0     HAIL                        0
SNOW                      0     HAZE                        0
FOG                      23     FOG W/VIS <= 1/4 MILE       2
BLOWING SNOW              0


-  INDICATES NEGATIVE NUMBERS.
R  INDICATES RECORD WAS SET OR TIED.
MM INDICATES DATA IS MISSING.
T  INDICATES TRACE AMOUNT.

&&

...JULY WARMER WITH LESS THAN NORMAL PRECIPITATION...

TEMPERATURES...THE MAXIMUM TEMPERATURE FOR JULY WAS ONE DEGREE WARMER THAN 
AVERAGE. THE MINIMUM TEMPERATURE WAS ONE DEGREE COOLER THAN AVERAGE. THE MAXIMUM 
TEMPERATURE WAS EIGHT DEGREES COOLER THAN LAST YEAR. THE MINIMUM TEMPERATURE WAS 
THE SAME WHEN COMPARED TO LAST YEAR.

PRECIPITATION...JULY PRECIPITATION TOTAL OF 2.47 INCHES WAS 0.01 INCHES BELOW 
NORMAL...AND 0.34 INCHES HIGHER THAN LAST YEARS TOTAL OF 2.13 INCHES.

RECORDS...NO RECORDS WERE BROKEN OR TIED FOR THE MONTH OF JULY

$$
DAB AUG 15