CXAK58 PABE 020032
CLMBET

CLIMATE REPORT 
NATIONAL WEATHER SERVICE BETHEL, AK
432 PM AKDT FRI AUG 1 2014
...................................

...THE BETHEL AP CLIMATE SUMMARY FOR THE MONTH OF JULY 2014...

CLIMATE NORMAL PERIOD 1981 TO 2010
CLIMATE RECORD PERIOD 1923 TO 2014

WEATHER         OBSERVED          NORMAL  DEPART  LAST YEAR\'S
                 VALUE   DATE(S)  VALUE   FROM    VALUE  DATE(S)
                                          NORMAL
................................................................
TEMPERATURE (F)
RECORD
 HIGH              86   7/12/1951 
 LOW               30   7/10/1934 
HIGHEST            78   7/30         77       1      80  7/26  
LOWEST             39                41      -2      42  7/08  
AVG. MAXIMUM       63.9              63.4     0.5    63.5    
AVG. MINIMUM       48.0              48.8    -0.8    49.6   
MEAN               56.0              56.1    -0.1    56.6
DAYS MAX >= 90      0                 0.0     0.0     0
DAYS MAX <= 32      0                 0.0     0.0     0
DAYS MAX >= 80      0                 0.5    -0.5     2
DAYS MAX >= 70      5                 6.9    -1.9     9
DAYS MIN <= 32      0                 0.0     0.0     0
DAYS MIN <= 0       0                 0.0     0.0     0

PRECIPITATION (INCHES)
RECORD
 MAXIMUM            3.10   1948   
 MINIMUM            0.07   1934
TOTALS              2.73              2.36    0.37    2.29
DAILY AVG.          0.09              0.08    0.01    0.07
DAYS >= .01        16                15.5     0.5    14
DAYS >= .10        12                 7.0     5.0     6
DAYS >= .50         0                 0.9    -0.9     1
DAYS >= 1.0         0                 0.1    -0.1     0
GREATEST
 24 HR TOTAL        0.48   7/13                       0.52  7/18        

SNOWFALL (INCHES)
RECORDS
 TOTAL              0.0   1974
 24 HR TOTAL        0.0   7-05-1974
 SNOW DEPTH         0     7-31-2014    
TOTALS              0.0               0.0     0.0     0.0   
SINCE 7/1           0.0               0.0     0.0     0.0   
SNOWDEPTH AVG.      0                 0       0       0
DAYS >= TRACE       0                 0.0     0.0     0
DAYS >= 1.0         0                 0.0     0.0     0
DAYS >= 6.0         0                 0.0     0.0     0
GREATEST
 SNOW DEPTH         0   MM                            0  MM    
 24 HR TOTAL      0.0   MM                          0.0  MM    

DEGREE_DAYS
HEATING TOTAL     273               284     -11     265 
 SINCE 7/1        273               284     -11     265
COOLING TOTAL       0                 0       0      11
 SINCE 1/1          0                 0       0      18
................................................................

WIND (MPH)                        
AVERAGE WIND SPEED                8.4
HIGHEST WIND SPEED/DIRECTION     28/230    DATE   07/19
HIGHEST GUST SPEED/DIRECTION     36/230    DATE   07/19

SKY COVER
POSSIBLE SUNSHINE (PERCENT)   MM                                      
AVERAGE SKY COVER             MM
NUMBER OF DAYS FAIR           MM
NUMBER OF DAYS PC             MM
NUMBER OF DAYS CLOUDY         MM

AVERAGE RH (PERCENT)     MM

WEATHER CONDITIONS. NUMBER OF DAYS WITH
THUNDERSTORM              0     ICE PELLETS                 0
RAIN                     20     GLAZE                       0
DRIZZLE                   1     HAIL                        0
SNOW                      0     HAZE                        2
FOG                      21     FOG W/VIS <= 1/4 MILE      10
BLOWING SNOW              0


-  INDICATES NEGATIVE NUMBERS.
R  INDICATES RECORD WAS SET OR TIED.
MM INDICATES DATA IS MISSING.
T  INDICATES TRACE AMOUNT.

&&
...JULY WAS CLOSE TO NORMAL IN BETHEL...

DURING THE MONTH OF JULY BETHEL WAS MAINLY UNDER THE INFLUENCE OF HIGH PRESSURE.
THERE WERE A SERIES OF LOW PRESSURE SYSTEMS WITH THEIR ASSOCIATED FRONTS THAT
TRACK NORTHEASTWARD ALONG THE ALEUTIAN ISLAND AND INTO THE GULF OF ALASKA AND
CENTRAL ALASKA. WHEN THESE SYSTEMS REACHED CENTRAL ALASKA… SOUTHWESTERN ALASKA
WAS UNDER THE INFLUENCE OF THE SYSTEMS BACKSIDE.

TEMPERATURES AND PRECIPITATION WERE AROUND NORMAL FOR JULY.

BETHEL SET NEW RECORDS IN JULY:

NEW RECORD HIGH		    PREVIOUS
JUL 29TH... 78	            75 (2013)

NEW RECORD PRECIPITATION    PREVIOUS
JUL 13TH… 0.48              0.41 (1982)

$$
BDW AUG 14