CXAK58 PABE 040021
CLMBET

CLIMATE REPORT 
NATIONAL WEATHER SERVICE BETHEL, AK
421 PM AKDT FRI JUL 3 2015
...................................

...THE BETHEL AP CLIMATE SUMMARY FOR THE MONTH OF JUNE 2015...

CLIMATE NORMAL PERIOD 1981 TO 2015
CLIMATE RECORD PERIOD 1923 TO 2015

WEATHER         OBSERVED          NORMAL  DEPART  LAST YEAR\'S
                 VALUE   DATE(S)  VALUE   FROM    VALUE  DATE(S)
                                          NORMAL
................................................................
TEMPERATURE (F)
RECORD
 HIGH              88   6/18/2013 
 LOW               28   6/06/1962 
HIGHEST            84   6/19         75       9      75  6/21  
LOWEST             35                35       0      34  6/08  
AVG. MAXIMUM       67.6              61.1     6.5    59.7    
AVG. MINIMUM       46.7              43.8     2.9    42.1   
MEAN               57.1              52.5     4.6    50.9
DAYS MAX >= 90      0                 0.0     0.0     0
DAYS MAX <= 32      0                 0.0     0.0     0
DAYS MAX >= 80      4                 0.3     3.7     0
DAYS MAX >= 70     15                 3.6    11.4     5
DAYS MIN <= 32      0                 0.4    -0.4     0
DAYS MIN <= 0       0                 0.0     0.0     0

PRECIPITATION (INCHES)
RECORD
 MAXIMUM            4.30   1999   
 MINIMUM            0.25   1974
TOTALS              0.28              1.72   -1.44    1.52
DAILY AVG.          0.01              0.06   -0.05    0.05
DAYS >= .01         8                13.2    -5.2    12
DAYS >= .10         1                 5.6    -4.6     7
DAYS >= .50         0                 0.5    -0.5     1
DAYS >= 1.0         0                 0.1    -0.1     0
GREATEST
 24 HR TOTAL        0.10   6/03                       0.51  6/18        

SNOWFALL (INCHES)
RECORDS
 TOTAL              2.2   1963
 24 HR TOTAL        1.2   6-03-1963
 SNOW DEPTH         0     6-01-1985    
TOTALS              0.0               0.0     0.0     0.0   
SINCE 7/1          42.1              61.4   -19.3    27.8   
SNOWDEPTH AVG.      0                 0       0       0
DAYS >= TRACE       0                 0.4    -0.4     0
DAYS >= 1.0         0                 0.0     0.0     0
DAYS >= 6.0         0                 0.0     0.0     0
GREATEST
 SNOW DEPTH         0   MM                            0  MM    
 24 HR TOTAL      0.0   MM                          0.0  MM    

DEGREE_DAYS
HEATING TOTAL     238               377    -139     420 
 SINCE 7/1      10979             12525   -1546   11077
COOLING TOTAL      10                 0      10       0
 SINCE 1/1         10                 0      10       0
................................................................

WIND (MPH)                        
AVERAGE WIND SPEED                9.1
HIGHEST WIND SPEED/DIRECTION     28/340    DATE    06/4
HIGHEST GUST SPEED/DIRECTION     37/340    DATE    06/4

SKY COVER
POSSIBLE SUNSHINE (PERCENT)   MM                                      
AVERAGE SKY COVER             MM
NUMBER OF DAYS FAIR           MM
NUMBER OF DAYS PC             MM
NUMBER OF DAYS CLOUDY         MM

AVERAGE RH (PERCENT)     MM

WEATHER CONDITIONS. NUMBER OF DAYS WITH
THUNDERSTORM              3     ICE PELLETS                 0
RAIN                     13     GLAZE                       0
DRIZZLE                   0     HAIL                        0
SNOW                      0     HAZE                        9
FOG                       7     FOG W/VIS <= 1/4 MILE       2
BLOWING SNOW              0


-  INDICATES NEGATIVE NUMBERS.
R  INDICATES RECORD WAS SET OR TIED.
MM INDICATES DATA IS MISSING.
T  INDICATES TRACE AMOUNT.

&&

...JUNE WARMER WITH LESS PRECIPITATION THAN NORMAL…

TEMPERATURES...THE AVERAGE TEMPERATURES FOR MAY WERE FIVE DEGREES WARMER THAN 
USUAL... THE AVERAGE MAXIMUM TEMPERATURE WAS SIX DEGREES WARMER THAN LAST YEAR… AND 
THE AVERAGE MINIMUM TEMPERATURE WAS THREE DEGREES WARMER THAN LAST YEAR.  

PRECIPITATION...JUNE PRECIPITATION TOTALS OF 0.28 INCHES WERE 1.15 INCHES LESS THAN 
THE AVERAGE OF 1.43 INCHES...AND 1.23 INCHES LESS THAN LAST YEARS TOTAL OF 1.51 
INCHES.

SNOW...JUNE SNOWFALL TOTALS OF 0.0 INCHES WAS LESS THAN THE AVERAGE OF 0.1 
INCHES... AND SIMILAR TO LAST YEARS TOTAL OF 0.0 INCHES.

RECORDS...TWO NEW RECORDS...FOUR TIED RECORDS IN JUNE…
JUNE 1ST… RECORD FOR HIGH MIN TEMP OF 53 TIED THE RECORD SET IN 1993.
JUNE 2ND… RECORD FOR HIGH MIN TEMP OF 50 TIED THE RECORD SET IN 1990.
JUNE 21ST… RECORD FOR HIGH TEMP OF 83 BROKE THE RECORD OF 80 SET IN 1926.
JUNE 21ST… RECORD FOR HIGH MIN TEMP OF 54 TIED THE RECORD SET IN 1944.
JUNE 24TH… RECORD FOR HIGH TEMP OF 80 TIED THE RECORD OF 80 SET IN 2000.
JUNE 24TH… RECORD FOR HIGH MIN TEMP OF 56 BROKE THE RECORD OF 55 SET IN 1967..

$$
RD JUL 15