CXAK58 PABE 022353
CLMBET

CLIMATE REPORT 
NATIONAL WEATHER SERVICE BETHEL, AK
353 PM AKDT SUN AUG 2 2015
...................................

...THE BETHEL AP CLIMATE SUMMARY FOR THE MONTH OF JULY 2015...

CLIMATE NORMAL PERIOD 1981 TO 2015
CLIMATE RECORD PERIOD 1923 TO 2015

WEATHER         OBSERVED          NORMAL  DEPART  LAST YEAR\'S
                 VALUE   DATE(S)  VALUE   FROM    VALUE  DATE(S)
                                          NORMAL
................................................................
TEMPERATURE (F)
RECORD
 HIGH              86   7/12/1951 
 LOW               30   7/10/1934 
HIGHEST            75   7/05         77      -2      78  7/30  
LOWEST             45                41       4      39  7/19  
AVG. MAXIMUM       64.2              63.4     0.8    63.9    
AVG. MINIMUM       49.7              48.8     0.9    48.0   
MEAN               56.9              56.1     0.8    56.0
DAYS MAX >= 90      0                 0.0     0.0     0
DAYS MAX <= 32      0                 0.0     0.0     0
DAYS MAX >= 80      0                 0.5    -0.5     0
DAYS MAX >= 70      5                 6.9    -1.9     5
DAYS MIN <= 32      0                 0.0     0.0     0
DAYS MIN <= 0       0                 0.0     0.0     0

PRECIPITATION (INCHES)
RECORD
 MAXIMUM            4.19   2001   
 MINIMUM            0.49   1957
TOTALS              2.08              2.36   -0.28    2.73
DAILY AVG.          0.07              0.08   -0.01    0.09
DAYS >= .01        20                15.5     4.5    16
DAYS >= .10         9                 7.0     2.0    12
DAYS >= .50         0                 0.9    -0.9     0
DAYS >= 1.0         0                 0.1    -0.1     0
GREATEST
 24 HR TOTAL        0.36   7/06                       0.48  7/13        

SNOWFALL (INCHES)
RECORDS
 TOTAL              0.0   1974
 24 HR TOTAL        0.0   7-05-1974
 SNOW DEPTH         0     7-31-2015    
TOTALS              0.0               0.0     0.0     0.0   
SINCE 7/1           0.0               0.0     0.0     0.0   
SNOWDEPTH AVG.      0                 0       0       0
DAYS >= TRACE       0                 0.0     0.0     0
DAYS >= 1.0         0                 0.0     0.0     0
DAYS >= 6.0         0                 0.0     0.0     0
GREATEST
 SNOW DEPTH         0   MM                            0  MM    
 24 HR TOTAL      0.0   MM                          0.0  MM    

DEGREE_DAYS
HEATING TOTAL     241               284     -43     273 
 SINCE 7/1        241               284     -43     273
COOLING TOTAL       1                 0       1       0
 SINCE 1/1         11                 0      11       0
................................................................

WIND (MPH)                        
AVERAGE WIND SPEED                7.2
HIGHEST WIND SPEED/DIRECTION     25/160    DATE    07/7
HIGHEST GUST SPEED/DIRECTION     33/160    DATE    07/7

SKY COVER
POSSIBLE SUNSHINE (PERCENT)   MM                                      
AVERAGE SKY COVER             MM
NUMBER OF DAYS FAIR           MM
NUMBER OF DAYS PC             MM
NUMBER OF DAYS CLOUDY         MM

AVERAGE RH (PERCENT)     MM

WEATHER CONDITIONS. NUMBER OF DAYS WITH
THUNDERSTORM              2     ICE PELLETS                 0
RAIN                     26     GLAZE                       0
DRIZZLE                   1     HAIL                        1
SNOW                      0     HAZE                        6
FOG                      18     FOG W/VIS <= 1/4 MILE       3
BLOWING SNOW              0


-  INDICATES NEGATIVE NUMBERS.
R  INDICATES RECORD WAS SET OR TIED.
MM INDICATES DATA IS MISSING.
T  INDICATES TRACE AMOUNT.

&&
...JULY SLIGHTLY WARMER WITH SLIGHTLY LESS PRECIPITATION THAN NORMAL…

TEMPERATURES...THE AVERAGE TEMPERATURES FOR MAY WERE TWO DEGREES WARMER THAN 
USUAL... THE AVERAGE MAXIMUM TEMPERATURE WAS THE SAME LAST YEAR… AND THE AVERAGE 
MINIMUM TEMPERATURE WAS TWO DEGREES WARMER THAN LAST YEAR.  

PRECIPITATION...JULY PRECIPITATION TOTALS OF 2.08 INCHES WERE 0.19 INCHES LESS THAN 
THE AVERAGE OF 2.27 INCHES...AND 0.65 INCHES LESS THAN LAST YEARS TOTAL OF 2.73 
INCHES.

SNOW...JULY SNOWFALL TOTALS OF 0.0 INCHES WAS NORMAL FOR JULY

RECORDS...THERE WERE NO NEW RECORDS FOR THE MONTH OF JULY
$$
RD AUG 15