CXAK58 PABE 012209
CLMBET

CLIMATE REPORT 
NATIONAL WEATHER SERVICE BETHEL, AK
109 PM AKST MON DEC 1 2014
...................................

...THE BETHEL AP CLIMATE SUMMARY FOR THE MONTH OF NOVEMBER 2014...

CLIMATE NORMAL PERIOD 1981 TO 2010
CLIMATE RECORD PERIOD 1923 TO 2014

WEATHER         OBSERVED          NORMAL  DEPART  LAST YEAR\'S
                 VALUE   DATE(S)  VALUE   FROM    VALUE  DATE(S)
                                          NORMAL
................................................................
TEMPERATURE (F)
RECORD
 HIGH              51   11/06/2002
 LOW              -26   11/23/2008
HIGHEST            46   11/16        40       6      42  11/09 
LOWEST              6               -11      17     -14  11/23 
AVG. MAXIMUM       32.1              23.2     8.9    26.0    
AVG. MINIMUM       22.5R             11.6    10.9    14.7   
MEAN               27.3              17.4     9.9    20.4
DAYS MAX >= 90      0                 0.0     0.0     0
DAYS MAX <= 32     12                20.9    -8.9    19
DAYS MAX >= 80      0                 0.0     0.0     0
DAYS MAX >= 70      0                 0.0     0.0     0
DAYS MIN <= 32     24                28.2    -4.2    27
DAYS MIN <= 0       0                 6.7    -6.7     7

PRECIPITATION (INCHES)
RECORD
 MAXIMUM            4.19   1994   
 MINIMUM            0.04   1969
TOTALS              1.57              1.60   -0.03    2.49
DAILY AVG.          0.05              0.05    0.00    0.08
DAYS >= .01        16                12.6     3.4    18
DAYS >= .10         7                 4.7     2.3     6
DAYS >= .50         0                 0.6    -0.6     1
DAYS >= 1.0         0                 0.1    -0.1     0
GREATEST
 24 HR TOTAL        0.34   11/30                      0.68  11/12       

SNOWFALL (INCHES)
RECORDS
 TOTAL             34.7   1994
 24 HR TOTAL        9.3   11-24-1990
 SNOW DEPTH        19     11-30-1999   
TOTALS              5.4              12.9    -7.5     6.9   
SINCE 7/1          12.2              17.2    -5.0     6.9   
SNOWDEPTH AVG.      0                 3      -3       0
DAYS >= TRACE       9                18.7    -9.7    18
DAYS >= 1.0         2                 3.9    -1.9     2
DAYS >= 6.0         0                 0.1    -0.1     0
GREATEST
 SNOW DEPTH         3   11/30                         3  11/30 
 24 HR TOTAL      3.3   11/30                       2.1  11/12 

DEGREE_DAYS
HEATING TOTAL    1121              1428    -307    1332 
 SINCE 7/1       3275              3730    -455    3348
COOLING TOTAL       0                 0       0       0
 SINCE 1/1          0                 0       0      18
................................................................

WIND (MPH)                        
AVERAGE WIND SPEED               10.3
HIGHEST WIND SPEED/DIRECTION     28/030    DATE   11/21
HIGHEST GUST SPEED/DIRECTION     35/030    DATE   11/21

SKY COVER
POSSIBLE SUNSHINE (PERCENT)   MM                                      
AVERAGE SKY COVER             MM
NUMBER OF DAYS FAIR           MM
NUMBER OF DAYS PC             MM
NUMBER OF DAYS CLOUDY         MM

AVERAGE RH (PERCENT)     MM

WEATHER CONDITIONS. NUMBER OF DAYS WITH
THUNDERSTORM              0     ICE PELLETS                 1
RAIN                     16     GLAZE                       8
DRIZZLE                   0     HAIL                        0
SNOW                      9     HAZE                        0
FOG                      10     FOG W/VIS <= 1/4 MILE       4
BLOWING SNOW              0


-  INDICATES NEGATIVE NUMBERS.
R  INDICATES RECORD WAS SET OR TIED.
MM INDICATES DATA IS MISSING.
T  INDICATES TRACE AMOUNT.

&&

...VERY WARM NOVEMBER FOR BETHEL...

NOVEMBER 2014 WAS A VERY WARM MONTH FOR BETHEL AND THE KUSKOKWIM 
DELTA WITH ALL MEASURES OF MONTHLY TEMPERATURES COMING IN AT RECORD OR 
NEAR RECORD VALUES. DURING THE SECOND WEEK OF THE MONTH...THE COMBINATION 
OF AN ABNORMALLY STRONG RIDGE OF HIGH PRESSURE SETTING UP OVER THE 
EASTERN TWO-THIRDS OF THE STATE ALONG WITH AN ALMOST AS STRONG ALEUTIAN 
LOW ALLOWED FOR WARM AND MOIST SOUTHEASTERLY FLOW OVER THE REGION. THIS
KEPT TEMPERATURES SIGNIFICANTLY ABOVE NORMAL FOR THE MOST OF THE MONTH.

WITH RESPECT TO TEMPERATURES...ALL MEASURES OF TEMPERATURE WERE IN 
THE TOP THREE NOVEMBERS ON RECORD. THE AVERAGE DAILY MAXIMUM TEMPERATURE
WAS THE THIRD WARMEST...THE AVERAGE DAILY MINIMUM TEMPERATURE WAS THE 
WARMEST ON RECORD...AND THE AVERAGE MEAN DAILY TEMPERATURE CAME 
IN AS THE SECOND WARMEST ON RECORD. ALTHOUGH THERE WAS A BURST OF COLD 
TEMPERATURES IN THE FIRST WEEK OF THE MONTH...24 OF 30 DAYS FOR THE MONTH
SHOWED ABOVE NORMAL TEMPERATURES WITH TWO DAYS /15TH AND 16TH/ SHOWING 
A +24F DEPARTURE FROM NORMAL.

AS WARM AS THE MONTH WAS...ONLY TWO TEMPERATURE RECORDS WERE SET IN THE
MONTH. A DAILY HIGH TEMPERATURE WAS TIED ON THE 13TH OF 44F /LAST SET IN 
1986/ AND A DAILY HIGH WAS SET ON THE 16TH OF 46F /BEATING 43F IN 1996/.

ALTHOUGH THE ATMOSPHERE OVER BETHEL WAS GENERALLY MORE MOIST THAN 
NORMAL...NOVEMBER 2014 WAS NOT EXCEEDINGLY WET WITH THE MONTHLY 
PRECIPITATION RANKING AS THE 23RD WETTEST /TIED WITH 1931 AND 2005/. 
SNOWFALL WAS SIMILARLY RANKED AS THE 26TH SNOWIEST ON RECORD. FREEZING
RAIN OCCURRED TWICE DURING THE MONTH WITH LIGHT AMOUNTS OF ICING 
DURING BOTH EVENTS.

$$
FONTENOT