CXAK57 PAYA 010913
CLMYAK

CLIMATE REPORT 
NATIONAL WEATHER SERVICE YAKUTAT, AK
113 AM AKDT WED OCT 1 2014
...................................

...THE YAKUTAT AP CLIMATE SUMMARY FOR THE MONTH OF SEPTEMBER 2014...

CLIMATE NORMAL PERIOD 1981 TO 2010
CLIMATE RECORD PERIOD 1948 TO 2014

WEATHER         OBSERVED          NORMAL  DEPART  LAST YEAR\'S
                 VALUE   DATE(S)  VALUE   FROM    VALUE  DATE(S)
                                          NORMAL
................................................................
TEMPERATURE (F)
RECORD
 HIGH              77   9/04/1957 
 LOW               21   9/30/1996 
HIGHEST            65   9/24         64       1      62  9/04  
LOWEST             30                29       1      34  9/25  
AVG. MAXIMUM       57.4              55.6     1.8    56.6    
AVG. MINIMUM       44.9              41.2     3.7    45.8   
MEAN               51.2              48.4     2.8    51.2
DAYS MAX >= 90      0                 0.0     0.0     0
DAYS MAX <= 32      0                 0.0     0.0     0
DAYS MAX >= 80      0                 0.0     0.0     0
DAYS MAX >= 70      0                 0.4    -0.4     0
DAYS MIN <= 32      2                 4.4    -2.4     0
DAYS MIN <= 0       0                 0.0     0.0     0

PRECIPITATION (INCHES)
RECORD
 MAXIMUM           48.33   1987   
 MINIMUM            2.44   1986
TOTALS             19.83             21.11   -1.28   18.53
DAILY AVG.          0.66              0.70   -0.04    0.62
DAYS >= .01        24                21.8     2.2    25
DAYS >= .10        22                18.6     3.4    20
DAYS >= .50        12                12.4    -0.4    11
DAYS >= 1.0         7                 7.3    -0.3     6
GREATEST
 24 HR TOTAL        5.07   9/05                       3.87  9/06        

SNOWFALL (INCHES)
RECORDS
 TOTAL              0.8   1992
 24 HR TOTAL        0.8   9-15-1992
 SNOW DEPTH         0     9-30-2014    
TOTALS              0.0               0.0     0.0     0.0   
SINCE 7/1           0.0               0.0     0.0     0.0   
SNOWDEPTH AVG.      0                 0       0       0
DAYS >= TRACE       0                 0.6    -0.6     0
DAYS >= 1.0         0                 0.0     0.0     0
DAYS >= 6.0         0                 0.0     0.0     0
GREATEST
 SNOW DEPTH         0   MM                            0  MM    
 24 HR TOTAL      0.0   MM                          0.0  MM    

DEGREE_DAYS
HEATING TOTAL     406               498     -92     406 
 SINCE 7/1       1033              1176    -143     970
COOLING TOTAL       0                 0       0       0
 SINCE 1/1          0                 0       0       0
................................................................

WIND (MPH)                        
AVERAGE WIND SPEED                4.6
HIGHEST WIND SPEED/DIRECTION     26/260    DATE   09/21
HIGHEST GUST SPEED/DIRECTION     36/260    DATE   09/21

SKY COVER
POSSIBLE SUNSHINE (PERCENT)   MM                                      
AVERAGE SKY COVER             MM
NUMBER OF DAYS FAIR           MM
NUMBER OF DAYS PC             MM
NUMBER OF DAYS CLOUDY         MM

AVERAGE RH (PERCENT)     MM

WEATHER CONDITIONS. NUMBER OF DAYS WITH
THUNDERSTORM              2     ICE PELLETS                 0
RAIN                     26     GLAZE                       0
DRIZZLE                   0     HAIL                        2
SNOW                      0     HAZE                        0
FOG                      26     FOG W/VIS <= 1/4 MILE       3
BLOWING SNOW              0


-  INDICATES NEGATIVE NUMBERS.
R  INDICATES RECORD WAS SET OR TIED.
MM INDICATES DATA IS MISSING.
T  INDICATES TRACE AMOUNT.

&&
THIS MONTH HAS SEEN GRADUALLY COOLING TEMPERATURES AND SEVERAL WEAK LOWS MOVING 
THROUGH THE AREA. WITH NEARLY 20 INCHES OF RAINFALL WE ARE JUST BELOW OUR AVERAGE 
AMOUNT. THE STRONGEST WIND WAS 36 MPH OUT OF THE WEST AND OUR AVERAGE TEMPERATURES 
WAS IN THE MID 50\'S. SIGNIFICANTLY WE DID HAVE A THUNDERSTORM ON THE LAST DAY OF 
THE MONTH, HOWEVER THIS STORM PRODUCED LITTLE RAINFALL.

$$
DC OCT 14