CXAK57 PAYA 011717
CLMYAK

CLIMATE REPORT 
NATIONAL WEATHER SERVICE YAKUTAT, AK
817 AM AKST SUN MAR 1 2015
...................................

...THE YAKUTAT AP CLIMATE SUMMARY FOR THE MONTH OF FEBRUARY 2015...

CLIMATE NORMAL PERIOD 1981 TO 2010
CLIMATE RECORD PERIOD 1948 TO 2015

WEATHER         OBSERVED          NORMAL  DEPART  LAST YEAR\'S
                 VALUE   DATE(S)  VALUE   FROM    VALUE  DATE(S)
                                          NORMAL
................................................................
TEMPERATURE (F)
RECORD
 HIGH              54   2/19/2010 
 LOW              -20   2/01/1989 
HIGHEST            47   2/26         45       2      48  2/27  
LOWEST             10                 3       7      -3  2/23  
AVG. MAXIMUM       40.2              36.3     3.9    35.5    
AVG. MINIMUM       26.7              22.9     3.8    11.5   
MEAN               33.5              29.7     3.8    23.5
DAYS MAX >= 90      0                 0.0     0.0     0
DAYS MAX <= 32      4                 6.7    -2.7     7
DAYS MAX >= 80      0                 0.0     0.0     0
DAYS MAX >= 70      0                 0.0     0.0     0
DAYS MIN <= 32     17                22.6    -5.6    28
DAYS MIN <= 0       0                 1.2    -1.2     2

PRECIPITATION (INCHES)
RECORD
 MAXIMUM           32.13   1964   
 MINIMUM            0.21   1989
TOTALS             10.35             10.86   -0.51    2.08
DAILY AVG.          0.37              0.38   -0.01    0.07
DAYS >= .01        16                18.4    -2.4    11
DAYS >= .10        10                14.0    -4.0     6
DAYS >= .50         8                 7.1     0.9     1
DAYS >= 1.0         6                 3.3     2.7     0
GREATEST
 24 HR TOTAL        2.20   2/21                       0.90  2/15        

SNOWFALL (INCHES)
RECORDS
 TOTAL             87.3   1965
 24 HR TOTAL       20.5   2-11-1959
 SNOW DEPTH       100     2-18-1972    
TOTALS              4.0              28.6   -24.6    28.1   
SINCE 7/1          12.8             116.4  -103.6    95.4   
SNOWDEPTH AVG.      0                12     -12       9
DAYS >= TRACE       4                14.7   -10.7    11
DAYS >= 1.0         2                 7.3    -5.3     6
DAYS >= 6.0         0                 1.4    -1.4     1
GREATEST
 SNOW DEPTH         5   2/10                         17  2/22  
 24 HR TOTAL      2.6   2/08                       10.2  2/13  

DEGREE_DAYS
HEATING TOTAL     941               990     -49    1217 
 SINCE 7/1       5497              6129    -632    5878
COOLING TOTAL       0                 0       0       0
 SINCE 1/1          0                 0       0       0
................................................................

WIND (MPH)                        
AVERAGE WIND SPEED                5.5
HIGHEST WIND SPEED/DIRECTION     28/080    DATE    02/6
HIGHEST GUST SPEED/DIRECTION     41/080    DATE    02/6

SKY COVER
POSSIBLE SUNSHINE (PERCENT)   MM                                      
AVERAGE SKY COVER             MM
NUMBER OF DAYS FAIR           MM
NUMBER OF DAYS PC             MM
NUMBER OF DAYS CLOUDY         MM

AVERAGE RH (PERCENT)     MM

WEATHER CONDITIONS. NUMBER OF DAYS WITH
THUNDERSTORM              0     ICE PELLETS                 1
RAIN                     16     GLAZE                       0
DRIZZLE                   0     HAIL                        0
SNOW                      2     HAZE                        0
FOG                      15     FOG W/VIS <= 1/4 MILE       3
BLOWING SNOW              0


-  INDICATES NEGATIVE NUMBERS.
R  INDICATES RECORD WAS SET OR TIED.
MM INDICATES DATA IS MISSING.
T  INDICATES TRACE AMOUNT.

&&
WE BEGAN THE MONTH OF FEB. WITH ONLY A TRACE OF SNOW ON THE GROUND AND WE ENDED IT 
WITH NO SNOW. TO SAY THE LEAST IT HAS BEEN AN UNUSUAL WINTER LET ALONE MONTH. WITH 
THE MAX TEMPS AVERAGING IN THE MID 40\'S DURING THE DAYS AND ONLY DROPPING INTO THE 
LOW TEENS DURING A SHORT PERIOD AT THE BEGINNING OF THE MONTH, I KNOW THAT I AM NOT 
THE ONLY ONE TO SAY THAT IT SMELLS A LOT LIKE SPRING. WE ARE WELL BELOW AVERAGE FOR 
SNOWFALL (-23.2) BUT RIGHT ON TRACK FOR RAINFALL (10.86). WITH CONTINUED WEATHER 
LIKE THIS GETTING THROUGH THE REST OF WINTER SHOULD BE A BREEZE.


$$
DC MAR 15