CXAK57 PAYA 011936
CLMYAK

CLIMATE REPORT 
NATIONAL WEATHER SERVICE YAKUTAT, AK
1136 AM AKDT SAT AUG 1 2015
...................................

...THE YAKUTAT AP CLIMATE SUMMARY FOR THE MONTH OF JULY 2015...

CLIMATE NORMAL PERIOD 1981 TO 2010
CLIMATE RECORD PERIOD 1948 TO 2015

WEATHER         OBSERVED          NORMAL  DEPART  LAST YEAR\'S
                 VALUE   DATE(S)  VALUE   FROM    VALUE  DATE(S)
                                          NORMAL
................................................................
TEMPERATURE (F)
RECORD
 HIGH              85   7/07/2009 
 LOW               35   7/14/1968 
HIGHEST            75   7/20         69       6      69  7/02  
LOWEST             41                40       1      39  7/21  
AVG. MAXIMUM       61.3              60.1     1.2    61.2    
AVG. MINIMUM       50.7              48.6     2.1    48.2   
MEAN               56.0              54.3     1.7    54.7
DAYS MAX >= 90      0                 0.0     0.0     0
DAYS MAX <= 32      0                 0.0     0.0     0
DAYS MAX >= 80      0                 0.1    -0.1     0
DAYS MAX >= 70      1                 0.9     0.1     0
DAYS MIN <= 32      0                 0.0     0.0     0
DAYS MIN <= 0       0                 0.0     0.0     0

PRECIPITATION (INCHES)
RECORD
 MAXIMUM           21.49   1959   
 MINIMUM            1.70   1957
TOTALS             11.81              7.88    3.93    6.42
DAILY AVG.          0.38              0.25    0.13    0.21
DAYS >= .01        23                18.5     4.5    21
DAYS >= .10        17                11.9     5.1    12
DAYS >= .50         8                 4.6     3.4     6
DAYS >= 1.0         4                 2.2     1.8     1
GREATEST
 24 HR TOTAL        1.84   7/27                       1.45  7/11        

SNOWFALL (INCHES)
RECORDS
 TOTAL              0.0   1949
 24 HR TOTAL        0.0   7-31-2015
 SNOW DEPTH         0     7-31-2015    
TOTALS              0.0               0.0     0.0     0.0   
SINCE 7/1           0.0               0.0     0.0     0.0   
SNOWDEPTH AVG.      0                 0       0       0
DAYS >= TRACE       0                 0.0     0.0     0
DAYS >= 1.0         0                 0.0     0.0     0
DAYS >= 6.0         0                 0.0     0.0     0
GREATEST
 SNOW DEPTH         0   MM                            0  MM    
 24 HR TOTAL      0.0   MM                          0.0  MM    

DEGREE_DAYS
HEATING TOTAL     268               332     -64     313 
 SINCE 7/1        268               332     -64     313
COOLING TOTAL       0                 0       0       0
 SINCE 1/1          0                 0       0       0
................................................................

WIND (MPH)                        
AVERAGE WIND SPEED                4.3
HIGHEST WIND SPEED/DIRECTION     17/070    DATE   07/15
HIGHEST GUST SPEED/DIRECTION     26/070    DATE   07/15

SKY COVER
POSSIBLE SUNSHINE (PERCENT)   MM                                      
AVERAGE SKY COVER             MM
NUMBER OF DAYS FAIR           MM
NUMBER OF DAYS PC             MM
NUMBER OF DAYS CLOUDY         MM

AVERAGE RH (PERCENT)     MM

WEATHER CONDITIONS. NUMBER OF DAYS WITH
THUNDERSTORM              0     ICE PELLETS                 0
RAIN                     25     GLAZE                       0
DRIZZLE                   0     HAIL                        0
SNOW                      0     HAZE                        1
FOG                      26     FOG W/VIS <= 1/4 MILE       3
BLOWING SNOW              0


-  INDICATES NEGATIVE NUMBERS.
R  INDICATES RECORD WAS SET OR TIED.
MM INDICATES DATA IS MISSING.
T  INDICATES TRACE AMOUNT.

&&
THIS WAS AN AVERAGE JULY FOR YAKUTAT. THE RAPIDLY CHANGING SUMMERTIME REGIME WAS 
DOMINATED BY WEAK HIGH PRESSURE AND INCREASED MID AND LOWER LEVEL MOISTURE AMOUNTS, 
RESULTING IN MORNING MARINE LAYERS AND MID-DAY AND EVENING SHOWERS. THIS RESULTED 
IN 25 DAYS OF RAIN IN VARYING AMOUNTS. MID AND LATE MONTH BROUGHT OCCASIONAL RAPID 
MOVING LOW PRESSURE SYSTEMS THAT GAVE US FOUR DAYS OF RAINFALL OF OVER AN INCH. ONE 
PRECIPITATION RECORD WAS SET THIS MONTH AT 1.62 INCHES ON THE 13TH OF JULY. NO 
TEMPERATURE RECORDS WERE SET.
$$
NJM AUG 15