CXAK57 PANT 022150
CLMANN

CLIMATE REPORT 
NATIONAL WEATHER SERVICE ANNETTE, AK
150 PM AKDT SAT APR 2 2016
...................................

...THE ANNETTE WSO AP CLIMATE SUMMARY FOR THE MONTH OF MARCH 2016...

CLIMATE NORMAL PERIOD 1981 TO 2010
CLIMATE RECORD PERIOD 1948 TO 2016

WEATHER         OBSERVED          NORMAL  DEPART  LAST YEAR\'S
                 VALUE   DATE(S)  VALUE   FROM    VALUE  DATE(S)
                                          NORMAL
................................................................
TEMPERATURE (F)
RECORD
 HIGH              64   3/28/1994 
 LOW                1   3/03/1955 
HIGHEST            60   3/31         53       7      56  3/27  
LOWEST             28                24       4      29  3/16  
AVG. MAXIMUM       48.1              44.9     3.2    49.9    
AVG. MINIMUM       37.0              34.5     2.5    37.8   
MEAN               42.5              39.7     2.8    43.9
DAYS MAX >= 90      0                 0.0     0.0     0
DAYS MAX <= 32      0                 0.7    -0.7     0
DAYS MAX >= 80      0                 0.0     0.0     0
DAYS MAX >= 70      0                 0.0     0.0     0
DAYS MIN <= 32      5                11.0    -6.0     5
DAYS MIN <= 0       0                 0.0     0.0     0

PRECIPITATION (INCHES)
RECORD
 MAXIMUM           23.57   1959   
 MINIMUM            2.13   1983
TOTALS              6.37              8.05   -1.68   10.08
DAILY AVG.          0.21              0.26   -0.05    0.33
DAYS >= .01        20                21.5    -1.5    21
DAYS >= .10        16                15.7     0.3    15
DAYS >= .50         4                 5.5    -1.5     7
DAYS >= 1.0         1                 1.7    -0.7     2
GREATEST
 24 HR TOTAL        1.06   3/26                       2.23  3/13        

SNOWFALL (INCHES)
RECORDS
 TOTAL             46.9   1971
 24 HR TOTAL       11.8   3-18-1971
 SNOW DEPTH        25     3-08-1972    
TOTALS              0.0               6.9    -6.9     0.0   
SINCE 7/1           5.0              31.8   -26.8    10.2   
SNOWDEPTH AVG.      0                 0       0       0
DAYS >= TRACE       2                 6.9    -4.9     1
DAYS >= 1.0         0                 1.9    -1.9     0
DAYS >= 6.0         0                 0.1    -0.1     0
GREATEST
 SNOW DEPTH         0   MM                            0  MM    
 24 HR TOTAL        T   3/08                          T  3/31  

DEGREE_DAYS
HEATING TOTAL     688               784     -96     649 
 SINCE 7/1       4766              5322    -556    4733
COOLING TOTAL       0                 0       0       0
 SINCE 1/1          0                 0       0       0
................................................................

WIND (MPH)                        
AVERAGE WIND SPEED                8.2
HIGHEST WIND SPEED/DIRECTION     32/130    DATE    03/7
HIGHEST GUST SPEED/DIRECTION     45/120    DATE    03/7

SKY COVER
POSSIBLE SUNSHINE (PERCENT)   MM                                      
AVERAGE SKY COVER             MM
NUMBER OF DAYS FAIR           MM
NUMBER OF DAYS PC             MM
NUMBER OF DAYS CLOUDY         MM

AVERAGE RH (PERCENT)     MM

WEATHER CONDITIONS. NUMBER OF DAYS WITH
THUNDERSTORM              0     ICE PELLETS                 1
RAIN                     24     GLAZE                       0
DRIZZLE                   0     HAIL                        0
SNOW                      1     HAZE                        1
FOG                      18     FOG W/VIS <= 1/4 MILE       0
BLOWING SNOW              0


-  INDICATES NEGATIVE NUMBERS.
R  INDICATES RECORD WAS SET OR TIED.
MM INDICATES DATA IS MISSING.
T  INDICATES TRACE AMOUNT.

&&

THE MONTH OF MARCH FOR ANNETTE ISLAND, AK WAS A WARMER AND SLIGHTLY DRIER MONTH 
THAN AVERAGE.  THE AVERAGE TEMPERATURE WAS 2.8 DEGREES HIGHER THAN NORMAL AND THE 
AREA DID GET FAIRLY CLOSE TO THE ALL TIME HIGH OF 64 DEGREES SET IN 1994 BY 
REACHING 60 DEGREES ON THE LAST DAY OF THIS MONTH.  PRECIPITATION WAS SLIGHTLY LESS 
THAN AVERAGE BY 1.68 INCHES AND THERE WERE ONLY A FEW DAYS OF TRACE AMOUNTS OF 
FROZEN PRECIPITATION BY EITHER ICE PELLETS OR SMALL HAIL. LASTLY, WINDS WERE ABOUT 
AVERAGE FOR THE AREA.  OVERALL, THE WARMING TREND CONTINUES, BUT SEEMS LIKE IT MAY 
HAVE SLOWED DOWN A BIT AND ALSO THE WINDIER AND POSSIBLE WETTER TREND HAS FADED.  

$$
JZ APR 16