CXAK57 PANT 061958
CLMANN

CLIMATE REPORT 
NATIONAL WEATHER SERVICE ANNETTE, AK
1158 AM AKDT THU AUG 6 2015
...................................

...THE ANNETTE WSO AP CLIMATE SUMMARY FOR THE MONTH OF JULY 2015...

CLIMATE NORMAL PERIOD 1981 TO 2010
CLIMATE RECORD PERIOD 1948 TO 2015

WEATHER         OBSERVED          NORMAL  DEPART  LAST YEAR\'S
                 VALUE   DATE(S)  VALUE   FROM    VALUE  DATE(S)
                                          NORMAL
................................................................
TEMPERATURE (F)
RECORD
 HIGH              89   7/30/1976 
 LOW               40   7/06/1973 
HIGHEST            88   7/06         77      11      83  7/14  
LOWEST             50                47       3      47  7/23  
AVG. MAXIMUM       68.3              64.3     4.0    65.3    
AVG. MINIMUM       55.6              52.9     2.7    51.9   
MEAN               62.0              58.6     3.4    58.6
DAYS MAX >= 90      0                 0.0     0.0     0
DAYS MAX <= 32      0                 0.0     0.0     0
DAYS MAX >= 80      4                 0.6     3.4     1
DAYS MAX >= 70      9                 5.9     3.1     9
DAYS MIN <= 32      0                 0.0     0.0     0
DAYS MIN <= 0       0                 0.0     0.0     0

PRECIPITATION (INCHES)
RECORD
 MAXIMUM           10.85   1959   
 MINIMUM            0.56   1971
TOTALS              7.64              4.65    2.99    7.60
DAILY AVG.          0.25              0.16    0.09    0.25
DAYS >= .01        19                14.6     4.4    20
DAYS >= .10        13                 8.8     4.2    15
DAYS >= .50         6                 3.4     2.6     7
DAYS >= 1.0         2                 1.0     1.0     2
GREATEST
 24 HR TOTAL        2.16   7/24                       1.72  7/28        

SNOWFALL (INCHES)
RECORDS
 TOTAL              0.0   1948
 24 HR TOTAL        9.3   7-24-1993
 SNOW DEPTH         0     7-31-2015    
TOTALS              0.0               0.0     0.0     0.0   
SINCE 7/1           0.0               0.3    -0.3     0.0   
SNOWDEPTH AVG.      0                 0       0       0
DAYS >= TRACE       0                 0.0    -0.0     0
DAYS >= 1.0         0                 0.0    -0.0     0
DAYS >= 6.0         0                 0.0    -0.0     0
GREATEST
 SNOW DEPTH         0   MM                            0  MM    
 24 HR TOTAL      0.0   MM                          0.0  MM    

DEGREE_DAYS
HEATING TOTAL     119               206     -87     374 
 SINCE 7/1        119               206     -87     374
COOLING TOTAL      35                 0      35       8
 SINCE 1/1         37                 0      37       8
................................................................

WIND (MPH)                        
AVERAGE WIND SPEED                4.9
HIGHEST WIND SPEED/DIRECTION     22/150    DATE   07/23
HIGHEST GUST SPEED/DIRECTION     32/130    DATE   07/24

SKY COVER
POSSIBLE SUNSHINE (PERCENT)   MM                                      
AVERAGE SKY COVER             MM
NUMBER OF DAYS FAIR           MM
NUMBER OF DAYS PC             MM
NUMBER OF DAYS CLOUDY         MM

AVERAGE RH (PERCENT)     MM

WEATHER CONDITIONS. NUMBER OF DAYS WITH
THUNDERSTORM              0     ICE PELLETS                 0
RAIN                     21     GLAZE                       0
DRIZZLE                   3     HAIL                        0
SNOW                      0     HAZE                        0
FOG                      19     FOG W/VIS <= 1/4 MILE       0
BLOWING SNOW              0


-  INDICATES NEGATIVE NUMBERS.
R  INDICATES RECORD WAS SET OR TIED.
MM INDICATES DATA IS MISSING.
T  INDICATES TRACE AMOUNT.

&&

THE MONTH OF JULY FOR ANNETTE ISLAND, AK WAS A SLIGHTLY WETTER AND WARMER MONTH 
THAN NORMAL FOR THE AREA.  THE HIGHEST TEMPERATURE REACHED WAS 88F (DEGREES 
FAHRENHEIT) OFF BY JUST 1 DEGREE F FOR THE RECORD SET BACK IN 1976 OF 89F.  THE 
MINIMUM TEMPERATURE WAS 50F WHICH IS A LITTLE FAR FROM THE RECORD OF 40F. THERE 
WERE ABOUT 5 MORE WARMING DAYS IN WHICH THE TEMPERATURE REACHED AT LEAST 70F OR 
MORE THAN THE AVERAGE FOR THE MONTH.  THE AREA ALSO INDURED 3 INCHES MORE RAINFALL 
THAN USUAL, BUT NO FROZEN PRECIPITATION WHATSOEVER, WHICH IS NOTHING UNUSUAL.  
OTHER THAN THAT, THE REST OF THE BOARD INCLUDING WIND, WAS ABOUT AVERAGE.   

$$

JZ AUG 15