CXAK57 PANT 011830
CLMANN

CLIMATE REPORT 
NATIONAL WEATHER SERVICE ANNETTE, AK
1030 AM AKDT WED JUN 1 2016
...................................

...THE ANNETTE WSO AP CLIMATE SUMMARY FOR THE MONTH OF MAY 2016...

CLIMATE NORMAL PERIOD 1981 TO 2010
CLIMATE RECORD PERIOD 1948 TO 2016

WEATHER         OBSERVED          NORMAL  DEPART  LAST YEAR\'S
                 VALUE   DATE(S)  VALUE   FROM    VALUE  DATE(S)
                                          NORMAL
................................................................
TEMPERATURE (F)
RECORD
 HIGH              88   5/21/1963 
 LOW                0   5/31/2016 
HIGHEST            81   5/14         71      10      75  5/29  
LOWEST              0                36     -36      36  5/02  
AVG. MAXIMUM       54.8              56.3    -1.5    64.0    
AVG. MINIMUM       41.0              43.9    -2.9    46.3   
MEAN               47.9              50.2    -2.3    55.1
DAYS MAX >= 90      0                 0.0     0.0     0
DAYS MAX <= 32      4                 0.0     4.0     0
DAYS MAX >= 80      1                 0.1     0.9     0
DAYS MAX >= 70      6                 1.6     4.4     7
DAYS MIN <= 32      4                 0.1     3.9     0
DAYS MIN <= 0       4                 0.0     4.0     0

PRECIPITATION (INCHES)
RECORD
 MAXIMUM           14.68   1966   
 MINIMUM            0.50   2015
TOTALS              6.29              5.56    0.73    0.50
DAILY AVG.          0.20              0.18    0.02    0.02
DAYS >= .01        11                15.9    -4.9     5
DAYS >= .10         8                11.0    -3.0     3
DAYS >= .50         5                 3.6     1.4     0
DAYS >= 1.0         3                 1.4     1.6     0
GREATEST
 24 HR TOTAL        1.89   5/01                       0.17  5/01        

SNOWFALL (INCHES)
RECORDS
 TOTAL              5.0   1964
 24 HR TOTAL        5.0   5-12-1964
 SNOW DEPTH         4     5-12-1964    
TOTALS              0.0               0.1    -0.1     0.0   
SINCE 7/1           5.0              33.3   -28.3    10.2   
SNOWDEPTH AVG.      0                 0       0       0
DAYS >= TRACE       0                 0.4    -0.4     0
DAYS >= 1.0         0                 0.0     0.0     0
DAYS >= 6.0         0                 0.0     0.0     0
GREATEST
 SNOW DEPTH         0   MM                            0  MM    
 24 HR TOTAL      0.0   MM                          0.0  MM    

DEGREE_DAYS
HEATING TOTAL     524               461      63     299 
 SINCE 7/1       5864              6406    -542    5619
COOLING TOTAL       2                 0       2       0
 SINCE 1/1          2                 0       2       0
................................................................

WIND (MPH)                        
AVERAGE WIND SPEED                5.6
HIGHEST WIND SPEED/DIRECTION     26/140    DATE   05/17
HIGHEST GUST SPEED/DIRECTION     47/150    DATE   05/17

SKY COVER
POSSIBLE SUNSHINE (PERCENT)   MM                                      
AVERAGE SKY COVER             MM
NUMBER OF DAYS FAIR           MM
NUMBER OF DAYS PC             MM
NUMBER OF DAYS CLOUDY         MM

AVERAGE RH (PERCENT)     MM

WEATHER CONDITIONS. NUMBER OF DAYS WITH
THUNDERSTORM              0     ICE PELLETS                 0
RAIN                     14     GLAZE                       0
DRIZZLE                   1     HAIL                        0
SNOW                      0     HAZE                        3
FOG                       9     FOG W/VIS <= 1/4 MILE       1
BLOWING SNOW              0


-  INDICATES NEGATIVE NUMBERS.
R  INDICATES RECORD WAS SET OR TIED.
MM INDICATES DATA IS MISSING.
T  INDICATES TRACE AMOUNT.

THE MONTH OF MAY WAS NOT A REMARKABLE MONTH FOR RECORDS WITH ONLY TWO RECORD EVENT 
RECORDINGS FOR TWO DAILY HIGH TEMPERATURES EXCEEDING THE PREVIOUS RECORDS SET IN 
1942 AND BOTH TEMPERATURES WERE ONLY EXCEEDED BY ONE DEGREE.  WITH THE LOSS OF DATA 
FROM THE ASOS FOR 4 DAYS AT THE END OF THE MONTH DUE TO POWER OUTAGE THE MONTH WILL 
HAVE TO BE CONSIDERED AN INCOMPLETE MONTH FOR TOTAL DATA RECORDINGS. 



&&


$$
*** JUN 16