CXAK57 PANT 021602
CLMANN

CLIMATE REPORT 
NATIONAL WEATHER SERVICE ANNETTE, AK
802 AM AKDT THU OCT 2 2014
...................................

...THE ANNETTE WSO AP CLIMATE SUMMARY FOR THE MONTH OF SEPTEMBER 2014...

CLIMATE NORMAL PERIOD 1981 TO 2010
CLIMATE RECORD PERIOD 1948 TO 2014

WEATHER         OBSERVED          NORMAL  DEPART  LAST YEAR\'S
                 VALUE   DATE(S)  VALUE   FROM    VALUE  DATE(S)
                                          NORMAL
................................................................
TEMPERATURE (F)
RECORD
 HIGH              82   9/08/1989 
 LOW               33   9/30/1996 
HIGHEST            72   9/14         69       3      78  9/11  
LOWEST             45                39       6      40  9/30  
AVG. MAXIMUM       64.1              59.3     4.8    62.9    
AVG. MINIMUM       50.1              48.4     1.7    49.3   
MEAN               57.1              53.8     3.3    56.1
DAYS MAX >= 90      0                 0.0     0.0     0
DAYS MAX <= 32      0                 0.0     0.0     0
DAYS MAX >= 80      0                 0.0    -0.0     0
DAYS MAX >= 70      2                 1.2     0.8     9
DAYS MIN <= 32      0                 0.0     0.0     0
DAYS MIN <= 0       0                 0.0     0.0     0

PRECIPITATION (INCHES)
RECORD
 MAXIMUM           18.12   2011   
 MINIMUM            2.52   1965
TOTALS              9.68              9.79   -0.11    7.51
DAILY AVG.          0.32              0.33   -0.01    0.25
DAYS >= .01        16                18.7    -2.7    18
DAYS >= .10         9                13.8    -4.8    12
DAYS >= .50         7                 7.0    -0.0     5
DAYS >= 1.0         2                 3.0    -1.0     2
GREATEST
 24 HR TOTAL        2.88   9/27                       1.69  9/19        

SNOWFALL (INCHES)
RECORDS
 TOTAL              0.0   1950
 24 HR TOTAL        0.0   9-24-1950
 SNOW DEPTH         0     9-30-2014    
TOTALS              0.0               0.0     0.0     0.0   
SINCE 7/1           0.0               0.3    -0.3     0.0   
SNOWDEPTH AVG.      0                 0       0       0
DAYS >= TRACE       0                 0.0     0.0     0
DAYS >= 1.0         0                 0.0     0.0     0
DAYS >= 6.0         0                 0.0     0.0     0
GREATEST
 SNOW DEPTH         0   MM                            0  MM    
 24 HR TOTAL      0.0   MM                          0.0  MM    

DEGREE_DAYS
HEATING TOTAL     231               334    -103     260 
 SINCE 7/1        800               735      65     562
COOLING TOTAL       0                 0       0       0
 SINCE 1/1         14                 0      14      22
................................................................

WIND (MPH)                        
AVERAGE WIND SPEED                5.6
HIGHEST WIND SPEED/DIRECTION     31/140    DATE   09/28
HIGHEST GUST SPEED/DIRECTION     47/150    DATE   09/28

SKY COVER
POSSIBLE SUNSHINE (PERCENT)   MM                                      
AVERAGE SKY COVER             MM
NUMBER OF DAYS FAIR           MM
NUMBER OF DAYS PC             MM
NUMBER OF DAYS CLOUDY         MM

AVERAGE RH (PERCENT)     MM

WEATHER CONDITIONS. NUMBER OF DAYS WITH
THUNDERSTORM              0     ICE PELLETS                 0
RAIN                     20     GLAZE                       0
DRIZZLE                   0     HAIL                        0
SNOW                      0     HAZE                        0
FOG                      15     FOG W/VIS <= 1/4 MILE       7
BLOWING SNOW              0


-  INDICATES NEGATIVE NUMBERS.
R  INDICATES RECORD WAS SET OR TIED.
MM INDICATES DATA IS MISSING.
T  INDICATES TRACE AMOUNT.


THE MONTH OF SEPTEMBER WAS A FEW DEGREES WARMER THAN NORMAL IN BOTH MAXIMUM, 
MINIMUM AND AVERAGE TEMPERATURES.  THE TOTAL PRECIPITATION WAS AROUND AVERAGE, BUT 
MUCH WETTER THAN THE PREVIOUS YEAR, BY JUST OVER 2 INCHES.  THERE WAS ALSO TWO 
RECORD EVENTS.  ONE TOOK PLACE ON THE 26TH AND SET A NEW HIGH TEMPERATURE OF 69 
DEGREES.  THE PREVIOUS RECORD WAS 67 DEGREES SET IN 1965.  THE SECOND RECORD WAS 
FOR RAINFALL IN A 24 HOUR PERIOD ON THE 28TH FOR A TOTAL OF 2.72 INCHES.  THE 
PREVIOUS RECORD WAS FOR 2.65 INCHES SET IN 1992.  NO SNOW OR FROZEN PRECIPITATION 
WAS RECORDED WHICH IS NORMAL FOR THE MONTH.  

&&


$$
JZ OCT 14