CXAK56 PAYA 160917
CF6YAK

PRELIMINARY LOCAL CLIMATOLOGICAL DATA (WS FORM: F-6)

                                          STATION:   YAKUTAT
                                          MONTH:     09
                                          YEAR:      2014
                                          LATITUDE:   59 31 N                   
                                          LONGITUDE: 139 40 W                   

  TEMPERATURE IN F:       :PCPN:    SNOW:  WIND      :SUNSHINE: SKY     :PK WND 
================================================================================
1   2   3   4   5  6A  6B    7     8   9   10  11  12  13   14  15   16  17  18
                                      12Z  AVG MX 2MIN
DY MAX MIN AVG DEP HDD CDD  WTR   SNW DPTH SPD SPD DIR MIN PSBL S-S WX   SPD DR
================================================================================

 1  59  41  50  -1  15   0  0.03  0.0   0  2.1  9  260   M    M   M 2     13 270
 2  60  38  49  -2  16   0     T  0.0   0  4.3 10  170   M    M   M 1     14 170
 3  58  51  55   4  10   0  0.17  0.0   0  2.8  9  210   M    M   M 1     12 220
 4  58  51  55   4  10   0  0.67  0.0   0  5.9 14  120   M    M   M 1     23 150
 5  59  53  56   6   9   0  5.07  0.0   0  9.1 18  190   M    M   M 1     25 210
 6  58  54  56   6   9   0  1.11  0.0   0  6.9 20  120   M    M   M 2     28 110
 7  62  46  54   4  11   0  0.56  0.0   0  2.7  8  350   M    M   M 1     10 350
 8  61  41  51   1  14   0  0.00  0.0   0  3.5 10  200   M    M   M 1     13 180
 9  60  41  51   1  14   0     T  0.0   0  3.7 12  150   M    M   M 1     17 150
10  62  49  56   7   9   0  0.40  0.0   0  5.5 15  120   M    M   M 1     20 120
11  60  49  55   6  10   0  0.05  0.0   0  4.5 10  170   M    M   M 1     13  80
12  56  51  54   5  11   0  1.74  0.0   0  6.8 13   70   M    M   M 1     18  80
13  59  54  57   8   8   0  0.62  0.0   0  6.6 12  130   M    M   M 1     15 120
14  57  53  55   6  10   0  0.27  0.0   0  7.8 14  120   M    M   M 1     22 130
15  61  52  57   8   8   0  0.60  0.0   0  5.0 13  100   M    M   M 1     22  90
================================================================================
SM  890  724       164   0 11.29 0.0     77.2           M        M
================================================================================
AV 59.3 48.3                              5.1 FASTST  PSBL  %   M    MAX(MPH)
                                 MISC ---->     20  120                 28 110
================================================================================
NOTES:

COLUMN 17 PEAK WIND IN M.P.H.

PRELIMINARY LOCAL CLIMATOLOGICAL DATA (WS FORM: F-6) , PAGE 2

                                          STATION:   YAKUTAT
                                          MONTH:     09
                                          YEAR:      2014
                                          LATITUDE:  59 31 N                   
                                          LONGITUDE: 139 40 W                   

[TEMPERATURE DATA]      [PRECIPITATION DATA]       SYMBOLS USED IN COLUMN 16    

AVERAGE MONTHLY:53.8   TOTAL FOR MONTH:11.29       1 = FOG              
DPTR FM NORMAL:  3.9   DPTR FM NORMAL: 1.77       2 = FOG REDUCING VISIBILITY  
HIGHEST:    62 ON 10    GRTST 24HR   5.07 ON  5        TO 1/4 MILE OR LESS   
LOWEST:     38 ON  2                               3 = THUNDER                
                        SNOW, ICE PELLETS, HAIL    4 = ICE PELLETS              
                        TOTAL MONTH: 0.0         5 = HAIL                     
                        GRTST 24HR   0.0           6 = GLAZE OR RIME            
                        GRTST DEPTH:    0          7 = BLOWING DUST OR SAND:    
                                                       VSBY 1/2 MILE OR LESS    
                                                   8 = SMOKE OR HAZE            
[NO. OF DAYS WITH]      [WEATHER - DAYS WITH]      9 = BLOWING SNOW             
                                                   X = TORNADO                  
MAX 32 OR BELOW:   0    0.01 INCH OR MORE:  12                                  
MAX 70 OR ABOVE:   0    0.10 INCH OR MORE:  10                                  
MIN 32 OR BELOW:   0    0.50 INCH OR MORE:   7                                  
MIN  0 OR BELOW:   0    1.00 INCH OR MORE:   3                                  

[HDD (BASE 65) ]                                                                
TOTAL THIS MO.   164    CLEAR  (SCALE 0-3)   M                                  
DPTR FM NORMAL   -64    PTCLDY (SCALE 4-7)   M                                  
SEASONAL TOTAL   791    CLOUDY (SCALE 8-10)  M                                
DPTR FM NORMAL  -115                                                            

[CDD (BASE 65) ]                                                                
TOTAL THIS MO.     0                                                            
DPTR FM NORMAL     0    [PRESSURE DATA]                                         
SEASONAL TOTAL     0    HIGHEST SLP     M                                 
DPTR FM NORMAL     0    LOWEST  SLP     M                                 

[REMARKS]