CXAK56 PAYA 270903
CF6YAK

PRELIMINARY LOCAL CLIMATOLOGICAL DATA (WS FORM: F-6)

                                          STATION:   YAKUTAT
                                          MONTH:     06
                                          YEAR:      2016
                                          LATITUDE:   59 31 N                   
                                          LONGITUDE: 139 40 W                   

  TEMPERATURE IN F:       :PCPN:    SNOW:  WIND      :SUNSHINE: SKY     :PK WND 
================================================================================
1   2   3   4   5  6A  6B    7     8   9   10  11  12  13   14  15   16  17  18
                                      12Z  AVG MX 2MIN
DY MAX MIN AVG DEP HDD CDD  WTR   SNW DPTH SPD SPD DIR MIN PSBL S-S WX   SPD DR
================================================================================

 1  59  45  52   4  13   0  0.03  0.0   0  5.7 16  130   M    M   M 18    25 120
 2  56  45  51   2  14   0  0.05  0.0   0  4.8 14  200   M    M   M 18    17 210
 3  60  46  53   4  12   0  0.14  0.0   0  4.6 12  260   M    M   M 1     15 290
 4  54  47  51   2  14   0  0.55  0.0   0  6.9 17  190   M    M   M 1     25 170
 5  51  44  48  -1  17   0  1.16  0.0   0  3.2  8  270   M    M   M 1     12  50
 6  55  47  51   2  14   0  0.46  0.0   0  3.5 12  170   M    M   M 1     15  70
 7  56  41  49  -1  16   0  0.11  0.0   0  3.9  9  170   M    M   M 1     12 160
 8  64  37  51   1  14   0  0.00  0.0   0  3.9 12  300   M    M   M 1     17 310
 9  80  41  61  11   4   0  0.00  0.0   0  6.2 28  140   M    M   M       18 130
10  59  52  56   6   9   0  0.00  0.0   0  5.8 16  140   M    M   M       24 140
11  58  50  54   4  11   0  0.12  0.0   0  5.2 12  210   M    M   M 1     16 210
12  56  49  53   3  12   0  0.10  0.0   0  4.3 13  150   M    M   M 1     18 140
13  57  49  53   2  12   0  0.02  0.0   0  5.1 13  170   M    M   M 1     19 130
14  57  46  52   1  13   0  0.34  0.0   0  3.1  9  320   M    M   M 1     14 350
15  76  42  59   8   6   0  0.00  0.0   0  3.4 13  340   M    M   M 1     16 340
16  77  44  61  10   4   0  0.00  0.0   0  4.4 12  320   M    M   M       16 320
17  61  54  58   7   7   0  0.00  0.0   0  6.6 15  170   M    M   M       20 160
18  63  46  55   4  10   0  0.00  0.0   0  5.1 15  250   M    M   M 1     21 230
19  59  47  53   2  12   0  0.11  0.0   0  6.0 15  110   M    M   M 1     23 120
20  54  50  52   0  13   0  0.67  0.0   0  8.3 16   90   M    M   M 1     24  90
21  62  47  55   3  10   0  0.00  0.0   0  4.1 13  260   M    M   M       18 250
22  68  47  58   6   7   0  0.00  0.0   0  3.8 14  230   M    M   M 2     16 230
23  59  50  55   3  10   0  0.00  0.0   0  3.0  9  200   M    M   M 2     11 240
24  57  52  55   3  10   0  0.23  0.0   0  7.6 14  130   M    M   M 1     20 140
25  57  52  55   3  10   0  0.62  0.0   0  7.4 17  140   M    M   M 1     27 120
26  55  51  53   1  12   0  0.59  0.0   0  7.6 15  130   M    M   M 1     22 130
================================================================================
SM 1570 1221       286   0  5.30 0.0    133.5           M        M
================================================================================
AV 60.4 47.0                              5.1 FASTST  PSBL  %   M    MAX(MPH)
                                 MISC ---->     28  140                 27 120
================================================================================
NOTES:

COLUMN 17 PEAK WIND IN M.P.H.

PRELIMINARY LOCAL CLIMATOLOGICAL DATA (WS FORM: F-6) , PAGE 2

                                          STATION:   YAKUTAT
                                          MONTH:     06
                                          YEAR:      2016
                                          LATITUDE:  59 31 N                   
                                          LONGITUDE: 139 40 W                   

[TEMPERATURE DATA]      [PRECIPITATION DATA]       SYMBOLS USED IN COLUMN 16    

AVERAGE MONTHLY:53.7   TOTAL FOR MONTH: 5.30       1 = FOG              
DPTR FM NORMAL:  3.2   DPTR FM NORMAL: -0.28       2 = FOG REDUCING VISIBILITY  
HIGHEST:    80 ON  9    GRTST 24HR   1.16 ON  5        TO 1/4 MILE OR LESS   
LOWEST:     37 ON  8                               3 = THUNDER                
                        SNOW, ICE PELLETS, HAIL    4 = ICE PELLETS              
                        TOTAL MONTH: 0.0         5 = HAIL                     
                        GRTST 24HR   0.0           6 = GLAZE OR RIME            
                        GRTST DEPTH:    0          7 = BLOWING DUST OR SAND:    
                                                       VSBY 1/2 MILE OR LESS    
                                                   8 = SMOKE OR HAZE            
[NO. OF DAYS WITH]      [WEATHER - DAYS WITH]      9 = BLOWING SNOW             
                                                   X = TORNADO                  
MAX 32 OR BELOW:   0    0.01 INCH OR MORE:  16                                  
MAX 70 OR ABOVE:   3    0.10 INCH OR MORE:  13                                  
MIN 32 OR BELOW:   0    0.50 INCH OR MORE:   5                                  
MIN  0 OR BELOW:   0    1.00 INCH OR MORE:   1                                  

[HDD (BASE 65) ]                                                                
TOTAL THIS MO.   286    CLEAR  (SCALE 0-3)   M                                  
DPTR FM NORMAL   -91    PTCLDY (SCALE 4-7)   M                                  
SEASONAL TOTAL  7585    CLOUDY (SCALE 8-10)  M                                
DPTR FM NORMAL -1387                                                            

[CDD (BASE 65) ]                                                                
TOTAL THIS MO.     0                                                            
DPTR FM NORMAL     0    [PRESSURE DATA]                                         
SEASONAL TOTAL     0    HIGHEST SLP     M                                 
DPTR FM NORMAL     0    LOWEST  SLP     M                                 

[REMARKS]