CXAK56 PASN 290905
CF6SNP

PRELIMINARY LOCAL CLIMATOLOGICAL DATA (WS FORM: F-6)

                                          STATION:   ST PAUL
                                          MONTH:     06
                                          YEAR:      2016
                                          LATITUDE:   57 10 N                   
                                          LONGITUDE: 170 13 W                   

  TEMPERATURE IN F:       :PCPN:    SNOW:  WIND      :SUNSHINE: SKY     :PK WND 
================================================================================
1   2   3   4   5  6A  6B    7     8   9   10  11  12  13   14  15   16  17  18
                                      12Z  AVG MX 2MIN
DY MAX MIN AVG DEP HDD CDD  WTR   SNW DPTH SPD SPD DIR MIN PSBL S-S WX   SPD DR
================================================================================

 1  57  40  49  10  16   0  0.03  0.0   0 14.8 21  350   M    M   M 18    25 360
 2  50  38  44   4  21   0     T  0.0   0 20.5 29  350   M    M   M 1     36 360
 3  50  38  44   4  21   0  0.00  0.0   0 18.5 25  360   M    M   M       31 360
 4  46  38  42   2  23   0     T  0.0   0  9.7 16   50   M    M   M       20  60
 5  51  41  46   6  19   0     T  0.0   0 12.0 21  110   M    M   M 12    26 110
 6  55  39  47   7  18   0     T  0.0   0  6.9 13   70   M    M   M 1     14  70
 7  45  40  43   2  22   0  0.00  0.0   0  7.7 13  140   M    M   M 12    15  90
 8  50  43  47   6  18   0  0.15  0.0   0 11.1 16   90   M    M   M 1     20 100
 9  50  43  47   6  18   0  0.53  0.0   0  9.2 17  230   M    M   M 1     22 210
10  51  43  47   6  18   0  0.01  0.0   0 11.7 17  190   M    M   M 1     22 190
11  52  37  45   4  20   0  0.00  0.0   0  4.2 10  140   M    M   M 1     12 140
12  54  42  48   6  17   0  0.00  0.0   0  5.6 12  240   M    M   M       14 230
13  49  44  47   5  18   0     T  0.0   0  8.9 16  240   M    M   M 1     20 250
14  50  44  47   5  18   0  0.33  0.0   0 12.5 21  120   M    M   M 1     27 110
15  50  44  47   5  18   0  0.02  0.0   0 10.2 21  140   M    M   M 1     25 140
16  49  42  46   3  19   0  0.02  0.0   0  6.5 15  260   M    M   M 1     18 270
17  52  41  47   4  18   0  0.01  0.0   0 11.4 20  240   M    M   M 1     22 240
18  50  43  47   4  18   0  0.25  0.0   0 12.0 21  260   M    M   M 1     26 260
19  48  41  45   2  20   0  0.10  0.0   0 15.6 24  230   M    M   M 1     31 240
20  52  44  48   5  17   0  0.00  0.0   0  6.7 15  120   M    M   M       18 130
21  49  45  47   3  18   0  0.08  0.0   0 16.6 24  110   M    M   M 1     30 110
22  50  44  47   3  18   0  0.16  0.0   0 16.9 23  190   M    M   M 1     30 190
23  50  45  48   4  17   0     T  0.0   0 18.9 29  250   M    M   M 1     36 280
24  54  46  50   6  15   0  0.00  0.0   0 15.0 23  340   M    M   M 1     27 310
25  58  43  51   7  14   0     T  0.0   0  9.9 18  350   M    M   M 12    22 340
26  60  44  52   7  13   0  0.00  0.0   0 11.5 17  260   M    M   M 1     20 260
27  61  42  52   7  13   0  0.00  0.0   0  9.1 15  250   M    M   M       18 260
28  51  42  47   2  18   0  0.00  0.0   0 14.4 23  140   M    M   M 12    28 140
================================================================================
SM 1444 1176       503   0  1.69 0.0    328.0           M        M
================================================================================
AV 51.6 42.0                             11.7 FASTST  PSBL  %   M    MAX(MPH)
                                 MISC ---->  #  29  250               # 36 280
================================================================================
NOTES:

COLUMN 17 PEAK WIND IN M.P.H.

PRELIMINARY LOCAL CLIMATOLOGICAL DATA (WS FORM: F-6) , PAGE 2

                                          STATION:   ST PAUL
                                          MONTH:     06
                                          YEAR:      2016
                                          LATITUDE:  57 10 N                   
                                          LONGITUDE: 170 13 W                   

[TEMPERATURE DATA]      [PRECIPITATION DATA]       SYMBOLS USED IN COLUMN 16    

AVERAGE MONTHLY:46.8   TOTAL FOR MONTH: 1.69       1 = FOG              
DPTR FM NORMAL:  4.6   DPTR FM NORMAL: 0.44       2 = FOG REDUCING VISIBILITY  
HIGHEST:    61 ON 27    GRTST 24HR   0.53 ON  9        TO 1/4 MILE OR LESS   
LOWEST:     37 ON 11                               3 = THUNDER                
                        SNOW, ICE PELLETS, HAIL    4 = ICE PELLETS              
                        TOTAL MONTH: 0.0         5 = HAIL                     
                        GRTST 24HR   0.0           6 = GLAZE OR RIME            
                        GRTST DEPTH:    0          7 = BLOWING DUST OR SAND:    
                                                       VSBY 1/2 MILE OR LESS    
                                                   8 = SMOKE OR HAZE            
[NO. OF DAYS WITH]      [WEATHER - DAYS WITH]      9 = BLOWING SNOW             
                                                   X = TORNADO                  
MAX 32 OR BELOW:   0    0.01 INCH OR MORE:  12                                  
MAX 70 OR ABOVE:   0    0.10 INCH OR MORE:   6                                  
MIN 32 OR BELOW:   0    0.50 INCH OR MORE:   1                                  
MIN  0 OR BELOW:   0    1.00 INCH OR MORE:   0                                  

[HDD (BASE 65) ]                                                                
TOTAL THIS MO.   503    CLEAR  (SCALE 0-3)   M                                  
DPTR FM NORMAL  -136    PTCLDY (SCALE 4-7)   M                                  
SEASONAL TOTAL  9256    CLOUDY (SCALE 8-10)  M                                
DPTR FM NORMAL -1504                                                            

[CDD (BASE 65) ]                                                                
TOTAL THIS MO.     0                                                            
DPTR FM NORMAL     0    [PRESSURE DATA]                                         
SEASONAL TOTAL     0    HIGHEST SLP     M                                 
DPTR FM NORMAL     0    LOWEST  SLP     M                                 

[REMARKS]