CXAK56 PASN 261128
CF6SNP

PRELIMINARY LOCAL CLIMATOLOGICAL DATA (WS FORM: F-6)

                                          STATION:   ST PAUL
                                          MONTH:     02
                                          YEAR:      2015
                                          LATITUDE:   57 10 N                   
                                          LONGITUDE: 170 13 W                   

  TEMPERATURE IN F:       :PCPN:    SNOW:  WIND      :SUNSHINE: SKY     :PK WND 
================================================================================
1   2   3   4   5  6A  6B    7     8   9   10  11  12  13   14  15   16  17  18
                                      12Z  AVG MX 2MIN
DY MAX MIN AVG DEP HDD CDD  WTR   SNW DPTH SPD SPD DIR MIN PSBL S-S WX   SPD DR
================================================================================

 1  35  26  31   7  34   0  0.00  0.0   4 12.4 28   10   M    M   M       32  10
 2  32  25  29   5  36   0  0.00  0.0   3 18.9 26   20   M    M   M       33  30
 3  29  25  27   3  38   0  0.00  0.0   3 23.9 37   40   M    M   M       45  40
 4  35  28  32   8  33   0  0.00  0.0   3 20.1 25   60   M    M   M       30  50
 5  33  28  31   7  34   0  0.00  0.0   2 20.6 26   50   M    M   M       32  50
 6  30  23  27   3  38   0  0.00  0.0   2 25.4 35   60   M    M   M 8     42  60
 7  23  14  19  -5  46   0     T    T   2 26.5 37   20   M    M   M       45  20
 8  18  14  16  -8  49   0     T  0.2   2 32.2 41   20   M    M   M 19    52  10
 9  21  10  16  -8  49   0     T  0.4   3  0.0 38   30   M    M   M       46  30
10  23  20  22  -2  43   0     T    T   3 34.8 40   10   M    M   M       48  10
11  22  18  20  -4  45   0     T    T   3 34.5 41   20   M    M   M 19    48  10
12  20  18  19  -5  46   0  0.03  0.8   4 29.5 36   10   M    M   M 19    44  10
13  33  19  26   2  39   0  0.02  0.6   4 22.3 31  360   M    M   M 19    36  10
14  34  30  32   8  33   0  0.20  2.0   6 15.0 22   40   M    M   M 1     26  40
15  37  32  35  11  30   0     T    T   5 13.5 32   20   M    M   M 2     40  20
16  33  28  31   7  34   0  0.14  1.8   7 25.9 39   10   M    M   M 19    47  10
17  33  29  31   7  34   0  0.12  2.7   9 12.9 22  360   M    M   M 1     25 350
18  37  22  30   5  35   0     T    T   9  7.2 16  250   M    M   M 1     21 250
19  36  31  34   9  31   0  0.19  0.5   8 16.0 24   40   M    M   M 12    29  40
20  36  33  35  10  30   0  0.07    T   6 11.5 23   70   M    M   M 12    27  60
21  35  33  34   9  31   0  0.19  0.9   5 10.3 21   60   M    M   M 1     24  60
22  35  28  32   7  33   0  0.02  0.2   5 12.7 21  280   M    M   M 1     26 270
23  36  24  30   5  35   0  0.09  0.3   5 17.4 33  220   M    M   M 18    40 220
24  34  18  26   1  39   0  0.01  0.1   5  9.6 22  190   M    M   M       26 190
25  37  34  36  11  29   0     T    T   4 20.7 31  180   M    M   M 18    37 180
================================================================================
SM  777  610       924   0  1.08 10.5    473.8           M        M
================================================================================
AV 31.1 24.4                             19.0 FASTST  PSBL  %   M    MAX(MPH)
                                 MISC ---->  #  41   20                 52  10
================================================================================
NOTES:

COLUMN 17 PEAK WIND IN M.P.H.

PRELIMINARY LOCAL CLIMATOLOGICAL DATA (WS FORM: F-6) , PAGE 2

                                          STATION:   ST PAUL
                                          MONTH:     02
                                          YEAR:      2015
                                          LATITUDE:  57 10 N                   
                                          LONGITUDE: 170 13 W                   

[TEMPERATURE DATA]      [PRECIPITATION DATA]       SYMBOLS USED IN COLUMN 16    

AVERAGE MONTHLY:27.7   TOTAL FOR MONTH: 1.08       1 = FOG              
DPTR FM NORMAL:  3.4   DPTR FM NORMAL: -0.10       2 = FOG REDUCING VISIBILITY  
HIGHEST:    37 ON 25    GRTST 24HR   0.20 ON 14        TO 1/4 MILE OR LESS   
LOWEST:     10 ON  9                               3 = THUNDER                
                        SNOW, ICE PELLETS, HAIL    4 = ICE PELLETS              
                        TOTAL MONTH: 10.5 INCHES  5 = HAIL                     
                        GRTST 24HR   2.7 ON 17     6 = GLAZE OR RIME            
                        GRTST DEPTH:    9 ON 18    7 = BLOWING DUST OR SAND:    
                                                       VSBY 1/2 MILE OR LESS    
                                                   8 = SMOKE OR HAZE            
[NO. OF DAYS WITH]      [WEATHER - DAYS WITH]      9 = BLOWING SNOW             
                                                   X = TORNADO                  
MAX 32 OR BELOW:   9    0.01 INCH OR MORE:  11                                  
MAX 70 OR ABOVE:   0    0.10 INCH OR MORE:   5                                  
MIN 32 OR BELOW:  22    0.50 INCH OR MORE:   0                                  
MIN  0 OR BELOW:   0    1.00 INCH OR MORE:   0                                  

[HDD (BASE 65) ]                                                                
TOTAL THIS MO.   924    CLEAR  (SCALE 0-3)   M                                  
DPTR FM NORMAL   -96    PTCLDY (SCALE 4-7)   M                                  
SEASONAL TOTAL  5865    CLOUDY (SCALE 8-10)  M                                
DPTR FM NORMAL  -934                                                            

[CDD (BASE 65) ]                                                                
TOTAL THIS MO.     0                                                            
DPTR FM NORMAL     0    [PRESSURE DATA]                                         
SEASONAL TOTAL     0    HIGHEST SLP     M                                 
DPTR FM NORMAL     0    LOWEST  SLP     M                                 

[REMARKS]