CXAK56 PASN 211208
CF6SNP

PRELIMINARY LOCAL CLIMATOLOGICAL DATA (WS FORM: F-6)

                                          STATION:   ST PAUL
                                          MONTH:     12
                                          YEAR:      2014
                                          LATITUDE:   57 10 N                   
                                          LONGITUDE: 170 13 W                   

  TEMPERATURE IN F:       :PCPN:    SNOW:  WIND      :SUNSHINE: SKY     :PK WND 
================================================================================
1   2   3   4   5  6A  6B    7     8   9   10  11  12  13   14  15   16  17  18
                                      12Z  AVG MX 2MIN
DY MAX MIN AVG DEP HDD CDD  WTR   SNW DPTH SPD SPD DIR MIN PSBL S-S WX   SPD DR
================================================================================

 1  42  33  38   7  27   0  0.17    T   0 16.6 35  280   M    M   M 18    42 280
 2  38  29  34   3  31   0  0.02    T   0  2.9  9  200   M    M   M 1     11 200
 3  35  31  33   3  32   0  0.06    T   0  8.6 15   10   M    M   M 1     18  10
 4  40  33  37   7  28   0  0.08  0.2   T 14.5 26  140   M    M   M 1     30 140
 5  39  36  38   8  27   0  0.09  0.0   0 15.9 22   70   M    M   M 18    29  70
 6  39  36  38   8  27   0  0.01    T   0 20.9 28   40   M    M   M 1     34  50
 7  37  33  35   5  30   0  0.02    T   0 24.6 32   10   M    M   M 18    39  10
 8  40  34  37   7  28   0  0.02  0.0   0 22.0 30   10   M    M   M 18    38  10
 9  37  32  35   5  30   0  0.01    T   0 23.9 32   10   M    M   M 1     41  10
10  34  29  32   2  33   0  0.12  0.6   1 16.9 29  330   M    M   M 1     37 340
11  34  24  29  -1  36   0  0.01  0.1   1  8.2 16  310   M    M   M 1     21 320
12  31  14  23  -6  42   0  0.01  0.1   1  0.0 17  310   M    M   M 1     21 310
13  39  15  27  -2  38   0  0.21  0.2   T 15.7 35  140   M    M   M 1     42 130
14  38  33  36   7  29   0  0.77    T   T 20.5 33   50   M    M   M 1     43  50
15  34  31  33   4  32   0  0.06  0.4   T 16.9 31  270   M    M   M 19    37 270
16  35  30  33   4  32   0  0.04  0.3   1 22.2 33  240   M    M   M 19    40 240
17  36  31  34   5  31   0  0.01  0.1   1 16.9 29  200   M    M   M 1     35 220
18  36  25  31   2  34   0  0.03  0.3   1 10.1 22   60   M    M   M 1     27  50
19  38  35  37   8  28   0  0.08    T   0 19.6 31   80   M    M   M 1     37  80
20  37  30  34   6  31   0  0.00  0.0   0 20.9 29   30   M    M   M       36  30
================================================================================
SM  739  594       626   0  1.82 2.3    317.8           M        M
================================================================================
AV 37.0 29.7                             15.9 FASTST  PSBL  %   M    MAX(MPH)
                                 MISC ---->  #  35  140                 43  50
================================================================================
NOTES:

COLUMN 17 PEAK WIND IN M.P.H.

PRELIMINARY LOCAL CLIMATOLOGICAL DATA (WS FORM: F-6) , PAGE 2

                                          STATION:   ST PAUL
                                          MONTH:     12
                                          YEAR:      2014
                                          LATITUDE:  57 10 N                   
                                          LONGITUDE: 170 13 W                   

[TEMPERATURE DATA]      [PRECIPITATION DATA]       SYMBOLS USED IN COLUMN 16    

AVERAGE MONTHLY:33.3   TOTAL FOR MONTH: 1.82       1 = FOG              
DPTR FM NORMAL:  3.7   DPTR FM NORMAL: 0.31       2 = FOG REDUCING VISIBILITY  
HIGHEST:    42 ON  1    GRTST 24HR   0.77 ON 14        TO 1/4 MILE OR LESS   
LOWEST:     14 ON 12                               3 = THUNDER                
                        SNOW, ICE PELLETS, HAIL    4 = ICE PELLETS              
                        TOTAL MONTH: 2.3 INCHES  5 = HAIL                     
                        GRTST 24HR   0.6 ON 10     6 = GLAZE OR RIME            
                        GRTST DEPTH:    1 ON 18    7 = BLOWING DUST OR SAND:    
                                                       VSBY 1/2 MILE OR LESS    
                                                   8 = SMOKE OR HAZE            
[NO. OF DAYS WITH]      [WEATHER - DAYS WITH]      9 = BLOWING SNOW             
                                                   X = TORNADO                  
MAX 32 OR BELOW:   1    0.01 INCH OR MORE:  19                                  
MAX 70 OR ABOVE:   0    0.10 INCH OR MORE:   4                                  
MIN 32 OR BELOW:  12    0.50 INCH OR MORE:   1                                  
MIN  0 OR BELOW:   0    1.00 INCH OR MORE:   0                                  

[HDD (BASE 65) ]                                                                
TOTAL THIS MO.   626    CLEAR  (SCALE 0-3)   M                                  
DPTR FM NORMAL   -83    PTCLDY (SCALE 4-7)   M                                  
SEASONAL TOTAL  3531    CLOUDY (SCALE 8-10)  M                                
DPTR FM NORMAL  -598                                                            

[CDD (BASE 65) ]                                                                
TOTAL THIS MO.     0                                                            
DPTR FM NORMAL     0    [PRESSURE DATA]                                         
SEASONAL TOTAL     0    HIGHEST SLP     M                                 
DPTR FM NORMAL     0    LOWEST  SLP     M                                 

[REMARKS]