CXAK56 PASN 261203
CF6SNP

PRELIMINARY LOCAL CLIMATOLOGICAL DATA (WS FORM: F-6)

                                          STATION:   ST PAUL
                                          MONTH:     11
                                          YEAR:      2014
                                          LATITUDE:   57 10 N                   
                                          LONGITUDE: 170 13 W                   

  TEMPERATURE IN F:       :PCPN:    SNOW:  WIND      :SUNSHINE: SKY     :PK WND 
================================================================================
1   2   3   4   5  6A  6B    7     8   9   10  11  12  13   14  15   16  17  18
                                      12Z  AVG MX 2MIN
DY MAX MIN AVG DEP HDD CDD  WTR   SNW DPTH SPD SPD DIR MIN PSBL S-S WX   SPD DR
================================================================================

 1  36  29  33  -3  32   0  0.05  0.5   1 19.6 31  350   M    M   M 15    37 360
 2  38  33  36   1  29   0  0.01  0.1   T 16.6 25  330   M    M   M 1     29 330
 3  36  31  34  -1  31   0  0.01  0.1   T 18.2 29  350   M    M   M 1     37 340
 4  36  32  34  -1  31   0     T    T   T 12.9 29  110   M    M   M       36 100
 5  40  34  37   2  28   0  0.01    T   0 19.7 28  120   M    M   M 1     34 120
 6  37  30  34  -1  31   0  0.01    T   0  7.4 18   80   M    M   M 1     22  90
 7  41  27  34   0  31   0  0.03    T   0 12.8 35  140   M    M   M 1     41 140
 8  43  38  41   7  24   0  0.13  0.0   0 22.7 43  150   M    M   M 18    55 140
 9  43  36  40   6  25   0  0.19  0.0   0 24.9 37  180   M    M   M 18    49 150
10  42  37  40   6  25   0  0.10  0.0   0 25.5 44  170   M    M   M 18    54 170
11  41  23  32  -2  33   0     T  0.0   0 15.9 43  170   M    M   M       55 180
12  40  21  31  -3  34   0  0.02  0.0   0  4.1 17  190   M    M   M 1     20 190
13  42  26  34   1  31   0  0.12  0.0   0 21.1 40  360   M    M   M 1     47 360
14  42  37  40   7  25   0  0.10  0.0   0 10.8 18  120   M    M   M 1     22 130
15  42  40  41   8  24   0  0.08  0.0   0 14.3 29   80   M    M   M 18    34  90
16  42  37  40   7  25   0  0.18  0.0   0  9.9 26  170   M    M   M 1     33 180
17  43  40  42   9  23   0  0.04  0.0   0 23.5 36   70   M    M   M 18    43  70
18  42  40  41   8  24   0  0.05  0.0   0 19.8 35   70   M    M   M 18    43  60
19  42  39  41   9  24   0  0.06  0.0   0 12.3 21   80   M    M   M 1     26  80
20  41  37  39   7  26   0  0.01  0.0   0 15.4 28   10   M    M   M       36 360
21  40  37  39   7  26   0  0.07  0.0   0 22.6 31   10   M    M   M 18    37  10
22  37  33  35   3  30   0  0.01    T   0 16.5 30   10   M    M   M 18    35  20
23  34  31  33   1  32   0  0.03    T   0 13.6 24  350   M    M   M 18    29 350
24  40  31  36   4  29   0  0.03    T   T 10.8 30  150   M    M   M 1     37 160
25  43  40  42  10  23   0  0.17  0.0   0 19.4 28  120   M    M   M 18    35 120
================================================================================
SM 1003  839       696   0  1.51 0.7    410.3           M        M
================================================================================
AV 40.1 33.6                             16.4 FASTST  PSBL  %   M    MAX(MPH)
                                 MISC ---->     44  170               # 55 180
================================================================================
NOTES:

COLUMN 17 PEAK WIND IN M.P.H.

PRELIMINARY LOCAL CLIMATOLOGICAL DATA (WS FORM: F-6) , PAGE 2

                                          STATION:   ST PAUL
                                          MONTH:     11
                                          YEAR:      2014
                                          LATITUDE:  57 10 N                   
                                          LONGITUDE: 170 13 W                   

[TEMPERATURE DATA]      [PRECIPITATION DATA]       SYMBOLS USED IN COLUMN 16    

AVERAGE MONTHLY:36.8   TOTAL FOR MONTH: 1.51       1 = FOG              
DPTR FM NORMAL:  3.3   DPTR FM NORMAL: -0.95       2 = FOG REDUCING VISIBILITY  
HIGHEST:    43 ON 25    GRTST 24HR   0.19 ON  9        TO 1/4 MILE OR LESS   
LOWEST:     21 ON 12                               3 = THUNDER                
                        SNOW, ICE PELLETS, HAIL    4 = ICE PELLETS              
                        TOTAL MONTH: 0.7   INCH  5 = HAIL                     
                        GRTST 24HR   0.5 ON  1     6 = GLAZE OR RIME            
                        GRTST DEPTH:    1 ON  1    7 = BLOWING DUST OR SAND:    
                                                       VSBY 1/2 MILE OR LESS    
                                                   8 = SMOKE OR HAZE            
[NO. OF DAYS WITH]      [WEATHER - DAYS WITH]      9 = BLOWING SNOW             
                                                   X = TORNADO                  
MAX 32 OR BELOW:   0    0.01 INCH OR MORE:  23                                  
MAX 70 OR ABOVE:   0    0.10 INCH OR MORE:   7                                  
MIN 32 OR BELOW:  10    0.50 INCH OR MORE:   0                                  
MIN  0 OR BELOW:   0    1.00 INCH OR MORE:   0                                  

[HDD (BASE 65) ]                                                                
TOTAL THIS MO.   696    CLEAR  (SCALE 0-3)   M                                  
DPTR FM NORMAL   -94    PTCLDY (SCALE 4-7)   M                                  
SEASONAL TOTAL  2775    CLOUDY (SCALE 8-10)  M                                
DPTR FM NORMAL  -475                                                            

[CDD (BASE 65) ]                                                                
TOTAL THIS MO.     0                                                            
DPTR FM NORMAL     0    [PRESSURE DATA]                                         
SEASONAL TOTAL     0    HIGHEST SLP     M                                 
DPTR FM NORMAL     0    LOWEST  SLP     M                                 

[REMARKS]