CXAK56 PASN 102159
CF6SNP

PRELIMINARY LOCAL CLIMATOLOGICAL DATA (WS FORM: F-6)

                                          STATION:   ST PAUL
                                          MONTH:     09
                                          YEAR:      2016
                                          LATITUDE:   57 10 N                   
                                          LONGITUDE: 170 13 W                   

  TEMPERATURE IN F:       :PCPN:    SNOW:  WIND      :SUNSHINE: SKY     :PK WND 
================================================================================
1   2   3   4   5  6A  6B    7     8   9   10  11  12  13   14  15   16  17  18
                                      12Z  AVG MX 2MIN
DY MAX MIN AVG DEP HDD CDD  WTR   SNW DPTH SPD SPD DIR MIN PSBL S-S WX   SPD DR
================================================================================

 1  56  53  55   7  10   0  0.22  0.0   0  7.8 14   80   M    M   M 12   19  80
 2  55  52  54   6  11   0  0.73  0.0   0 13.7 21   90   M    M   M 1    25  90
 3  57  50  54   6  11   0  0.17  0.0   0  9.0 16  210   M    M   M 12   20 200
 4  57  45  51   3  14   0  0.12  0.0   0  5.4 14  140   M    M   M 1    17 140
 5  59  43  51   3  14   0     T  0.0   0  9.1 17  340   M    M   M 1    21 340
 6  55  47  51   4  14   0     T  0.0   0 12.7 21  350   M    M   M 1    25 360
 7  53  45  49   2  16   0     T  0.0   0 11.6 21   10   M    M   M      25 360
 8  54  45  50   3  15   0     T  0.0   0  8.9 18  360   M    M   M 1    22 360
 9  54  46  50   3  15   0     T  0.0   0  7.2 16   90   M    M   M      21  90
10  54  49  52   5  13   0  0.40  0.0   0 18.8 30   50   M    M   M 1    36  50
11  54  49  52   5  13   0  0.44  0.0   0 24.6 37  360   M    M   M 1    44 360
12  57  45  51   5  14   0     T  0.0   0  9.9 22  340   M    M   M      28 330
13  53  50  52   6  13   0  0.09  0.0   0 20.9 31   80   M    M   M 1    39  80
14  57  50  54   8  11   0  0.18  0.0   0 16.2 32   70   M    M   M 1    40  80
15  54  45  50   4  15   0  0.02  0.0   0 17.4 31  360   M    M   M 1    40 360
16  50  40  45   0  20   0  0.02  0.0   0 17.7 29  350   M    M   M      37 350
17  53  40  47   2  18   0  0.04  0.0   0 13.5 26  280   M    M   M 1    32 290
18  52  49  51   6  14   0  0.03  0.0   0 22.4 36  170   M    M   M 1    47 180
19  53  48  51   6  14   0  0.56  0.0   0 23.6 40  170   M    M   M 18   50 160
20  53  45  49   5  16   0  0.18  0.0   0 19.9 32  230   M    M   M 1    42 220
21  52  44  48   4  17   0  0.09  0.0   0 17.3 31  280   M    M   M 1    38 280
22  52  44  48   4  17   0  0.08  0.0   0 15.9 26  310   M    M   M 1    33 290
23  51  37  44   0  21   0  0.03  0.0   0 14.4 28  360   M    M   M 1    33 360
24  51  38  45   1  20   0     T  0.0   0  9.1 15  320   M    M   M      19 330
25  50  42  46   3  19   0  0.21  0.0   0 18.5 30  230   M    M   M 1    37 230
26  54  46  50   7  15   0  0.12  0.0   0 12.4 26  270   M    M   M 1    32 270
27  51  46  49   6  16   0  0.00  0.0   0 18.3 30  200   M    M   M 18   37 210
28  53  49  51   8  14   0  0.01  0.0   0 13.4 22  240   M    M   M 2    27 240
29  52  50  51   9  14   0  0.19  0.0   0 27.5 37  140   M    M   M 1    46 140
30  53  50  52  10  13   0  0.52  0.0   0 20.5 31   90   M    M   M 1    39  80
================================================================================
SM 1609 1382       447   0  4.45  0.0    457.6           M        M
================================================================================
AV 53.6 46.1                             15.3 FASTST  PSBL  %   M    MAX(MPH)
                                 MISC ---->     40  170                 50 160
================================================================================
NOTES:

COLUMN 17 PEAK WIND IN M.P.H.

PRELIMINARY LOCAL CLIMATOLOGICAL DATA (WS FORM: F-6) , PAGE 2

                                          STATION:   ST PAUL
                                          MONTH:     09
                                          YEAR:      2016
                                          LATITUDE:  57 10 N                   
                                          LONGITUDE: 170 13 W                   

[TEMPERATURE DATA]      [PRECIPITATION DATA]       SYMBOLS USED IN COLUMN 16    

AVERAGE MONTHLY:49.9   TOTAL FOR MONTH: 4.45       1 = FOG              
DPTR FM NORMAL:  4.5   DPTR FM NORMAL: 1.46       2 = FOG REDUCING VISIBILITY  
HIGHEST:    59 ON  5    GRTST 24HR   0.73 ON  2        TO 1/4 MILE OR LESS   
LOWEST:     37 ON 23                               3 = THUNDER                
                        SNOW, ICE PELLETS, HAIL    4 = ICE PELLETS              
                        TOTAL MONTH:  0.0         5 = HAIL                     
                        GRTST 24HR   0.0           6 = GLAZE OR RIME            
                        GRTST DEPTH:    0          7 = BLOWING DUST OR SAND:    
                                                       VSBY 1/2 MILE OR LESS    
                                                   8 = SMOKE OR HAZE            
[NO. OF DAYS WITH]      [WEATHER - DAYS WITH]      9 = BLOWING SNOW             
                                                   X = TORNADO                  
MAX 32 OR BELOW:   0    0.01 INCH OR MORE:  22                                  
MAX 70 OR ABOVE:   0    0.10 INCH OR MORE:  13                                  
MIN 32 OR BELOW:   0    0.50 INCH OR MORE:   3                                  
MIN  0 OR BELOW:   0    1.00 INCH OR MORE:   0                                  

[HDD (BASE 65) ]                                                                
TOTAL THIS MO.   447    CLEAR  (SCALE 0-3)   M                                  
DPTR FM NORMAL  -144    PTCLDY (SCALE 4-7)   M                                  
SEASONAL TOTAL  1207    CLOUDY (SCALE 8-10)  M                                
DPTR FM NORMAL  -436                                                            

[CDD (BASE 65) ]                                                                
TOTAL THIS MO.     0                                                            
DPTR FM NORMAL     0    [PRESSURE DATA]                                         
SEASONAL TOTAL     0    HIGHEST SLP     M                                 
DPTR FM NORMAL     0    LOWEST  SLP     M                                 

[REMARKS]