CXAK56 PAOT 211306
CF6OTZ

PRELIMINARY LOCAL CLIMATOLOGICAL DATA (WS FORM: F-6)

                                          STATION:   KOTZEBUE
                                          MONTH:     12
                                          YEAR:      2014
                                          LATITUDE:   66 53 N                   
                                          LONGITUDE: 162 36 W                   

  TEMPERATURE IN F:       :PCPN:    SNOW:  WIND      :SUNSHINE: SKY     :PK WND 
================================================================================
1   2   3   4   5  6A  6B    7     8   9   10  11  12  13   14  15   16  17  18
                                      12Z  AVG MX 2MIN
DY MAX MIN AVG DEP HDD CDD  WTR   SNW DPTH SPD SPD DIR MIN PSBL S-S WX   SPD DR
================================================================================

 1  23  11  17  12  48   0  0.00  0.0   2 10.2 20   90   M    M   M 1     21  90
 2  11   2   7   2  58   0  0.00  0.0   2  8.7 17   10   M    M   M       20  10
 3  21   6  14   9  51   0     T    T   2 10.1 20   90   M    M   M 1     22 100
 4  25  21  23  18  42   0  0.01  0.1   2 15.6 22  110   M    M   M 1     26 100
 5  22   5  14  10  51   0  0.00  0.0   2  5.8 14   70   M    M   M       18  70
 6   8  -3   3  -1  62   0  0.00  0.0   2  4.8 12   50   M    M   M       14  50
 7   9  -3   3  -1  62   0  0.00  0.0   2  7.3 14   20   M    M   M       16  30
 8  18   5  12   8  53   0     T    T   2 18.5 36   70   M    M   M 9     43  60
 9  17  10  14  10  51   0     T    T   2 18.4 35   70   M    M   M       39  70
10  12  -1   6   2  59   0  0.00  0.0   2  8.0 26   70   M    M   M       30  70
11   2  -7  -2  -5  67   0  0.00  0.0   2  4.6 17   50   M    M   M       10  60
12   0  -7  -3  -6  68   0     T    T   2  5.2  9   70   M    M   M 8     11  80
13   5  -7  -1  -4  66   0  0.03  0.3   2  8.0 14   90   M    M   M 1     17  80
14   1  -5  -2  -5  67   0  0.00  0.0   2 10.3 17   20   M    M   M       19  20
15  11  -3   4   1  61   0  0.00  0.0   2  8.6 15   20   M    M   M       20  10
16  22  11  17  15  48   0  0.04  0.4   2 12.2 20   70   M    M   M 1     23  70
17  22  20  21  19  44   0  0.01  0.2   2 13.9 20  110   M    M   M 1     25 110
18  20   6  13  11  52   0  0.00  0.0   2  8.1 18  120   M    M   M       21 120
19   7  -2   3   1  62   0  0.00  0.0   2  3.5  8   50   M    M   M        8  50
20   2  -4  -1  -3  66   0  0.00  0.0   2  5.9 13   30   M    M   M       16  40
================================================================================
SM  258   55      1138   0  0.09 1.0    187.7           M        M
================================================================================
AV 12.9  2.8                              9.4 FASTST  PSBL  %   M    MAX(MPH)
                                 MISC ---->     36   70                 43  60
================================================================================
NOTES:

COLUMN 17 PEAK WIND IN M.P.H.

PRELIMINARY LOCAL CLIMATOLOGICAL DATA (WS FORM: F-6) , PAGE 2

                                          STATION:   KOTZEBUE
                                          MONTH:     12
                                          YEAR:      2014
                                          LATITUDE:  66 53 N                   
                                          LONGITUDE: 162 36 W                   

[TEMPERATURE DATA]      [PRECIPITATION DATA]       SYMBOLS USED IN COLUMN 16    

AVERAGE MONTHLY:7.8   TOTAL FOR MONTH: 0.09       1 = FOG              
DPTR FM NORMAL:  4.3   DPTR FM NORMAL: -0.41       2 = FOG REDUCING VISIBILITY  
HIGHEST:    25 ON  4    GRTST 24HR   0.04 ON 16        TO 1/4 MILE OR LESS   
LOWEST:     -7 ON 13                               3 = THUNDER                
                        SNOW, ICE PELLETS, HAIL    4 = ICE PELLETS              
                        TOTAL MONTH: 1.0   INCH  5 = HAIL                     
                        GRTST 24HR   0.4 ON 16     6 = GLAZE OR RIME            
                        GRTST DEPTH:    2 ON 20    7 = BLOWING DUST OR SAND:    
                                                       VSBY 1/2 MILE OR LESS    
                                                   8 = SMOKE OR HAZE            
[NO. OF DAYS WITH]      [WEATHER - DAYS WITH]      9 = BLOWING SNOW             
                                                   X = TORNADO                  
MAX 32 OR BELOW:  20    0.01 INCH OR MORE:   4                                  
MAX 70 OR ABOVE:   0    0.10 INCH OR MORE:   0                                  
MIN 32 OR BELOW:  20    0.50 INCH OR MORE:   0                                  
MIN  0 OR BELOW:  10    1.00 INCH OR MORE:   0                                  

[HDD (BASE 65) ]                                                                
TOTAL THIS MO.  1140    CLEAR  (SCALE 0-3)   M                                  
DPTR FM NORMAL   -91    PTCLDY (SCALE 4-7)   M                                  
SEASONAL TOTAL  4813    CLOUDY (SCALE 8-10)  M                                
DPTR FM NORMAL  -777                                                            

[CDD (BASE 65) ]                                                                
TOTAL THIS MO.     0                                                            
DPTR FM NORMAL     0    [PRESSURE DATA]                                         
SEASONAL TOTAL    19    HIGHEST SLP     M                                 
DPTR FM NORMAL    19    LOWEST  SLP     M                                 

[REMARKS]