CXAK56 PAOM 220901
CF6OME

PRELIMINARY LOCAL CLIMATOLOGICAL DATA (WS FORM: F-6)

                                          STATION:   NOME
                                          MONTH:     08
                                          YEAR:      2014
                                          LATITUDE:   64 31 N                   
                                          LONGITUDE: 165 27 W                   

  TEMPERATURE IN F:       :PCPN:    SNOW:  WIND      :SUNSHINE: SKY     :PK WND 
================================================================================
1   2   3   4   5  6A  6B    7     8   9   10  11  12  13   14  15   16  17  18
                                      12Z  AVG MX 2MIN
DY MAX MIN AVG DEP HDD CDD  WTR   SNW DPTH SPD SPD DIR MIN PSBL S-S WX   SPD DR
================================================================================

 1  58  51  55   3  10   0     T  0.0   0  8.1 18  250   M    M   M 1     22 250
 2  70  48  59   8   6   0  0.00  0.0   0  4.8 15  260   M    M   M 12    18 270
 3  65  49  57   6   8   0  0.00  0.0   0  3.0  8  280   M    M   M       10 270
 4  69  50  60   9   5   0  0.00  0.0   0  6.5 17  250   M    M   M       20 240
 5  69  53  61  10   4   0  0.00  0.0   0  6.5 13  250   M    M   M 8     15 350
 6  64  50  57   6   8   0  0.00  0.0   0  7.6 16  140   M    M   M       19 150
 7  67  58  63  12   2   0  0.00  0.0   0 12.3 21  120   M    M   M       25 100
 8  65  52  59   8   6   0  0.12  0.0   0 10.6 21  110   M    M   M 1     28 100
 9  71  56  64  13   1   0  0.01  0.0   0  7.8 14   70   M    M   M 3     18  40
10  71  55  63  12   2   0  0.00  0.0   0  6.3 15  140   M    M   M       19 140
11  77  52  65  14   0   0  0.00  0.0   0  8.1 17  350   M    M   M       21 350
12  71  60  66  15   0   1     T  0.0   0  8.1 18   40   M    M   M       23  50
13  69  54  62  11   3   0  0.00  0.0   0  8.1 18  140   M    M   M       23 130
14  65  51  58   8   7   0  0.01  0.0   0  5.6 14  120   M    M   M 1     16 130
15  67  47  57   7   8   0  0.01  0.0   0  5.1 14  350   M    M   M       18 350
16  60  54  57   7   8   0  0.27  0.0   0  1.9  8  340   M    M   M 1      9 340
17  62  56  59   9   6   0     T  0.0   0  6.3 12  160   M    M   M       15 150
18  58  49  54   4  11   0  0.00  0.0   0  9.4 16  250   M    M   M       19 270
19  56  51  54   4  11   0  0.03  0.0   0 10.4 18  240   M    M   M 1     21 230
20  57  47  52   2  13   0  0.50  0.0   0  6.3 17  260   M    M   M 1     20 250
21  56  44  50   0  15   0  0.00  0.0   0  5.8 13  270   M    M   M       17 250
================================================================================
SM 1367 1087       134   1  0.95 0.0    148.6           M        M
================================================================================
AV 65.1 51.8                              7.1 FASTST  PSBL  %   M    MAX(MPH)
                                 MISC ---->  #  21  110                 28 100
================================================================================
NOTES:

COLUMN 17 PEAK WIND IN M.P.H.

PRELIMINARY LOCAL CLIMATOLOGICAL DATA (WS FORM: F-6) , PAGE 2

                                          STATION:   NOME
                                          MONTH:     08
                                          YEAR:      2014
                                          LATITUDE:  64 31 N                   
                                          LONGITUDE: 165 27 W                   

[TEMPERATURE DATA]      [PRECIPITATION DATA]       SYMBOLS USED IN COLUMN 16    

AVERAGE MONTHLY:58.4   TOTAL FOR MONTH: 0.95       1 = FOG              
DPTR FM NORMAL:  7.7   DPTR FM NORMAL: -1.28       2 = FOG REDUCING VISIBILITY  
HIGHEST:    77 ON 11    GRTST 24HR   0.50 ON 20        TO 1/4 MILE OR LESS   
LOWEST:     44 ON 21                               3 = THUNDER                
                        SNOW, ICE PELLETS, HAIL    4 = ICE PELLETS              
                        TOTAL MONTH: 0.0         5 = HAIL                     
                        GRTST 24HR   0.0           6 = GLAZE OR RIME            
                        GRTST DEPTH:    0          7 = BLOWING DUST OR SAND:    
                                                       VSBY 1/2 MILE OR LESS    
                                                   8 = SMOKE OR HAZE            
[NO. OF DAYS WITH]      [WEATHER - DAYS WITH]      9 = BLOWING SNOW             
                                                   X = TORNADO                  
MAX 32 OR BELOW:   0    0.01 INCH OR MORE:   7                                  
MAX 70 OR ABOVE:   5    0.10 INCH OR MORE:   3                                  
MIN 32 OR BELOW:   0    0.50 INCH OR MORE:   1                                  
MIN  0 OR BELOW:   0    1.00 INCH OR MORE:   0                                  

[HDD (BASE 65) ]                                                                
TOTAL THIS MO.   134    CLEAR  (SCALE 0-3)   M                                  
DPTR FM NORMAL  -169    PTCLDY (SCALE 4-7)   M                                  
SEASONAL TOTAL   557    CLOUDY (SCALE 8-10)  M                                
DPTR FM NORMAL  -146                                                            

[CDD (BASE 65) ]                                                                
TOTAL THIS MO.     1                                                            
DPTR FM NORMAL     1    [PRESSURE DATA]                                         
SEASONAL TOTAL     3    HIGHEST SLP     M                                 
DPTR FM NORMAL     3    LOWEST  SLP     M                                 

[REMARKS]