CXAK56 PAOM 271029
CF6OME

PRELIMINARY LOCAL CLIMATOLOGICAL DATA (WS FORM: F-6)

                                          STATION:   NOME
                                          MONTH:     04
                                          YEAR:      2015
                                          LATITUDE:   64 31 N                   
                                          LONGITUDE: 165 27 W                   

  TEMPERATURE IN F:       :PCPN:    SNOW:  WIND      :SUNSHINE: SKY     :PK WND 
================================================================================
1   2   3   4   5  6A  6B    7     8   9   10  11  12  13   14  15   16  17  18
                                      12Z  AVG MX 2MIN
DY MAX MIN AVG DEP HDD CDD  WTR   SNW DPTH SPD SPD DIR MIN PSBL S-S WX   SPD DR
================================================================================

 1  14  -8   3 -10  62   0  0.00  0.0  12  1.4  7  290   M    M   M        8 280
 2  12  -7   3 -11  62   0     T    T  11  3.2  9   80   M    M   M 1     11 130
 3  22  -5   9  -5  56   0  0.00  0.0  11  6.6 17   70   M    M   M       23  70
 4  27  20  24  10  41   0  0.01  0.1  11 19.2 25   90   M    M   M 1     32  70
 5  29  25  27  12  38   0  0.14  1.6  10 21.9 32   70   M    M   M 169   42  70
 6  32  28  30  15  35   0  0.10  1.1  12 16.9 24   90   M    M   M 19    30  80
 7  33  25  29  13  36   0  0.02  0.4  12  4.7 16  340   M    M   M 1     18 340
 8  25  19  22   6  43   0  0.05  0.8  13  7.9 14  100   M    M   M 1     16  60
 9  34  24  29  12  36   0     T    T  13  9.2 17   10   M    M   M       20  10
10  28  16  22   5  43   0  0.00  0.0  12  8.1 16  340   M    M   M       19 340
11  17   2  10  -8  55   0  0.00  0.0  11  4.9 14  340   M    M   M       15 340
12  14  -5   5 -13  60   0     T    T  10  1.8  8   80   M    M   M       10  80
13  17  -6   6 -13  59   0  0.00  0.0  10  1.4  7  260   M    M   M 1     10 230
14  20  -5   8 -11  57   0  0.00  0.0  10  1.8  7  360   M    M   M 1      9 360
15  15  -6   5 -15  60   0  0.00  0.0   9  3.2  8  360   M    M   M       10 260
16  18  -6   6 -15  59   0  0.00  0.0   9  3.4  9  360   M    M   M       12 280
17  21  -2  10 -11  55   0     T    T   9  3.8 13  340   M    M   M       15 350
18  38   8  23   1  42   0  0.03  0.3   8 17.6 28   30   M    M   M 1     33  40
19  39  32  36  14  29   0  0.03    T   8  9.4 25   70   M    M   M 1     32  70
20  36  18  27   4  38   0  0.12  1.8   7 15.3 28  100   M    M   M 1     36 110
21  28  19  24   0  41   0     T    T   9 13.8 28  130   M    M   M 19    34  70
22  27  21  24   0  41   0  0.08  1.1   9 11.3 16  110   M    M   M 1     20 120
23  34  27  31   6  34   0  0.03  0.4  10 16.2 22  100   M    M   M 19    28 110
24  41  31  36  11  29   0     T  0.0   9  9.1 18   70   M    M   M       24  80
25  45  29  37  11  28   0  0.00  0.0   6  6.1 12  360   M    M   M       14 360
26  38  22  30   3  35   0  0.00  0.0   5  2.4  8  270   M    M   M       10 280
================================================================================
SM  704  316      1174   0  0.61 7.6    220.6           M        M
================================================================================
AV 27.1 12.2                              8.5 FASTST  PSBL  %   M    MAX(MPH)
                                 MISC ---->     32   70                 42  70
================================================================================
NOTES:

COLUMN 17 PEAK WIND IN M.P.H.

PRELIMINARY LOCAL CLIMATOLOGICAL DATA (WS FORM: F-6) , PAGE 2

                                          STATION:   NOME
                                          MONTH:     04
                                          YEAR:      2015
                                          LATITUDE:  64 31 N                   
                                          LONGITUDE: 165 27 W                   

[TEMPERATURE DATA]      [PRECIPITATION DATA]       SYMBOLS USED IN COLUMN 16    

AVERAGE MONTHLY:19.6   TOTAL FOR MONTH: 0.61       1 = FOG              
DPTR FM NORMAL:  0.2   DPTR FM NORMAL: -0.04       2 = FOG REDUCING VISIBILITY  
HIGHEST:    45 ON 25    GRTST 24HR   0.14 ON  5        TO 1/4 MILE OR LESS   
LOWEST:     -8 ON  1                               3 = THUNDER                
                        SNOW, ICE PELLETS, HAIL    4 = ICE PELLETS              
                        TOTAL MONTH: 7.6 INCHES  5 = HAIL                     
                        GRTST 24HR   1.8 ON 20     6 = GLAZE OR RIME            
                        GRTST DEPTH:   13 ON  9    7 = BLOWING DUST OR SAND:    
                                                       VSBY 1/2 MILE OR LESS    
                                                   8 = SMOKE OR HAZE            
[NO. OF DAYS WITH]      [WEATHER - DAYS WITH]      9 = BLOWING SNOW             
                                                   X = TORNADO                  
MAX 32 OR BELOW:  17    0.01 INCH OR MORE:  10                                  
MAX 70 OR ABOVE:   0    0.10 INCH OR MORE:   3                                  
MIN 32 OR BELOW:  26    0.50 INCH OR MORE:   0                                  
MIN  0 OR BELOW:   9    1.00 INCH OR MORE:   0                                  

[HDD (BASE 65) ]                                                                
TOTAL THIS MO.  1174    CLEAR  (SCALE 0-3)   M                                  
DPTR FM NORMAL   -13    PTCLDY (SCALE 4-7)   M                                  
SEASONAL TOTAL 11145    CLOUDY (SCALE 8-10)  M                                
DPTR FM NORMAL -1020                                                            

[CDD (BASE 65) ]                                                                
TOTAL THIS MO.     0                                                            
DPTR FM NORMAL     0    [PRESSURE DATA]                                         
SEASONAL TOTAL     0    HIGHEST SLP     M                                 
DPTR FM NORMAL     0    LOWEST  SLP     M                                 

[REMARKS]