CXAK56 PAOM 031500
CF6OME

PRELIMINARY LOCAL CLIMATOLOGICAL DATA (WS FORM: F-6)

                                          STATION:   NOME
                                          MONTH:     06
                                          YEAR:      2015
                                          LATITUDE:   64 31 N                   
                                          LONGITUDE: 165 27 W                   

  TEMPERATURE IN F:       :PCPN:    SNOW:  WIND      :SUNSHINE: SKY     :PK WND 
================================================================================
1   2   3   4   5  6A  6B    7     8   9   10  11  12  13   14  15   16  17  18
                                      12Z  AVG MX 2MIN
DY MAX MIN AVG DEP HDD CDD  WTR   SNW DPTH SPD SPD DIR MIN PSBL S-S WX   SPD DR
================================================================================

 1  63  53  58  15   7   0  0.00  0.0   0 10.4 20   40   M    M   M      25  30
 2  64  49  57  13   8   0  0.00  0.0   0 14.5 25   30   M    M   M      29  20
 3  58  42  50   6  15   0  0.00  0.0   0 17.7 32   30   M    M   M      39  30
 4  48  35  42  -2  23   0  0.00  0.0   0 12.2 22  340   M    M   M      25 350
 5  43  33  38  -7  27   0  0.00  0.0   0 11.7 21  270   M    M   M      28 280
 6  43  32  38  -7  27   0     T  0.0   0  7.3 17  130   M    M   M      21 130
 7  42  36  39  -6  26   0  0.10  0.0   0  9.1 18  140   M    M   M 1    23 140
 8  43  34  39  -7  26   0     T    T   0  5.4 13  180   M    M   M 1    15 150
 9  46  35  41  -5  24   0  0.05  0.0   0 10.3 22  270   M    M   M      26 270
10  48  32  40  -6  25   0  0.00  0.0   0 10.9 21  290   M    M   M      26 280
11  45  30  38  -9  27   0  0.00  0.0   0  6.3 12  190   M    M   M      14 200
12  43  40  42  -5  23   0     T  0.0   0  8.7 15  190   M    M   M 1    19 190
13  44  40  42  -5  23   0     T  0.0   0 11.5 20  170   M    M   M      22 160
14  43  40  42  -6  23   0  0.01  0.0   0  7.1 13  220   M    M   M 1    15 190
15  48  41  45  -3  20   0  0.02  0.0   0 11.7 25  260   M    M   M 1    29 270
16  47  35  41  -7  24   0  0.00  0.0   0  9.7 20  260   M    M   M      24 260
17  73  35  54   5  11   0  0.00  0.0   0 10.6 25  260   M    M   M 1    29 260
18  78  48  63  14   2   0  0.00  0.0   0  7.5 14   10   M    M   M      16 320
19  79  56  68  19   0   3  0.00  0.0   0  8.2 15  300   M    M   M      19 310
20  75  59  67  18   0   2  0.00  0.0   0  4.7 12  340   M    M   M      14 340
21  60  51  56   6   9   0  0.00  0.0   0  7.7 15  250   M    M   M 1    19 250
22  60  43  52   2  13   0  0.00  0.0   0 11.0 20  250   M    M   M 1    23 250
23  56  45  51   1  14   0  0.00  0.0   0 13.2 22  240   M    M   M      24 250
24  51  43  47  -3  18   0  0.00  0.0   0 10.6 18  260   M    M   M 2    22 270
25  46  44  45  -6  20   0  0.05  0.0   0  6.1 13  270   M    M   M 1    15 190
26  47  41  44  -7  21   0  0.35  0.0   0  7.9 16  260   M    M   M 1    21  70
27  62  45  54   3  11   0  0.04  0.0   0 12.7 18   20   M    M   M      22  30
28  52  42  47  -4  18   0  0.00  0.0   0  7.6 17  260   M    M   M 1    20 250
29  48  43  46  -5  19   0  0.02  0.0   0  8.8 14  210   M    M   M 1    16 200
30  45  43  44  -8  21   0  0.02  0.0   0  8.2 13  230   M    M   M 1    14 230
================================================================================
SM 1600 1245       525   5  0.66     T    289.3           M        M
================================================================================
AV 53.3 41.5                              9.6 FASTST  PSBL  %   M    MAX(MPH)
                                 MISC ---->     32   30                 39  30
================================================================================
NOTES:

COLUMN 17 PEAK WIND IN M.P.H.

PRELIMINARY LOCAL CLIMATOLOGICAL DATA (WS FORM: F-6) , PAGE 2

                                          STATION:   NOME
                                          MONTH:     06
                                          YEAR:      2015
                                          LATITUDE:  64 31 N                   
                                          LONGITUDE: 165 27 W                   

[TEMPERATURE DATA]      [PRECIPITATION DATA]       SYMBOLS USED IN COLUMN 16    

AVERAGE MONTHLY:47.4   TOTAL FOR MONTH: 0.66       1 = FOG              
DPTR FM NORMAL: -0.5   DPTR FM NORMAL: -0.32       2 = FOG REDUCING VISIBILITY  
HIGHEST:    79 ON 19    GRTST 24HR   0.35 ON 26        TO 1/4 MILE OR LESS   
LOWEST:     30 ON 11                               3 = THUNDER                
                        SNOW, ICE PELLETS, HAIL    4 = ICE PELLETS              
                        TOTAL MONTH:     T         5 = HAIL                     
                        GRTST 24HR     T ON  8     6 = GLAZE OR RIME            
                        GRTST DEPTH:    0          7 = BLOWING DUST OR SAND:    
                                                       VSBY 1/2 MILE OR LESS    
                                                   8 = SMOKE OR HAZE            
[NO. OF DAYS WITH]      [WEATHER - DAYS WITH]      9 = BLOWING SNOW             
                                                   X = TORNADO                  
MAX 32 OR BELOW:   0    0.01 INCH OR MORE:   9                                  
MAX 70 OR ABOVE:   4    0.10 INCH OR MORE:   2                                  
MIN 32 OR BELOW:   3    0.50 INCH OR MORE:   0                                  
MIN  0 OR BELOW:   0    1.00 INCH OR MORE:   0                                  

[HDD (BASE 65) ]                                                                
TOTAL THIS MO.   525    CLEAR  (SCALE 0-3)   M                                  
DPTR FM NORMAL     9    PTCLDY (SCALE 4-7)   M                                  
SEASONAL TOTAL 12528    CLOUDY (SCALE 8-10)  M                                
DPTR FM NORMAL -1176                                                            

[CDD (BASE 65) ]                                                                
TOTAL THIS MO.     5                                                            
DPTR FM NORMAL     5    [PRESSURE DATA]                                         
SEASONAL TOTAL     5    HIGHEST SLP     M                                 
DPTR FM NORMAL     5    LOWEST  SLP     M                                 

[REMARKS]