CXAK56 PAOM 230934
CF6OME

PRELIMINARY LOCAL CLIMATOLOGICAL DATA (WS FORM: F-6)

                                          STATION:   NOME
                                          MONTH:     11
                                          YEAR:      2014
                                          LATITUDE:   64 31 N                   
                                          LONGITUDE: 165 27 W                   

  TEMPERATURE IN F:       :PCPN:    SNOW:  WIND      :SUNSHINE: SKY     :PK WND 
================================================================================
1   2   3   4   5  6A  6B    7     8   9   10  11  12  13   14  15   16  17  18
                                      12Z  AVG MX 2MIN
DY MAX MIN AVG DEP HDD CDD  WTR   SNW DPTH SPD SPD DIR MIN PSBL S-S WX   SPD DR
================================================================================

 1  27  17  22   0  43   0  0.00  0.0   1 15.8 36   50   M    M   M       41  40
 2  25   8  17  -4  48   0  0.00  0.0   1  4.6 14  340   M    M   M       16 340
 3  26   9  18  -3  47   0  0.00  0.0   1  4.9 15   10   M    M   M       16 330
 4  26   7  17  -4  48   0  0.00  0.0   1  2.8 10   30   M    M   M       13  30
 5  22   7  15  -5  50   0  0.00  0.0   1  3.8  9  350   M    M   M       11  30
 6  23   8  16  -4  49   0  0.00  0.0   T  6.8 14   70   M    M   M       16  70
 7  26  15  21   1  44   0  0.00  0.0   T  7.7 13   60   M    M   M       17  50
 8  30  23  27   8  38   0     T    T   T 13.8 24   90   M    M   M 1     29  90
 9  33  28  31  12  34   0  0.15  1.5   1 20.3 33  100   M    M   M 1     41  90
10  36  33  35  16  30   0  0.03  0.0   1 19.1 26  110   M    M   M 1     33 100
11  37  33  35  17  30   0  0.10  0.0   1 15.1 24  120   M    M   M 1     33 110
12  36  32  34  16  31   0  0.09    T   T 13.9 26  110   M    M   M 1     33 100
13  40  35  38  20  27   0  0.13  0.0   T  8.4 13   30   M    M   M 1     16  70
14  39  31  35  18  30   0  0.01  0.0   T 10.4 17   70   M    M   M       22  80
15  43  32  38  21  27   0  0.00  0.0   0  8.5 15   40   M    M   M       18  60
16  41  31  36  19  29   0  0.00  0.0   0 11.9 21   90   M    M   M       26 100
17  36  26  31  15  34   0  0.00  0.0   0  4.8 12   40   M    M   M       15  70
18  44  30  37  21  28   0  0.00  0.0   0 14.7 29   70   M    M   M 8     36  20
19  38  31  35  19  30   0  0.14  1.1   0 12.7 23   40   M    M   M 19    30  40
20  37  29  33  18  32   0  0.00  0.0   1 13.8 21   30   M    M   M       26  30
21  34  26  30  15  35   0  0.00  0.0   1  7.6 18   60   M    M   M       23  50
22  26  12  19   4  46   0  0.00  0.0   1  7.4 20   20   M    M   M       23  20
================================================================================
SM  725  503       810   0  0.65 2.6    228.8           M        M
================================================================================
AV 33.0 22.9                             10.4 FASTST  PSBL  %   M    MAX(MPH)
                                 MISC ---->     36   50               # 41  90
================================================================================
NOTES:

COLUMN 17 PEAK WIND IN M.P.H.

PRELIMINARY LOCAL CLIMATOLOGICAL DATA (WS FORM: F-6) , PAGE 2

                                          STATION:   NOME
                                          MONTH:     11
                                          YEAR:      2014
                                          LATITUDE:  64 31 N                   
                                          LONGITUDE: 165 27 W                   

[TEMPERATURE DATA]      [PRECIPITATION DATA]       SYMBOLS USED IN COLUMN 16    

AVERAGE MONTHLY:27.9   TOTAL FOR MONTH: 0.65       1 = FOG              
DPTR FM NORMAL:  9.7   DPTR FM NORMAL: -0.28       2 = FOG REDUCING VISIBILITY  
HIGHEST:    44 ON 18    GRTST 24HR   0.15 ON  9        TO 1/4 MILE OR LESS   
LOWEST:      7 ON  5                               3 = THUNDER                
                        SNOW, ICE PELLETS, HAIL    4 = ICE PELLETS              
                        TOTAL MONTH: 2.6 INCHES  5 = HAIL                     
                        GRTST 24HR   1.5 ON  9     6 = GLAZE OR RIME            
                        GRTST DEPTH:    1 ON 22    7 = BLOWING DUST OR SAND:    
                                                       VSBY 1/2 MILE OR LESS    
                                                   8 = SMOKE OR HAZE            
[NO. OF DAYS WITH]      [WEATHER - DAYS WITH]      9 = BLOWING SNOW             
                                                   X = TORNADO                  
MAX 32 OR BELOW:   9    0.01 INCH OR MORE:   7                                  
MAX 70 OR ABOVE:   0    0.10 INCH OR MORE:   4                                  
MIN 32 OR BELOW:  19    0.50 INCH OR MORE:   0                                  
MIN  0 OR BELOW:   0    1.00 INCH OR MORE:   0                                  

[HDD (BASE 65) ]                                                                
TOTAL THIS MO.   810    CLEAR  (SCALE 0-3)   M                                  
DPTR FM NORMAL  -222    PTCLDY (SCALE 4-7)   M                                  
SEASONAL TOTAL  3200    CLOUDY (SCALE 8-10)  M                                
DPTR FM NORMAL  -487                                                            

[CDD (BASE 65) ]                                                                
TOTAL THIS MO.     0                                                            
DPTR FM NORMAL     0    [PRESSURE DATA]                                         
SEASONAL TOTAL     3    HIGHEST SLP     M                                 
DPTR FM NORMAL     3    LOWEST  SLP     M                                 

[REMARKS]