CXAK56 PAOM 270903
CF6OME

PRELIMINARY LOCAL CLIMATOLOGICAL DATA (WS FORM: F-6)

                                          STATION:   NOME
                                          MONTH:     06
                                          YEAR:      2016
                                          LATITUDE:   64 31 N                   
                                          LONGITUDE: 165 27 W                   

  TEMPERATURE IN F:       :PCPN:    SNOW:  WIND      :SUNSHINE: SKY     :PK WND 
================================================================================
1   2   3   4   5  6A  6B    7     8   9   10  11  12  13   14  15   16  17  18
                                      12Z  AVG MX 2MIN
DY MAX MIN AVG DEP HDD CDD  WTR   SNW DPTH SPD SPD DIR MIN PSBL S-S WX   SPD DR
================================================================================

 1  65  44  55  12  10   0  0.00  0.0   0  9.1 24   20   M    M   M       31  20
 2  56  39  48   4  17   0  0.00  0.0   0 10.3 26  350   M    M   M       30 360
 3  57  38  48   4  17   0  0.00  0.0   0  9.1 21  360   M    M   M       24 360
 4  59  34  47   3  18   0  0.00  0.0   0 10.2 17  260   M    M   M       21 260
 5  64  41  53   8  12   0  0.00  0.0   0  9.1 22  350   M    M   M       27 350
 6  58  38  48   3  17   0  0.00  0.0   0  8.9 28  270   M    M   M       31 250
 7  58  43  51   6  14   0  0.01  0.0   0  5.4 12  230   M    M   M 1     14 220
 8  49  37  43  -3  22   0  0.01  0.0   0 10.7 18   40   M    M   M 1     22  40
 9  58  30  44  -2  21   0  0.00  0.0   0 15.3 24   30   M    M   M 8     30  30
10  57  47  52   6  13   0     T  0.0   0 10.8 23   20   M    M   M 8     27  30
11  54  42  48   1  17   0  0.00  0.0   0 11.8 26  260   M    M   M 1     29 260
12  48  38  43  -4  22   0     T  0.0   0 16.9 23  260   M    M   M 1     27 270
13  43  39  41  -6  24   0  0.07  0.0   0 10.5 20  240   M    M   M 1     23 260
14  44  41  43  -5  22   0  0.00  0.0   0  5.9 10  180   M    M   M 2     13 250
15  44  40  42  -6  23   0     T  0.0   0  5.1 12  250   M    M   M 2     16 160
16  76  37  57   9   8   0  0.00  0.0   0  4.5 12   90   M    M   M 2     14 100
17  68  44  56   7   9   0  0.11  0.0   0 14.8 25  110   M    M   M 1     32 110
18  52  45  49   0  16   0  0.03  0.0   0 11.9 21  130   M    M   M 1     23 120
19  58  47  53   4  12   0  0.03  0.0   0  6.5 15   20   M    M   M 1     17  30
20  56  39  48  -1  17   0  0.00  0.0   0 12.7 25  260   M    M   M       29 260
21  46  42  44  -6  21   0     T  0.0   0  6.6 14  250   M    M   M 1     17 260
22  57  41  49  -1  16   0  0.04  0.0   0 10.8 18   90   M    M   M 1     25  70
23  53  46  50   0  15   0  0.04  0.0   0  8.5 21  230   M    M   M 2     24 230
24  65  47  56   6   9   0  0.00  0.0   0  6.9 15   10   M    M   M       17  10
25  74  48  61  10   4   0  0.00  0.0   0 10.2 24  300   M    M   M       28 290
26  58  47  53   2  12   0     T  0.0   0  8.7 16  230   M    M   M 8     19 240
================================================================================
SM 1477 1074       408   0  0.34 0.0    251.2           M        M
================================================================================
AV 56.8 41.3                              9.7 FASTST  PSBL  %   M    MAX(MPH)
                                 MISC ---->     28  270                 32 110
================================================================================
NOTES:

COLUMN 17 PEAK WIND IN M.P.H.

PRELIMINARY LOCAL CLIMATOLOGICAL DATA (WS FORM: F-6) , PAGE 2

                                          STATION:   NOME
                                          MONTH:     06
                                          YEAR:      2016
                                          LATITUDE:  64 31 N                   
                                          LONGITUDE: 165 27 W                   

[TEMPERATURE DATA]      [PRECIPITATION DATA]       SYMBOLS USED IN COLUMN 16    

AVERAGE MONTHLY:49.1   TOTAL FOR MONTH: 0.34       1 = FOG              
DPTR FM NORMAL:  1.8   DPTR FM NORMAL: -0.48       2 = FOG REDUCING VISIBILITY  
HIGHEST:    76 ON 16    GRTST 24HR   0.11 ON 17        TO 1/4 MILE OR LESS   
LOWEST:     30 ON  9                               3 = THUNDER                
                        SNOW, ICE PELLETS, HAIL    4 = ICE PELLETS              
                        TOTAL MONTH: 0.0         5 = HAIL                     
                        GRTST 24HR   0.0           6 = GLAZE OR RIME            
                        GRTST DEPTH:    0          7 = BLOWING DUST OR SAND:    
                                                       VSBY 1/2 MILE OR LESS    
                                                   8 = SMOKE OR HAZE            
[NO. OF DAYS WITH]      [WEATHER - DAYS WITH]      9 = BLOWING SNOW             
                                                   X = TORNADO                  
MAX 32 OR BELOW:   0    0.01 INCH OR MORE:   8                                  
MAX 70 OR ABOVE:   2    0.10 INCH OR MORE:   1                                  
MIN 32 OR BELOW:   1    0.50 INCH OR MORE:   0                                  
MIN  0 OR BELOW:   0    1.00 INCH OR MORE:   0                                  

[HDD (BASE 65) ]                                                                
TOTAL THIS MO.   408    CLEAR  (SCALE 0-3)   M                                  
DPTR FM NORMAL   -52    PTCLDY (SCALE 4-7)   M                                  
SEASONAL TOTAL 11882    CLOUDY (SCALE 8-10)  M                                
DPTR FM NORMAL -1766                                                            

[CDD (BASE 65) ]                                                                
TOTAL THIS MO.     0                                                            
DPTR FM NORMAL     0    [PRESSURE DATA]                                         
SEASONAL TOTAL     0    HIGHEST SLP     M                                 
DPTR FM NORMAL     0    LOWEST  SLP     M                                 

[REMARKS]