CXAK56 PANT 181125
CF6ANN

PRELIMINARY LOCAL CLIMATOLOGICAL DATA (WS FORM: F-6)

                                          STATION:   ANNETTE
                                          MONTH:     12
                                          YEAR:      2014
                                          LATITUDE:   55 02 N                   
                                          LONGITUDE: 131 34 W                   

  TEMPERATURE IN F:       :PCPN:    SNOW:  WIND      :SUNSHINE: SKY     :PK WND 
================================================================================
1   2   3   4   5  6A  6B    7     8   9   10  11  12  13   14  15   16  17  18
                                      12Z  AVG MX 2MIN
DY MAX MIN AVG DEP HDD CDD  WTR   SNW DPTH SPD SPD DIR MIN PSBL S-S WX   SPD DR
================================================================================

 1  37  31  34  -4  31   0  0.07  0.3   1  3.9 12  130   M    M   M 1     14 130
 2  41  32  37  -1  28   0  0.77  0.1   1  3.5  9  130   M    M   M 1     13 130
 3  45  35  40   2  25   0  0.06  0.0   1  3.6 10  330   M    M   M 1     15 340
 4  40  30  35  -3  30   0  0.00  0.0   0  5.8 13  330   M    M   M       19 310
 5  45  29  37  -1  28   0  0.10  0.0   0  2.4 10   60   M    M   M       20  60
 6  49  38  44   6  21   0  0.83  0.0   0  8.8 21  120   M    M   M 1     28 200
 7  55  45  50  12  15   0  0.34  0.0   0 15.5 24  110   M    M   M 1     36  70
 8  52  48  50  12  15   0  0.88  0.0   0 18.7 33  140   M    M   M 1     49 140
 9  54  45  50  13  15   0  1.07  0.0   0 15.1 36  140   M    M   M 1     50 130
10  51  45  48  11  17   0  0.75  0.0   0 16.3 40  140   M    M   M 1     63 140
11  50  42  46   9  19   0  0.91  0.0   0 14.1 38  140   M    M   M 1     59 140
12  48  38  43   6  22   0  0.21  0.0   0  2.7 13  140   M    M   M 1     19 130
13  50  41  46   9  19   0  0.36  0.0   0 11.4 17  110   M    M   M 1     28 110
14  53  49  51  14  14   0  0.00  0.0   0 13.9 20  110   M    M   M       31 110
15  52  42  47  10  18   0  0.01  0.0   0 15.0 30  130   M    M   M       42 130
16  45  40  43   6  22   0  0.60  0.0   0  8.7 18  120   M    M   M 1     27 120
17  45  34  40   3  25   0  0.01  0.0   0  4.6 21  120   M    M   M       28 130
================================================================================
SM  812  664       364   0  6.97 0.4    164.0           M        M
================================================================================
AV 47.8 39.1                              9.6 FASTST  PSBL  %   M    MAX(MPH)
                                 MISC ---->     40  140                 63 140
================================================================================
NOTES:

COLUMN 17 PEAK WIND IN M.P.H.

PRELIMINARY LOCAL CLIMATOLOGICAL DATA (WS FORM: F-6) , PAGE 2

                                          STATION:   ANNETTE
                                          MONTH:     12
                                          YEAR:      2014
                                          LATITUDE:  55 02 N                   
                                          LONGITUDE: 131 34 W                   

[TEMPERATURE DATA]      [PRECIPITATION DATA]       SYMBOLS USED IN COLUMN 16    

AVERAGE MONTHLY:43.4   TOTAL FOR MONTH: 6.97       1 = FOG              
DPTR FM NORMAL:  5.9   DPTR FM NORMAL: 0.89       2 = FOG REDUCING VISIBILITY  
HIGHEST:    55 ON  7    GRTST 24HR   1.07 ON  9        TO 1/4 MILE OR LESS   
LOWEST:     29 ON  5                               3 = THUNDER                
                        SNOW, ICE PELLETS, HAIL    4 = ICE PELLETS              
                        TOTAL MONTH: 0.4   INCH  5 = HAIL                     
                        GRTST 24HR   0.3 ON  1     6 = GLAZE OR RIME            
                        GRTST DEPTH:    1 ON  3    7 = BLOWING DUST OR SAND:    
                                                       VSBY 1/2 MILE OR LESS    
                                                   8 = SMOKE OR HAZE            
[NO. OF DAYS WITH]      [WEATHER - DAYS WITH]      9 = BLOWING SNOW             
                                                   X = TORNADO                  
MAX 32 OR BELOW:   0    0.01 INCH OR MORE:  15                                  
MAX 70 OR ABOVE:   0    0.10 INCH OR MORE:  11                                  
MIN 32 OR BELOW:   4    0.50 INCH OR MORE:   7                                  
MIN  0 OR BELOW:   0    1.00 INCH OR MORE:   1                                  

[HDD (BASE 65) ]                                                                
TOTAL THIS MO.   364    CLEAR  (SCALE 0-3)   M                                  
DPTR FM NORMAL  -105    PTCLDY (SCALE 4-7)   M                                  
SEASONAL TOTAL  2369    CLOUDY (SCALE 8-10)  M                                
DPTR FM NORMAL  -150                                                            

[CDD (BASE 65) ]                                                                
TOTAL THIS MO.     0                                                            
DPTR FM NORMAL     0    [PRESSURE DATA]                                         
SEASONAL TOTAL    MM    HIGHEST SLP     M                                 
DPTR FM NORMAL    MM    LOWEST  SLP     M                                 

[REMARKS]