CXAK56 PANT 250933
CF6ANN

PRELIMINARY LOCAL CLIMATOLOGICAL DATA (WS FORM: F-6)

                                          STATION:   ANNETTE
                                          MONTH:     11
                                          YEAR:      2014
                                          LATITUDE:   55 02 N                   
                                          LONGITUDE: 131 34 W                   

  TEMPERATURE IN F:       :PCPN:    SNOW:  WIND      :SUNSHINE: SKY     :PK WND 
================================================================================
1   2   3   4   5  6A  6B    7     8   9   10  11  12  13   14  15   16  17  18
                                      12Z  AVG MX 2MIN
DY MAX MIN AVG DEP HDD CDD  WTR   SNW DPTH SPD SPD DIR MIN PSBL S-S WX   SPD DR
================================================================================

 1  51  46  49   6  16   0  0.96  0.0   0 12.9 31  140   M    M   M 1     45 130
 2  49  38  44   2  21   0  0.08  0.0   0  5.0 13  200   M    M   M 1     22 220
 3  52  44  48   6  17   0  0.31  0.0   0 11.5 25  130   M    M   M 1     39 180
 4  49  41  45   3  20   0  0.55  0.0   0  5.5 14  120   M    M   M 1     22 220
 5  54  41  48   6  17   0  0.51  0.0   0 14.2 44  140   M    M   M 1     67 130
 6  52  36  44   2  21   0  0.01  0.0   0  3.7 16  130   M    M   M 1     20 120
 7  47  40  44   3  21   0  1.02  0.0   0 10.1 28  120   M    M   M 1     39 120
 8  47  38  43   2  22   0  0.01  0.0   0  2.7  9  350   M    M   M 1     13 340
 9  48  40  44   3  21   0  0.00  0.0   0  8.4 17  330   M    M   M       24 320
10  47  32  40  -1  25   0  0.00  0.0   0  2.6  9  330   M    M   M       13 330
11  50  29  40  -1  25   0  0.00  0.0   0  2.2  8  330   M    M   M       10  60
12  48  27  38  -2  27   0  0.00  0.0   0  4.6 13   40   M    M   M       21  50
13  48  28  38  -2  27   0  0.00  0.0   0  4.5  9  320   M    M   M       16  60
14  47  26  37  -3  28   0  0.00  0.0   0  2.9  8  320   M    M   M        9 320
15  45  23  34  -6  31   0  0.00  0.0   0  1.1  5   40   M    M   M        6 300
16  47  22  35  -5  30   0  0.00  0.0   0  0.9  6   60   M    M   M        7  60
17  47  30  39  -1  26   0  0.05  0.0   0  1.6  7  350   M    M   M 1     10 340
18  52  32  42   3  23   0  0.37  0.0   0  8.5 18  120   M    M   M 1     26 120
19  50  45  48   9  17   0  1.16  0.0   0  6.8 18  130   M    M   M 1     26 120
20  48  45  47   8  18   0  0.98  0.0   0  8.8 18  130   M    M   M 1     25 120
21  49  35  42   3  23   0  0.63  0.0   0  6.2 25  130   M    M   M 1     36 130
22  47  35  41   2  24   0  0.50  0.0   0  6.1 13  140   M    M   M 1     20 180
23  49  38  44   5  21   0  0.52  0.0   0  4.1 23  130   M    M   M 1     36 120
24  49  34  42   3  23   0  0.91  0.0   0  4.7 25  130   M    M   M 1     36 130
================================================================================
SM 1172  845       544   0  8.57 0.0    139.6           M        M
================================================================================
AV 48.8 35.2                              5.8 FASTST  PSBL  %   M    MAX(MPH)
                                 MISC ---->     44  140                 67 130
================================================================================
NOTES:

COLUMN 17 PEAK WIND IN M.P.H.

PRELIMINARY LOCAL CLIMATOLOGICAL DATA (WS FORM: F-6) , PAGE 2

                                          STATION:   ANNETTE
                                          MONTH:     11
                                          YEAR:      2014
                                          LATITUDE:  55 02 N                   
                                          LONGITUDE: 131 34 W                   

[TEMPERATURE DATA]      [PRECIPITATION DATA]       SYMBOLS USED IN COLUMN 16    

AVERAGE MONTHLY:42.0   TOTAL FOR MONTH: 8.57       1 = FOG              
DPTR FM NORMAL:  1.5   DPTR FM NORMAL: -1.44       2 = FOG REDUCING VISIBILITY  
HIGHEST:    54 ON  5    GRTST 24HR   1.16 ON 19        TO 1/4 MILE OR LESS   
LOWEST:     22 ON 16                               3 = THUNDER                
                        SNOW, ICE PELLETS, HAIL    4 = ICE PELLETS              
                        TOTAL MONTH: 0.0         5 = HAIL                     
                        GRTST 24HR   0.0           6 = GLAZE OR RIME            
                        GRTST DEPTH:    0          7 = BLOWING DUST OR SAND:    
                                                       VSBY 1/2 MILE OR LESS    
                                                   8 = SMOKE OR HAZE            
[NO. OF DAYS WITH]      [WEATHER - DAYS WITH]      9 = BLOWING SNOW             
                                                   X = TORNADO                  
MAX 32 OR BELOW:   0    0.01 INCH OR MORE:  16                                  
MAX 70 OR ABOVE:   0    0.10 INCH OR MORE:  12                                  
MIN 32 OR BELOW:   9    0.50 INCH OR MORE:  10                                  
MIN  0 OR BELOW:   0    1.00 INCH OR MORE:   2                                  

[HDD (BASE 65) ]                                                                
TOTAL THIS MO.   544    CLEAR  (SCALE 0-3)   M                                  
DPTR FM NORMAL   -45    PTCLDY (SCALE 4-7)   M                                  
SEASONAL TOTAL  1814    CLOUDY (SCALE 8-10)  M                                
DPTR FM NORMAL   -75                                                            

[CDD (BASE 65) ]                                                                
TOTAL THIS MO.     0                                                            
DPTR FM NORMAL     0    [PRESSURE DATA]                                         
SEASONAL TOTAL    MM    HIGHEST SLP     M                                 
DPTR FM NORMAL    MM    LOWEST  SLP     M                                 

[REMARKS]