CXAK56 PANT 290907
CF6ANN

PRELIMINARY LOCAL CLIMATOLOGICAL DATA (WS FORM: F-6)

                                          STATION:   ANNETTE
                                          MONTH:     01
                                          YEAR:      2015
                                          LATITUDE:   55 02 N                   
                                          LONGITUDE: 131 34 W                   

  TEMPERATURE IN F:       :PCPN:    SNOW:  WIND      :SUNSHINE: SKY     :PK WND 
================================================================================
1   2   3   4   5  6A  6B    7     8   9   10  11  12  13   14  15   16  17  18
                                      12Z  AVG MX 2MIN
DY MAX MIN AVG DEP HDD CDD  WTR   SNW DPTH SPD SPD DIR MIN PSBL S-S WX   SPD DR
================================================================================

 1  47  41  44   7  21   0  0.74  0.0   0 11.1 24  150   M    M   M 1     35 150
 2  44  32  38   1  27   0  0.01  0.0   0  7.6 14  310   M    M   M 1     21 230
 3  33  28  31  -6  34   0     T    T   0  9.1 18   60   M    M   M       30  50
 4  29  25  27 -10  38   0  0.15  1.8   T 10.9 23   60   M    M   M 1     40  60
 5  35  21  28  -9  37   0  0.36  1.5   2  5.2 16   60   M    M   M 1     26  50
 6  48  35  42   5  23   0  0.55    T   2  9.5 26  130   M    M   M 1     35 130
 7  48  43  46   9  19   0  0.28  0.0   0 10.6 24  120   M    M   M 1     36 120
 8  51  39  45   8  20   0  0.00  0.0   0  3.1 14   50   M    M   M 1     21  40
 9  50  37  44   7  21   0  0.20  0.0   0  5.9 16  130   M    M   M 1     24 130
10  45  35  40   3  25   0  0.14  0.0   0  0.6  8  130   M    M   M 1     10 120
11  45  33  39   2  26   0     T  0.0   0  1.2 12  130   M    M   M 2     14 130
12  46  43  45   8  20   0  0.28  0.0   0 15.9 26  130   M    M   M 1     36 130
13  49  45  47  10  18   0  0.59  0.0   0 13.3 25  140   M    M   M 1     35 140
14  52  47  50  13  15   0  0.10  0.0   0 15.4 32  140   M    M   M 1     47 130
15  51  42  47  10  18   0  0.94  0.0   0 13.2 32  140   M    M   M 1     53 130
16  48  38  43   6  22   0  0.12  0.0   0 14.1 35  140   M    M   M       51 150
17  47  43  45   8  20   0  0.43  0.0   0 14.0 33  140   M    M   M 1     52 140
18  48  40  44   7  21   0  0.58  0.0   0  4.6 14  120   M    M   M 1     21 230
19  46  43  45   8  20   0  0.62  0.0   0  8.2 18  140   M    M   M 1     26 120
20  48  43  46   9  19   0  2.25  0.0   0 24.9 39  140   M    M   M 1     56 130
21  50  47  49  12  16   0  2.07  0.0   0 19.1 38  140   M    M   M 1     55 130
22  50  47  49  12  16   0  0.47  0.0   0 13.1 28  140   M    M   M 1     43 140
23  50  46  48  11  17   0  0.87  0.0   0  9.6 24  140   M    M   M 1     34 130
24  51  45  48  11  17   0  0.88  0.0   0 15.3 29  140   M    M   M 1     43 200
25  47  38  43   6  22   0  0.07  0.0   0  3.1 14  210   M    M   M 1     23 230
26  42  33  38   1  27   0     T  0.0   0  6.7 15  330   M    M   M       21 320
27  43  37  40   3  25   0  0.02  0.0   0  3.6 12  130   M    M   M       15 120
28  45  40  43   6  22   0  1.47  0.0   0 17.0 28  140   M    M   M 1     39 130
================================================================================
SM 1288 1086       626   0 14.19 3.3    285.9           M        M
================================================================================
AV 46.0 38.8                             10.2 FASTST  PSBL  %   M    MAX(MPH)
                                 MISC ---->     39  140                 56 130
================================================================================
NOTES:

COLUMN 17 PEAK WIND IN M.P.H.

PRELIMINARY LOCAL CLIMATOLOGICAL DATA (WS FORM: F-6) , PAGE 2

                                          STATION:   ANNETTE
                                          MONTH:     01
                                          YEAR:      2015
                                          LATITUDE:  55 02 N                   
                                          LONGITUDE: 131 34 W                   

[TEMPERATURE DATA]      [PRECIPITATION DATA]       SYMBOLS USED IN COLUMN 16    

AVERAGE MONTHLY:42.4   TOTAL FOR MONTH:14.19       1 = FOG              
DPTR FM NORMAL:  5.4   DPTR FM NORMAL: 4.41       2 = FOG REDUCING VISIBILITY  
HIGHEST:    52 ON 14    GRTST 24HR   2.25 ON 20        TO 1/4 MILE OR LESS   
LOWEST:     21 ON  5                               3 = THUNDER                
                        SNOW, ICE PELLETS, HAIL    4 = ICE PELLETS              
                        TOTAL MONTH: 3.3 INCHES  5 = HAIL                     
                        GRTST 24HR   1.8 ON  4     6 = GLAZE OR RIME            
                        GRTST DEPTH:    2 ON  6    7 = BLOWING DUST OR SAND:    
                                                       VSBY 1/2 MILE OR LESS    
                                                   8 = SMOKE OR HAZE            
[NO. OF DAYS WITH]      [WEATHER - DAYS WITH]      9 = BLOWING SNOW             
                                                   X = TORNADO                  
MAX 32 OR BELOW:   1    0.01 INCH OR MORE:  24                                  
MAX 70 OR ABOVE:   0    0.10 INCH OR MORE:  21                                  
MIN 32 OR BELOW:   4    0.50 INCH OR MORE:  11                                  
MIN  0 OR BELOW:   0    1.00 INCH OR MORE:   3                                  

[HDD (BASE 65) ]                                                                
TOTAL THIS MO.   626    CLEAR  (SCALE 0-3)   M                                  
DPTR FM NORMAL  -158    PTCLDY (SCALE 4-7)   M                                  
SEASONAL TOTAL  3347    CLOUDY (SCALE 8-10)  M                                
DPTR FM NORMAL  -348                                                            

[CDD (BASE 65) ]                                                                
TOTAL THIS MO.     0                                                            
DPTR FM NORMAL     0    [PRESSURE DATA]                                         
SEASONAL TOTAL     0    HIGHEST SLP     M                                 
DPTR FM NORMAL     0    LOWEST  SLP     M                                 

[REMARKS]