CXAK56 PANT 010927
CF6ANN

PRELIMINARY LOCAL CLIMATOLOGICAL DATA (WS FORM: F-6)

                                          STATION:   ANNETTE
                                          MONTH:     08
                                          YEAR:      2015
                                          LATITUDE:   55 02 N                   
                                          LONGITUDE: 131 34 W                   

  TEMPERATURE IN F:       :PCPN:    SNOW:  WIND      :SUNSHINE: SKY     :PK WND 
================================================================================
1   2   3   4   5  6A  6B    7     8   9   10  11  12  13   14  15   16  17  18
                                      12Z  AVG MX 2MIN
DY MAX MIN AVG DEP HDD CDD  WTR   SNW DPTH SPD SPD DIR MIN PSBL S-S WX   SPD DR
================================================================================

 1  70  50  60   0   5   0     T  0.0   0  2.3  9  150   M    M   M 1     11 150
 2  67  53  60   0   5   0  0.16  0.0   0  2.2  8  300   M    M   M 1     11 310
 3  62  55  59  -1   6   0  0.32  0.0   0  3.2 10  310   M    M   M 1     13 320
 4  62  55  59  -1   6   0  0.57  0.0   0  1.6  8  140   M    M   M 1     12 130
 5  66  52  59  -1   6   0  0.00  0.0   0  3.0  8  150   M    M   M 1     11 200
 6  59  56  58  -2   7   0  0.69  0.0   0  9.2 15  130   M    M   M 1     20 130
 7  63  55  59  -1   6   0  0.18  0.0   0  6.0 13  170   M    M   M 1     18 140
 8  69  53  61   1   4   0     T  0.0   0  3.4 13  330   M    M   M       16 330
 9  67  51  59  -1   6   0  0.00  0.0   0  6.6 14  130   M    M   M 1     19 150
10  65  57  61   1   4   0  0.00  0.0   0  4.6  9  140   M    M   M       13 130
11  60  57  59  -1   6   0  1.07  0.0   0  6.6 15  150   M    M   M 1     23 150
12  67  55  61   1   4   0  0.57  0.0   0  6.2 13  150   M    M   M 1     20 170
13  72  51  62   2   3   0  0.01  0.0   0  4.5  9  290   M    M   M 1     15 280
14  75  53  64   5   1   0  0.00  0.0   0  7.8 13  320   M    M   M       18 310
15  66  52  59   0   6   0  0.00  0.0   0  5.1 12  170   M    M   M 1     16 170
16  61  54  58  -1   7   0  0.00  0.0   0  2.6 10  150   M    M   M       14 150
17  63  56  60   1   5   0  0.03  0.0   0  2.2  7  140   M    M   M 1      9 150
18  66  56  61   2   4   0  0.13  0.0   0  4.8 12  210   M    M   M 1     16 150
19  71  54  63   4   2   0  0.00  0.0   0  4.0 12  330   M    M   M       15 290
20  68  52  60   1   5   0  0.12  0.0   0  4.6 12  310   M    M   M 12    16 320
21  64  50  57  -2   8   0     T  0.0   0  5.1 13  130   M    M   M 1     18 130
22  63  55  59   1   6   0  0.93  0.0   0 10.2 22  130   M    M   M 1     34 120
23  64  54  59   1   6   0  0.18  0.0   0  6.9 13  140   M    M   M 1     20 160
24  64  52  58   0   7   0  0.16  0.0   0  5.8 13  120   M    M   M 1     18 130
25  72  53  63   5   2   0  0.00  0.0   0  5.9 12  310   M    M   M       14 320
26  74  55  65   7   0   0  0.00  0.0   0  3.1  9  300   M    M   M       13 300
27  62  52  57  -1   8   0  0.51  0.0   0  6.7 15  140   M    M   M 1     21 160
28  59  57  58   1   7   0  2.60  0.0   0 18.5 26  140   M    M   M 1     40 140
29  60  54  57   0   8   0  0.43  0.0   0  9.0 21  140   M    M   M 1     30 120
30  60  50  55  -2  10   0  0.92  0.0   0  9.6 31  140   M    M   M 1     45 150
31  57  47  52  -5  13   0  0.03  0.0   0  6.1 14  160   M    M   M 1     19 150
================================================================================
SM 2018 1656       173   0  9.61 0.0    177.4           M        M
================================================================================
AV 65.1 53.4                              5.7 FASTST  PSBL  %   M    MAX(MPH)
                                 MISC ---->     31  140                 45 150
================================================================================
NOTES:

COLUMN 17 PEAK WIND IN M.P.H.

PRELIMINARY LOCAL CLIMATOLOGICAL DATA (WS FORM: F-6) , PAGE 2

                                          STATION:   ANNETTE
                                          MONTH:     08
                                          YEAR:      2015
                                          LATITUDE:  55 02 N                   
                                          LONGITUDE: 131 34 W                   

[TEMPERATURE DATA]      [PRECIPITATION DATA]       SYMBOLS USED IN COLUMN 16    

AVERAGE MONTHLY:59.3   TOTAL FOR MONTH: 9.61       1 = FOG              
DPTR FM NORMAL:  0.3   DPTR FM NORMAL: 2.65       2 = FOG REDUCING VISIBILITY  
HIGHEST:    75 ON 14    GRTST 24HR   2.60 ON 28        TO 1/4 MILE OR LESS   
LOWEST:     47 ON 31                               3 = THUNDER                
                        SNOW, ICE PELLETS, HAIL    4 = ICE PELLETS              
                        TOTAL MONTH: 0.0         5 = HAIL                     
                        GRTST 24HR   0.0           6 = GLAZE OR RIME            
                        GRTST DEPTH:    0          7 = BLOWING DUST OR SAND:    
                                                       VSBY 1/2 MILE OR LESS    
                                                   8 = SMOKE OR HAZE            
[NO. OF DAYS WITH]      [WEATHER - DAYS WITH]      9 = BLOWING SNOW             
                                                   X = TORNADO                  
MAX 32 OR BELOW:   0    0.01 INCH OR MORE:  19                                  
MAX 70 OR ABOVE:   6    0.10 INCH OR MORE:  16                                  
MIN 32 OR BELOW:   0    0.50 INCH OR MORE:   8                                  
MIN  0 OR BELOW:   0    1.00 INCH OR MORE:   2                                  

[HDD (BASE 65) ]                                                                
TOTAL THIS MO.   173    CLEAR  (SCALE 0-3)   M                                  
DPTR FM NORMAL   -22    PTCLDY (SCALE 4-7)   M                                  
SEASONAL TOTAL   292    CLOUDY (SCALE 8-10)  M                                
DPTR FM NORMAL  -109                                                            

[CDD (BASE 65) ]                                                                
TOTAL THIS MO.     0                                                            
DPTR FM NORMAL     0    [PRESSURE DATA]                                         
SEASONAL TOTAL    37    HIGHEST SLP     M                                 
DPTR FM NORMAL    37    LOWEST  SLP     M                                 

[REMARKS]