CXAK56 PAMC 010819
CF6MCG

PRELIMINARY LOCAL CLIMATOLOGICAL DATA (WS FORM: F-6)

                                          STATION:   MCGRATH
                                          MONTH:     09
                                          YEAR:      2016
                                          LATITUDE:   62 58 N                   
                                          LONGITUDE: 155 37 W                   

  TEMPERATURE IN F:       :PCPN:    SNOW:  WIND      :SUNSHINE: SKY     :PK WND 
================================================================================
1   2   3   4   5  6A  6B    7     8   9   10  11  12  13   14  15   16  17  18
                                      12Z  AVG MX 2MIN
DY MAX MIN AVG DEP HDD CDD  WTR   SNW DPTH SPD SPD DIR MIN PSBL S-S WX   SPD DR
================================================================================

 1  71  38  55   4  10   0  0.00  0.0   0  3.4 10  100   M    M   M      16  60
 2  67  38  53   3  12   0  0.00  0.0   0  3.9 14  110   M    M   M      16 120
 3  68  38  53   3  12   0  0.00  0.0   0  1.4  7  300   M    M   M 8     9 110
 4  58  43  51   1  14   0  0.25  0.0   0  3.2  8  190   M    M   M 1    11 180
 5  61  53  57   8   8   0  0.66  0.0   0  4.9 12  210   M    M   M 1    16 200
 6  53  46  50   1  15   0  0.20  0.0   0  5.4 15   30   M    M   M 1    20  30
 7  50  43  47  -2  18   0  0.15  0.0   0  3.6  9   40   M    M   M 1    12  40
 8  59  39  49   1  16   0  0.01  0.0   0  3.4 12  350   M    M   M 1    14 350
 9  62  33  48   0  17   0  0.00  0.0   0  4.4 14  350   M    M   M      20 340
10  64  34  49   1  16   0  0.00  0.0   0  1.9 10  230   M    M   M 1    14 210
11  52  43  48   1  17   0  1.08  0.0   0  3.5 13   90   M    M   M 1    16  90
12  56  46  51   4  14   0  0.56  0.0   0  9.6 25  200   M    M   M 1    36 220
13  49  41  45  -1  20   0  0.01  0.0   0  9.9 20  220   M    M   M      29 200
14  53  35  44  -2  21   0     T  0.0   0  3.2  7  360   M    M   M 2     9 360
15  53  43  48   3  17   0  0.13  0.0   0  2.6  9  120   M    M   M 1    12 140
16  58  41  50   5  15   0  0.01  0.0   0  0.6  8  220   M    M   M      10 220
17  53  42  48   4  17   0  0.02  0.0   0  3.8 13  240   M    M   M 2    17 240
18  49  39  44   0  21   0  0.01  0.0   0  3.6 10  230   M    M   M 1    13 230
19  54  40  47   4  18   0  0.01  0.0   0  0.0 17  170   M    M   M      28 160
20  56  47  52   9  13   0  0.44  0.0   0  7.3 21  190   M    M   M 1    32 160
21  51  44  48   6  17   0  0.36  0.0   0  2.4 10  200   M    M   M 1    14 240
22  45  39  42   0  23   0  1.02  0.0   0  6.8 14  260   M    M   M 1    18 270
23  48  40  44   3  21   0  0.16  0.0   0  2.1  9  210   M    M   M      13 210
24  46  35  41   0  24   0     T  0.0   0  0.8 12  290   M    M   M      14 290
25  46  28  37  -3  28   0     T  0.0   0  0.0  9  200   M    M   M 2    12 180
26  45  26  36  -3  29   0     T  0.0   0  1.6  7  140   M    M   M 2     8 140
27  49  30  40   1  25   0     T  0.0   0  0.0 13  240   M    M   M 2    19 220
28  52  40  46   8  19   0     T  0.0   0  9.6 25  200   M    M   M 1    32 210
29  53  32  43   5  22   0  0.00  0.0   0  0.9  6   70   M    M   M 2     7  70
30  52  27  40   3  25   0  0.00  0.0   0  0.0  6   80   M    M   M 2     7  80
================================================================================
SM 1633 1163       544   0  5.08  0.0    103.8           M        M
================================================================================
AV 54.4 38.8                              3.5 FASTST  PSBL  %   M    MAX(MPH)
                                 MISC ---->  #  25  200                 36 220
================================================================================
NOTES:

COLUMN 17 PEAK WIND IN M.P.H.

PRELIMINARY LOCAL CLIMATOLOGICAL DATA (WS FORM: F-6) , PAGE 2

                                          STATION:   MCGRATH
                                          MONTH:     09
                                          YEAR:      2016
                                          LATITUDE:  62 58 N                   
                                          LONGITUDE: 155 37 W                   

[TEMPERATURE DATA]      [PRECIPITATION DATA]       SYMBOLS USED IN COLUMN 16    

AVERAGE MONTHLY:46.6   TOTAL FOR MONTH: 5.08       1 = FOG              
DPTR FM NORMAL:  2.0   DPTR FM NORMAL: 2.59       2 = FOG REDUCING VISIBILITY  
HIGHEST:    71 ON  1    GRTST 24HR   1.08 ON 11        TO 1/4 MILE OR LESS   
LOWEST:     26 ON 26                               3 = THUNDER                
                        SNOW, ICE PELLETS, HAIL    4 = ICE PELLETS              
                        TOTAL MONTH:  0.0         5 = HAIL                     
                        GRTST 24HR   0.0           6 = GLAZE OR RIME            
                        GRTST DEPTH:    0          7 = BLOWING DUST OR SAND:    
                                                       VSBY 1/2 MILE OR LESS    
                                                   8 = SMOKE OR HAZE            
[NO. OF DAYS WITH]      [WEATHER - DAYS WITH]      9 = BLOWING SNOW             
                                                   X = TORNADO                  
MAX 32 OR BELOW:   0    0.01 INCH OR MORE:  17                                  
MAX 70 OR ABOVE:   1    0.10 INCH OR MORE:  11                                  
MIN 32 OR BELOW:   5    0.50 INCH OR MORE:   4                                  
MIN  0 OR BELOW:   0    1.00 INCH OR MORE:   2                                  

[HDD (BASE 65) ]                                                                
TOTAL THIS MO.   544    CLEAR  (SCALE 0-3)   M                                  
DPTR FM NORMAL   -69    PTCLDY (SCALE 4-7)   M                                  
SEASONAL TOTAL   851    CLOUDY (SCALE 8-10)  M                                
DPTR FM NORMAL  -259                                                            

[CDD (BASE 65) ]                                                                
TOTAL THIS MO.     0                                                            
DPTR FM NORMAL     0    [PRESSURE DATA]                                         
SEASONAL TOTAL    28    HIGHEST SLP     M                                 
DPTR FM NORMAL    12    LOWEST  SLP     M                                 

[REMARKS]