CXAK56 PAMC 231111
CF6MCG

PRELIMINARY LOCAL CLIMATOLOGICAL DATA (WS FORM: F-6)

                                          STATION:   MCGRATH
                                          MONTH:     07
                                          YEAR:      2014
                                          LATITUDE:   62 58 N                   
                                          LONGITUDE: 155 37 W                   

  TEMPERATURE IN F:       :PCPN:    SNOW:  WIND      :SUNSHINE: SKY     :PK WND 
================================================================================
1   2   3   4   5  6A  6B    7     8   9   10  11  12  13   14  15   16  17  18
                                      12Z  AVG MX 2MIN
DY MAX MIN AVG DEP HDD CDD  WTR   SNW DPTH SPD SPD DIR MIN PSBL S-S WX   SPD DR
================================================================================

 1  72  44  58  -3   7   0  0.00  0.0   0  3.2 18  290   M    M   M 1     28 270
 2  69  50  60  -1   5   0  0.00  0.0   0  3.4 13  300   M    M   M       16 280
 3  76  54  65   4   0   0     T  0.0   0  2.7 12  330   M    M   M       16 320
 4  81  53  67   6   0   2  0.00  0.0   0  2.1 12   70   M    M   M       14  60
 5  85  54  70   9   0   5  0.00  0.0   0  3.9 12   50   M    M   M       15  50
 6  82  55  69   8   0   4     T  0.0   0  3.8 18  200   M    M   M       24 200
 7  71  55  63   2   2   0  0.69  0.0   0  5.2 17  200   M    M   M 1     25 210
 8  73  56  65   4   0   0     T  0.0   0  1.9 13   60   M    M   M       17  60
 9  64  56  60  -1   5   0  0.08  0.0   0  5.4 13  210   M    M   M 1     17 220
10  69  53  61   0   4   0     T  0.0   0  7.4 17   90   M    M   M       24 110
11  69  53  61   0   4   0  0.10  0.0   0  4.3 16  170   M    M   M 1     21 140
12  67  53  60  -1   5   0  0.13  0.0   0  4.9 20  200   M    M   M 1     25 210
13  67  54  61   0   4   0  0.00  0.0   0  8.2 18  210   M    M   M       23 190
14  60  53  57  -4   8   0  0.08  0.0   0  9.5 21  210   M    M   M       26 210
15  71  56  64   3   1   0  0.01  0.0   0  8.3 15  260   M    M   M       21 230
16  70  57  64   4   1   0  0.02  0.0   0  7.2 18  200   M    M   M       24 200
17  67  51  59  -1   6   0     T  0.0   0  6.0 17  210   M    M   M 1     24 230
18  59  51  55  -5  10   0  0.08  0.0   0  6.7 14  200   M    M   M 1     17 210
19  53  46  50 -10  15   0  0.02  0.0   0  9.0 20  250   M    M   M       25 250
20  62  47  55  -5  10   0     T  0.0   0  3.2 14  340   M    M   M       20 340
21  67  44  56  -4   9   0  0.00  0.0   0  4.1 12  160   M    M   M       14 200
22  61  54  58  -2   7   0  0.38  0.0   0  3.2 12  190   M    M   M 1     16 250
================================================================================
SM 1515 1149       103  11  1.59 0.0    113.6           M        M
================================================================================
AV 68.9 52.2                              5.2 FASTST  PSBL  %   M    MAX(MPH)
                                 MISC ---->     21  210                 28 270
================================================================================
NOTES:

COLUMN 17 PEAK WIND IN M.P.H.

PRELIMINARY LOCAL CLIMATOLOGICAL DATA (WS FORM: F-6) , PAGE 2

                                          STATION:   MCGRATH
                                          MONTH:     07
                                          YEAR:      2014
                                          LATITUDE:  62 58 N                   
                                          LONGITUDE: 155 37 W                   

[TEMPERATURE DATA]      [PRECIPITATION DATA]       SYMBOLS USED IN COLUMN 16    

AVERAGE MONTHLY:60.5   TOTAL FOR MONTH: 1.59       1 = FOG              
DPTR FM NORMAL: -0.2   DPTR FM NORMAL: -0.02       2 = FOG REDUCING VISIBILITY  
HIGHEST:    85 ON  5    GRTST 24HR   0.69 ON  7        TO 1/4 MILE OR LESS   
LOWEST:     44 ON 21                               3 = THUNDER                
                        SNOW, ICE PELLETS, HAIL    4 = ICE PELLETS              
                        TOTAL MONTH: 0.0         5 = HAIL                     
                        GRTST 24HR   0.0           6 = GLAZE OR RIME            
                        GRTST DEPTH:    0          7 = BLOWING DUST OR SAND:    
                                                       VSBY 1/2 MILE OR LESS    
                                                   8 = SMOKE OR HAZE            
[NO. OF DAYS WITH]      [WEATHER - DAYS WITH]      9 = BLOWING SNOW             
                                                   X = TORNADO                  
MAX 32 OR BELOW:   0    0.01 INCH OR MORE:  10                                  
MAX 70 OR ABOVE:   9    0.10 INCH OR MORE:   4                                  
MIN 32 OR BELOW:   0    0.50 INCH OR MORE:   1                                  
MIN  0 OR BELOW:   0    1.00 INCH OR MORE:   0                                  

[HDD (BASE 65) ]                                                                
TOTAL THIS MO.   103    CLEAR  (SCALE 0-3)   M                                  
DPTR FM NORMAL   -10    PTCLDY (SCALE 4-7)   M                                  
SEASONAL TOTAL   103    CLOUDY (SCALE 8-10)  M                                
DPTR FM NORMAL   -10                                                            

[CDD (BASE 65) ]                                                                
TOTAL THIS MO.    11                                                            
DPTR FM NORMAL     0    [PRESSURE DATA]                                         
SEASONAL TOTAL    11    HIGHEST SLP     M                                 
DPTR FM NORMAL    -5    LOWEST  SLP     M                                 

[REMARKS]