CXAK56 PAMC 271118
CF6MCG

PRELIMINARY LOCAL CLIMATOLOGICAL DATA (WS FORM: F-6)

                                          STATION:   MCGRATH
                                          MONTH:     08
                                          YEAR:      2014
                                          LATITUDE:   62 58 N                   
                                          LONGITUDE: 155 37 W                   

  TEMPERATURE IN F:       :PCPN:    SNOW:  WIND      :SUNSHINE: SKY     :PK WND 
================================================================================
1   2   3   4   5  6A  6B    7     8   9   10  11  12  13   14  15   16  17  18
                                      12Z  AVG MX 2MIN
DY MAX MIN AVG DEP HDD CDD  WTR   SNW DPTH SPD SPD DIR MIN PSBL S-S WX   SPD DR
================================================================================

 1  61  56  59   1   6   0  0.26  0.0   0  6.8 13  190   M    M   M 1     17 190
 2  63  58  61   3   4   0  0.12  0.0   0  4.2 12  200   M    M   M 1     15 190
 3  73  55  64   7   1   0     T  0.0   0  2.1 14  170   M    M   M 1     20 170
 4  73  55  64   7   1   0  0.03  0.0   0  2.8 15   60   M    M   M 3     21  50
 5  67  56  62   5   3   0  0.01  0.0   0  3.5 15  190   M    M   M 1     22 190
 6  60  55  58   1   7   0  0.16  0.0   0  6.9  8  140   M    M   M 18     9 150
 7  71  53  62   5   3   0     T  0.0   0  4.5 14   90   M    M   M       17 100
 8  69  52  61   5   4   0  0.03  0.0   0  5.2 16  100   M    M   M       23 110
 9  74  46  60   4   5   0  0.00  0.0   0  6.8 18   80   M    M   M       23  90
10  78  48  63   7   2   0  0.00  0.0   0  3.1 15   50   M    M   M       18  70
11  76  47  62   6   3   0  0.00  0.0   0  2.7 12  210   M    M   M       14 210
12  72  46  59   3   6   0  0.00  0.0   0  3.8 14  110   M    M   M       21 110
13  71  52  62   7   3   0  0.01  0.0   0  5.2 16   90   M    M   M       22  80
14  71  44  58   3   7   0  0.00  0.0   0  4.1 16   70   M    M   M 1     20  70
15  64  50  57   2   8   0  0.02  0.0   0  4.5 13  190   M    M   M       17 200
16  65  45  55   0  10   0  0.05  0.0   0  4.6 21  110   M    M   M 12    25 110
17  62  50  56   1   9   0  0.34  0.0   0  2.3 10  200   M    M   M 1     14 220
18  65  51  58   4   7   0  0.21  0.0   0  4.0 15  210   M    M   M 1     21 270
19  65  52  59   5   6   0  0.03  0.0   0  2.2 10  280   M    M   M 128   13 270
20  66  50  58   4   7   0  0.00  0.0   0  0.0  9  280   M    M   M       13 280
21  70  42  56   2   9   0  0.00  0.0   0  2.3  8  310   M    M   M 1     11 340
22  69  48  59   6   6   0  0.02  0.0   0  2.1 13  270   M    M   M       16 270
23  70  41  56   3   9   0  0.00  0.0   0  0.0 13  250   M    M   M 12    10 120
24  63  52  58   5   7   0  0.09  0.0   0  5.0 14   80   M    M   M 1     17  80
25  57  51  54   1  11   0  0.15  0.0   0  3.4  7  130   M    M   M 1      9 130
26  63  50  57   5   8   0  0.12  0.0   0  4.4 18  280   M    M   M 12    25 290
================================================================================
SM 1758 1305       152   0  1.65 0.0     96.5           M        M
================================================================================
AV 67.6 50.2                              3.7 FASTST  PSBL  %   M    MAX(MPH)
                                 MISC ---->     21  110               # 25 290
================================================================================
NOTES:

COLUMN 17 PEAK WIND IN M.P.H.

PRELIMINARY LOCAL CLIMATOLOGICAL DATA (WS FORM: F-6) , PAGE 2

                                          STATION:   MCGRATH
                                          MONTH:     08
                                          YEAR:      2014
                                          LATITUDE:  62 58 N                   
                                          LONGITUDE: 155 37 W                   

[TEMPERATURE DATA]      [PRECIPITATION DATA]       SYMBOLS USED IN COLUMN 16    

AVERAGE MONTHLY:58.9   TOTAL FOR MONTH: 1.65       1 = FOG              
DPTR FM NORMAL:  3.7   DPTR FM NORMAL: -0.71       2 = FOG REDUCING VISIBILITY  
HIGHEST:    78 ON 10    GRTST 24HR   0.34 ON 17        TO 1/4 MILE OR LESS   
LOWEST:     41 ON 23                               3 = THUNDER                
                        SNOW, ICE PELLETS, HAIL    4 = ICE PELLETS              
                        TOTAL MONTH: 0.0         5 = HAIL                     
                        GRTST 24HR   0.0           6 = GLAZE OR RIME            
                        GRTST DEPTH:    0          7 = BLOWING DUST OR SAND:    
                                                       VSBY 1/2 MILE OR LESS    
                                                   8 = SMOKE OR HAZE            
[NO. OF DAYS WITH]      [WEATHER - DAYS WITH]      9 = BLOWING SNOW             
                                                   X = TORNADO                  
MAX 32 OR BELOW:   0    0.01 INCH OR MORE:  16                                  
MAX 70 OR ABOVE:  11    0.10 INCH OR MORE:   7                                  
MIN 32 OR BELOW:   0    0.50 INCH OR MORE:   0                                  
MIN  0 OR BELOW:   0    1.00 INCH OR MORE:   0                                  

[HDD (BASE 65) ]                                                                
TOTAL THIS MO.   152    CLEAR  (SCALE 0-3)   M                                  
DPTR FM NORMAL  -106    PTCLDY (SCALE 4-7)   M                                  
SEASONAL TOTAL   339    CLOUDY (SCALE 8-10)  M                                
DPTR FM NORMAL   -91                                                            

[CDD (BASE 65) ]                                                                
TOTAL THIS MO.     0                                                            
DPTR FM NORMAL     0    [PRESSURE DATA]                                         
SEASONAL TOTAL    11    HIGHEST SLP     M                                 
DPTR FM NORMAL    -5    LOWEST  SLP     M                                 

[REMARKS]