CXAK56 PAMC 221027
CF6MCG

PRELIMINARY LOCAL CLIMATOLOGICAL DATA (WS FORM: F-6)

                                          STATION:   MCGRATH
                                          MONTH:     11
                                          YEAR:      2014
                                          LATITUDE:   62 58 N                   
                                          LONGITUDE: 155 37 W                   

  TEMPERATURE IN F:       :PCPN:    SNOW:  WIND      :SUNSHINE: SKY     :PK WND 
================================================================================
1   2   3   4   5  6A  6B    7     8   9   10  11  12  13   14  15   16  17  18
                                      12Z  AVG MX 2MIN
DY MAX MIN AVG DEP HDD CDD  WTR   SNW DPTH SPD SPD DIR MIN PSBL S-S WX   SPD DR
================================================================================

 1  21   7  14   1  51   0  0.00  0.0   2  4.8 13   30   M    M   M       16  40
 2  20  -2   9  -4  56   0  0.00  0.0   2  2.8  9  350   M    M   M       12  10
 3  14   0   7  -5  58   0     T  0.1   2  2.2  6  270   M    M   M        7 270
 4  13  -5   4  -7  61   0  0.00  0.0   2  1.4  8  340   M    M   M 1     10 340
 5   8 -11  -1 -12  66   0     T    T   2  1.7  6  340   M    M   M 1      6 330
 6  12  -6   3  -7  62   0  0.00  0.0   2  2.4  7  260   M    M   M        9 330
 7  13  -4   5  -4  60   0  0.00  0.0   2  1.7  7  330   M    M   M        9 340
 8  17   0   9   0  56   0  0.00  0.0   2  0.8  6   50   M    M   M        6  50
 9  35   8  22  14  43   0  0.01  0.0   2  3.1  9  270   M    M   M       11 250
10  41  28  35  27  30   0  0.11  0.0   1  5.3 16  180   M    M   M       26 150
11  43  29  36  29  29   0  0.16  0.0   1  3.1 12  100   M    M   M       14 110
12  50  37  44  37  21   0     T  0.0   1  6.7 16   80   M    M   M       23  90
13  43  22  33  27  32   0  0.00  0.0   T  2.1 10   60   M    M   M       13  60
14  24  13  19  13  46   0  0.00  0.0   T  0.1  5   20   M    M   M        5  20
15  23  12  18  13  47   0  0.00  0.0   T  0.7  7  290   M    M   M        7 290
16  17   8  13   8  52   0  0.00  0.0   T  1.3  6  320   M    M   M        8 310
17  22  13  18  14  47   0  0.00  0.0   T  0.9  7  260   M    M   M 1      7 270
18  29  12  21  17  44   0  0.00  0.0   T  2.6  9   10   M    M   M       12  10
19  35  16  26  22  39   0     T  0.0   T  3.9 13  110   M    M   M 1     16 110
20  33  18  26  23  39   0  0.00  0.0   T  2.5 12   60   M    M   M       17  60
21  30  15  23  20  42   0  0.00  0.0   T  4.0 13   20   M    M   M       16  20
================================================================================
SM  543  210       981   0  0.28 0.1     54.1           M        M
================================================================================
AV 25.9 10.0                              2.6 FASTST  PSBL  %   M    MAX(MPH)
                                 MISC ---->  #  16   80                 26 150
================================================================================
NOTES:

COLUMN 17 PEAK WIND IN M.P.H.

PRELIMINARY LOCAL CLIMATOLOGICAL DATA (WS FORM: F-6) , PAGE 2

                                          STATION:   MCGRATH
                                          MONTH:     11
                                          YEAR:      2014
                                          LATITUDE:  62 58 N                   
                                          LONGITUDE: 155 37 W                   

[TEMPERATURE DATA]      [PRECIPITATION DATA]       SYMBOLS USED IN COLUMN 16    

AVERAGE MONTHLY:17.9   TOTAL FOR MONTH: 0.28       1 = FOG              
DPTR FM NORMAL: 10.4   DPTR FM NORMAL: -0.73       2 = FOG REDUCING VISIBILITY  
HIGHEST:    50 ON 12    GRTST 24HR   0.16 ON 11        TO 1/4 MILE OR LESS   
LOWEST:    -11 ON  5                               3 = THUNDER                
                        SNOW, ICE PELLETS, HAIL    4 = ICE PELLETS              
                        TOTAL MONTH: 0.1   INCH  5 = HAIL                     
                        GRTST 24HR   0.1 ON  3     6 = GLAZE OR RIME            
                        GRTST DEPTH:    2 ON  9    7 = BLOWING DUST OR SAND:    
                                                       VSBY 1/2 MILE OR LESS    
                                                   8 = SMOKE OR HAZE            
[NO. OF DAYS WITH]      [WEATHER - DAYS WITH]      9 = BLOWING SNOW             
                                                   X = TORNADO                  
MAX 32 OR BELOW:  14    0.01 INCH OR MORE:   3                                  
MAX 70 OR ABOVE:   0    0.10 INCH OR MORE:   2                                  
MIN 32 OR BELOW:  20    0.50 INCH OR MORE:   0                                  
MIN  0 OR BELOW:   7    1.00 INCH OR MORE:   0                                  

[HDD (BASE 65) ]                                                                
TOTAL THIS MO.   982    CLEAR  (SCALE 0-3)   M                                  
DPTR FM NORMAL  -227    PTCLDY (SCALE 4-7)   M                                  
SEASONAL TOTAL  3168    CLOUDY (SCALE 8-10)  M                                
DPTR FM NORMAL  -389                                                            

[CDD (BASE 65) ]                                                                
TOTAL THIS MO.     0                                                            
DPTR FM NORMAL     0    [PRESSURE DATA]                                         
SEASONAL TOTAL    11    HIGHEST SLP     M                                 
DPTR FM NORMAL    -5    LOWEST  SLP     M                                 

[REMARKS]