CXAK56 PAMC 291116
CF6MCG

PRELIMINARY LOCAL CLIMATOLOGICAL DATA (WS FORM: F-6)

                                          STATION:   MCGRATH
                                          MONTH:     06
                                          YEAR:      2016
                                          LATITUDE:   62 58 N                   
                                          LONGITUDE: 155 37 W                   

  TEMPERATURE IN F:       :PCPN:    SNOW:  WIND      :SUNSHINE: SKY     :PK WND 
================================================================================
1   2   3   4   5  6A  6B    7     8   9   10  11  12  13   14  15   16  17  18
                                      12Z  AVG MX 2MIN
DY MAX MIN AVG DEP HDD CDD  WTR   SNW DPTH SPD SPD DIR MIN PSBL S-S WX   SPD DR
================================================================================

 1  73  43  58   5   7   0  0.10  0.0   0  4.2 20  270   M    M   M 18    26 200
 2  63  50  57   4   8   0  0.24  0.0   0  4.6 12  100   M    M   M 1     16 160
 3  62  42  52  -2  13   0  0.15  0.0   0  4.3 18  230   M    M   M 23    26 230
 4  66  40  53  -1  12   0  0.18  0.0   0  4.6 14  220   M    M   M 1     18 220
 5  61  49  55   1  10   0  0.28  0.0   0  7.4 23  330   M    M   M       32 320
 6  63  39  51  -4  14   0  0.00  0.0   0  0.0 15  120   M    M   M       19  50
 7  65  37  51  -4  14   0     T  0.0   0  3.2 13  190   M    M   M       16 190
 8  73  54  64   9   1   0     T  0.0   0  7.6 21  270   M    M   M       29 270
 9  70  47  59   3   6   0  0.07  0.0   0  4.8 14  260   M    M   M       18 270
10  63  53  58   2   7   0  0.13  0.0   0  4.9 13  210   M    M   M 1     17 210
11  61  50  56   0   9   0  0.14  0.0   0  5.6 18  200   M    M   M 1     23 210
12  63  44  54  -3  11   0     T  0.0   0  6.4 16  280   M    M   M       21 280
13  57  46  52  -5  13   0  0.01  0.0   0  8.5 18  260   M    M   M       24 240
14  61  47  54  -3  11   0  0.00  0.0   0  4.4  9   20   M    M   M       11 300
15  76  39  58   0   7   0  0.00  0.0   0  2.9 10   60   M    M   M       13 310
16  85  48  67   9   0   2  0.00  0.0   0  3.5 13  100   M    M   M       18  80
17  69  52  61   3   4   0  0.09  0.0   0  5.9 22  200   M    M   M       28 200
18  58  53  56  -3   9   0  0.23  0.0   0  5.1 18  210   M    M   M 1     26 210
19  58  51  55  -4  10   0  0.39  0.0   0  7.7 20  170   M    M   M 1     30 190
20  59  50  55  -4  10   0  0.09  0.0   0  9.3 16  200   M    M   M 1     23 210
21  67  52  60   1   5   0  0.00  0.0   0  5.8 15  280   M    M   M       20 290
22  76  47  62   2   3   0     T  0.0   0  2.8 10  220   M    M   M 1     15 180
23  71  59  65   5   0   0     T  0.0   0  5.6 14  210   M    M   M       19 200
24  73  55  64   4   1   0  0.01  0.0   0  3.1 15   30   M    M   M 1     20  50
25  74  57  66   6   0   1  0.02  0.0   0  3.4 10  290   M    M   M       13 270
26  76  55  66   6   0   1  0.03  0.0   0  6.4 16  250   M    M   M       22 230
27  66  55  61   1   4   0  0.22  0.0   0  6.1 14  210   M    M   M 1     19 190
28  70  57  64   3   1   0  0.02  0.0   0  4.5 10  210   M    M   M       14 180
================================================================================
SM 1879 1371       190   4  2.40 0.0    142.6           M        M
================================================================================
AV 67.1 49.0                              5.1 FASTST  PSBL  %   M    MAX(MPH)
                                 MISC ---->     23  330                 32 320
================================================================================
NOTES:

COLUMN 17 PEAK WIND IN M.P.H.

PRELIMINARY LOCAL CLIMATOLOGICAL DATA (WS FORM: F-6) , PAGE 2

                                          STATION:   MCGRATH
                                          MONTH:     06
                                          YEAR:      2016
                                          LATITUDE:  62 58 N                   
                                          LONGITUDE: 155 37 W                   

[TEMPERATURE DATA]      [PRECIPITATION DATA]       SYMBOLS USED IN COLUMN 16    

AVERAGE MONTHLY:58.0   TOTAL FOR MONTH: 2.40       1 = FOG              
DPTR FM NORMAL:  0.8   DPTR FM NORMAL: 1.00       2 = FOG REDUCING VISIBILITY  
HIGHEST:    85 ON 16    GRTST 24HR   0.39 ON 19        TO 1/4 MILE OR LESS   
LOWEST:     37 ON  7                               3 = THUNDER                
                        SNOW, ICE PELLETS, HAIL    4 = ICE PELLETS              
                        TOTAL MONTH: 0.0         5 = HAIL                     
                        GRTST 24HR   0.0           6 = GLAZE OR RIME            
                        GRTST DEPTH:    0          7 = BLOWING DUST OR SAND:    
                                                       VSBY 1/2 MILE OR LESS    
                                                   8 = SMOKE OR HAZE            
[NO. OF DAYS WITH]      [WEATHER - DAYS WITH]      9 = BLOWING SNOW             
                                                   X = TORNADO                  
MAX 32 OR BELOW:   0    0.01 INCH OR MORE:  18                                  
MAX 70 OR ABOVE:  11    0.10 INCH OR MORE:  10                                  
MIN 32 OR BELOW:   0    0.50 INCH OR MORE:   0                                  
MIN  0 OR BELOW:   0    1.00 INCH OR MORE:   0                                  

[HDD (BASE 65) ]                                                                
TOTAL THIS MO.   190    CLEAR  (SCALE 0-3)   M                                  
DPTR FM NORMAL   -34    PTCLDY (SCALE 4-7)   M                                  
SEASONAL TOTAL 12321    CLOUDY (SCALE 8-10)  M                                
DPTR FM NORMAL -1424                                                            

[CDD (BASE 65) ]                                                                
TOTAL THIS MO.     4                                                            
DPTR FM NORMAL     1    [PRESSURE DATA]                                         
SEASONAL TOTAL     4    HIGHEST SLP     M                                 
DPTR FM NORMAL     1    LOWEST  SLP     M                                 

[REMARKS]