CXAK56 PAMC 271110
CF6MCG

PRELIMINARY LOCAL CLIMATOLOGICAL DATA (WS FORM: F-6)

                                          STATION:   MCGRATH
                                          MONTH:     02
                                          YEAR:      2015
                                          LATITUDE:   62 58 N                   
                                          LONGITUDE: 155 37 W                   

  TEMPERATURE IN F:       :PCPN:    SNOW:  WIND      :SUNSHINE: SKY     :PK WND 
================================================================================
1   2   3   4   5  6A  6B    7     8   9   10  11  12  13   14  15   16  17  18
                                      12Z  AVG MX 2MIN
DY MAX MIN AVG DEP HDD CDD  WTR   SNW DPTH SPD SPD DIR MIN PSBL S-S WX   SPD DR
================================================================================

 1  -2 -22 -12  -8  77   0  0.00  0.0  13  0.1  5  290   M    M   M        6 200
 2  -4 -26 -15 -12  80   0  0.00  0.0  13  0.8  6  300   M    M   M 1      7 290
 3  -1 -25 -13 -10  78   0  0.00  0.0  13  1.8  7  340   M    M   M        7 310
 4   1 -23 -11  -9  76   0  0.00  0.0  13  1.1  6  270   M    M   M        6 350
 5   1 -27 -13 -11  78   0  0.00  0.0  13  1.1 10   30   M    M   M 1     14  30
 6  -5 -35 -20 -18  85   0  0.00  0.0  13  2.0 15   10   M    M   M 1     22 360
 7  -4 -13  -8  -7  73   0  0.00  0.0  13 10.2 16   20   M    M   M       23  40
 8  -3 -17 -10  -9  75   0  0.00  0.0  13  9.1 18   20   M    M   M       23  10
 9   0 -28 -14 -13  79   0  0.00  0.0  13  3.0 10   20   M    M   M       14  30
10   3 -26 -11 -11  76   0  0.00  0.0  13  3.4 10   10   M    M   M       14  10
11   4 -17  -6  -6  71   0     T    T  13  1.1  6  260   M    M   M        6 260
12  15   3   9   8  56   0  0.04  0.7  13  0.6  5  150   M    M   M 1      5 150
13  15  -5   5   4  60   0  0.00  0.0  14  0.1  3  270   M    M   M 1      5 310
14  13 -15  -1  -2  66   0  0.00  0.0  14  0.3  5  150   M    M   M        6 130
15  19 -11   4   2  61   0  0.01  0.2  14  1.8  6  360   M    M   M        8 330
16  34  19  27  25  38   0  0.01    T  14  4.2 14   60   M    M   M       19 110
17  41  26  34  31  31   0  0.01  0.1  14  3.5 13  170   M    M   M 1     17 170
18  40  34  37  34  28   0  0.00  0.0  13  7.5 16  190   M    M   M 8     22 200
19  36  16  26  23  39   0     T    T  13  3.2  8  140   M    M   M       10 120
20  40  17  29  25  36   0  0.00  0.0  13  2.5 12   60   M    M   M       15  70
21  41  25  33  29  32   0     T  0.0  12  3.4 12  130   M    M   M       15 130
22  44  30  37  33  28   0  0.04  0.0  12  1.2  9  340   M    M   M 1      9 340
23  37  31  34  29  31   0     T  0.0  12  6.2 16  210   M    M   M       21 200
24  34  25  30  25  35   0  0.01  0.1  12  4.7 16  200   M    M   M       20 210
25  27   2  15  10  50   0  0.00  0.0  12  1.2  7  310   M    M   M 1      7 310
26  29   4  17  11  48   0  0.00  0.0  12  1.3  7  150   M    M   M        8 150
================================================================================
SM  455  -58      1487   0  0.12 1.1     75.4           M        M
================================================================================
AV 17.5 -2.2                              2.9 FASTST  PSBL  %   M    MAX(MPH)
                                 MISC ---->     18   20               # 23  10
================================================================================
NOTES:

COLUMN 17 PEAK WIND IN M.P.H.

PRELIMINARY LOCAL CLIMATOLOGICAL DATA (WS FORM: F-6) , PAGE 2

                                          STATION:   MCGRATH
                                          MONTH:     02
                                          YEAR:      2015
                                          LATITUDE:  62 58 N                   
                                          LONGITUDE: 155 37 W                   

[TEMPERATURE DATA]      [PRECIPITATION DATA]       SYMBOLS USED IN COLUMN 16    

AVERAGE MONTHLY:7.6   TOTAL FOR MONTH: 0.12       1 = FOG              
DPTR FM NORMAL:  6.4   DPTR FM NORMAL: -0.76       2 = FOG REDUCING VISIBILITY  
HIGHEST:    44 ON 22    GRTST 24HR   0.04 ON 22        TO 1/4 MILE OR LESS   
LOWEST:    -35 ON  6                               3 = THUNDER                
                        SNOW, ICE PELLETS, HAIL    4 = ICE PELLETS              
                        TOTAL MONTH: 1.1 INCHES  5 = HAIL                     
                        GRTST 24HR   0.7 ON 12     6 = GLAZE OR RIME            
                        GRTST DEPTH:   14 ON 17    7 = BLOWING DUST OR SAND:    
                                                       VSBY 1/2 MILE OR LESS    
                                                   8 = SMOKE OR HAZE            
[NO. OF DAYS WITH]      [WEATHER - DAYS WITH]      9 = BLOWING SNOW             
                                                   X = TORNADO                  
MAX 32 OR BELOW:  17    0.01 INCH OR MORE:   6                                  
MAX 70 OR ABOVE:   0    0.10 INCH OR MORE:   0                                  
MIN 32 OR BELOW:  25    0.50 INCH OR MORE:   0                                  
MIN  0 OR BELOW:  14    1.00 INCH OR MORE:   0                                  

[HDD (BASE 65) ]                                                                
TOTAL THIS MO.  1490    CLEAR  (SCALE 0-3)   M                                  
DPTR FM NORMAL  -171    PTCLDY (SCALE 4-7)   M                                  
SEASONAL TOTAL  8975    CLOUDY (SCALE 8-10)  M                                
DPTR FM NORMAL -1145                                                            

[CDD (BASE 65) ]                                                                
TOTAL THIS MO.     0                                                            
DPTR FM NORMAL     0    [PRESSURE DATA]                                         
SEASONAL TOTAL     0    HIGHEST SLP     M                                 
DPTR FM NORMAL     0    LOWEST  SLP     M                                 

[REMARKS]