CXAK56 PAKN 291016
CF6AKN

PRELIMINARY LOCAL CLIMATOLOGICAL DATA (WS FORM: F-6)

                                          STATION:   KING SALMON
                                          MONTH:     01
                                          YEAR:      2015
                                          LATITUDE:   58 41 N                   
                                          LONGITUDE: 156 39 W                   

  TEMPERATURE IN F:       :PCPN:    SNOW:  WIND      :SUNSHINE: SKY     :PK WND 
================================================================================
1   2   3   4   5  6A  6B    7     8   9   10  11  12  13   14  15   16  17  18
                                      12Z  AVG MX 2MIN
DY MAX MIN AVG DEP HDD CDD  WTR   SNW DPTH SPD SPD DIR MIN PSBL S-S WX   SPD DR
================================================================================

 1  32  15  24   7  41   0  0.00  0.0   2  3.5  8  260   M    M   M 2     10 260
 2  22  10  16  -1  49   0  0.00  0.0   2  6.1 14  360   M    M   M 2     18  10
 3  21   8  15  -2  50   0  0.00  0.0   2  8.3 16   10   M    M   M 1     20  10
 4  14   5  10  -7  55   0  0.00  0.0   2  5.9 15  350   M    M   M       19  10
 5  10   6   8  -9  57   0  0.00  0.0   2 14.9 23   10   M    M   M       28  10
 6  32   6  19   3  46   0     T    T   2 11.1 18  360   M    M   M 6     24  10
 7  41  31  36  20  29   0  0.13    T   2 13.7 35   80   M    M   M 6     44  80
 8  48  36  42  26  23   0  0.15  0.0   0 20.0 38   90   M    M   M 1     48  80
 9  45  30  38  22  27   0  0.06  0.0   0  3.8 20   80   M    M   M 1     27  80
10  32  20  26  10  39   0  0.00  0.0   0  1.1  8   20   M    M   M 1      8 140
11  44  18  31  15  34   0  0.00  0.0   0  6.4 18  100   M    M   M       23 100
12  43  35  39  23  26   0     T  0.0   0 18.0 31   90   M    M   M       45  40
13  46  38  42  26  23   0  0.07  0.0   0 14.1 25   90   M    M   M       35  80
14  43  33  38  22  27   0  0.00  0.0   0 14.1 25   30   M    M   M       34  40
15  45  37  41  25  24   0     T  0.0   0 13.0 24   90   M    M   M       33 100
16  42  36  39  23  26   0  0.07  0.0   0  9.5 18  140   M    M   M       24 150
17  38  26  32  16  33   0  0.01  0.3   0  9.2 17  210   M    M   M 1     23 210
18  26  20  23   7  42   0  0.00  0.0   0  7.5 16  220   M    M   M       21 220
19  30  18  24   8  41   0     T    T   0  8.5 15   10   M    M   M       18  10
20  29   9  19   3  46   0  0.00  0.0   0  3.9 13   10   M    M   M 1     18 360
21  21  10  16   0  49   0  0.00  0.0   0 15.4 22  360   M    M   M       28 360
22  10   3   7  -9  58   0  0.03  0.4   T 19.9 32  360   M    M   M       45 360
23   3  -5  -1 -17  66   0     T    T   T 17.3 33  350   M    M   M       40 350
24   1 -10  -4 -20  69   0  0.00  0.0   T  9.9 18  350   M    M   M       22  10
25  -2 -12  -7 -23  72   0  0.00  0.0   T  9.8 20  360   M    M   M       23 360
26  31  -7  12  -4  53   0     T    T   T 11.8 20   80   M    M   M       24  80
27  32  23  28  12  37   0  0.00  0.0   T  8.1 14   90   M    M   M       18  30
28  32   4  18   2  47   0  0.00  0.0   T 15.2 25  360   M    M   M       31 360
================================================================================
SM  811  443      1189   0  0.52 0.7    300.0           M        M
================================================================================
AV 29.0 15.8                             10.7 FASTST  PSBL  %   M    MAX(MPH)
                                 MISC ---->     38   90                 48  80
================================================================================
NOTES:

COLUMN 17 PEAK WIND IN M.P.H.

PRELIMINARY LOCAL CLIMATOLOGICAL DATA (WS FORM: F-6) , PAGE 2

                                          STATION:   KING SALMON
                                          MONTH:     01
                                          YEAR:      2015
                                          LATITUDE:  58 41 N                   
                                          LONGITUDE: 156 39 W                   

[TEMPERATURE DATA]      [PRECIPITATION DATA]       SYMBOLS USED IN COLUMN 16    

AVERAGE MONTHLY:22.4   TOTAL FOR MONTH: 0.52       1 = FOG              
DPTR FM NORMAL:  6.2   DPTR FM NORMAL: -0.40       2 = FOG REDUCING VISIBILITY  
HIGHEST:    48 ON  8    GRTST 24HR   0.15 ON  8        TO 1/4 MILE OR LESS   
LOWEST:    -12 ON 25                               3 = THUNDER                
                        SNOW, ICE PELLETS, HAIL    4 = ICE PELLETS              
                        TOTAL MONTH: 0.7   INCH  5 = HAIL                     
                        GRTST 24HR   0.4 ON 22     6 = GLAZE OR RIME            
                        GRTST DEPTH:    2 ON  7    7 = BLOWING DUST OR SAND:    
                                                       VSBY 1/2 MILE OR LESS    
                                                   8 = SMOKE OR HAZE            
[NO. OF DAYS WITH]      [WEATHER - DAYS WITH]      9 = BLOWING SNOW             
                                                   X = TORNADO                  
MAX 32 OR BELOW:  18    0.01 INCH OR MORE:   7                                  
MAX 70 OR ABOVE:   0    0.10 INCH OR MORE:   2                                  
MIN 32 OR BELOW:  22    0.50 INCH OR MORE:   0                                  
MIN  0 OR BELOW:   4    1.00 INCH OR MORE:   0                                  

[HDD (BASE 65) ]                                                                
TOTAL THIS MO.  1190    CLEAR  (SCALE 0-3)   M                                  
DPTR FM NORMAL  -178    PTCLDY (SCALE 4-7)   M                                  
SEASONAL TOTAL  4968    CLOUDY (SCALE 8-10)  M                                
DPTR FM NORMAL -1213                                                            

[CDD (BASE 65) ]                                                                
TOTAL THIS MO.     0                                                            
DPTR FM NORMAL     0    [PRESSURE DATA]                                         
SEASONAL TOTAL     0    HIGHEST SLP     M                                 
DPTR FM NORMAL     0    LOWEST  SLP     M                                 

[REMARKS]