CXAK56 PAKN 260921
CF6AKN

PRELIMINARY LOCAL CLIMATOLOGICAL DATA (WS FORM: F-6)

                                          STATION:   KING SALMON
                                          MONTH:     04
                                          YEAR:      2015
                                          LATITUDE:   58 41 N                   
                                          LONGITUDE: 156 39 W                   

  TEMPERATURE IN F:       :PCPN:    SNOW:  WIND      :SUNSHINE: SKY     :PK WND 
================================================================================
1   2   3   4   5  6A  6B    7     8   9   10  11  12  13   14  15   16  17  18
                                      12Z  AVG MX 2MIN
DY MAX MIN AVG DEP HDD CDD  WTR   SNW DPTH SPD SPD DIR MIN PSBL S-S WX   SPD DR
================================================================================

 1  51  23  37   9  28   0     T  0.0   0 10.1 23   10   M    M   M       29  20
 2  45  27  36   7  29   0  0.00  0.0   0 11.0 18  360   M    M   M       24 310
 3  45  22  34   5  31   0  0.00  0.0   0  9.1 17  360   M    M   M       23 360
 4  40  27  34   5  31   0  0.01  0.1   0  7.8 23  250   M    M   M 1     29 260
 5  42  26  34   4  31   0  0.07    T   0 12.9 29  160   M    M   M 1     37 160
 6  43  33  38   8  27   0  0.63  1.5   1 11.6 28  170   M    M   M 1     36 170
 7  36  31  34   4  31   0  0.16  2.5   2 15.9 26  260   M    M   M 1     33 250
 8  36  30  33   2  32   0  0.55  4.5   3 11.9 23  140   M    M   M 1     28 150
 9  37  30  34   3  31   0  0.21  0.9   6  8.9 23  260   M    M   M 1     30 270
10  38  27  33   1  32   0  0.13  0.8   4 17.1 29  270   M    M   M 1     36 260
11  30  24  27  -5  38   0  0.02  0.2   3 13.1 23  270   M    M   M 1     27 270
12  33  16  25  -7  40   0     T    T   3  4.5 13  260   M    M   M       17 250
13  37  19  28  -5  37   0  0.02  0.3   3  7.6 14  130   M    M   M 1     17  30
14  40  27  34   1  31   0  0.00  0.0   2 16.0 28   50   M    M   M       37  40
15  41  28  35   1  30   0     T    T   T 12.3 22  360   M    M   M 1     26  10
16  41  20  31  -3  34   0  0.01  0.2   T  3.3 14  130   M    M   M 1     16 140
17  43  23  33  -1  32   0     T  0.0   T 13.2 30   90   M    M   M       39  90
18  48  35  42   7  23   0  0.08  0.0   0 14.7 35  160   M    M   M 1     42 160
19  40  27  34  -1  31   0  0.06  0.2   0 14.2 29  210   M    M   M 1     38 200
20  43  27  35  -1  30   0  0.09  0.9   0 11.5 23  220   M    M   M 1     34 200
21  46  28  37   1  28   0     T  0.0   0 10.1 21  160   M    M   M       27 150
22  52  28  40   4  25   0  0.00  0.0   0  8.7 16  100   M    M   M       22 110
23  47  37  42   5  23   0  0.12  0.0   0 16.1 28  150   M    M   M 1     33 160
24  50  32  41   4  24   0  0.02  0.0   0 10.4 24  160   M    M   M       30 160
25  51  30  41   3  24   0     T  0.0   0 11.3 28  100   M    M   M       37 100
================================================================================
SM 1055  677       753   0  2.18 12.1    283.3           M        M
================================================================================
AV 42.2 27.1                             11.3 FASTST  PSBL  %   M    MAX(MPH)
                                 MISC ---->     35  160                 42 160
================================================================================
NOTES:

COLUMN 17 PEAK WIND IN M.P.H.

PRELIMINARY LOCAL CLIMATOLOGICAL DATA (WS FORM: F-6) , PAGE 2

                                          STATION:   KING SALMON
                                          MONTH:     04
                                          YEAR:      2015
                                          LATITUDE:  58 41 N                   
                                          LONGITUDE: 156 39 W                   

[TEMPERATURE DATA]      [PRECIPITATION DATA]       SYMBOLS USED IN COLUMN 16    

AVERAGE MONTHLY:34.6   TOTAL FOR MONTH: 2.18       1 = FOG              
DPTR FM NORMAL:  1.8   DPTR FM NORMAL: 1.39       2 = FOG REDUCING VISIBILITY  
HIGHEST:    52 ON 22    GRTST 24HR   0.63 ON  6        TO 1/4 MILE OR LESS   
LOWEST:     16 ON 12                               3 = THUNDER                
                        SNOW, ICE PELLETS, HAIL    4 = ICE PELLETS              
                        TOTAL MONTH: 12.1 INCHES  5 = HAIL                     
                        GRTST 24HR   4.5 ON  8     6 = GLAZE OR RIME            
                        GRTST DEPTH:    6 ON  9    7 = BLOWING DUST OR SAND:    
                                                       VSBY 1/2 MILE OR LESS    
                                                   8 = SMOKE OR HAZE            
[NO. OF DAYS WITH]      [WEATHER - DAYS WITH]      9 = BLOWING SNOW             
                                                   X = TORNADO                  
MAX 32 OR BELOW:   1    0.01 INCH OR MORE:  15                                  
MAX 70 OR ABOVE:   0    0.10 INCH OR MORE:   6                                  
MIN 32 OR BELOW:  22    0.50 INCH OR MORE:   2                                  
MIN  0 OR BELOW:   0    1.00 INCH OR MORE:   0                                  

[HDD (BASE 65) ]                                                                
TOTAL THIS MO.   753    CLEAR  (SCALE 0-3)   M                                  
DPTR FM NORMAL   -55    PTCLDY (SCALE 4-7)   M                                  
SEASONAL TOTAL  8013    CLOUDY (SCALE 8-10)  M                                
DPTR FM NORMAL -1678                                                            

[CDD (BASE 65) ]                                                                
TOTAL THIS MO.     0                                                            
DPTR FM NORMAL     0    [PRESSURE DATA]                                         
SEASONAL TOTAL     0    HIGHEST SLP     M                                 
DPTR FM NORMAL     0    LOWEST  SLP     M                                 

[REMARKS]