CXAK56 PAKN 032137
CF6AKN

PRELIMINARY LOCAL CLIMATOLOGICAL DATA (WS FORM: F-6)

                                          STATION:   KING SALMON
                                          MONTH:     02
                                          YEAR:      2015
                                          LATITUDE:   58 41 N                   
                                          LONGITUDE: 156 39 W                   

  TEMPERATURE IN F:       :PCPN:    SNOW:  WIND      :SUNSHINE: SKY     :PK WND 
================================================================================
1   2   3   4   5  6A  6B    7     8   9   10  11  12  13   14  15   16  17  18
                                      12Z  AVG MX 2MIN
DY MAX MIN AVG DEP HDD CDD  WTR   SNW DPTH SPD SPD DIR MIN PSBL S-S WX   SPD DR
================================================================================

 1  30  12  21   4  44   0  0.00  0.0   T  9.8 17  350   M    M   M      20  30
 2  25   1  13  -4  52   0  0.00  0.0   T  5.0 16   10   M    M   M      22 360
 3  20   6  13  -4  52   0  0.00  0.0   T 11.3 17  360   M    M   M 1    21 360
 4  20   6  13  -4  52   0  0.00  0.0   T 10.6 18  360   M    M   M      22  10
 5  15   4  10  -7  55   0  0.00  0.0   T 14.6 23  360   M    M   M      28 360
 6  14   2   8  -9  57   0  0.00  0.0   T 18.0 31  350   M    M   M      40 350
 7   4  -6  -1 -19  66   0  0.00  0.0   T 20.6 30  360   M    M   M      36 350
 8   7  -6   1 -17  64   0  0.00  0.0   T 19.0 28  360   M    M   M      34 360
 9  34   0  17  -1  48   0  0.01    T   T 15.9 22   10   M    M   M      28  10
10  38  33  36  18  29   0     T    T   T 15.9 30   60   M    M   M      40  60
11  39  30  35  17  30   0     T    T   T  8.9 23   80   M    M   M      29  80
12  47  29  38  20  27   0  0.00  0.0   T  4.6 14  160   M    M   M      16 170
13  41  23  32  13  33   0  0.00  0.0   0  8.2 15  360   M    M   M      19  20
14  35  15  25   6  40   0  0.01    T   T  6.0 15  360   M    M   M      19 360
15  44  24  34  15  31   0     T  0.0   T 17.7 41   90   M    M   M      57 100
16  45  38  42  23  23   0  0.11  0.0   0 22.2 41   90   M    M   M      58  80
17  45  38  42  23  23   0  0.00  0.0   0 21.3 35  160   M    M   M      43 160
18  41  26  34  15  31   0  0.08  0.0   0  3.1 10  200   M    M   M 1    13 210
19  42  25  34  14  31   0     T  0.0   0  8.3 18   90   M    M   M      24 100
20  45  40  43  23  22   0     T  0.0   0 28.3 47   90   M    M   M      68 100
21  53  39  46  26  19   0     T  0.0   0 17.4 43  100   M    M   M      58 100
22  49  33  41  21  24   0  0.02  0.0   0 13.3 30  180   M    M   M 1    35 180
23  40  22  31  11  34   0     T  0.0   0  5.5 16  220   M    M   M 2    20 200
24  31  19  25   5  40   0  0.00  0.0   1  8.7 16  190   M    M   M      22 180
25  43  23  33  12  32   0  0.00  0.0   0  9.9 15  350   M    M   M      19  10
26  40  13  27   6  38   0  0.00  0.0   0  3.8  9  330   M    M   M      12 330
27  37  13  25   4  40   0  0.03  2.0   T  1.9  8   40   M    M   M 2    10  40
28  47  30  39  18  26   0  0.01  0.0   T  4.6 14  340   M    M   M 1    17 340
================================================================================
SM  971  532      1063   0  0.27  2.0    334.4           M        M
================================================================================
AV 34.7 19.0                             11.9 FASTST  PSBL  %   M    MAX(MPH)
                                 MISC ---->     47   90                 68 100
================================================================================
NOTES:

COLUMN 17 PEAK WIND IN M.P.H.

PRELIMINARY LOCAL CLIMATOLOGICAL DATA (WS FORM: F-6) , PAGE 2

                                          STATION:   KING SALMON
                                          MONTH:     02
                                          YEAR:      2015
                                          LATITUDE:  58 41 N                   
                                          LONGITUDE: 156 39 W                   

[TEMPERATURE DATA]      [PRECIPITATION DATA]       SYMBOLS USED IN COLUMN 16    

AVERAGE MONTHLY:26.8   TOTAL FOR MONTH: 0.27       1 = FOG              
DPTR FM NORMAL:  7.9   DPTR FM NORMAL: -0.49       2 = FOG REDUCING VISIBILITY  
HIGHEST:    53 ON 21    GRTST 24HR   0.11 ON 16        TO 1/4 MILE OR LESS   
LOWEST:     -6 ON 7, 8                               3 = THUNDER                
                        SNOW, ICE PELLETS, HAIL    4 = ICE PELLETS              
                        TOTAL MONTH:  2.0 INCHES  5 = HAIL                     
                        GRTST 24HR   2.0 ON 27     6 = GLAZE OR RIME            
                        GRTST DEPTH:    1 ON 24    7 = BLOWING DUST OR SAND:    
                                                       VSBY 1/2 MILE OR LESS    
                                                   8 = SMOKE OR HAZE            
[NO. OF DAYS WITH]      [WEATHER - DAYS WITH]      9 = BLOWING SNOW             
                                                   X = TORNADO                  
MAX 32 OR BELOW:   9    0.01 INCH OR MORE:   7                                  
MAX 70 OR ABOVE:   0    0.10 INCH OR MORE:   1                                  
MIN 32 OR BELOW:  22    0.50 INCH OR MORE:   0                                  
MIN  0 OR BELOW:   3    1.00 INCH OR MORE:   0                                  

[HDD (BASE 65) ]                                                                
TOTAL THIS MO.  1063    CLEAR  (SCALE 0-3)   M                                  
DPTR FM NORMAL  -229    PTCLDY (SCALE 4-7)   M                                  
SEASONAL TOTAL  6197    CLOUDY (SCALE 8-10)  M                                
DPTR FM NORMAL -1421                                                            

[CDD (BASE 65) ]                                                                
TOTAL THIS MO.     0                                                            
DPTR FM NORMAL     0    [PRESSURE DATA]                                         
SEASONAL TOTAL     0    HIGHEST SLP     M                                 
DPTR FM NORMAL     0    LOWEST  SLP     M                                 

[REMARKS]