CXAK56 PAKN 311117
CF6AKN

PRELIMINARY LOCAL CLIMATOLOGICAL DATA (WS FORM: F-6)

                                          STATION:   KING SALMON
                                          MONTH:     07
                                          YEAR:      2015
                                          LATITUDE:   58 41 N                   
                                          LONGITUDE: 156 39 W                   

  TEMPERATURE IN F:       :PCPN:    SNOW:  WIND      :SUNSHINE: SKY     :PK WND 
================================================================================
1   2   3   4   5  6A  6B    7     8   9   10  11  12  13   14  15   16  17  18
                                      12Z  AVG MX 2MIN
DY MAX MIN AVG DEP HDD CDD  WTR   SNW DPTH SPD SPD DIR MIN PSBL S-S WX   SPD DR
================================================================================

 1  67  47  57   2   8   0     T  0.0   0  6.1 16  280   M    M   M       20 270
 2  72  49  61   6   4   0  0.00  0.0   0  6.3 14  280   M    M   M 28    18 270
 3  79  39  59   4   6   0  0.00  0.0   0  8.9 24  100   M    M   M 1     32 100
 4  66  53  60   5   5   0  0.18  0.0   0 12.5 28  170   M    M   M       35 110
 5  73  54  64   9   1   0  0.03  0.0   0 11.5 25   90   M    M   M       32 100
 6  62  50  56   1   9   0  0.24  0.0   0  9.3 25  180   M    M   M 1     34 170
 7  65  47  56   1   9   0     T  0.0   0  9.9 20  170   M    M   M       24 180
 8  61  51  56   1   9   0     T  0.0   0  6.9 15  160   M    M   M       19 210
 9  64  49  57   2   8   0  0.01  0.0   0  4.9 10   10   M    M   M       13 360
10  70  50  60   4   5   0  0.00  0.0   0  4.2 12  250   M    M   M       14 250
11  69  53  61   5   4   0     T  0.0   0  7.7 18  180   M    M   M       23 170
12  57  50  54  -2  11   0  0.06  0.0   0  4.3 17  180   M    M   M 1     22 180
13  66  50  58   2   7   0  0.13  0.0   0  5.4 22  170   M    M   M 1     25 170
14  63  42  53  -3  12   0  0.04  0.0   0  5.0 12  190   M    M   M 1     15 130
15  67  45  56   0   9   0     T  0.0   0 10.9 24  100   M    M   M       33  80
16  60  51  56   0   9   0  0.75  0.0   0 13.9 33  170   M    M   M 1     41 170
17  59  51  55  -1  10   0  0.12  0.0   0 15.9 24  210   M    M   M 1     32 230
18  58  50  54  -2  11   0  0.01  0.0   0  9.2 15  230   M    M   M 1     21 230
19  68  49  59   3   6   0     T  0.0   0  9.5 18  250   M    M   M       22 270
20  73  51  62   6   3   0  0.00  0.0   0  5.4 22  190   M    M   M 1     30 190
21  57  52  55  -1  10   0  0.04  0.0   0  9.2 23  190   M    M   M 1     29 200
22  56  51  54  -2  11   0  0.62  0.0   0  8.9 23  260   M    M   M 1     29 260
23  64  51  58   2   7   0     T  0.0   0 11.4 23  270   M    M   M 1     28 260
24  61  50  56   0   9   0  0.00  0.0   0  7.4 13  250   M    M   M       16 220
25  55  51  53  -3  12   0  0.17  0.0   0  9.9 16  230   M    M   M 1     21 230
26  61  50  56   0   9   0  0.42  0.0   0  9.8 16  280   M    M   M 1     19 280
27  66  50  58   2   7   0  0.02  0.0   0  7.8 16  240   M    M   M 2     21 260
28  67  53  60   4   5   0  0.15  0.0   0  6.9 15  210   M    M   M 1     19 200
29  61  53  57   1   8   0  0.03  0.0   0  5.5 13  200   M    M   M 1     16 190
30  70  51  61   5   4   0  0.01  0.0   0  3.7 14  260   M    M   M 12    18 260
================================================================================
SM 1937 1493       228   0  3.03 0.0    248.2           M        M
================================================================================
AV 64.6 49.8                              8.3 FASTST  PSBL  %   M    MAX(MPH)
                                 MISC ---->     33  170                 41 170
================================================================================
NOTES:

COLUMN 17 PEAK WIND IN M.P.H.

PRELIMINARY LOCAL CLIMATOLOGICAL DATA (WS FORM: F-6) , PAGE 2

                                          STATION:   KING SALMON
                                          MONTH:     07
                                          YEAR:      2015
                                          LATITUDE:  58 41 N                   
                                          LONGITUDE: 156 39 W                   

[TEMPERATURE DATA]      [PRECIPITATION DATA]       SYMBOLS USED IN COLUMN 16    

AVERAGE MONTHLY:57.2   TOTAL FOR MONTH: 3.03       1 = FOG              
DPTR FM NORMAL:  1.5   DPTR FM NORMAL: 0.82       2 = FOG REDUCING VISIBILITY  
HIGHEST:    79 ON  3    GRTST 24HR   0.75 ON 16        TO 1/4 MILE OR LESS   
LOWEST:     39 ON  3                               3 = THUNDER                
                        SNOW, ICE PELLETS, HAIL    4 = ICE PELLETS              
                        TOTAL MONTH: 0.0         5 = HAIL                     
                        GRTST 24HR   0.0           6 = GLAZE OR RIME            
                        GRTST DEPTH:    0          7 = BLOWING DUST OR SAND:    
                                                       VSBY 1/2 MILE OR LESS    
                                                   8 = SMOKE OR HAZE            
[NO. OF DAYS WITH]      [WEATHER - DAYS WITH]      9 = BLOWING SNOW             
                                                   X = TORNADO                  
MAX 32 OR BELOW:   0    0.01 INCH OR MORE:  18                                  
MAX 70 OR ABOVE:   6    0.10 INCH OR MORE:   9                                  
MIN 32 OR BELOW:   0    0.50 INCH OR MORE:   2                                  
MIN  0 OR BELOW:   0    1.00 INCH OR MORE:   0                                  

[HDD (BASE 65) ]                                                                
TOTAL THIS MO.   228    CLEAR  (SCALE 0-3)   M                                  
DPTR FM NORMAL   -53    PTCLDY (SCALE 4-7)   M                                  
SEASONAL TOTAL   228    CLOUDY (SCALE 8-10)  M                                
DPTR FM NORMAL   -53                                                            

[CDD (BASE 65) ]                                                                
TOTAL THIS MO.     0                                                            
DPTR FM NORMAL     0    [PRESSURE DATA]                                         
SEASONAL TOTAL     2    HIGHEST SLP     M                                 
DPTR FM NORMAL     2    LOWEST  SLP     M                                 

[REMARKS]