CXAK56 PAKN 020020
CF6AKN

PRELIMINARY LOCAL CLIMATOLOGICAL DATA (WS FORM: F-6)

                                          STATION:   KING SALMON
                                          MONTH:     04
                                          YEAR:      2016
                                          LATITUDE:   58 41 N                   
                                          LONGITUDE: 156 39 W                   

  TEMPERATURE IN F:       :PCPN:    SNOW:  WIND      :SUNSHINE: SKY     :PK WND 
================================================================================
1   2   3   4   5  6A  6B    7     8   9   10  11  12  13   14  15   16  17  18
                                      12Z  AVG MX 2MIN
DY MAX MIN AVG DEP HDD CDD  WTR   SNW DPTH SPD SPD DIR MIN PSBL S-S WX   SPD DR
================================================================================

 1  49  36  43  15  22   0  0.13  0.0   0 17.3 36  160   M    M   M 1    46 150
 2  51  35  43  14  22   0  0.15  0.0   0 10.7 24  160   M    M   M 1    27 160
 3  50  38  44  15  21   0     T  0.0   0 15.2 26  100   M    M   M      33 100
 4  48  34  41  12  24   0  0.00  0.0   0 11.6 23  100   M    M   M      31  70
 5  52  34  43  13  22   0  0.01  0.0   0  5.9 14  180   M    M   M      17 100
 6  50  28  39   9  26   0  0.10  0.0   0  3.4 15  200   M    M   M 1    19 200
 7  51  26  39   9  26   0  0.00  0.0   0  3.3 14   50   M    M   M 1    17  30
 8  51  22  37   6  28   0     T  0.0   0  6.5 22   90   M    M   M 2    28  90
 9  54  36  45  14  20   0  0.08  0.0   0 17.7 40  140   M    M   M      52 140
10  50  32  41   9  24   0     T  0.0   0 11.4 31  160   M    M   M      36 160
11  51  30  41   9  24   0  0.00  0.0   0 11.0 23  110   M    M   M      28 120
12  56  33  45  13  20   0  0.00  0.0   0  8.7 20   60   M    M   M      36  20
13  59  23  41   8  24   0  0.00  0.0   0  4.8 14  100   M    M   M      18 100
14  55  32  44  11  21   0  0.00  0.0   0 11.1 28  100   M    M   M      39  90
15  58  35  47  13  18   0  0.00  0.0   0 10.6 20   50   M    M   M      26  30
16  57  24  41   7  24   0  0.03  0.0   0  4.3 16  240   M    M   M 1    21 230
17  55  27  41   7  24   0     T  0.0   0  8.1 23  180   M    M   M 2    30 180
18  54  25  40   5  25   0  0.00  0.0   0  8.9 23  160   M    M   M 1    29 140
19  49  38  44   9  21   0  0.14  0.0   0 14.3 26  110   M    M   M 1    34  80
20  54  38  46  10  19   0     T  0.0   0  9.6 22   90   M    M   M      28 100
21  61  41  51  15  14   0  0.00  0.0   0  8.7 17   90   M    M   M      23 180
22  57  32  45   9  20   0     T  0.0   0  9.6 23  100   M    M   M      30 100
23  56  40  48  11  17   0     T  0.0   0  8.4 14   90   M    M   M      18 100
24  56  32  44   7  21   0  0.00  0.0   0 12.7 29   90   M    M   M      36  80
25  54  33  44   6  21   0     T  0.0   0 17.3 33   90   M    M   M      43 100
26  56  26  41   3  24   0  0.19  0.0   0  4.9 16  140   M    M   M      22 140
27  54  32  43   5  22   0  0.00  0.0   0 16.7 35   90   M    M   M      46 110
28  56  39  48   9  17   0     T  0.0   0 11.1 21   70   M    M   M      26  70
29  55  38  47   8  18   0  0.02  0.0   0 11.1 24  100   M    M   M      31 110
30  56  37  47   8  18   0     T  0.0   0 14.3 28   30   M    M   M      37  30
================================================================================
SM 1615  976       647   0  0.85  0.0    309.2           M        M
================================================================================
AV 53.8 32.5                             10.3 FASTST  PSBL  %   M    MAX(MPH)
                                 MISC ---->     40  140                 52 140
================================================================================
NOTES:

COLUMN 17 PEAK WIND IN M.P.H.

PRELIMINARY LOCAL CLIMATOLOGICAL DATA (WS FORM: F-6) , PAGE 2

                                          STATION:   KING SALMON
                                          MONTH:     04
                                          YEAR:      2016
                                          LATITUDE:  58 41 N                   
                                          LONGITUDE: 156 39 W                   

[TEMPERATURE DATA]      [PRECIPITATION DATA]       SYMBOLS USED IN COLUMN 16    

AVERAGE MONTHLY:43.2   TOTAL FOR MONTH: 0.85       1 = FOG              
DPTR FM NORMAL:  9.4   DPTR FM NORMAL: -0.12       2 = FOG REDUCING VISIBILITY  
HIGHEST:    61 ON 21    GRTST 24HR   0.19 ON 26        TO 1/4 MILE OR LESS   
LOWEST:     22 ON  8                               3 = THUNDER                
                        SNOW, ICE PELLETS, HAIL    4 = ICE PELLETS              
                        TOTAL MONTH:  0.0         5 = HAIL                     
                        GRTST 24HR   0.0           6 = GLAZE OR RIME            
                        GRTST DEPTH:    0          7 = BLOWING DUST OR SAND:    
                                                       VSBY 1/2 MILE OR LESS    
                                                   8 = SMOKE OR HAZE            
[NO. OF DAYS WITH]      [WEATHER - DAYS WITH]      9 = BLOWING SNOW             
                                                   X = TORNADO                  
MAX 32 OR BELOW:   0    0.01 INCH OR MORE:   9                                  
MAX 70 OR ABOVE:   0    0.10 INCH OR MORE:   5                                  
MIN 32 OR BELOW:  14    0.50 INCH OR MORE:   0                                  
MIN  0 OR BELOW:   0    1.00 INCH OR MORE:   0                                  

[HDD (BASE 65) ]                                                                
TOTAL THIS MO.   647    CLEAR  (SCALE 0-3)   M                                  
DPTR FM NORMAL  -293    PTCLDY (SCALE 4-7)   M                                  
SEASONAL TOTAL  7566    CLOUDY (SCALE 8-10)  M                                
DPTR FM NORMAL -2257                                                            

[CDD (BASE 65) ]                                                                
TOTAL THIS MO.     0                                                            
DPTR FM NORMAL     0    [PRESSURE DATA]                                         
SEASONAL TOTAL     0    HIGHEST SLP     M                                 
DPTR FM NORMAL     0    LOWEST  SLP     M                                 

[REMARKS]