CXAK56 PAKN 181139
CF6AKN

PRELIMINARY LOCAL CLIMATOLOGICAL DATA (WS FORM: F-6)

                                          STATION:   KING SALMON
                                          MONTH:     04
                                          YEAR:      2014
                                          LATITUDE:   58 41 N                   
                                          LONGITUDE: 156 39 W                   

  TEMPERATURE IN F:       :PCPN:    SNOW:  WIND      :SUNSHINE: SKY     :PK WND 
================================================================================
1   2   3   4   5  6A  6B    7     8   9   10  11  12  13   14  15   16  17  18
                                      12Z  AVG MX 2MIN
DY MAX MIN AVG DEP HDD CDD  WTR   SNW DPTH SPD SPD DIR MIN PSBL S-S WX   SPD DR
================================================================================

 1  44  17  31   3  34   0     T    T   0  5.5 13  110   M    M   M       16 110
 2  45  34  40  11  25   0     T    T   0 10.6 18  100   M    M   M       23 110
 3  50  35  43  14  22   0  0.03    T   0 11.8 25   90   M    M   M       35 100
 4  46  35  41  12  24   0  0.01  0.0   0 14.9 29   90   M    M   M 1     39  80
 5  45  33  39   9  26   0  0.04    T   0  3.7 12  290   M    M   M       14 300
 6  43  32  38   8  27   0  0.14  0.5   0  3.9 12  340   M    M   M 1     14 320
 7  32  17  25  -5  40   0  0.00  0.0   0 13.9 21  350   M    M   M       25 330
 8  28  11  20 -11  45   0  0.00  0.0   0 12.3 21   30   M    M   M       26  20
 9  38   7  23  -8  42   0  0.00  0.0   0 12.0 21   20   M    M   M       26  10
10  44   9  27  -5  38   0  0.00  0.0   0  5.7 14  360   M    M   M       18 200
11  44  15  30  -2  35   0  0.01  0.0   0  8.2 25  100   M    M   M       32 100
12  45  39  42  10  23   0  0.02  0.0   0 21.8 31  100   M    M   M       44 100
13  48  35  42   9  23   0  0.04  0.0   0 13.9 33  150   M    M   M 1     41 160
14  52  28  40   7  25   0  0.00  0.0   0  4.2 14  140   M    M   M       18 140
15  51  21  36   2  29   0     T  0.0   0  4.2 14  200   M    M   M       18 210
16  50  28  39   5  26   0  0.07  0.0   0  4.9 15   20   M    M   M       22 210
17  49  27  38   4  27   0  0.04  0.0   0  2.4 15  180   M    M   M 1     17 190
================================================================================
SM  754  423       511   0  0.40 0.5    153.9           M        M
================================================================================
AV 44.4 24.9                              9.1 FASTST  PSBL  %   M    MAX(MPH)
                                 MISC ---->     33  150                 44 100
================================================================================
NOTES:

COLUMN 17 PEAK WIND IN M.P.H.

PRELIMINARY LOCAL CLIMATOLOGICAL DATA (WS FORM: F-6) , PAGE 2

                                          STATION:   KING SALMON
                                          MONTH:     04
                                          YEAR:      2014
                                          LATITUDE:  58 41 N                   
                                          LONGITUDE: 156 39 W                   

[TEMPERATURE DATA]      [PRECIPITATION DATA]       SYMBOLS USED IN COLUMN 16    

AVERAGE MONTHLY:34.6   TOTAL FOR MONTH: 0.40       1 = FOG              
DPTR FM NORMAL:  3.4   DPTR FM NORMAL: -0.12       2 = FOG REDUCING VISIBILITY  
HIGHEST:    52 ON 14    GRTST 24HR   0.14 ON  6        TO 1/4 MILE OR LESS   
LOWEST:      7 ON  9                               3 = THUNDER                
                        SNOW, ICE PELLETS, HAIL    4 = ICE PELLETS              
                        TOTAL MONTH: 0.5   INCH  5 = HAIL                     
                        GRTST 24HR   0.5 ON  6     6 = GLAZE OR RIME            
                        GRTST DEPTH:    0          7 = BLOWING DUST OR SAND:    
                                                       VSBY 1/2 MILE OR LESS    
                                                   8 = SMOKE OR HAZE            
[NO. OF DAYS WITH]      [WEATHER - DAYS WITH]      9 = BLOWING SNOW             
                                                   X = TORNADO                  
MAX 32 OR BELOW:   2    0.01 INCH OR MORE:   9                                  
MAX 70 OR ABOVE:   0    0.10 INCH OR MORE:   1                                  
MIN 32 OR BELOW:  11    0.50 INCH OR MORE:   0                                  
MIN  0 OR BELOW:   0    1.00 INCH OR MORE:   0                                  

[HDD (BASE 65) ]                                                                
TOTAL THIS MO.   511    CLEAR  (SCALE 0-3)   M                                  
DPTR FM NORMAL   -65    PTCLDY (SCALE 4-7)   M                                  
SEASONAL TOTAL  8115    CLOUDY (SCALE 8-10)  M                                
DPTR FM NORMAL -1344                                                            

[CDD (BASE 65) ]                                                                
TOTAL THIS MO.     0                                                            
DPTR FM NORMAL     0    [PRESSURE DATA]                                         
SEASONAL TOTAL     0    HIGHEST SLP     M                                 
DPTR FM NORMAL     0    LOWEST  SLP     M                                 

[REMARKS]