CXAK56 PADQ 160914
CF6ADQ

PRELIMINARY LOCAL CLIMATOLOGICAL DATA (WS FORM: F-6)

                                          STATION:   KODIAK
                                          MONTH:     09
                                          YEAR:      2014
                                          LATITUDE:   57 45 N                   
                                          LONGITUDE: 152 30 W                   

  TEMPERATURE IN F:       :PCPN:    SNOW:  WIND      :SUNSHINE: SKY     :PK WND 
================================================================================
1   2   3   4   5  6A  6B    7     8   9   10  11  12  13   14  15   16  17  18
                                      12Z  AVG MX 2MIN
DY MAX MIN AVG DEP HDD CDD  WTR   SNW DPTH SPD SPD DIR MIN PSBL S-S WX   SPD DR
================================================================================

 1  65  43  54   1  11   0  0.00  0.0   0  7.7 20  260   M    M   M       24 250
 2  64  46  55   2  10   0  0.00  0.0   0  5.5 10   50   M    M   M       14 340
 3  57  49  53   0  12   0  0.55  0.0   0  4.3 13  290   M    M   M 1     17 290
 4  64  51  58   5   7   0  1.04  0.0   0  3.7 14  310   M    M   M 1     22  10
 5  63  53  58   6   7   0  0.10  0.0   0  3.5 13  290   M    M   M 12    15 320
 6  64  50  57   5   8   0  0.00  0.0   0  3.3 10  330   M    M   M 12    14 230
 7  60  49  55   3  10   0  0.01  0.0   0  2.4  8   90   M    M   M        9  90
 8  67  53  60   8   5   0     T  0.0   0  4.6 17  140   M    M   M       20 130
 9  58  53  56   5   9   0  0.55  0.0   0  4.8 15  310   M    M   M 1     20 310
10  63  54  59   8   6   0  0.05  0.0   0  0.0 10  140   M    M   M 1     14 150
11  57  53  55   4  10   0  0.52  0.0   0 11.4 28   50   M    M   M 1     34  30
12  62  51  57   6   8   0  1.09  0.0   0 11.3 25  160   M    M   M 1     34 160
13  59  46  53   3  12   0  0.17  0.0   0  7.4 17  140   M    M   M 1     23 130
14  56  51  54   4  11   0  1.99  0.0   0 12.5 29  130   M    M   M 1     37 120
15  62  46  54   4  11   0  0.13  0.0   0  4.1 21  270   M    M   M       25 270
================================================================================
SM  921  748       137   0  6.20 0.0     86.5           M        M
================================================================================
AV 61.4 49.9                              5.8 FASTST  PSBL  %   M    MAX(MPH)
                                 MISC ---->     29  130                 37 120
================================================================================
NOTES:

COLUMN 17 PEAK WIND IN M.P.H.

PRELIMINARY LOCAL CLIMATOLOGICAL DATA (WS FORM: F-6) , PAGE 2

                                          STATION:   KODIAK
                                          MONTH:     09
                                          YEAR:      2014
                                          LATITUDE:  57 45 N                   
                                          LONGITUDE: 152 30 W                   

[TEMPERATURE DATA]      [PRECIPITATION DATA]       SYMBOLS USED IN COLUMN 16    

AVERAGE MONTHLY:55.6   TOTAL FOR MONTH: 6.20       1 = FOG              
DPTR FM NORMAL:  4.0   DPTR FM NORMAL: 2.96       2 = FOG REDUCING VISIBILITY  
HIGHEST:    67 ON  8    GRTST 24HR   1.99 ON 14        TO 1/4 MILE OR LESS   
LOWEST:     43 ON  1                               3 = THUNDER                
                        SNOW, ICE PELLETS, HAIL    4 = ICE PELLETS              
                        TOTAL MONTH: 0.0         5 = HAIL                     
                        GRTST 24HR   0.0           6 = GLAZE OR RIME            
                        GRTST DEPTH:    0          7 = BLOWING DUST OR SAND:    
                                                       VSBY 1/2 MILE OR LESS    
                                                   8 = SMOKE OR HAZE            
[NO. OF DAYS WITH]      [WEATHER - DAYS WITH]      9 = BLOWING SNOW             
                                                   X = TORNADO                  
MAX 32 OR BELOW:   0    0.01 INCH OR MORE:  11                                  
MAX 70 OR ABOVE:   0    0.10 INCH OR MORE:   9                                  
MIN 32 OR BELOW:   0    0.50 INCH OR MORE:   6                                  
MIN  0 OR BELOW:   0    1.00 INCH OR MORE:   3                                  

[HDD (BASE 65) ]                                                                
TOTAL THIS MO.   137    CLEAR  (SCALE 0-3)   M                                  
DPTR FM NORMAL   -64    PTCLDY (SCALE 4-7)   M                                  
SEASONAL TOTAL   638    CLOUDY (SCALE 8-10)  M                                
DPTR FM NORMAL  -193                                                            

[CDD (BASE 65) ]                                                                
TOTAL THIS MO.     0                                                            
DPTR FM NORMAL     0    [PRESSURE DATA]                                         
SEASONAL TOTAL     4    HIGHEST SLP     M                                 
DPTR FM NORMAL     4    LOWEST  SLP     M                                 

[REMARKS]