CXAK56 PADQ 211139
CF6ADQ

PRELIMINARY LOCAL CLIMATOLOGICAL DATA (WS FORM: F-6)

                                          STATION:   KODIAK
                                          MONTH:     08
                                          YEAR:      2014
                                          LATITUDE:   57 45 N                   
                                          LONGITUDE: 152 30 W                   

  TEMPERATURE IN F:       :PCPN:    SNOW:  WIND      :SUNSHINE: SKY     :PK WND 
================================================================================
1   2   3   4   5  6A  6B    7     8   9   10  11  12  13   14  15   16  17  18
                                      12Z  AVG MX 2MIN
DY MAX MIN AVG DEP HDD CDD  WTR   SNW DPTH SPD SPD DIR MIN PSBL S-S WX   SPD DR
================================================================================

 1  62  49  56   0   9   0  0.00  0.0   0  3.9  9  110   M    M   M 1     26 330
 2  65  54  60   4   5   0  0.29  0.0   0  9.3 16   40   M    M   M 1     22  30
 3  62  54  58   2   7   0  0.20  0.0   0  9.6 17  350   M    M   M 1     25 360
 4  65  54  60   4   5   0  0.15  0.0   0  8.5 17  290   M    M   M 1     24 280
 5  58  54  56   0   9   0  0.34  0.0   0  8.4 21  290   M    M   M 1     26 310
 6  62  55  59   3   6   0  0.01  0.0   0  4.9 10  290   M    M   M 1     16 310
 7  58  55  57   1   8   0  0.53  0.0   0 11.9 25  100   M    M   M 1     31 100
 8  57  55  56   0   9   0  0.26  0.0   0  9.5 13   60   M    M   M 18    16  60
 9  59  55  57   1   8   0  0.55  0.0   0  7.9 14   40   M    M   M 12    15  30
10  59  55  57   1   8   0  1.53  0.0   0  9.9 21  360   M    M   M 12    28  10
11  58  54  56   0   9   0  0.31  0.0   0  7.3 21   30   M    M   M 1     26  20
12  63  54  59   3   6   0  0.62  0.0   0 11.1 18   90   M    M   M 1     23  90
13  62  54  58   2   7   0  0.02  0.0   0  7.6 13  100   M    M   M 1     15  90
14  61  54  58   2   7   0  0.12  0.0   0  6.4 13  110   M    M   M 1     15 110
15  64  51  58   2   7   0  0.22  0.0   0  9.2 29  100   M    M   M 18    36  90
16  63  54  59   4   6   0  0.31  0.0   0 11.8 18  160   M    M   M 18    23 140
17  69  48  59   4   6   0  0.02  0.0   0  5.6 18  280   M    M   M 1     22 250
18  69  50  60   5   5   0  0.00  0.0   0  9.0 22  260   M    M   M       29 280
19  62  47  55   0  10   0  0.00  0.0   0  4.7  9  280   M    M   M       10 270
20  58  46  52  -3  13   0  0.00  0.0   0  3.0  8  260   M    M   M 18     9  70
================================================================================
SM 1236 1052       150   0  5.48 0.0    159.5           M        M
================================================================================
AV 61.8 52.6                              8.0 FASTST  PSBL  %   M    MAX(MPH)
                                 MISC ---->     29  100                 36  90
================================================================================
NOTES:

COLUMN 17 PEAK WIND IN M.P.H.

PRELIMINARY LOCAL CLIMATOLOGICAL DATA (WS FORM: F-6) , PAGE 2

                                          STATION:   KODIAK
                                          MONTH:     08
                                          YEAR:      2014
                                          LATITUDE:  57 45 N                   
                                          LONGITUDE: 152 30 W                   

[TEMPERATURE DATA]      [PRECIPITATION DATA]       SYMBOLS USED IN COLUMN 16    

AVERAGE MONTHLY:57.2   TOTAL FOR MONTH: 5.48       1 = FOG              
DPTR FM NORMAL:  1.5   DPTR FM NORMAL: 2.68       2 = FOG REDUCING VISIBILITY  
HIGHEST:    69 ON 18    GRTST 24HR   1.53 ON 10        TO 1/4 MILE OR LESS   
LOWEST:     46 ON 20                               3 = THUNDER                
                        SNOW, ICE PELLETS, HAIL    4 = ICE PELLETS              
                        TOTAL MONTH: 0.0         5 = HAIL                     
                        GRTST 24HR   0.0           6 = GLAZE OR RIME            
                        GRTST DEPTH:    0          7 = BLOWING DUST OR SAND:    
                                                       VSBY 1/2 MILE OR LESS    
                                                   8 = SMOKE OR HAZE            
[NO. OF DAYS WITH]      [WEATHER - DAYS WITH]      9 = BLOWING SNOW             
                                                   X = TORNADO                  
MAX 32 OR BELOW:   0    0.01 INCH OR MORE:  16                                  
MAX 70 OR ABOVE:   0    0.10 INCH OR MORE:  13                                  
MIN 32 OR BELOW:   0    0.50 INCH OR MORE:   4                                  
MIN  0 OR BELOW:   0    1.00 INCH OR MORE:   1                                  

[HDD (BASE 65) ]                                                                
TOTAL THIS MO.   150    CLEAR  (SCALE 0-3)   M                                  
DPTR FM NORMAL   -36    PTCLDY (SCALE 4-7)   M                                  
SEASONAL TOTAL   390    CLOUDY (SCALE 8-10)  M                                
DPTR FM NORMAL  -122                                                            

[CDD (BASE 65) ]                                                                
TOTAL THIS MO.     0                                                            
DPTR FM NORMAL     0    [PRESSURE DATA]                                         
SEASONAL TOTAL     4    HIGHEST SLP     M                                 
DPTR FM NORMAL     4    LOWEST  SLP     M                                 

[REMARKS]