CXAK56 PADQ 241310
CF6ADQ

PRELIMINARY LOCAL CLIMATOLOGICAL DATA (WS FORM: F-6)

                                          STATION:   KODIAK
                                          MONTH:     06
                                          YEAR:      2016
                                          LATITUDE:   57 45 N                   
                                          LONGITUDE: 152 30 W                   

  TEMPERATURE IN F:       :PCPN:    SNOW:  WIND      :SUNSHINE: SKY     :PK WND 
================================================================================
1   2   3   4   5  6A  6B    7     8   9   10  11  12  13   14  15   16  17  18
                                      12Z  AVG MX 2MIN
DY MAX MIN AVG DEP HDD CDD  WTR   SNW DPTH SPD SPD DIR MIN PSBL S-S WX   SPD DR
================================================================================

 1  50  48  49   2  16   0  0.50  0.0   0 13.7 21   40   M    M   M 1     25  30
 2  51  48  50   3  15   0  0.13  0.0   0  0.0 13   40   M    M   M 1     17  30
 3  54  44  49   2  16   0  0.04  0.0   0  6.1 12   50   M    M   M 1     13  40
 4  52  43  48   0  17   0  0.17  0.0   0  5.8 14   50   M    M   M 1     15  50
 5  51  42  47  -1  18   0  0.14  0.0   0  7.3 16   90   M    M   M 18    19  90
 6  59  38  49   1  16   0  0.12  0.0   0  5.7 13  130   M    M   M 1     15 140
 7  56  45  51   3  14   0  0.16  0.0   0  7.5 16   40   M    M   M 1     21  10
 8  69  45  57   9   8   0  0.00  0.0   0  7.3 13  280   M    M   M       17 290
 9  65  44  55   7  10   0  0.04  0.0   0  9.2 18  160   M    M   M 1     23 190
10  58  49  54   5  11   0  0.14  0.0   0  6.3 13  290   M    M   M 1     18 320
11  57  44  51   2  14   0  0.00  0.0   0  6.7 16  200   M    M   M       20 190
12  59  39  49   0  16   0  0.01  0.0   0  6.9 17  270   M    M   M 1     23 280
13  67  53  60  11   5   0  0.00  0.0   0 15.1 25  270   M    M   M       36 280
14  68  53  61  12   4   0  0.00  0.0   0 12.9 26  290   M    M   M       36 280
15  74  50  62  12   3   0  0.00  0.0   0  9.2 20  290   M    M   M       24 280
16  70  47  59   9   6   0  0.00  0.0   0  9.2 18  140   M    M   M       24 140
17  56  51  54   4  11   0  0.08  0.0   0 12.2 18  110   M    M   M 1     21 100
18  55  51  53   3  12   0  0.03  0.0   0 13.3 22  140   M    M   M 1     27 150
19  59  51  55   5  10   0  0.23  0.0   0  6.7 18  160   M    M   M 1     22 140
20  62  46  54   3  11   0  0.00  0.0   0  7.1 17  270   M    M   M       22 270
21  71  48  60   9   5   0  0.00  0.0   0  9.5 18  290   M    M   M       23 290
22  69  50  60   9   5   0  0.00  0.0   0  6.1 12  310   M    M   M       14 300
23  57  52  55   4  10   0  0.02  0.0   0  6.9 16  310   M    M   M 1     21 300
================================================================================
SM 1389 1081       253   0  1.81 0.0    190.7           M        M
================================================================================
AV 60.4 47.0                              8.3 FASTST  PSBL  %   M    MAX(MPH)
                                 MISC ---->     26  290               # 36 280
================================================================================
NOTES:

COLUMN 17 PEAK WIND IN M.P.H.

PRELIMINARY LOCAL CLIMATOLOGICAL DATA (WS FORM: F-6) , PAGE 2

                                          STATION:   KODIAK
                                          MONTH:     06
                                          YEAR:      2016
                                          LATITUDE:  57 45 N                   
                                          LONGITUDE: 152 30 W                   

[TEMPERATURE DATA]      [PRECIPITATION DATA]       SYMBOLS USED IN COLUMN 16    

AVERAGE MONTHLY:53.7   TOTAL FOR MONTH: 1.81       1 = FOG              
DPTR FM NORMAL:  4.7   DPTR FM NORMAL: -2.88       2 = FOG REDUCING VISIBILITY  
HIGHEST:    74 ON 15    GRTST 24HR   0.50 ON  1        TO 1/4 MILE OR LESS   
LOWEST:     38 ON  6                               3 = THUNDER                
                        SNOW, ICE PELLETS, HAIL    4 = ICE PELLETS              
                        TOTAL MONTH: 0.0         5 = HAIL                     
                        GRTST 24HR   0.0           6 = GLAZE OR RIME            
                        GRTST DEPTH:    0          7 = BLOWING DUST OR SAND:    
                                                       VSBY 1/2 MILE OR LESS    
                                                   8 = SMOKE OR HAZE            
[NO. OF DAYS WITH]      [WEATHER - DAYS WITH]      9 = BLOWING SNOW             
                                                   X = TORNADO                  
MAX 32 OR BELOW:   0    0.01 INCH OR MORE:  14                                  
MAX 70 OR ABOVE:   3    0.10 INCH OR MORE:   8                                  
MIN 32 OR BELOW:   0    0.50 INCH OR MORE:   1                                  
MIN  0 OR BELOW:   0    1.00 INCH OR MORE:   0                                  

[HDD (BASE 65) ]                                                                
TOTAL THIS MO.   253    CLEAR  (SCALE 0-3)   M                                  
DPTR FM NORMAL  -115    PTCLDY (SCALE 4-7)   M                                  
SEASONAL TOTAL  7170    CLOUDY (SCALE 8-10)  M                                
DPTR FM NORMAL -1532                                                            

[CDD (BASE 65) ]                                                                
TOTAL THIS MO.     0                                                            
DPTR FM NORMAL     0    [PRESSURE DATA]                                         
SEASONAL TOTAL     0    HIGHEST SLP     M                                 
DPTR FM NORMAL     0    LOWEST  SLP     M                                 

[REMARKS]