CXAK56 PACD 291021
CF6CDB

PRELIMINARY LOCAL CLIMATOLOGICAL DATA (WS FORM: F-6)

                                          STATION:   COLD BAY
                                          MONTH:     06
                                          YEAR:      2016
                                          LATITUDE:   55 13 N                   
                                          LONGITUDE: 162 44 W                   

  TEMPERATURE IN F:       :PCPN:    SNOW:  WIND      :SUNSHINE: SKY     :PK WND 
================================================================================
1   2   3   4   5  6A  6B    7     8   9   10  11  12  13   14  15   16  17  18
                                      12Z  AVG MX 2MIN
DY MAX MIN AVG DEP HDD CDD  WTR   SNW DPTH SPD SPD DIR MIN PSBL S-S WX   SPD DR
================================================================================

 1  53  41  47   4  18   0     T  0.0   0  6.1 14  160   M    M   M 1     16 160
 2  51  44  48   4  17   0  0.05  0.0   0  9.8 18  340   M    M   M 1     22 280
 3  47  43  45   1  20   0  0.01  0.0   0 13.2 20  300   M    M   M 1     22 280
 4  51  41  46   2  19   0     T  0.0   0  7.8 22  150   M    M   M       26 150
 5  55  44  50   6  15   0     T  0.0   0 15.3 23  160   M    M   M       28 160
 6  58  41  50   6  15   0     T  0.0   0  8.3 17  290   M    M   M 1     21 290
 7  60  43  52   7  13   0  0.00  0.0   0  9.9 22  150   M    M   M 1     26 150
 8  49  44  47   2  18   0  0.03  0.0   0 23.0 30  150   M    M   M       37 140
 9  52  45  49   4  16   0  0.18  0.0   0 16.8 30  140   M    M   M 1     37 140
10  54  41  48   3  17   0  0.06  0.0   0 16.5 29  160   M    M   M 1     34 160
11  51  43  47   1  18   0  0.53  0.0   0 10.9 17  300   M    M   M 1     20 130
12  55  44  50   4  15   0  0.00  0.0   0 15.5 23  260   M    M   M       26 270
13  54  41  48   2  17   0  0.00  0.0   0  8.6 13  330   M    M   M       17 280
14  57  32  45  -1  20   0  0.00  0.0   0  8.8 20  140   M    M   M 1     26 150
15  58  47  53   7  12   0  0.00  0.0   0 17.1 28  140   M    M   M       34 150
16  56  46  51   4  14   0  0.22  0.0   0 21.8 32  270   M    M   M 1     38 270
17  52  44  48   1  17   0  0.02  0.0   0  8.9 18  270   M    M   M 1     22 250
18  54  46  50   3  15   0  0.12  0.0   0 24.8 45  140   M    M   M 1     58 150
19  55  44  50   3  15   0     T  0.0   0 12.9 29  260   M    M   M 1     34 260
20  57  37  47   0  18   0  0.00  0.0   0  8.3 17  250   M    M   M 1     21 280
21  58  39  49   2  16   0  0.05  0.0   0 21.7 39  140   M    M   M       49 150
22  60  48  54   6  11   0     T  0.0   0 23.5 45  170   M    M   M 1     58 170
23  50  47  49   1  16   0  0.28  0.0   0 22.2 36  260   M    M   M 1     43 260
24  49  47  48   0  17   0  0.06  0.0   0 24.9 38  260   M    M   M 1     46 260
25  52  46  49   1  16   0  0.12  0.0   0 16.3 21  280   M    M   M 12    25 320
26  52  45  49   1  16   0  0.00  0.0   0 11.8 21  290   M    M   M 12    24 280
27  62  42  52   3  13   0  0.00  0.0   0  5.7 10  120   M    M   M 2     11 120
28  61  45  53   4  12   0  0.00  0.0   0 21.3 29  160   M    M   M 1     37 160
================================================================================
SM 1523 1210       446   0  1.73 0.0    411.7           M        M
================================================================================
AV 54.4 43.2                             14.7 FASTST  PSBL  %   M    MAX(MPH)
                                 MISC ---->  #  45  170               # 58 170
================================================================================
NOTES:

COLUMN 17 PEAK WIND IN M.P.H.

PRELIMINARY LOCAL CLIMATOLOGICAL DATA (WS FORM: F-6) , PAGE 2

                                          STATION:   COLD BAY
                                          MONTH:     06
                                          YEAR:      2016
                                          LATITUDE:  55 13 N                   
                                          LONGITUDE: 162 44 W                   

[TEMPERATURE DATA]      [PRECIPITATION DATA]       SYMBOLS USED IN COLUMN 16    

AVERAGE MONTHLY:48.8   TOTAL FOR MONTH: 1.73       1 = FOG              
DPTR FM NORMAL:  2.6   DPTR FM NORMAL: -0.82       2 = FOG REDUCING VISIBILITY  
HIGHEST:    62 ON 27    GRTST 24HR   0.53 ON 11        TO 1/4 MILE OR LESS   
LOWEST:     32 ON 14                               3 = THUNDER                
                        SNOW, ICE PELLETS, HAIL    4 = ICE PELLETS              
                        TOTAL MONTH: 0.0         5 = HAIL                     
                        GRTST 24HR   0.0           6 = GLAZE OR RIME            
                        GRTST DEPTH:    0          7 = BLOWING DUST OR SAND:    
                                                       VSBY 1/2 MILE OR LESS    
                                                   8 = SMOKE OR HAZE            
[NO. OF DAYS WITH]      [WEATHER - DAYS WITH]      9 = BLOWING SNOW             
                                                   X = TORNADO                  
MAX 32 OR BELOW:   0    0.01 INCH OR MORE:  13                                  
MAX 70 OR ABOVE:   0    0.10 INCH OR MORE:   6                                  
MIN 32 OR BELOW:   1    0.50 INCH OR MORE:   1                                  
MIN  0 OR BELOW:   0    1.00 INCH OR MORE:   0                                  

[HDD (BASE 65) ]                                                                
TOTAL THIS MO.   446    CLEAR  (SCALE 0-3)   M                                  
DPTR FM NORMAL   -84    PTCLDY (SCALE 4-7)   M                                  
SEASONAL TOTAL  8534    CLOUDY (SCALE 8-10)  M                                
DPTR FM NORMAL  -994                                                            

[CDD (BASE 65) ]                                                                
TOTAL THIS MO.     0                                                            
DPTR FM NORMAL     0    [PRESSURE DATA]                                         
SEASONAL TOTAL     0    HIGHEST SLP     M                                 
DPTR FM NORMAL     0    LOWEST  SLP     M                                 

[REMARKS]