CXAK56 PACD 241201
CF6CDB

PRELIMINARY LOCAL CLIMATOLOGICAL DATA (WS FORM: F-6)

                                          STATION:   COLD BAY
                                          MONTH:     05
                                          YEAR:      2016
                                          LATITUDE:   55 13 N                   
                                          LONGITUDE: 162 44 W                   

  TEMPERATURE IN F:       :PCPN:    SNOW:  WIND      :SUNSHINE: SKY     :PK WND 
================================================================================
1   2   3   4   5  6A  6B    7     8   9   10  11  12  13   14  15   16  17  18
                                      12Z  AVG MX 2MIN
DY MAX MIN AVG DEP HDD CDD  WTR   SNW DPTH SPD SPD DIR MIN PSBL S-S WX   SPD DR
================================================================================

 1  44  37  41   4  24   0  0.07  0.0   0 16.7 25  280   M    M   M 1     30 290
 2  47  32  40   2  25   0     T  0.0   0  9.5 20  150   M    M   M 1     23 150
 3  48  38  43   5  22   0  0.13  0.0   0 10.4 18  130   M    M   M 1     23 130
 4  49  32  41   3  24   0  0.04  0.0   0  8.2 22   40   M    M   M       25  20
 5  47  38  43   5  22   0     T  0.0   0 24.7 36  340   M    M   M 1     41 330
 6  44  34  39   1  26   0  0.03  0.0   0 20.2 33  310   M    M   M 1     40 330
 7  48  35  42   3  23   0     T  0.0   0 25.5 40  150   M    M   M 1     46 150
 8  50  41  46   7  19   0  0.08  0.0   0 22.5 36  160   M    M   M 1     41 160
 9  43  40  42   3  23   0  0.02  0.0   0 32.8 49  150   M    M   M 1     59 150
10  46  40  43   4  22   0  0.58  0.0   0 26.9 39  150   M    M   M 1     46 140
11  48  38  43   4  22   0  0.01  0.0   0 18.9 28  160   M    M   M       34 160
12  51  34  43   3  22   0  0.00  0.0   0 12.1 22  160   M    M   M       26 140
13  49  31  40   0  25   0  0.01  0.0   0  8.1 21   20   M    M   M 1     24  20
14  60  34  47   7  18   0  0.00  0.0   0  7.1 13  310   M    M   M 12    19 300
15  63  36  50  10  15   0  0.00  0.0   0  8.8 20   10   M    M   M 12    24  10
16  55  39  47   7  18   0  0.00  0.0   0 13.7 21  280   M    M   M 1     26 300
17  45  40  43   2  22   0     T  0.0   0 16.5 23  290   M    M   M 1     25 290
18  52  39  46   5  19   0  0.01  0.0   0 12.3 25  170   M    M   M 1     30 180
19  47  38  43   2  22   0  0.15  0.0   0  9.8 20  170   M    M   M 1     22 170
20  46  39  43   2  22   0  0.36  0.0   0 15.4 31  280   M    M   M 1     35 280
21  50  38  44   3  21   0  0.03  0.0   0 19.6 39  160   M    M   M       49 160
22  50  44  47   5  18   0  0.04  0.0   0 16.2 31  150   M    M   M 1     49 150
23  49  42  46   4  19   0  0.02  0.0   0  9.1 25  140   M    M   M 1     30 140
================================================================================
SM 1131  859       493   0  1.58 0.0    365.0           M        M
================================================================================
AV 49.2 37.3                             15.9 FASTST  PSBL  %   M    MAX(MPH)
                                 MISC ---->     49  150                 59 150
================================================================================
NOTES:

COLUMN 17 PEAK WIND IN M.P.H.

PRELIMINARY LOCAL CLIMATOLOGICAL DATA (WS FORM: F-6) , PAGE 2

                                          STATION:   COLD BAY
                                          MONTH:     05
                                          YEAR:      2016
                                          LATITUDE:  55 13 N                   
                                          LONGITUDE: 162 44 W                   

[TEMPERATURE DATA]      [PRECIPITATION DATA]       SYMBOLS USED IN COLUMN 16    

AVERAGE MONTHLY:43.3   TOTAL FOR MONTH: 1.58       1 = FOG              
DPTR FM NORMAL:  3.7   DPTR FM NORMAL: -0.27       2 = FOG REDUCING VISIBILITY  
HIGHEST:    63 ON 15    GRTST 24HR   0.58 ON 10        TO 1/4 MILE OR LESS   
LOWEST:     31 ON 13                               3 = THUNDER                
                        SNOW, ICE PELLETS, HAIL    4 = ICE PELLETS              
                        TOTAL MONTH: 0.0         5 = HAIL                     
                        GRTST 24HR   0.0           6 = GLAZE OR RIME            
                        GRTST DEPTH:    0          7 = BLOWING DUST OR SAND:    
                                                       VSBY 1/2 MILE OR LESS    
                                                   8 = SMOKE OR HAZE            
[NO. OF DAYS WITH]      [WEATHER - DAYS WITH]      9 = BLOWING SNOW             
                                                   X = TORNADO                  
MAX 32 OR BELOW:   0    0.01 INCH OR MORE:  15                                  
MAX 70 OR ABOVE:   0    0.10 INCH OR MORE:   4                                  
MIN 32 OR BELOW:   3    0.50 INCH OR MORE:   1                                  
MIN  0 OR BELOW:   0    1.00 INCH OR MORE:   0                                  

[HDD (BASE 65) ]                                                                
TOTAL THIS MO.   493    CLEAR  (SCALE 0-3)   M                                  
DPTR FM NORMAL   -92    PTCLDY (SCALE 4-7)   M                                  
SEASONAL TOTAL  7952    CLOUDY (SCALE 8-10)  M                                
DPTR FM NORMAL  -866                                                            

[CDD (BASE 65) ]                                                                
TOTAL THIS MO.     0                                                            
DPTR FM NORMAL     0    [PRESSURE DATA]                                         
SEASONAL TOTAL     0    HIGHEST SLP     M                                 
DPTR FM NORMAL     0    LOWEST  SLP     M                                 

[REMARKS]