CXAK56 PACD 291120
CF6CDB

PRELIMINARY LOCAL CLIMATOLOGICAL DATA (WS FORM: F-6)

                                          STATION:   COLD BAY
                                          MONTH:     08
                                          YEAR:      2015
                                          LATITUDE:   55 13 N                   
                                          LONGITUDE: 162 44 W                   

  TEMPERATURE IN F:       :PCPN:    SNOW:  WIND      :SUNSHINE: SKY     :PK WND 
================================================================================
1   2   3   4   5  6A  6B    7     8   9   10  11  12  13   14  15   16  17  18
                                      12Z  AVG MX 2MIN
DY MAX MIN AVG DEP HDD CDD  WTR   SNW DPTH SPD SPD DIR MIN PSBL S-S WX   SPD DR
================================================================================

 1  56  50  53   1  12   0  0.00  0.0   0 12.1 20  340   M    M   M       24 350
 2  60  49  55   3  10   0  0.00  0.0   0 14.7 26  360   M    M   M       33  10
 3  57  51  54   2  11   0  0.40  0.0   0 12.8 24  350   M    M   M 1     33  10
 4  58  50  54   2  11   0  0.00  0.0   0 15.2 23  360   M    M   M 1     29 360
 5  53  49  51  -1  14   0  0.02  0.0   0 14.4 21  290   M    M   M 1     25 290
 6  57  47  52   0  13   0  0.00  0.0   0  6.5 13  300   M    M   M       18 310
 7  56  50  53   1  12   0  0.01  0.0   0 16.6 29  140   M    M   M       35 150
 8  64  51  58   6   7   0  0.06  0.0   0 18.1 31  150   M    M   M 1     40 150
 9  53  48  51  -1  14   0  0.01  0.0   0 19.5 30  250   M    M   M 1     36 250
10  59  48  54   2  11   0  0.00  0.0   0 10.0 21  360   M    M   M 1     25 360
11  59  44  52   0  13   0  0.00  0.0   0 12.3 18  280   M    M   M       22  20
12  58  41  50  -2  15   0  0.00  0.0   0  5.1 15  120   M    M   M       21 110
13  58  48  53   1  12   0     T  0.0   0  8.2 20  140   M    M   M       24 140
14  53  49  51  -1  14   0  0.27  0.0   0 20.5 28  150   M    M   M 1     34 160
15  58  50  54   2  11   0  0.03  0.0   0  8.8 24  150   M    M   M       29 150
16  54  51  53   1  12   0  0.08  0.0   0 18.5 30  130   M    M   M 1     39 140
17  55  51  53   1  12   0  0.04  0.0   0 15.0 26  290   M    M   M 1     31 270
18  57  48  53   1  12   0  0.03  0.0   0 10.3 21  290   M    M   M 1     25 290
19  62  45  54   2  11   0     T  0.0   0  9.9 21  360   M    M   M       25  10
20  60  38  49  -3  16   0  0.01  0.0   0  7.7 18  320   M    M   M       21 280
21  59  49  54   2  11   0  0.05  0.0   0 17.1 25  290   M    M   M 1     29 290
22  53  49  51  -1  14   0  0.09  0.0   0 21.0 28  270   M    M   M 1     34 280
23  54  49  52   0  13   0  0.06  0.0   0 19.4 25  290   M    M   M 1     30 280
24  57  48  53   1  12   0  0.00  0.0   0 10.1 17  290   M    M   M       20 280
25  58  47  53   1  12   0  0.00  0.0   0  4.1 12  120   M    M   M       14 110
26  70  47  59   7   6   0  0.00  0.0   0 16.5 31  270   M    M   M       36 270
27  57  50  54   2  11   0  0.02  0.0   0 20.3 30  270   M    M   M 1     38 250
28  56  50  53   1  12   0  0.04  0.0   0 17.0 30  250   M    M   M 1     38 250
================================================================================
SM 1611 1347       334   0  1.22 0.0    381.7           M        M
================================================================================
AV 57.5 48.1                             13.6 FASTST  PSBL  %   M    MAX(MPH)
                                 MISC ---->  #  31  270                 40 150
================================================================================
NOTES:

COLUMN 17 PEAK WIND IN M.P.H.

PRELIMINARY LOCAL CLIMATOLOGICAL DATA (WS FORM: F-6) , PAGE 2

                                          STATION:   COLD BAY
                                          MONTH:     08
                                          YEAR:      2015
                                          LATITUDE:  55 13 N                   
                                          LONGITUDE: 162 44 W                   

[TEMPERATURE DATA]      [PRECIPITATION DATA]       SYMBOLS USED IN COLUMN 16    

AVERAGE MONTHLY:52.8   TOTAL FOR MONTH: 1.22       1 = FOG              
DPTR FM NORMAL:  0.8   DPTR FM NORMAL: -2.05       2 = FOG REDUCING VISIBILITY  
HIGHEST:    70 ON 26    GRTST 24HR   0.40 ON  3        TO 1/4 MILE OR LESS   
LOWEST:     38 ON 20                               3 = THUNDER                
                        SNOW, ICE PELLETS, HAIL    4 = ICE PELLETS              
                        TOTAL MONTH: 0.0         5 = HAIL                     
                        GRTST 24HR   0.0           6 = GLAZE OR RIME            
                        GRTST DEPTH:    0          7 = BLOWING DUST OR SAND:    
                                                       VSBY 1/2 MILE OR LESS    
                                                   8 = SMOKE OR HAZE            
[NO. OF DAYS WITH]      [WEATHER - DAYS WITH]      9 = BLOWING SNOW             
                                                   X = TORNADO                  
MAX 32 OR BELOW:   0    0.01 INCH OR MORE:  16                                  
MAX 70 OR ABOVE:   1    0.10 INCH OR MORE:   2                                  
MIN 32 OR BELOW:   0    0.50 INCH OR MORE:   0                                  
MIN  0 OR BELOW:   0    1.00 INCH OR MORE:   0                                  

[HDD (BASE 65) ]                                                                
TOTAL THIS MO.   334    CLEAR  (SCALE 0-3)   M                                  
DPTR FM NORMAL   -30    PTCLDY (SCALE 4-7)   M                                  
SEASONAL TOTAL   734    CLOUDY (SCALE 8-10)  M                                
DPTR FM NORMAL   -68                                                            

[CDD (BASE 65) ]                                                                
TOTAL THIS MO.     0                                                            
DPTR FM NORMAL     0    [PRESSURE DATA]                                         
SEASONAL TOTAL     0    HIGHEST SLP     M                                 
DPTR FM NORMAL     0    LOWEST  SLP     M                                 

[REMARKS]