CXAK56 PABR 010909
CF6BRW

PRELIMINARY LOCAL CLIMATOLOGICAL DATA (WS FORM: F-6)

                                          STATION:   BARROW
                                          MONTH:     01
                                          YEAR:      2015
                                          LATITUDE:   71 17 N                   
                                          LONGITUDE: 156 46 W                   

  TEMPERATURE IN F:       :PCPN:    SNOW:  WIND      :SUNSHINE: SKY     :PK WND 
================================================================================
1   2   3   4   5  6A  6B    7     8   9   10  11  12  13   14  15   16  17  18
                                      12Z  AVG MX 2MIN
DY MAX MIN AVG DEP HDD CDD  WTR   SNW DPTH SPD SPD DIR MIN PSBL S-S WX   SPD DR
================================================================================

 1  -2  -7  -4   7  69   0  0.00  0.0   6 19.3 28  110   M    M   M 1     32 110
 2  -5 -10  -7   5  72   0  0.00  0.0   6  9.3 18  130   M    M   M 1     19 130
 3  -5 -19 -12   0  77   0  0.00  0.0   6  6.5 12  150   M    M   M       13 270
 4  -5 -20 -12   0  77   0  0.00  0.0   6  9.9 14  110   M    M   M       16 100
 5  17 -17   0  12  65   0     T    T   6 12.3 21  320   M    M   M 1     24 310
 6   3 -17  -7   5  72   0  0.00  0.0   6  6.9 13  340   M    M   M       15 320
 7  -9 -20 -14  -1  79   0  0.00  0.0   6  9.8 16   60   M    M   M       18  70
 8   2 -13  -5   8  70   0  0.00  0.0   6 17.9 25   70   M    M   M       31  80
 9  10  -6   2  15  63   0  0.00  0.0   6 10.6 18  340   M    M   M       23 340
10   8 -11  -1  12  66   0  0.00  0.0   6 14.8 22  360   M    M   M       27  10
11 -11 -19 -15  -2  80   0  0.00  0.0   5 11.1 14   60   M    M   M       16  60
12 -14 -20 -17  -4  82   0  0.00  0.0   5 10.7 14   60   M    M   M       16  60
13 -13 -21 -17  -4  82   0  0.00  0.0   5 10.6 14   70   M    M   M 1     16  50
14  -9 -20 -14   0  79   0  0.00  0.0   5 13.8 22   50   M    M   M 1     25  50
15  -8 -11  -9   5  74   0  0.00  0.0   5 19.4 26   50   M    M   M 189   32  50
16  -8 -12 -10   4  75   0  0.00  0.0   5 21.2 31   70   M    M   M 189   36  70
17  -6 -10  -8   6  73   0     T  0.3   5 26.1 32   70   M    M   M 189   39  70
18  -7 -10  -8   6  73   0  0.13  1.5   5 17.8 28   70   M    M   M 19    31  70
19  -7 -23 -15  -1  80   0  0.02  0.2   5 12.5 20  110   M    M   M 1     23 110
20   0 -13  -6   8  71   0     T    T   5 14.2 24   80   M    M   M 189   29  80
21   3 -16  -6   8  71   0  0.07  2.0   7  6.2 12   80   M    M   M 1     12  80
22  -2 -15  -8   6  73   0     T    T   7  2.3  8  340   M    M   M 18    11 340
23  -3 -20 -11   3  76   0     T  0.2   7 15.4 21  290   M    M   M 9     27 320
24 -16 -22 -19  -5  84   0     T    T   7 15.0 20  290   M    M   M 189   22 290
25 -15 -22 -18  -4  83   0     T    T   7 15.2 21  270   M    M   M 19    25 280
26 -15 -22 -18  -4  83   0     T    T   7 15.5 22  290   M    M   M 9     25 280
27  -9 -17 -13   1  78   0  0.00  0.0   7 16.0 23  280   M    M   M       28 270
28 -13 -30 -21  -7  86   0  0.00  0.0   7  6.2 12  270   M    M   M 1     13 270
29  -9 -29 -19  -5  84   0  0.00  0.0   7  7.6 17  160   M    M   M 1     20 160
30  18  -9   5  19  60   0  0.04  0.4   7 23.7 37  240   M    M   M 19    43 240
31  11 -17  -3  11  68   0  0.00  0.0   7 13.6 26  270   M    M   M 9     30 270
================================================================================
SM -119 -518      2325   0  0.26 4.6    411.4           M        M
================================================================================
AV -3.8-16.7                             13.3 FASTST  PSBL  %   M    MAX(MPH)
                                 MISC ---->     37  240                 43 240
================================================================================
NOTES:

COLUMN 17 PEAK WIND IN M.P.H.

PRELIMINARY LOCAL CLIMATOLOGICAL DATA (WS FORM: F-6) , PAGE 2

                                          STATION:   BARROW
                                          MONTH:     01
                                          YEAR:      2015
                                          LATITUDE:  71 17 N                   
                                          LONGITUDE: 156 46 W                   

[TEMPERATURE DATA]      [PRECIPITATION DATA]       SYMBOLS USED IN COLUMN 16    

AVERAGE MONTHLY:-10.3   TOTAL FOR MONTH: 0.26       1 = FOG              
DPTR FM NORMAL:  3.1   DPTR FM NORMAL: 0.13       2 = FOG REDUCING VISIBILITY  
HIGHEST:    18 ON 30    GRTST 24HR   0.13 ON 18        TO 1/4 MILE OR LESS   
LOWEST:    -30 ON 28                               3 = THUNDER                
                        SNOW, ICE PELLETS, HAIL    4 = ICE PELLETS              
                        TOTAL MONTH: 4.6 INCHES  5 = HAIL                     
                        GRTST 24HR   2.0 ON 21     6 = GLAZE OR RIME            
                        GRTST DEPTH:    7 ON 31    7 = BLOWING DUST OR SAND:    
                                                       VSBY 1/2 MILE OR LESS    
                                                   8 = SMOKE OR HAZE            
[NO. OF DAYS WITH]      [WEATHER - DAYS WITH]      9 = BLOWING SNOW             
                                                   X = TORNADO                  
MAX 32 OR BELOW:  31    0.01 INCH OR MORE:   4                                  
MAX 70 OR ABOVE:   0    0.10 INCH OR MORE:   1                                  
MIN 32 OR BELOW:  31    0.50 INCH OR MORE:   0                                  
MIN  0 OR BELOW:  31    1.00 INCH OR MORE:   0                                  

[HDD (BASE 65) ]                                                                
TOTAL THIS MO.  2341    CLEAR  (SCALE 0-3)   M                                  
DPTR FM NORMAL   -88    PTCLDY (SCALE 4-7)   M                                  
SEASONAL TOTAL 10145    CLOUDY (SCALE 8-10)  M                                
DPTR FM NORMAL  -491                                                            

[CDD (BASE 65) ]                                                                
TOTAL THIS MO.     0                                                            
DPTR FM NORMAL     0    [PRESSURE DATA]                                         
SEASONAL TOTAL     0    HIGHEST SLP     M                                 
DPTR FM NORMAL     0    LOWEST  SLP     M                                 

[REMARKS]