CXAK56 PABR 301016
CF6BRW

PRELIMINARY LOCAL CLIMATOLOGICAL DATA (WS FORM: F-6)

                                          STATION:   BARROW
                                          MONTH:     03
                                          YEAR:      2015
                                          LATITUDE:   71 17 N                   
                                          LONGITUDE: 156 46 W                   

  TEMPERATURE IN F:       :PCPN:    SNOW:  WIND      :SUNSHINE: SKY     :PK WND 
================================================================================
1   2   3   4   5  6A  6B    7     8   9   10  11  12  13   14  15   16  17  18
                                      12Z  AVG MX 2MIN
DY MAX MIN AVG DEP HDD CDD  WTR   SNW DPTH SPD SPD DIR MIN PSBL S-S WX   SPD DR
================================================================================

 1 -12 -17 -14   0  79   0  0.00  0.0   5 13.9 30  270   M    M   M 9     35 260
 2   2 -12  -5   9  70   0     T  0.0   5 23.5 33  110   M    M   M 189   38 110
 3  15   2   9  24  56   0  0.10  0.9   6 16.1 29  270   M    M   M 19    34 270
 4   2 -10  -4  11  69   0  0.00  0.0   6 13.1 28  270   M    M   M 19    32 270
 5  -6 -19 -12   2  77   0  0.06  0.6   6  9.8 13   80   M    M   M 1     17  80
 6  -8 -17 -12   2  77   0  0.01  0.1   6  5.9 15   50   M    M   M 18    17  50
 7  -6 -12  -9   5  74   0  0.01  0.2   6 13.9 18   20   M    M   M 1     18  20
 8 -12 -20 -16  -2  81   0  0.00  0.0   6 10.6 15  280   M    M   M       24 330
 9  -9 -24 -16  -2  81   0     T  0.1   6 11.9 17  310   M    M   M       21 320
10 -15 -30 -22  -8  87   0  0.00  0.0   6  4.9 10  310   M    M   M       12 280
11 -23 -33 -28 -14  93   0  0.00  0.0   6  6.3 13  210   M    M   M 8     13 210
12 -25 -35 -30 -16  95   0  0.00  0.0   6  7.7 13  210   M    M   M       13 210
13 -22 -35 -28 -14  93   0  0.00  0.0   6  7.5 13  210   M    M   M 8     13 210
14 -15 -33 -24 -10  89   0     T    T   6 10.4 14  210   M    M   M 8     16 200
15 -11 -24 -17  -3  82   0  0.00  0.0   6  7.4 13  240   M    M   M 12    14 240
16  -6 -25 -15  -2  80   0  0.00  0.0   6 14.0 25   80   M    M   M 19    29  70
17  -1 -10  -5   8  70   0     T    T   6  5.5 15  110   M    M   M 1     17 120
18  -4 -12  -8   5  73   0  0.02  0.2   6  7.9 14   30   M    M   M 18    15  30
19  -6 -11  -8   5  73   0  0.03  0.3   6 13.8 18   40   M    M   M       23  40
20  -3 -10  -6   7  71   0  0.02  0.5   6 18.6 24   70   M    M   M 19    29  60
21   0  -5  -2  10  67   0  0.00  0.0   6  8.7 21   60   M    M   M 19    24  60
22   3 -10  -3   9  68   0  0.00  0.0   6  7.9 14  280   M    M   M 1     15 270
23  -5 -17 -11   1  76   0  0.00  0.0   6  6.1 10  280   M    M   M 1     14 270
24  -6 -24 -15  -4  80   0  0.00  0.0   6  8.3 18   70   M    M   M 12    20  70
25  -4 -13  -8   3  73   0     T    T   6  8.6 15   70   M    M   M 18    20  70
26   2 -13  -5   6  70   0     T    T   6 10.4 17   70   M    M   M 18    19  80
27  -1  -9  -5   5  70   0  0.01  0.1   6  8.8 13   70   M    M   M 1     14  50
28  -4 -10  -7   3  72   0     T    T   6 11.4 17   30   M    M   M 1     21  30
29   0 -11  -5   4  70   0  0.02  0.3   6 18.7 24   50   M    M   M 19    30  50
================================================================================
SM -180 -499      2216   0  0.28 3.3    311.6           M        M
================================================================================
AV -6.2-17.2                             10.7 FASTST  PSBL  %   M    MAX(MPH)
                                 MISC ---->     33  110                 38 110
================================================================================
NOTES:

COLUMN 17 PEAK WIND IN M.P.H.

PRELIMINARY LOCAL CLIMATOLOGICAL DATA (WS FORM: F-6) , PAGE 2

                                          STATION:   BARROW
                                          MONTH:     03
                                          YEAR:      2015
                                          LATITUDE:  71 17 N                   
                                          LONGITUDE: 156 46 W                   

[TEMPERATURE DATA]      [PRECIPITATION DATA]       SYMBOLS USED IN COLUMN 16    

AVERAGE MONTHLY:-11.7   TOTAL FOR MONTH: 0.28       1 = FOG              
DPTR FM NORMAL:  1.2   DPTR FM NORMAL: 0.20       2 = FOG REDUCING VISIBILITY  
HIGHEST:    15 ON  3    GRTST 24HR   0.10 ON  3        TO 1/4 MILE OR LESS   
LOWEST:    -35 ON 13                               3 = THUNDER                
                        SNOW, ICE PELLETS, HAIL    4 = ICE PELLETS              
                        TOTAL MONTH: 3.3 INCHES  5 = HAIL                     
                        GRTST 24HR   0.9 ON  3     6 = GLAZE OR RIME            
                        GRTST DEPTH:    6 ON 29    7 = BLOWING DUST OR SAND:    
                                                       VSBY 1/2 MILE OR LESS    
                                                   8 = SMOKE OR HAZE            
[NO. OF DAYS WITH]      [WEATHER - DAYS WITH]      9 = BLOWING SNOW             
                                                   X = TORNADO                  
MAX 32 OR BELOW:  29    0.01 INCH OR MORE:   9                                  
MAX 70 OR ABOVE:   0    0.10 INCH OR MORE:   1                                  
MIN 32 OR BELOW:  29    0.50 INCH OR MORE:   0                                  
MIN  0 OR BELOW:  28    1.00 INCH OR MORE:   0                                  

[HDD (BASE 65) ]                                                                
TOTAL THIS MO.  2232    CLEAR  (SCALE 0-3)   M                                  
DPTR FM NORMAL   -25    PTCLDY (SCALE 4-7)   M                                  
SEASONAL TOTAL 14359    CLOUDY (SCALE 8-10)  M                                
DPTR FM NORMAL  -746                                                            

[CDD (BASE 65) ]                                                                
TOTAL THIS MO.     0                                                            
DPTR FM NORMAL     0    [PRESSURE DATA]                                         
SEASONAL TOTAL     0    HIGHEST SLP     M                                 
DPTR FM NORMAL     0    LOWEST  SLP     M                                 

[REMARKS]