CXAK56 PABR 160904
CF6BRW

PRELIMINARY LOCAL CLIMATOLOGICAL DATA (WS FORM: F-6)

                                          STATION:   BARROW
                                          MONTH:     04
                                          YEAR:      2014
                                          LATITUDE:   71 17 N                   
                                          LONGITUDE: 156 46 W                   

  TEMPERATURE IN F:       :PCPN:    SNOW:  WIND      :SUNSHINE: SKY     :PK WND 
================================================================================
1   2   3   4   5  6A  6B    7     8   9   10  11  12  13   14  15   16  17  18
                                      12Z  AVG MX 2MIN
DY MAX MIN AVG DEP HDD CDD  WTR   SNW DPTH SPD SPD DIR MIN PSBL S-S WX   SPD DR
================================================================================

 1   7  -4   2  10  63   0     T  0.1   7  5.9 13  330   M    M   M 1     15 330
 2   6   1   4  11  61   0     T    T   7  6.4 13  210   M    M   M 1     14 210
 3   1 -11  -5   2  70   0     T    T   7  7.8 14  130   M    M   M       17 120
 4   1 -12  -5   1  70   0     T  0.1   7  3.5  8  300   M    M   M 1     11 320
 5  -3 -17 -10  -5  75   0  0.00    T   7  7.8 12  300   M    M   M       14 280
 6  -7 -25 -16 -11  81   0  0.00  0.0   7  6.3 10  220   M    M   M 1     11 210
 7  -3 -19 -11  -7  76   0  0.01  0.2   7  1.3  6  330   M    M   M 18     7 340
 8  -5 -19 -12  -9  77   0  0.00  0.0   7  6.3 10  320   M    M   M       12 270
 9 -11 -28 -19 -16  84   0  0.00  0.0   7  6.2  9  110   M    M   M       10 120
10   1 -25 -12 -10  77   0     T    T   7  3.2  8  150   M    M   M        9 150
11  -3 -21 -12 -11  77   0  0.00  0.0   7  7.1 13  170   M    M   M 2     14 180
12   1 -21 -10  -9  75   0  0.00  0.0   7  7.7 14  170   M    M   M       16 170
13  16 -15   1   1  64   0  0.00  0.0   7  8.4 16  130   M    M   M 1     18 130
14  27  11  19  18  46   0  0.16  0.1   7  4.8 10  160   M    M   M 28    11 150
15  28  18  23  22  42   0  0.03  0.6   7  7.7 15  250   M    M   M 1     17 250
================================================================================
SM   56 -187      1038   0  0.20 1.1     90.4           M        M
================================================================================
AV  3.7-12.5                              6.0 FASTST  PSBL  %   M    MAX(MPH)
                                 MISC ---->     16  130                 18 130
================================================================================
NOTES:

COLUMN 17 PEAK WIND IN M.P.H.

PRELIMINARY LOCAL CLIMATOLOGICAL DATA (WS FORM: F-6) , PAGE 2

                                          STATION:   BARROW
                                          MONTH:     04
                                          YEAR:      2014
                                          LATITUDE:  71 17 N                   
                                          LONGITUDE: 156 46 W                   

[TEMPERATURE DATA]      [PRECIPITATION DATA]       SYMBOLS USED IN COLUMN 16    

AVERAGE MONTHLY:-4.4   TOTAL FOR MONTH: 0.20       1 = FOG              
DPTR FM NORMAL: -1.1   DPTR FM NORMAL: 0.12       2 = FOG REDUCING VISIBILITY  
HIGHEST:    28 ON 15    GRTST 24HR   0.16 ON 14        TO 1/4 MILE OR LESS   
LOWEST:    -28 ON  9                               3 = THUNDER                
                        SNOW, ICE PELLETS, HAIL    4 = ICE PELLETS              
                        TOTAL MONTH: 1.1 INCHES  5 = HAIL                     
                        GRTST 24HR   0.6 ON 15     6 = GLAZE OR RIME            
                        GRTST DEPTH:    7 ON 15    7 = BLOWING DUST OR SAND:    
                                                       VSBY 1/2 MILE OR LESS    
                                                   8 = SMOKE OR HAZE            
[NO. OF DAYS WITH]      [WEATHER - DAYS WITH]      9 = BLOWING SNOW             
                                                   X = TORNADO                  
MAX 32 OR BELOW:  15    0.01 INCH OR MORE:   3                                  
MAX 70 OR ABOVE:   0    0.10 INCH OR MORE:   1                                  
MIN 32 OR BELOW:  15    0.50 INCH OR MORE:   0                                  
MIN  0 OR BELOW:  12    1.00 INCH OR MORE:   0                                  

[HDD (BASE 65) ]                                                                
TOTAL THIS MO.  1040    CLEAR  (SCALE 0-3)   M                                  
DPTR FM NORMAL    16    PTCLDY (SCALE 4-7)   M                                  
SEASONAL TOTAL 14864    CLOUDY (SCALE 8-10)  M                                
DPTR FM NORMAL -1412                                                            

[CDD (BASE 65) ]                                                                
TOTAL THIS MO.     0                                                            
DPTR FM NORMAL     0    [PRESSURE DATA]                                         
SEASONAL TOTAL     0    HIGHEST SLP     M                                 
DPTR FM NORMAL     0    LOWEST  SLP     M                                 

[REMARKS]