CXAK56 PABR 250904
CF6BRW

PRELIMINARY LOCAL CLIMATOLOGICAL DATA (WS FORM: F-6)

                                          STATION:   BARROW
                                          MONTH:     06
                                          YEAR:      2016
                                          LATITUDE:   71 17 N                   
                                          LONGITUDE: 156 46 W                   

  TEMPERATURE IN F:       :PCPN:    SNOW:  WIND      :SUNSHINE: SKY     :PK WND 
================================================================================
1   2   3   4   5  6A  6B    7     8   9   10  11  12  13   14  15   16  17  18
                                      12Z  AVG MX 2MIN
DY MAX MIN AVG DEP HDD CDD  WTR   SNW DPTH SPD SPD DIR MIN PSBL S-S WX   SPD DR
================================================================================

 1  32  26  29  -1  36   0  0.03  0.2   0 10.7 15  350   M    M   M 16    19 350
 2  33  26  30   0  35   0     T    T   0 10.2 16  350   M    M   M 16    19 330
 3  36  25  31   0  34   0     T    T   0 10.9 17  240   M    M   M 1     21 240
 4  38  33  36   5  29   0  0.09    T   0 14.6 21  350   M    M   M 18    27 340
 5  35  29  32   0  33   0     T    T   0 15.4 26  360   M    M   M 1     34 350
 6  51  29  40   8  25   0     T  0.0   0 11.4 21  170   M    M   M 1     26 170
 7  40  32  36   3  29   0     T    T   0 15.9 23  300   M    M   M 1     28 300
 8  36  31  34   1  31   0  0.01  0.1   0 16.3 23  280   M    M   M 1     27 280
 9  35  30  33  -1  32   0  0.17  1.7   0 12.1 22  250   M    M   M 1     27 250
10  43  26  35   1  30   0     T  0.1   T  7.2 13  200   M    M   M 1     17 240
11  51  37  44  10  21   0  0.00  0.0   0  9.2 17  220   M    M   M       22 190
12  44  33  39   4  26   0  0.12  0.0   0 11.4 18  250   M    M   M 2     23 220
13  37  32  35   0  30   0  0.04  0.3   T 15.4 24  250   M    M   M 1     29 240
14  43  30  37   1  28   0     T  0.1   T  7.9 15  260   M    M   M 1     19 240
15  42  31  37   1  28   0     T    T   0  7.0 13  330   M    M   M 1     15 330
16  36  31  34  -2  31   0  0.01  0.2   T 14.3 23  110   M    M   M 1     27 110
17  55  32  44   7  21   0  0.00  0.0   0 16.6 22  130   M    M   M 26    26 130
18  49  36  43   6  22   0  0.07  0.0   0 12.0 22  250   M    M   M 2     27 250
19  51  35  43   6  22   0  0.06  0.0   0  5.3 12  350   M    M   M 1     14 340
20  35  31  33  -5  32   0  0.01    T   0  9.8 14  360   M    M   M 1     18 360
21  37  31  34  -4  31   0     T    T   0  7.4 12  270   M    M   M 1     14 270
22  49  30  40   2  25   0  0.00  0.0   0 15.2 24  120   M    M   M 2     31 130
23  52  37  45   6  20   0  0.00  0.0   0 13.4 17   80   M    M   M       21 110
24  52  34  43   4  22   0  0.00  0.0   0  9.7 20  290   M    M   M 2     22 290
================================================================================
SM 1012  747       673   0  0.61 2.7    279.3           M        M
================================================================================
AV 42.2 31.1                             11.6 FASTST  PSBL  %   M    MAX(MPH)
                                 MISC ---->     26  360                 34 350
================================================================================
NOTES:

COLUMN 17 PEAK WIND IN M.P.H.

PRELIMINARY LOCAL CLIMATOLOGICAL DATA (WS FORM: F-6) , PAGE 2

                                          STATION:   BARROW
                                          MONTH:     06
                                          YEAR:      2016
                                          LATITUDE:  71 17 N                   
                                          LONGITUDE: 156 46 W                   

[TEMPERATURE DATA]      [PRECIPITATION DATA]       SYMBOLS USED IN COLUMN 16    

AVERAGE MONTHLY:36.6   TOTAL FOR MONTH: 0.61       1 = FOG              
DPTR FM NORMAL:  1.8   DPTR FM NORMAL: 0.39       2 = FOG REDUCING VISIBILITY  
HIGHEST:    55 ON 17    GRTST 24HR   0.17 ON  9        TO 1/4 MILE OR LESS   
LOWEST:     25 ON  3                               3 = THUNDER                
                        SNOW, ICE PELLETS, HAIL    4 = ICE PELLETS              
                        TOTAL MONTH: 2.7 INCHES  5 = HAIL                     
                        GRTST 24HR   1.7 ON  9     6 = GLAZE OR RIME            
                        GRTST DEPTH:   T ON 16    7 = BLOWING DUST OR SAND:    
                                                       VSBY 1/2 MILE OR LESS    
                                                   8 = SMOKE OR HAZE            
[NO. OF DAYS WITH]      [WEATHER - DAYS WITH]      9 = BLOWING SNOW             
                                                   X = TORNADO                  
MAX 32 OR BELOW:   1    0.01 INCH OR MORE:  10                                  
MAX 70 OR ABOVE:   0    0.10 INCH OR MORE:   2                                  
MIN 32 OR BELOW:  17    0.50 INCH OR MORE:   0                                  
MIN  0 OR BELOW:   0    1.00 INCH OR MORE:   0                                  

[HDD (BASE 65) ]                                                                
TOTAL THIS MO.   673    CLEAR  (SCALE 0-3)   M                                  
DPTR FM NORMAL   -54    PTCLDY (SCALE 4-7)   M                                  
SEASONAL TOTAL 17817    CLOUDY (SCALE 8-10)  M                                
DPTR FM NORMAL -1417                                                            

[CDD (BASE 65) ]                                                                
TOTAL THIS MO.     0                                                            
DPTR FM NORMAL     0    [PRESSURE DATA]                                         
SEASONAL TOTAL     0    HIGHEST SLP     M                                 
DPTR FM NORMAL     0    LOWEST  SLP     M                                 

[REMARKS]