CXAK56 PABR 270920
CF6BRW

PRELIMINARY LOCAL CLIMATOLOGICAL DATA (WS FORM: F-6)

                                          STATION:   BARROW
                                          MONTH:     11
                                          YEAR:      2014
                                          LATITUDE:   71 17 N                   
                                          LONGITUDE: 156 46 W                   

  TEMPERATURE IN F:       :PCPN:    SNOW:  WIND      :SUNSHINE: SKY     :PK WND 
================================================================================
1   2   3   4   5  6A  6B    7     8   9   10  11  12  13   14  15   16  17  18
                                      12Z  AVG MX 2MIN
DY MAX MIN AVG DEP HDD CDD  WTR   SNW DPTH SPD SPD DIR MIN PSBL S-S WX   SPD DR
================================================================================

 1   8   0   4  -3  61   0     T    T   5 10.3 15   70   M    M   M       17  80
 2   7  -1   3  -4  62   0  0.01  0.1   5 11.2 15   70   M    M   M 1     17  60
 3  14   1   8   2  57   0     T  0.1   5 12.9 18   70   M    M   M       22  90
 4  13   5   9   3  56   0  0.04  0.7   5 10.3 15   50   M    M   M 1     19  50
 5  13   3   8   3  57   0     T  0.1   5 16.2 29  100   M    M   M 19    35 100
 6  12  -7   3  -2  62   0     T  0.1   5 17.7 26  100   M    M   M 19    32 100
 7   0  -7  -3  -7  68   0  0.00  0.0   3  9.3 14  140   M    M   M       15 120
 8   7  -4   2  -2  63   0     T    T   3 10.6 17   70   M    M   M 1     20  70
 9  15   7  11   8  54   0  0.01  0.1   5 14.2 11   80   M    M   M 1     23  80
10  29  14  22  19  43   0  0.00  0.0   5 12.9 18   70   M    M   M       21  80
11  34  16  25  23  40   0  0.00  0.0   4 10.6 16  170   M    M   M       19 170
12  31  18  25  23  40   0  0.00  0.0   4 11.4 17  170   M    M   M       22 100
13  35  23  29  28  36   0  0.02  0.0   3  8.7 14  350   M    M   M 1     17 350
14  31  20  26  25  39   0     T  0.0   3 13.5 21   70   M    M   M 2     23  70
15  26  11  19  19  46   0     T    T   3 10.9 20  140   M    M   M 2     23 130
16  26  15  21  21  44   0     T    T   3  4.7 14  270   M    M   M 2     17 280
17  27  18  23  23  42   0     T  0.1   3 16.2 22   70   M    M   M 1     25  70
18  20  13  17  18  48   0     T    T   3 18.3 25   70   M    M   M 19    32  60
19  14  10  12  13  53   0  0.08  0.8   3 28.4 44   80   M    M   M 19    36  80
20  17  11  14  16  51   0  0.28  3.1   4 29.5 37   70   M    M   M 9     44  70
21  17  12  15  17  50   0     T    T   6 24.3 30   80   M    M   M 9     36  60
22  16   1   9  11  56   0  0.00  0.0   6 18.6 26  100   M    M   M 19    32 100
23  16   0   8  10  57   0  0.03  0.4   4 12.5 20  110   M    M   M 19    21 120
24  -3  -9  -6  -3  71   0     T    T   4  0.0 15   50   M    M   M 1     17  40
25  -1 -10  -5  -2  70   0  0.00  0.0   4 10.9 15   50   M    M   M 1     17  40
26   0 -10  -5  -2  70   0     T    T   4 14.1 20  110   M    M   M       23 100
================================================================================
SM  424  150      1396   0  0.47 5.6    358.2           M        M
================================================================================
AV 16.3  5.8                             13.8 FASTST  PSBL  %   M    MAX(MPH)
                                 MISC ---->     44   80                 44  70
================================================================================
NOTES:

COLUMN 17 PEAK WIND IN M.P.H.

PRELIMINARY LOCAL CLIMATOLOGICAL DATA (WS FORM: F-6) , PAGE 2

                                          STATION:   BARROW
                                          MONTH:     11
                                          YEAR:      2014
                                          LATITUDE:  71 17 N                   
                                          LONGITUDE: 156 46 W                   

[TEMPERATURE DATA]      [PRECIPITATION DATA]       SYMBOLS USED IN COLUMN 16    

AVERAGE MONTHLY:11.0   TOTAL FOR MONTH: 0.47       1 = FOG              
DPTR FM NORMAL:  9.6   DPTR FM NORMAL: 0.28       2 = FOG REDUCING VISIBILITY  
HIGHEST:    35 ON 13    GRTST 24HR   0.28 ON 20        TO 1/4 MILE OR LESS   
LOWEST:    -10 ON 26                               3 = THUNDER                
                        SNOW, ICE PELLETS, HAIL    4 = ICE PELLETS              
                        TOTAL MONTH: 5.6 INCHES  5 = HAIL                     
                        GRTST 24HR   3.1 ON 20     6 = GLAZE OR RIME            
                        GRTST DEPTH:    6 ON 22    7 = BLOWING DUST OR SAND:    
                                                       VSBY 1/2 MILE OR LESS    
                                                   8 = SMOKE OR HAZE            
[NO. OF DAYS WITH]      [WEATHER - DAYS WITH]      9 = BLOWING SNOW             
                                                   X = TORNADO                  
MAX 32 OR BELOW:  24    0.01 INCH OR MORE:   7                                  
MAX 70 OR ABOVE:   0    0.10 INCH OR MORE:   1                                  
MIN 32 OR BELOW:  26    0.50 INCH OR MORE:   0                                  
MIN  0 OR BELOW:   9    1.00 INCH OR MORE:   0                                  

[HDD (BASE 65) ]                                                                
TOTAL THIS MO.  1398    CLEAR  (SCALE 0-3)   M                                  
DPTR FM NORMAL  -254    PTCLDY (SCALE 4-7)   M                                  
SEASONAL TOTAL  5348    CLOUDY (SCALE 8-10)  M                                
DPTR FM NORMAL  -326                                                            

[CDD (BASE 65) ]                                                                
TOTAL THIS MO.     0                                                            
DPTR FM NORMAL     0    [PRESSURE DATA]                                         
SEASONAL TOTAL     0    HIGHEST SLP     M                                 
DPTR FM NORMAL     0    LOWEST  SLP     M                                 

[REMARKS]