CXAK56 PABR 230921
CF6BRW

PRELIMINARY LOCAL CLIMATOLOGICAL DATA (WS FORM: F-6)

                                          STATION:   BARROW
                                          MONTH:     07
                                          YEAR:      2014
                                          LATITUDE:   71 17 N                   
                                          LONGITUDE: 156 46 W                   

  TEMPERATURE IN F:       :PCPN:    SNOW:  WIND      :SUNSHINE: SKY     :PK WND 
================================================================================
1   2   3   4   5  6A  6B    7     8   9   10  11  12  13   14  15   16  17  18
                                      12Z  AVG MX 2MIN
DY MAX MIN AVG DEP HDD CDD  WTR   SNW DPTH SPD SPD DIR MIN PSBL S-S WX   SPD DR
================================================================================

 1  49  37  43   3  22   0     T  0.0   0 11.4 18   80   M    M   M 1     22  80
 2  50  38  44   4  21   0     T  0.0   0 12.8 20  110   M    M   M 1     23 100
 3  43  34  39  -1  26   0  0.01  0.0   0  5.8 10  270   M    M   M 2     12 260
 4  46  35  41   0  24   0  0.04  0.0   0  7.1 15   60   M    M   M 12    16  70
 5  55  36  46   5  19   0     T  0.0   0  7.4 13   80   M    M   M       16  80
 6  39  32  36  -5  29   0     T  0.0   0 11.5 16   10   M    M   M 12    19  10
 7  38  32  35  -6  30   0  0.00  0.0   0 15.1 21   50   M    M   M 12    23  50
 8  38  31  35  -6  30   0     T  0.0   0 15.9 20   60   M    M   M 2     23  50
 9  38  32  35  -6  30   0  0.00  0.0   0 18.8 23   80   M    M   M 1     29 100
10  46  32  39  -2  26   0  0.00  0.0   0 19.1 26  110   M    M   M 1     31 110
11  50  35  43   2  22   0     T  0.0   0  9.4 18  120   M    M   M 2     21 110
12  51  32  42   1  23   0  0.02    T   0 11.0 21  260   M    M   M 2     24 250
13  37  31  34  -7  31   0  0.03    T   0  0.0 23  250   M    M   M 1     28 240
14  34  31  33  -8  32   0     T  0.0   0 15.9 22  260   M    M   M 16    27 260
15  50  29  40  -1  25   0     T  0.0   0 10.5 15  110   M    M   M 2     18 100
16  58  37  48   7  17   0  0.12  0.0   0  7.5 13  250   M    M   M 2     15 260
17  46  36  41   0  24   0  0.15  0.0   0 11.3 22  230   M    M   M 1     29 230
18  38  33  36  -5  29   0     T  0.0   0 16.2 22  220   M    M   M 2     27 210
19  38  33  36  -5  29   0     T    T   0 11.9 16  230   M    M   M 1     21 230
20  43  32  38  -3  27   0  0.11    T   0 11.1 17  250   M    M   M 2     21 250
21  47  33  40  -1  25   0  0.24    T   0 19.2 32  240   M    M   M 1     40 240
22  36  32  34  -7  31   0     T    T   0  9.6 17  280   M    M   M 2     21 270
================================================================================
SM  970  733       572   0  0.72     T    258.5           M        M
================================================================================
AV 44.1 33.3                             11.8 FASTST  PSBL  %   M    MAX(MPH)
                                 MISC ---->     32  240                 40 240
================================================================================
NOTES:

COLUMN 17 PEAK WIND IN M.P.H.

PRELIMINARY LOCAL CLIMATOLOGICAL DATA (WS FORM: F-6) , PAGE 2

                                          STATION:   BARROW
                                          MONTH:     07
                                          YEAR:      2014
                                          LATITUDE:  71 17 N                   
                                          LONGITUDE: 156 46 W                   

[TEMPERATURE DATA]      [PRECIPITATION DATA]       SYMBOLS USED IN COLUMN 16    

AVERAGE MONTHLY:38.7   TOTAL FOR MONTH: 0.72       1 = FOG              
DPTR FM NORMAL: -2.2   DPTR FM NORMAL: 0.05       2 = FOG REDUCING VISIBILITY  
HIGHEST:    58 ON 16    GRTST 24HR   0.24 ON 21        TO 1/4 MILE OR LESS   
LOWEST:     29 ON 15                               3 = THUNDER                
                        SNOW, ICE PELLETS, HAIL    4 = ICE PELLETS              
                        TOTAL MONTH:     T         5 = HAIL                     
                        GRTST 24HR     T ON 22     6 = GLAZE OR RIME            
                        GRTST DEPTH:    0          7 = BLOWING DUST OR SAND:    
                                                       VSBY 1/2 MILE OR LESS    
                                                   8 = SMOKE OR HAZE            
[NO. OF DAYS WITH]      [WEATHER - DAYS WITH]      9 = BLOWING SNOW             
                                                   X = TORNADO                  
MAX 32 OR BELOW:   0    0.01 INCH OR MORE:   8                                  
MAX 70 OR ABOVE:   0    0.10 INCH OR MORE:   4                                  
MIN 32 OR BELOW:  11    0.50 INCH OR MORE:   0                                  
MIN  0 OR BELOW:   0    1.00 INCH OR MORE:   0                                  

[HDD (BASE 65) ]                                                                
TOTAL THIS MO.   572    CLEAR  (SCALE 0-3)   M                                  
DPTR FM NORMAL    41    PTCLDY (SCALE 4-7)   M                                  
SEASONAL TOTAL   572    CLOUDY (SCALE 8-10)  M                                
DPTR FM NORMAL    41                                                            

[CDD (BASE 65) ]                                                                
TOTAL THIS MO.     0                                                            
DPTR FM NORMAL     0    [PRESSURE DATA]                                         
SEASONAL TOTAL     0    HIGHEST SLP     M                                 
DPTR FM NORMAL     0    LOWEST  SLP     M                                 

[REMARKS]