CXAK56 PABE 011116
CF6BET

PRELIMINARY LOCAL CLIMATOLOGICAL DATA (WS FORM: F-6)

                                          STATION:   BETHEL
                                          MONTH:     03
                                          YEAR:      2015
                                          LATITUDE:   60 47 N                   
                                          LONGITUDE: 161 50 W                   

  TEMPERATURE IN F:       :PCPN:    SNOW:  WIND      :SUNSHINE: SKY     :PK WND 
================================================================================
1   2   3   4   5  6A  6B    7     8   9   10  11  12  13   14  15   16  17  18
                                      12Z  AVG MX 2MIN
DY MAX MIN AVG DEP HDD CDD  WTR   SNW DPTH SPD SPD DIR MIN PSBL S-S WX   SPD DR
================================================================================

 1  37  13  25  12  40   0  0.00  0.0   1  7.3 13   60   M    M   M       15  20
 2  42  27  35  22  30   0  0.02    T   1  8.7 15  110   M    M   M 6     18 110
 3  36  23  30  16  35   0  0.06    T   1  9.3 17  190   M    M   M 9     21 190
 4  33  18  26  12  39   0  0.04  0.5   T  5.6 12  280   M    M   M 9     14 280
 5  30  22  26  12  39   0  0.06  1.1   2  8.5 15  190   M    M   M 12    19 190
 6  33  28  31  17  34   0  0.09  2.2   4 21.3 37  180   M    M   M 9     46 180
 7  33  19  26  12  39   0     T  0.4   4 20.2 38  250   M    M   M 19    47 250
 8  24  -1  12  -2  53   0  0.01  0.2   4 14.5 33  300   M    M   M 189   40 300
 9   2  -7  -2 -16  67   0  0.00  0.0   4  9.8 17  320   M    M   M       20 320
10   2  -9  -3 -17  68   0  0.00  0.0   4  7.9 13  360   M    M   M       16 320
11   0 -12  -6 -20  71   0  0.00  0.0   4  9.4 14  320   M    M   M       19 320
12  -1 -13  -7 -21  72   0  0.00  0.0   4 12.2 17  320   M    M   M       21 330
13   0 -13  -6 -20  71   0  0.00  0.0   4  7.3 16  310   M    M   M 18    20 320
14   5 -16  -5 -19  70   0  0.00  0.0   4 13.8 24   20   M    M   M       29  20
15  15  -7   4 -11  61   0  0.01  0.0   4 20.2 26   40   M    M   M       33  40
16  21   7  14  -1  51   0  0.01    T   4 11.5 20   10   M    M   M 1     22  20
17  40  14  27  12  38   0  0.16  1.3   5  7.3 14   30   M    M   M       17  30
18  38  20  29  14  36   0  0.00  0.0   5 10.9 20   20   M    M   M       24  20
19  38  21  30  15  35   0     T  0.0   4  7.7 14   40   M    M   M       16  40
20  46  20  33  18  32   0  0.00  0.0   4  7.3 12   30   M    M   M       15 340
21  35  18  27  11  38   0  0.00  0.0   2  8.7 13  340   M    M   M       17 320
22  33  13  23   7  42   0  0.00  0.0   2  7.1 13  330   M    M   M       16 340
23  40  17  29  13  36   0  0.00  0.0   1  9.3 14  360   M    M   M       15  20
24  47  19  33  17  32   0  0.00  0.0   1  6.9 12  330   M    M   M       14  10
25  41  30  36  19  29   0  0.00  0.0   T 11.7 20   20   M    M   M       25  20
26  37  29  33  16  32   0     T    T   T 13.9 21   20   M    M   M       26  20
27  50  28  39  22  26   0  0.01    T   T  8.1 15  170   M    M   M       18  90
28  48  25  37  19  28   0  0.00  0.0   T  8.3 16   10   M    M   M       21 360
29  40  27  34  16  31   0  0.00  0.0   T 10.6 17  350   M    M   M       20 360
30  27  12  20   2  45   0  0.03  1.1   T  8.7 15  320   M    M   M 1     17 320
31  24   6  15  -4  50   0  0.00  0.0   T  5.9 14  320   M    M   M       16 320
================================================================================
SM  896  378      1370   0  0.50 6.8    319.9           M        M
================================================================================
AV 28.9 12.2                             10.3 FASTST  PSBL  %   M    MAX(MPH)
                                 MISC ---->     38  250                 47 250
================================================================================
NOTES:

COLUMN 17 PEAK WIND IN M.P.H.

PRELIMINARY LOCAL CLIMATOLOGICAL DATA (WS FORM: F-6) , PAGE 2

                                          STATION:   BETHEL
                                          MONTH:     03
                                          YEAR:      2015
                                          LATITUDE:  60 47 N                   
                                          LONGITUDE: 161 50 W                   

[TEMPERATURE DATA]      [PRECIPITATION DATA]       SYMBOLS USED IN COLUMN 16    

AVERAGE MONTHLY:20.5   TOTAL FOR MONTH: 0.50       1 = FOG              
DPTR FM NORMAL:  5.3   DPTR FM NORMAL: -0.21       2 = FOG REDUCING VISIBILITY  
HIGHEST:    50 ON 27    GRTST 24HR   0.16 ON 17        TO 1/4 MILE OR LESS   
LOWEST:    -16 ON 14                               3 = THUNDER                
                        SNOW, ICE PELLETS, HAIL    4 = ICE PELLETS              
                        TOTAL MONTH: 6.8 INCHES  5 = HAIL                     
                        GRTST 24HR   2.2 ON  6     6 = GLAZE OR RIME            
                        GRTST DEPTH:    5 ON 18    7 = BLOWING DUST OR SAND:    
                                                       VSBY 1/2 MILE OR LESS    
                                                   8 = SMOKE OR HAZE            
[NO. OF DAYS WITH]      [WEATHER - DAYS WITH]      9 = BLOWING SNOW             
                                                   X = TORNADO                  
MAX 32 OR BELOW:  12    0.01 INCH OR MORE:  11                                  
MAX 70 OR ABOVE:   0    0.10 INCH OR MORE:   1                                  
MIN 32 OR BELOW:  31    0.50 INCH OR MORE:   0                                  
MIN  0 OR BELOW:   8    1.00 INCH OR MORE:   0                                  

[HDD (BASE 65) ]                                                                
TOTAL THIS MO.  1374    CLEAR  (SCALE 0-3)   M                                  
DPTR FM NORMAL  -170    PTCLDY (SCALE 4-7)   M                                  
SEASONAL TOTAL  9145    CLOUDY (SCALE 8-10)  M                                
DPTR FM NORMAL -1145                                                            

[CDD (BASE 65) ]                                                                
TOTAL THIS MO.     0                                                            
DPTR FM NORMAL     0    [PRESSURE DATA]                                         
SEASONAL TOTAL     0    HIGHEST SLP     M                                 
DPTR FM NORMAL     0    LOWEST  SLP     M                                 

[REMARKS]