CXAK56 PABE 311244
CF6BET

PRELIMINARY LOCAL CLIMATOLOGICAL DATA (WS FORM: F-6)

                                          STATION:   BETHEL
                                          MONTH:     01
                                          YEAR:      2015
                                          LATITUDE:   60 47 N                   
                                          LONGITUDE: 161 50 W                   

  TEMPERATURE IN F:       :PCPN:    SNOW:  WIND      :SUNSHINE: SKY     :PK WND 
================================================================================
1   2   3   4   5  6A  6B    7     8   9   10  11  12  13   14  15   16  17  18
                                      12Z  AVG MX 2MIN
DY MAX MIN AVG DEP HDD CDD  WTR   SNW DPTH SPD SPD DIR MIN PSBL S-S WX   SPD DR
================================================================================

 1  30  17  24  17  41   0  0.00  0.0   T  3.5  8   50   M    M   M 2      9  80
 2  19   9  14   7  51   0  0.00  0.0   T  7.5 13   20   M    M   M       17  50
 3  13   2   8   1  57   0  0.00  0.0   T  7.9 16   50   M    M   M       20  40
 4   3  -1   1  -6  64   0  0.00  0.0   T  8.1 13  360   M    M   M       16  10
 5  11   1   6  -1  59   0     T    T   T 14.1 23  360   M    M   M       30 360
 6   8  -2   3  -4  62   0  0.00  0.0   T 18.6 29   10   M    M   M       36  30
 7  20   4  12   6  53   0  0.07    T   T 17.4 23   40   M    M   M 6     29  40
 8  30  18  24  18  41   0  0.05    T   T 14.1 28   40   M    M   M 12468 35  40
 9  33  27  30  24  35   0  0.31  0.3   T  6.6 14  190   M    M   M 26    17 180
10  28  22  25  19  40   0  0.02    T   T  6.5 13   40   M    M   M 2     15  40
11  32  23  28  22  37   0  0.00  0.0   T  6.9 12   40   M    M   M       14  70
12  26  19  23  17  42   0     T  0.0   T 16.9 28   30   M    M   M 6     36  30
13  29  25  27  21  38   0     T  0.0   T 16.4 25   30   M    M   M 6     31  40
14  33  19  26  20  39   0  0.01  0.0   T 12.1 29   30   M    M   M 6     35  40
15  24  19  22  16  43   0     T  0.0   T 18.6 26   20   M    M   M 12468 33  30
16  33  21  27  21  38   0  0.01  0.1   T  8.6 18   40   M    M   M 12468 23  30
17  25   2  14   8  51   0  0.04  0.8   1  9.3 17  300   M    M   M 1     22 290
18  11  -1   5  -1  60   0  0.00  0.0   T  4.6 10   10   M    M   M       14 360
19   8  -7   1  -5  64   0     T    T   1  5.7 13   40   M    M   M       18  20
20   9  -6   2  -4  63   0     T    T   1  8.8 15   20   M    M   M 12    19  20
21   9  -2   4  -2  61   0     T    T   1 17.3 25   10   M    M   M 1     31  10
22  -2  -9  -5 -12  70   0  0.00  0.0   1 22.5 29   10   M    M   M       37  20
23  -8 -16 -12 -19  77   0  0.00  0.0   1 11.0 21  360   M    M   M       26  10
24 -11 -20 -15 -22  80   0  0.00  0.0   1  6.7 10  340   M    M   M       12 330
25 -14 -22 -18 -25  83   0  0.00  0.0   1 11.5 21   20   M    M   M       25  20
26  -5 -17 -11 -18  76   0     T  0.0   1 19.5 25   30   M    M   M 1     30  30
27  -1  -6  -3 -10  68   0     T    T   1 18.1 23   20   M    M   M       26  20
28  -1  -5  -3 -10  68   0  0.00  0.0   1 20.3 28   20   M    M   M       36  10
29   0  -5  -2 -10  67   0  0.00  0.0   1 17.0 23   10   M    M   M       31  20
30   1  -8  -3 -11  68   0  0.00  0.0   1 17.4 23   20   M    M   M       29  20
================================================================================
SM  393  101      1696   0  0.51 1.2    373.5           M        M
================================================================================
AV 13.1  3.4                             12.4 FASTST  PSBL  %   M    MAX(MPH)
                                 MISC ---->  #  29   10                 37  20
================================================================================
NOTES:

COLUMN 17 PEAK WIND IN M.P.H.

PRELIMINARY LOCAL CLIMATOLOGICAL DATA (WS FORM: F-6) , PAGE 2

                                          STATION:   BETHEL
                                          MONTH:     01
                                          YEAR:      2015
                                          LATITUDE:  60 47 N                   
                                          LONGITUDE: 161 50 W                   

[TEMPERATURE DATA]      [PRECIPITATION DATA]       SYMBOLS USED IN COLUMN 16    

AVERAGE MONTHLY:8.2   TOTAL FOR MONTH: 0.51       1 = FOG              
DPTR FM NORMAL:  1.6   DPTR FM NORMAL: -0.25       2 = FOG REDUCING VISIBILITY  
HIGHEST:    33 ON 16    GRTST 24HR   0.31 ON  9        TO 1/4 MILE OR LESS   
LOWEST:    -22 ON 25                               3 = THUNDER                
                        SNOW, ICE PELLETS, HAIL    4 = ICE PELLETS              
                        TOTAL MONTH: 1.2 INCHES  5 = HAIL                     
                        GRTST 24HR   0.8 ON 17     6 = GLAZE OR RIME            
                        GRTST DEPTH:    1 ON 30    7 = BLOWING DUST OR SAND:    
                                                       VSBY 1/2 MILE OR LESS    
                                                   8 = SMOKE OR HAZE            
[NO. OF DAYS WITH]      [WEATHER - DAYS WITH]      9 = BLOWING SNOW             
                                                   X = TORNADO                  
MAX 32 OR BELOW:  27    0.01 INCH OR MORE:   7                                  
MAX 70 OR ABOVE:   0    0.10 INCH OR MORE:   1                                  
MIN 32 OR BELOW:  30    0.50 INCH OR MORE:   0                                  
MIN  0 OR BELOW:  15    1.00 INCH OR MORE:   0                                  

[HDD (BASE 65) ]                                                                
TOTAL THIS MO.  1701    CLEAR  (SCALE 0-3)   M                                  
DPTR FM NORMAL   -54    PTCLDY (SCALE 4-7)   M                                  
SEASONAL TOTAL  6379    CLOUDY (SCALE 8-10)  M                                
DPTR FM NORMAL  -800                                                            

[CDD (BASE 65) ]                                                                
TOTAL THIS MO.     0                                                            
DPTR FM NORMAL     0    [PRESSURE DATA]                                         
SEASONAL TOTAL     0    HIGHEST SLP     M                                 
DPTR FM NORMAL     0    LOWEST  SLP     M                                 

[REMARKS]