CXAK56 PABE 211128
CF6BET

PRELIMINARY LOCAL CLIMATOLOGICAL DATA (WS FORM: F-6)

                                          STATION:   BETHEL
                                          MONTH:     12
                                          YEAR:      2014
                                          LATITUDE:   60 47 N                   
                                          LONGITUDE: 161 50 W                   

  TEMPERATURE IN F:       :PCPN:    SNOW:  WIND      :SUNSHINE: SKY     :PK WND 
================================================================================
1   2   3   4   5  6A  6B    7     8   9   10  11  12  13   14  15   16  17  18
                                      12Z  AVG MX 2MIN
DY MAX MIN AVG DEP HDD CDD  WTR   SNW DPTH SPD SPD DIR MIN PSBL S-S WX   SPD DR
================================================================================

 1  38  34  36  23  29   0  0.40  0.0   2  9.5 15  110   M    M   M 1     19 110
 2  37  27  32  19  33   0  0.04    T   T  8.8 20  180   M    M   M 1     26 180
 3  33  21  27  14  38   0  0.07  0.9   T  8.2 14  150   M    M   M 1     17 160
 4  24  13  19   6  46   0  0.00  0.0   1  8.3 15   30   M    M   M       20  30
 5  26  17  22   9  43   0  0.00  0.0   1 11.5 16   20   M    M   M       21  30
 6  18  11  15   3  50   0  0.00  0.0   1 15.9 21   20   M    M   M       25  30
 7  20  11  16   4  49   0  0.03    T   1 19.9 31   30   M    M   M 1248  39  30
 8  20  14  17   5  48   0     T    T   1 22.3 30   20   M    M   M       38  30
 9  19  13  16   4  49   0  0.00  0.0   1 18.1 28   20   M    M   M       35  30
10  16   8  12   0  53   0     T  0.0   1 16.2 23   20   M    M   M 6     28  20
11  10   9  10  -1  55   0     T  0.4   1 10.4 17   10   M    M   M 1     21  20
12  11   9  10  -1  55   0     T  0.5   1  0.0 12   20   M    M   M 1     15 360
13  20   2  11   0  54   0     T  0.1   2  6.5 17  200   M    M   M 2     21 190
14  17   3  10  -1  55   0     T  0.0   2 17.9 25   30   M    M   M       33  40
15  25  14  20   9  45   0     T    T   2 12.4 18  310   M    M   M       35  30
16  29  15  22  12  43   0  0.10  1.4   2  7.5 14  180   M    M   M 2     26 150
17  27  10  19   9  46   0  0.00  0.0   2  7.4 13  150   M    M   M       16 160
18  21  12  17   7  48   0  0.00  0.0   2  8.2 14   20   M    M   M       16  30
19  12   7  10   0  55   0  0.00  0.0   2 16.3 23   30   M    M   M       27  30
20   8   6   7  -3  58   0  0.00  0.0   2 17.9 23   10   M    M   M       28  20
================================================================================
SM  431  256       952   0  0.64 3.3    243.2           M        M
================================================================================
AV 21.6 12.8                             12.2 FASTST  PSBL  %   M    MAX(MPH)
                                 MISC ---->     31   30                 39  30
================================================================================
NOTES:

COLUMN 17 PEAK WIND IN M.P.H.

PRELIMINARY LOCAL CLIMATOLOGICAL DATA (WS FORM: F-6) , PAGE 2

                                          STATION:   BETHEL
                                          MONTH:     12
                                          YEAR:      2014
                                          LATITUDE:  60 47 N                   
                                          LONGITUDE: 161 50 W                   

[TEMPERATURE DATA]      [PRECIPITATION DATA]       SYMBOLS USED IN COLUMN 16    

AVERAGE MONTHLY:17.2   TOTAL FOR MONTH: 0.64       1 = FOG              
DPTR FM NORMAL:  5.7   DPTR FM NORMAL: -0.11       2 = FOG REDUCING VISIBILITY  
HIGHEST:    38 ON  1    GRTST 24HR   0.40 ON  1        TO 1/4 MILE OR LESS   
LOWEST:      2 ON 13                               3 = THUNDER                
                        SNOW, ICE PELLETS, HAIL    4 = ICE PELLETS              
                        TOTAL MONTH: 3.3 INCHES  5 = HAIL                     
                        GRTST 24HR   1.4 ON 16     6 = GLAZE OR RIME            
                        GRTST DEPTH:    2 ON 20    7 = BLOWING DUST OR SAND:    
                                                       VSBY 1/2 MILE OR LESS    
                                                   8 = SMOKE OR HAZE            
[NO. OF DAYS WITH]      [WEATHER - DAYS WITH]      9 = BLOWING SNOW             
                                                   X = TORNADO                  
MAX 32 OR BELOW:  17    0.01 INCH OR MORE:   5                                  
MAX 70 OR ABOVE:   0    0.10 INCH OR MORE:   2                                  
MIN 32 OR BELOW:  19    0.50 INCH OR MORE:   0                                  
MIN  0 OR BELOW:   0    1.00 INCH OR MORE:   0                                  

[HDD (BASE 65) ]                                                                
TOTAL THIS MO.   952    CLEAR  (SCALE 0-3)   M                                  
DPTR FM NORMAL  -118    PTCLDY (SCALE 4-7)   M                                  
SEASONAL TOTAL  4227    CLOUDY (SCALE 8-10)  M                                
DPTR FM NORMAL  -573                                                            

[CDD (BASE 65) ]                                                                
TOTAL THIS MO.     0                                                            
DPTR FM NORMAL     0    [PRESSURE DATA]                                         
SEASONAL TOTAL     0    HIGHEST SLP     M                                 
DPTR FM NORMAL     0    LOWEST  SLP     M                                 

[REMARKS]