CXAK56 PABE 191123
CF6BET

PRELIMINARY LOCAL CLIMATOLOGICAL DATA (WS FORM: F-6)

                                          STATION:   BETHEL
                                          MONTH:     04
                                          YEAR:      2014
                                          LATITUDE:   60 47 N                   
                                          LONGITUDE: 161 50 W                   

  TEMPERATURE IN F:       :PCPN:    SNOW:  WIND      :SUNSHINE: SKY     :PK WND 
================================================================================
1   2   3   4   5  6A  6B    7     8   9   10  11  12  13   14  15   16  17  18
                                      12Z  AVG MX 2MIN
DY MAX MIN AVG DEP HDD CDD  WTR   SNW DPTH SPD SPD DIR MIN PSBL S-S WX   SPD DR
================================================================================

 1  36  12  24   5  41   0  0.00  0.0   1  9.2 16   30   M    M   M       18  30
 2  43  15  29   9  36   0  0.00  0.0   T  8.9 17   90   M    M   M       22  90
 3  41  33  37  17  28   0     T    T   T  8.2 13   70   M    M   M       16  70
 4  41  29  35  14  30   0  0.02  0.2   T  6.9 12  360   M    M   M       14 360
 5  31  19  25   4  40   0     T    T   T 16.2 23  340   M    M   M 1     26 350
 6  23   9  16  -6  49   0  0.00  0.0   T 14.3 22  340   M    M   M       25 340
 7  21   4  13  -9  52   0  0.00  0.0   T 13.7 22  340   M    M   M       25 350
 8  20   1  11 -12  54   0  0.00  0.0   T  9.6 18   10   M    M   M 8     22  10
 9  29   4  17  -6  48   0  0.00  0.0   T 11.6 20   20   M    M   M       22  30
10  36   6  21  -3  44   0  0.00  0.0   T  5.6 12   20   M    M   M       14  20
11  40  13  27   3  38   0  0.00  0.0   T  7.4 17   30   M    M   M       20  70
12  44  34  39  14  26   0  0.02  0.0   T 12.5 20  120   M    M   M 1     23 130
13  42  32  37  12  28   0  0.11  0.8   T  6.1 13  120   M    M   M 1     17 110
14  44  33  39  13  26   0  0.02  0.0   0 10.5 22  160   M    M   M 1     28 160
15  47  28  38  11  27   0     T  0.0   0  5.5 13  200   M    M   M       16 200
16  47  31  39  12  26   0     T  0.0   0  5.3 14   50   M    M   M       17  50
17  48  26  37   9  28   0     T  0.0   0  4.2 17   60   M    M   M 1     21  60
18  49  29  39  11  26   0  0.14  0.0   0  4.7 15  140   M    M   M 1     18 120
================================================================================
SM  682  358       647   0  0.31 1.0    160.4           M        M
================================================================================
AV 37.9 19.9                              8.9 FASTST  PSBL  %   M    MAX(MPH)
                                 MISC ---->     23  340                 28 160
================================================================================
NOTES:

COLUMN 17 PEAK WIND IN M.P.H.

PRELIMINARY LOCAL CLIMATOLOGICAL DATA (WS FORM: F-6) , PAGE 2

                                          STATION:   BETHEL
                                          MONTH:     04
                                          YEAR:      2014
                                          LATITUDE:  60 47 N                   
                                          LONGITUDE: 161 50 W                   

[TEMPERATURE DATA]      [PRECIPITATION DATA]       SYMBOLS USED IN COLUMN 16    

AVERAGE MONTHLY:28.9   TOTAL FOR MONTH: 0.31       1 = FOG              
DPTR FM NORMAL:  5.3   DPTR FM NORMAL: -0.11       2 = FOG REDUCING VISIBILITY  
HIGHEST:    49 ON 18    GRTST 24HR   0.14 ON 18        TO 1/4 MILE OR LESS   
LOWEST:      1 ON  8                               3 = THUNDER                
                        SNOW, ICE PELLETS, HAIL    4 = ICE PELLETS              
                        TOTAL MONTH: 1.0   INCH  5 = HAIL                     
                        GRTST 24HR   0.8 ON 13     6 = GLAZE OR RIME            
                        GRTST DEPTH:    1 ON  1    7 = BLOWING DUST OR SAND:    
                                                       VSBY 1/2 MILE OR LESS    
                                                   8 = SMOKE OR HAZE            
[NO. OF DAYS WITH]      [WEATHER - DAYS WITH]      9 = BLOWING SNOW             
                                                   X = TORNADO                  
MAX 32 OR BELOW:   5    0.01 INCH OR MORE:   5                                  
MAX 70 OR ABOVE:   0    0.10 INCH OR MORE:   2                                  
MIN 32 OR BELOW:  15    0.50 INCH OR MORE:   0                                  
MIN  0 OR BELOW:   0    1.00 INCH OR MORE:   0                                  

[HDD (BASE 65) ]                                                                
TOTAL THIS MO.   647    CLEAR  (SCALE 0-3)   M                                  
DPTR FM NORMAL   -98    PTCLDY (SCALE 4-7)   M                                  
SEASONAL TOTAL  9725    CLOUDY (SCALE 8-10)  M                                
DPTR FM NORMAL -1310                                                            

[CDD (BASE 65) ]                                                                
TOTAL THIS MO.     0                                                            
DPTR FM NORMAL     0    [PRESSURE DATA]                                         
SEASONAL TOTAL     0    HIGHEST SLP     M                                 
DPTR FM NORMAL     0    LOWEST  SLP     M                                 

[REMARKS]