CXAK56 PABE 241240
CF6BET

PRELIMINARY LOCAL CLIMATOLOGICAL DATA (WS FORM: F-6)

                                          STATION:   BETHEL
                                          MONTH:     06
                                          YEAR:      2016
                                          LATITUDE:   60 47 N                   
                                          LONGITUDE: 161 50 W                   

  TEMPERATURE IN F:       :PCPN:    SNOW:  WIND      :SUNSHINE: SKY     :PK WND 
================================================================================
1   2   3   4   5  6A  6B    7     8   9   10  11  12  13   14  15   16  17  18
                                      12Z  AVG MX 2MIN
DY MAX MIN AVG DEP HDD CDD  WTR   SNW DPTH SPD SPD DIR MIN PSBL S-S WX   SPD DR
================================================================================

 1  72  44  58  10   7   0     T  0.0   0  6.9 24  360   M    M   M       31 360
 2  70  45  58  10   7   0  0.02  0.0   0  8.4 20  290   M    M   M 5     26 280
 3  67  45  56   7   9   0     T  0.0   0  9.3 17  350   M    M   M       17 350
 4  68  46  57   8   8   0     T  0.0   0  9.7 20  210   M    M   M       25 210
 5  68  48  58   9   7   0  0.08  0.0   0  9.4 20  330   M    M   M 1     24 330
 6  69  44  57   7   8   0  0.00  0.0   0 13.5 22  340   M    M   M 1     29 360
 7  72  46  59   9   6   0  0.00  0.0   0  7.8 22  210   M    M   M       26 210
 8  68  44  56   6   9   0     T  0.0   0 11.1 20  230   M    M   M 2     26 210
 9  61  46  54   3  11   0  0.01  0.0   0  0.0 17  230   M    M   M       20 240
10  57  47  52   1  13   0  0.02  0.0   0  8.9 18  210   M    M   M 1     23 210
11  57  47  52   1  13   0  0.32  0.0   0 10.7 23  220   M    M   M 1     28 220
12  58  39  49  -3  16   0  0.00  0.0   0 11.3 23  300   M    M   M 2     28 300
13  56  44  50  -2  15   0     T  0.0   0 12.1 20  270   M    M   M       27 280
14  52  45  49  -3  16   0  0.00  0.0   0  5.8 13  240   M    M   M 1     16 240
15  72  39  56   3   9   0  0.00  0.0   0  6.1 14  230   M    M   M 1     19 210
16  72  45  59   6   6   0  0.02  0.0   0  6.4 20  180   M    M   M 2     24 180
17  56  48  52  -1  13   0  0.04  0.0   0 14.7 23  210   M    M   M 1     28 220
18  52  47  50  -4  15   0  0.38  0.0   0  9.2 15   50   M    M   M 1     20  40
19  57  48  53  -1  12   0  0.37  0.0   0 14.1 31  230   M    M   M 1     39 220
20  64  47  56   2   9   0     T  0.0   0  8.3 18  300   M    M   M 1     23 300
21  69  46  58   4   7   0  0.00  0.0   0  5.8 12  250   M    M   M 1     16 300
22  64  48  56   1   9   0     T  0.0   0 11.9 22  200   M    M   M 1     27 200
23  54  48  51  -4  14   0  0.06  0.0   0 12.7 20  180   M    M   M 1     25 170
================================================================================
SM 1455 1046       239   0  1.32 0.0    214.1           M        M
================================================================================
AV 63.3 45.5                              9.3 FASTST  PSBL  %   M    MAX(MPH)
                                 MISC ---->     31  230                 39 220
================================================================================
NOTES:

COLUMN 17 PEAK WIND IN M.P.H.

PRELIMINARY LOCAL CLIMATOLOGICAL DATA (WS FORM: F-6) , PAGE 2

                                          STATION:   BETHEL
                                          MONTH:     06
                                          YEAR:      2016
                                          LATITUDE:  60 47 N                   
                                          LONGITUDE: 161 50 W                   

[TEMPERATURE DATA]      [PRECIPITATION DATA]       SYMBOLS USED IN COLUMN 16    

AVERAGE MONTHLY:54.4   TOTAL FOR MONTH: 1.32       1 = FOG              
DPTR FM NORMAL:  2.8   DPTR FM NORMAL: 0.03       2 = FOG REDUCING VISIBILITY  
HIGHEST:    72 ON 16    GRTST 24HR   0.38 ON 18        TO 1/4 MILE OR LESS   
LOWEST:     39 ON 15                               3 = THUNDER                
                        SNOW, ICE PELLETS, HAIL    4 = ICE PELLETS              
                        TOTAL MONTH: 0.0         5 = HAIL                     
                        GRTST 24HR   0.0           6 = GLAZE OR RIME            
                        GRTST DEPTH:    0          7 = BLOWING DUST OR SAND:    
                                                       VSBY 1/2 MILE OR LESS    
                                                   8 = SMOKE OR HAZE            
[NO. OF DAYS WITH]      [WEATHER - DAYS WITH]      9 = BLOWING SNOW             
                                                   X = TORNADO                  
MAX 32 OR BELOW:   0    0.01 INCH OR MORE:  10                                  
MAX 70 OR ABOVE:   5    0.10 INCH OR MORE:   3                                  
MIN 32 OR BELOW:   0    0.50 INCH OR MORE:   0                                  
MIN  0 OR BELOW:   0    1.00 INCH OR MORE:   0                                  

[HDD (BASE 65) ]                                                                
TOTAL THIS MO.   239    CLEAR  (SCALE 0-3)   M                                  
DPTR FM NORMAL   -71    PTCLDY (SCALE 4-7)   M                                  
SEASONAL TOTAL 10227    CLOUDY (SCALE 8-10)  M                                
DPTR FM NORMAL -2231                                                            

[CDD (BASE 65) ]                                                                
TOTAL THIS MO.     0                                                            
DPTR FM NORMAL     0    [PRESSURE DATA]                                         
SEASONAL TOTAL     0    HIGHEST SLP     M                                 
DPTR FM NORMAL     0    LOWEST  SLP     M                                 

[REMARKS]