CDAK49 PAOT 011208
CLIOTZ

CLIMATE REPORT 
NATIONAL WEATHER SERVICE KOTZEBUE, AK
308 AM AKST SUN FEB 1 2015
...................................
...THE KOTZEBUE WSO AP CLIMATE SUMMARY FOR JANUARY 31 2015... 

CLIMATE NORMAL PERIOD  1981 TO  2010 
CLIMATE RECORD PERIOD  1897 TO  2015 

WEATHER ITEM   OBSERVED TIME    RECORD YEAR NORMAL DEPARTURE LAST 
               VALUE    (LST)   VALUE       VALUE  FROM      YEAR 
                                                   NORMAL 
................................................................... 
TEMPERATURE 
YESTERDAY 
 MAXIMUM            14  1159 PM    37  2007      4      10     31 
 MINIMUM             9  0138 AM   -47  1993    -10      19     21 
 AVERAGE            12                          -3      15     26 

PRECIPITATION 
(INCHES) 
 YESTERDAY        0.02           0.22  1997   0.02    0.00   0.03 
 MONTH TO DATE    0.36                        0.62   -0.26   0.55 
 SINCE DEC 1      0.71                        1.38   -0.67   1.32 
 SINCE JAN 1      0.36                        0.62   -0.26   0.55 

SNOWFALL 
(INCHES) 
 YESTERDAY         0.2            2.7  1997    0.3    -0.1    0.1 
 MONTH TO DATE     3.4                         9.1    -5.7    4.9 
 SINCE DEC 1       6.4                        20.6   -14.2   12.1 
 SINCE JUL 1      11.1                        38.0   -26.9   23.8
 SNOW DEPTH (IN)     4                                          7 

DEGREE DAYS 
 HEATING 
  YESTERDAY         53                          68     -15     39 
  MONTH TO DATE   1891                        2097    -206   1567 
  SINCE DEC 1     3649                        4040    -391   3389 
  SINCE JUL 1     7324                        8399   -1075   7278

 COOLING 
  YESTERDAY          0                           0       0      0 
  MONTH TO DATE      0                           0       0      0 
  SINCE DEC 1        0                           0       0      0 
  SINCE JAN 1        0                           0       0      0 
................................................................... 

WIND (MPH) 
 HIGHEST WIND SPEED    25     HIGHEST WIND DIRECTION    120      
 HIGHEST GUST SPEED    29     HIGHEST GUST DIRECTION    120 
 AVERAGE WIND SPEED  20.3 

SKY COVER
  POSSIBLE SUNSHINE    MM          AVERAGE SKY COVER     MM
 
WEATHER CONDITIONS 
 THE FOLLOWING WEATHER WAS RECORDED YESTERDAY. 
  FOG
BLOWING SNOW
SNOW
 

RELATIVE HUMIDITY
 HIGHEST RH     MM PERCENT       MM
 LOWEST  RH     MM PERCENT       MM
 AVERAGE RH     MM PERCENT       MM
................................................................... 

THE KOTZEBUE CLIMATE NORMALS FOR TODAY 
                           NORMAL    RECORD   YEAR 
 MAXIMUM TEMPERATURE (F)      4        36     1994 
 MINIMUM TEMPERATURE (F)     -9       -46     2012 

SUNRISE AND SUNSET 
 FEB 1 2015..........SUNRISE 10:55 AM      SUNSET  5:15 PM   
 FEB 2 2015..........SUNRISE 10:51 AM      SUNSET  5:19 PM   

-  INDICATES NEGATIVE NUMBERS.
R  INDICATES RECORD HAS BEEN SET OR TIED.
MM INDICATES DATA IS MISSING.
T  INDICATES TRACE OF PRECIPITATION.

&&
-------------------------------------------------------------------

AMOUNT OF DAYLIGHT TODAY  (HOUR:MIN)........6 HOURS 20 MINUTES
GAIN/LOSS SINCE YESTERDAY (HOUR:MIN:SEC)....+0:07:56

$$
EWH FEB 15