CDAK49 PAOT 300935
CLIOTZ

CLIMATE REPORT 
NATIONAL WEATHER SERVICE KOTZEBUE, AK
135 AM AKDT MON MAR 30 2015
...................................
...THE KOTZEBUE WSO AP CLIMATE SUMMARY FOR MARCH 29 2015... 

CLIMATE NORMAL PERIOD  1981 TO  2010 
CLIMATE RECORD PERIOD  1897 TO  2015 

WEATHER ITEM   OBSERVED TIME    RECORD YEAR NORMAL DEPARTURE LAST 
               VALUE    (LST)   VALUE       VALUE  FROM      YEAR 
                                                   NORMAL 
................................................................... 
TEMPERATURE 
YESTERDAY 
 MAXIMUM             2  0326 PM    39  1973     11      -9     21 
 MINIMUM           -18  0535 AM   -32  1944     -5     -13      2 
 AVERAGE            -8                           3     -11     12 

PRECIPITATION 
(INCHES) 
 YESTERDAY        0.00           0.20  1936   0.01   -0.01   0.00 
 MONTH TO DATE    0.51                        0.42    0.09   0.34 
 SINCE MAR 1      0.51                        0.42    0.09   0.34 
 SINCE JAN 1      1.36                        1.70   -0.34   1.06 

SNOWFALL 
(INCHES) 
 YESTERDAY         0.0            7.5  1938    0.1    -0.1    0.0 
 MONTH TO DATE     5.1                         5.6    -0.5    6.5 
 SINCE MAR 1       5.1                         5.6    -0.5    6.5 
 SINCE JUL 1      20.4                        53.2   -32.8   31.5
 SNOW DEPTH (IN)     8                                          7 

DEGREE DAYS 
 HEATING 
  YESTERDAY         73                          62      11     53 
  MONTH TO DATE   1951                        1864      87   1651 
  SINCE JUL 1    10793                       12106   -1313  10599

 COOLING 
  YESTERDAY          0                           0       0      0 
  MONTH TO DATE      0                           0       0      0 
  SINCE MAR 1        0                           0       0      0 
  SINCE JAN 1        0                           0       0      0 
................................................................... 

WIND (MPH) 
 HIGHEST WIND SPEED     8     HIGHEST WIND DIRECTION     60      
 HIGHEST GUST SPEED     8     HIGHEST GUST DIRECTION     10 
 AVERAGE WIND SPEED   2.4 

SKY COVER
  POSSIBLE SUNSHINE    MM          AVERAGE SKY COVER     MM
 
WEATHER CONDITIONS 
 THE FOLLOWING WEATHER WAS RECORDED YESTERDAY. 
  FOG
 

RELATIVE HUMIDITY
 HIGHEST RH     MM PERCENT       MM
 LOWEST  RH     MM PERCENT       MM
 AVERAGE RH     MM PERCENT       MM
................................................................... 

THE KOTZEBUE CLIMATE NORMALS FOR TODAY 
                           NORMAL    RECORD   YEAR 
 MAXIMUM TEMPERATURE (F)     12        33     1938 
 MINIMUM TEMPERATURE (F)     -5       -32     2005 

SUNRISE AND SUNSET 
 MAR 30 2015..........SUNRISE  8:11 AM      SUNSET  9:42 PM   
 MAR 31 2015..........SUNRISE  8:07 AM      SUNSET  9:45 PM   

-  INDICATES NEGATIVE NUMBERS.
R  INDICATES RECORD HAS BEEN SET OR TIED.
MM INDICATES DATA IS MISSING.
T  INDICATES TRACE OF PRECIPITATION.

&&
-------------------------------------------------------------------

AMOUNT OF DAYLIGHT TODAY  (HOUR:MIN)........13 HOURS 31 MINUTES
GAIN/LOSS SINCE YESTERDAY (HOUR:MIN:SEC)....+0:07:27

$$
JAS MAR 15