CDAK49 PAOT 050916
CLIOTZ

CLIMATE REPORT 
NATIONAL WEATHER SERVICE KOTZEBUE, AK
116 AM AKDT SUN JUL 5 2015
...................................
...THE KOTZEBUE WSO AP CLIMATE SUMMARY FOR JULY 4 2015... 

CLIMATE NORMAL PERIOD  1981 TO  2010 
CLIMATE RECORD PERIOD  1897 TO  2015 

WEATHER ITEM   OBSERVED TIME    RECORD YEAR NORMAL DEPARTURE LAST 
               VALUE    (LST)   VALUE       VALUE  FROM      YEAR 
                                                   NORMAL 
................................................................... 
TEMPERATURE 
YESTERDAY 
 MAXIMUM            72  0608 PM    80  2008     59      13     63 
 MINIMUM            53  0448 AM    30  1931     48       5     51 
 AVERAGE            63                          53      10     57 

PRECIPITATION 
(INCHES) 
 YESTERDAY        0.00           0.60  1963   0.03   -0.03   0.00 
 MONTH TO DATE    0.03                        0.12   -0.09   0.03 
 SINCE JUN 1      0.24                        0.70   -0.46   0.41 
 SINCE JAN 1      2.75                        3.37   -0.62   2.67 

SNOWFALL 
(INCHES) 
 YESTERDAY         0.0            0.0  2015    0.0     0.0    0.0 
 MONTH TO DATE     0.0                         0.0     0.0    0.0 
 SINCE JUN 1       0.0                         0.0     0.0    0.0 
 SINCE JUL 1       0.0                         0.0     0.0    0.0
 SNOW DEPTH (IN)     0                                          0 

DEGREE DAYS 
 HEATING 
  YESTERDAY          2                          12     -10      8 
  MONTH TO DATE     35                          49     -14     41 
  SINCE JUN 1      444                         630    -186    658 
  SINCE JUL 1       35                          49     -14     41

 COOLING 
  YESTERDAY          0                           0       0      0 
  MONTH TO DATE      0                           0       0      0 
  SINCE JUN 1        4                           0       4      0 
  SINCE JAN 1        4                           0       4      0 
................................................................... 

WIND (MPH) 
 HIGHEST WIND SPEED    18     HIGHEST WIND DIRECTION    100      
 HIGHEST GUST SPEED    23     HIGHEST GUST DIRECTION    110 
 AVERAGE WIND SPEED   9.7 

SKY COVER
  POSSIBLE SUNSHINE    MM          AVERAGE SKY COVER     MM
 
WEATHER CONDITIONS 
 THE FOLLOWING WEATHER WAS RECORDED YESTERDAY. 
  NO SIGNIFICANT WEATHER WAS OBSERVED. 

RELATIVE HUMIDITY
 HIGHEST RH     MM PERCENT       MM
 LOWEST  RH     MM PERCENT       MM
 AVERAGE RH     MM PERCENT       MM
................................................................... 

THE KOTZEBUE CLIMATE NORMALS FOR TODAY 
                           NORMAL    RECORD   YEAR 
 MAXIMUM TEMPERATURE (F)     59        85     1958 
 MINIMUM TEMPERATURE (F)     48        34     1976 

SUNRISE AND SUNSET 
 JUL 5 2015..........SUNRISE  **.**      SUNSET **.**   
 JUL 6 2015..........SUNRISE  **.**      SUNSET **.**   

-  INDICATES NEGATIVE NUMBERS.
R  INDICATES RECORD HAS BEEN SET OR TIED.
MM INDICATES DATA IS MISSING.
T  INDICATES TRACE OF PRECIPITATION.

&&
-------------------------------------------------------------------

AMOUNT OF DAYLIGHT TODAY  (HOUR:MIN)........24 HOURS 00 MINUTES
GAIN/LOSS SINCE YESTERDAY (HOUR:MIN:SEC)....+0:00:00

$$
JAS JUL 15