CDAK49 PAOT 230007
CLIOTZ

CLIMATE REPORT
NATIONAL WEATHER SERVICE KOTZEBUE, AK
407 PM AKDT WED OCT 22 2014
...................................
...THE KOTZEBUE WSO AP CLIMATE SUMMARY FOR OCTOBER 22 2014...
VALID TODAY AS OF 2:00 PM LOCAL TIME

CLIMATE NORMAL PERIOD  1981 TO  2010 
CLIMATE RECORD PERIOD  1897 TO  2014 

WEATHER ITEM   OBSERVED TIME    RECORD YEAR NORMAL DEPARTURE LAST 
               VALUE    (LST)   VALUE       VALUE  FROM      YEAR 
                                                   NORMAL 
................................................................... 
TEMPERATURE 
TODAY 
 MAXIMUM            23  1259 PM    41  1938     24      -2     36 
 MINIMUM            18  0628 AM    -1  1994     16       2     32 
 AVERAGE            21                          20       1     34 

PRECIPITATION 
(INCHES) 
 TODAY            0.00           0.24  1935   0.03   -0.03   0.01 
 MONTH TO DATE    0.02                        0.80   -0.78   1.40 
 SINCE SEP 1      1.83                        2.38   -0.55   3.42 
 SINCE JAN 1      8.57                        9.26   -0.69   9.88 

SNOWFALL 
(INCHES) 
 TODAY             0.0            5.0  1935    0.2    -0.2    0.0 
 MONTH TO DATE       T                         3.9    -3.9    0.3
 SINCE SEP 1       0.0                         4.7    -4.7    0.7
 SINCE JUL 1         T                         4.7    -4.7    0.7
 SNOW DEPTH (IN)     0                                          0

DEGREE DAYS 
 HEATING 
  TODAY             44                          45      -1     31 
  MONTH TO DATE    803                         835     -32    635
  SINCE SEP 1     1374                        1515    -141   1397
  SINCE JUL 1     1934                        2253    -319   1991

 COOLING 
  TODAY              0                           0       0      0 
  MONTH TO DATE      0                           0       0      0 
  SINCE SEP 1        0                           0       0      0 
  SINCE JAN 1       19                           0      19     13 
................................................................... 

WIND (MPH) 
 HIGHEST WIND SPEED     8     HIGHEST WIND DIRECTION     50      
 HIGHEST GUST SPEED     9     HIGHEST GUST DIRECTION     50 
 AVERAGE WIND SPEED   0.0 

SKY COVER
  POSSIBLE SUNSHINE  MM            AVERAGE SKY COVER MM
 
WEATHER CONDITIONS 
 THE FOLLOWING WEATHER WAS RECORDED TODAY. 
 NO SIGNIFICANT WEATHER WAS OBSERVED. 

RELATIVE HUMIDITY
 HIGHEST RH     MM PERCENT       MM
 LOWEST  RH     MM PERCENT       MM
 AVERAGE RH     MM PERCENT       MM
................................................................... 

THE KOTZEBUE CLIMATE NORMALS FOR TOMORROW 
                        NORMAL    RECORD   YEAR 
 MAXIMUM TEMPERATURE      24        41     2002 
 MINIMUM TEMPERATURE      15        -8     1970 

SUNRISE AND SUNSET 
 OCT 22 2014..........SUNRISE 10:16 AM      SUNSET  6:53 PM    
 OCT 23 2014..........SUNRISE 10:20 AM      SUNSET  6:49 PM    

-  INDICATES NEGATIVE NUMBERS.
R  INDICATES RECORD HAS BEEN SET OR TIED.
MM INDICATES DATA IS MISSING.
T  INDICATES TRACE OF PRECIPITATION.

&&
-------------------------------------------------------------------

AMOUNT OF DAYLIGHT TODAY  (HOUR:MIN)........8 HOURS 37 MINUTES
GAIN/LOSS SINCE YESTERDAY (HOUR:MIN:SEC)....-0:07:32

$$


OCT 14