CDAK49 PAOT 241200
CLIOTZ

CLIMATE REPORT 
NATIONAL WEATHER SERVICE KOTZEBUE, AK
400 AM AKDT FRI OCT 24 2014
...................................
...THE KOTZEBUE WSO AP CLIMATE SUMMARY FOR OCTOBER 23 2014... 

CLIMATE NORMAL PERIOD  1981 TO  2010 
CLIMATE RECORD PERIOD  1897 TO  2014 

WEATHER ITEM   OBSERVED TIME    RECORD YEAR NORMAL DEPARTURE LAST 
               VALUE    (LST)   VALUE       VALUE  FROM      YEAR 
                                                   NORMAL 
................................................................... 
TEMPERATURE 
YESTERDAY 
 MAXIMUM            25  1159 PM    41  2002     24       1     34 
 MINIMUM            14  0626 AM    -8  1970     15      -1     31 
 AVERAGE            20                          20       0     33 

PRECIPITATION 
(INCHES) 
 YESTERDAY        0.05           0.28  1957   0.02    0.03   0.00 
 MONTH TO DATE    0.07                        0.82   -0.75   1.40 
 SINCE SEP 1      1.88                        2.40   -0.52   3.42 
 SINCE JAN 1      8.62                        9.28   -0.66   9.88 

SNOWFALL 
(INCHES) 
 YESTERDAY         0.5            1.3  1989    0.3     0.3    0.0 
 MONTH TO DATE     0.5                         4.1    -3.6    0.3 
 SINCE SEP 1       0.5                         4.9    -4.4    0.7 
 SINCE JUL 1       0.5                         4.9    -4.4    0.7
 SNOW DEPTH (IN)     1                                          0 

DEGREE DAYS 
 HEATING 
  YESTERDAY         45                          45       0     32 
  MONTH TO DATE    847                         880     -33    667 
  SINCE SEP 1     1418                        1560    -142   1429 
  SINCE JUL 1     1978                        2298    -320   2023

 COOLING 
  YESTERDAY          0                           0       0      0 
  MONTH TO DATE      0                           0       0      0 
  SINCE SEP 1        0                           0       0      0 
  SINCE JAN 1       19                           0      19     13 
................................................................... 

WIND (MPH) 
 HIGHEST WIND SPEED    28     HIGHEST WIND DIRECTION    110      
 HIGHEST GUST SPEED    31     HIGHEST GUST DIRECTION    110 
 AVERAGE WIND SPEED  19.0 

SKY COVER
  POSSIBLE SUNSHINE    MM          AVERAGE SKY COVER     MM
 
WEATHER CONDITIONS 
 THE FOLLOWING WEATHER WAS RECORDED YESTERDAY. 
 FOG
 SNOW
 

RELATIVE HUMIDITY
 HIGHEST RH     MM PERCENT       MM
 LOWEST  RH     MM PERCENT       MM
 AVERAGE RH     MM PERCENT       MM
................................................................... 

THE KOTZEBUE CLIMATE NORMALS FOR TODAY 
                           NORMAL    RECORD   YEAR 
 MAXIMUM TEMPERATURE (F)     23        48     1941 
 MINIMUM TEMPERATURE (F)     15       -11     1970 

SUNRISE AND SUNSET 
 OCT 24 2014..........SUNRISE 10:24 AM      SUNSET  6:45 PM   
 OCT 25 2014..........SUNRISE 10:27 AM      SUNSET  6:41 PM   

-  INDICATES NEGATIVE NUMBERS.
R  INDICATES RECORD HAS BEEN SET OR TIED.
MM INDICATES DATA IS MISSING.
T  INDICATES TRACE OF PRECIPITATION.

&&
-------------------------------------------------------------------

AMOUNT OF DAYLIGHT TODAY  (HOUR:MIN)........8 HOURS 21 MINUTES
LOSS SINCE YESTERDAY (HOUR:MIN:SEC).........-0:07:34

$$
TGH OCT 14