CDAK49 PAOT 021201
CLIOTZ

CLIMATE REPORT 
NATIONAL WEATHER SERVICE KOTZEBUE, AK
401 AM AKDT TUE SEP 2 2014
...................................
...THE KOTZEBUE WSO AP CLIMATE SUMMARY FOR SEPTEMBER 1 2014... 

CLIMATE NORMAL PERIOD  1981 TO  2010 
CLIMATE RECORD PERIOD  1897 TO  2014 

WEATHER ITEM   OBSERVED TIME    RECORD YEAR NORMAL DEPARTURE LAST 
               VALUE    (LST)   VALUE       VALUE  FROM      YEAR 
                                                   NORMAL 
................................................................... 
TEMPERATURE 
YESTERDAY 
 MAXIMUM            49  0346 AM    68  1963     53      -4     54 
 MINIMUM            40  1042 PM    29  1980     44      -4     35 
 AVERAGE            45                          48      -3     45 

PRECIPITATION 
(INCHES) 
 YESTERDAY        0.19           0.37  2000   0.06    0.13   0.00 
 MONTH TO DATE    0.19                        0.06    0.13   0.00 
 SINCE SEP 1      0.19                        0.06    0.13   0.00 
 SINCE JAN 1      6.93                        6.94   -0.01   6.46 

SNOWFALL 
(INCHES) 
 YESTERDAY         0.0              T  1983    0.0     0.0    0.0 
 MONTH TO DATE     0.0                         0.0     0.0    0.0 
 SINCE SEP 1       0.0                         0.0     0.0    0.0 
 SINCE JUL 1       0.0                         0.0     0.0    0.0
 SNOW DEPTH (IN)     0                                          0 

DEGREE DAYS 
 HEATING 
  YESTERDAY         20                          17       3     20 
  MONTH TO DATE     20                          17       3     20 
  SINCE SEP 1       20                          17       3     20 
  SINCE JUL 1      580                         755    -175    614

 COOLING 
  YESTERDAY          0                           0       0      0 
  MONTH TO DATE      0                           0       0      0 
  SINCE SEP 1        0                           0       0      0 
  SINCE JAN 1       19                           0      19     13 
................................................................... 

WIND (MPH) 
 HIGHEST WIND SPEED    26     HIGHEST WIND DIRECTION    290      
 HIGHEST GUST SPEED    31     HIGHEST GUST DIRECTION    310 
 AVERAGE WIND SPEED  15.0 

SKY COVER
  POSSIBLE SUNSHINE    MM          AVERAGE SKY COVER     MM
 
WEATHER CONDITIONS 
 THE FOLLOWING WEATHER WAS RECORDED YESTERDAY. 
 FOG
 RAIN
 

RELATIVE HUMIDITY
 HIGHEST RH     MM PERCENT       MM
 LOWEST  RH     MM PERCENT       MM
 AVERAGE RH     MM PERCENT       MM
................................................................... 

THE KOTZEBUE CLIMATE NORMALS FOR TODAY 
                           NORMAL    RECORD   YEAR 
 MAXIMUM TEMPERATURE (F)     53        66     1969 
 MINIMUM TEMPERATURE (F)     43        33     1967 

SUNRISE AND SUNSET 
 SEP 2 2014..........SUNRISE  7:27 AM      SUNSET 10:12 PM   
 SEP 3 2014..........SUNRISE  7:30 AM      SUNSET 10:08 PM   

-  INDICATES NEGATIVE NUMBERS.
R  INDICATES RECORD HAS BEEN SET OR TIED.
MM INDICATES DATA IS MISSING.
T  INDICATES TRACE OF PRECIPITATION.

&&
-------------------------------------------------------------------

AMOUNT OF DAYLIGHT TODAY  (HOUR:MIN)........14 HOURS 45 MINUTES
LOSS SINCE YESTERDAY (HOUR:MIN:SEC).........-0:07:29

$$
TGH SEP 14