CDAK49 PAOT 221159
CLIOTZ

CLIMATE REPORT 
NATIONAL WEATHER SERVICE KOTZEBUE, AK
359 AM AKDT MON SEP 22 2014
...................................
...THE KOTZEBUE WSO AP CLIMATE SUMMARY FOR SEPTEMBER 21 2014... 

CLIMATE NORMAL PERIOD  1981 TO  2010 
CLIMATE RECORD PERIOD  1897 TO  2014 

WEATHER ITEM   OBSERVED TIME    RECORD YEAR NORMAL DEPARTURE LAST 
               VALUE    (LST)   VALUE       VALUE  FROM      YEAR 
                                                   NORMAL 
................................................................... 
TEMPERATURE 
YESTERDAY 
 MAXIMUM            43  0356 PM    66  1995     44      -1     40 
 MINIMUM            36  0920 AM    18  1992     36       0     31 
 AVERAGE            40                          40       0     36 

PRECIPITATION 
(INCHES) 
 YESTERDAY        0.01           0.80  1990   0.06   -0.05   0.00 
 MONTH TO DATE    0.89                        1.14   -0.25   1.88 
 SINCE SEP 1      0.89                        1.14   -0.25   1.88 
 SINCE JAN 1      7.63                        8.02   -0.39   8.34 

SNOWFALL 
(INCHES) 
 YESTERDAY         0.0            1.0  1930    0.0     0.0    0.0 
 MONTH TO DATE     0.0                         0.3    -0.3    0.0 
 SINCE SEP 1       0.0                         0.3    -0.3    0.0 
 SINCE JUL 1       0.0                         0.3    -0.3    0.0
 SNOW DEPTH (IN)     0                                          0 

DEGREE DAYS 
 HEATING 
  YESTERDAY         25                          25       0     29 
  MONTH TO DATE    356                         429     -73    473 
  SINCE SEP 1      356                         429     -73    473 
  SINCE JUL 1      916                        1167    -251   1067

 COOLING 
  YESTERDAY          0                           0       0      0 
  MONTH TO DATE      0                           0       0      0 
  SINCE SEP 1        0                           0       0      0 
  SINCE JAN 1       19                           0      19     13 
................................................................... 

WIND (MPH) 
 HIGHEST WIND SPEED    23     HIGHEST WIND DIRECTION    330      
 HIGHEST GUST SPEED    26     HIGHEST GUST DIRECTION    330 
 AVERAGE WIND SPEED  10.3 

SKY COVER
  POSSIBLE SUNSHINE    MM          AVERAGE SKY COVER     MM
 
WEATHER CONDITIONS 
 THE FOLLOWING WEATHER WAS RECORDED YESTERDAY. 
 RAIN
 

RELATIVE HUMIDITY
 HIGHEST RH     MM PERCENT       MM
 LOWEST  RH     MM PERCENT       MM
 AVERAGE RH     MM PERCENT       MM
................................................................... 

THE KOTZEBUE CLIMATE NORMALS FOR TODAY 
                           NORMAL    RECORD   YEAR 
 MAXIMUM TEMPERATURE (F)     44        63     1942 
 MINIMUM TEMPERATURE (F)     35        18     1992 

SUNRISE AND SUNSET 
 SEP 22 2014..........SUNRISE  8:34 AM      SUNSET  8:52 PM   
 SEP 23 2014..........SUNRISE  8:37 AM      SUNSET  8:48 PM   

-  INDICATES NEGATIVE NUMBERS.
R  INDICATES RECORD HAS BEEN SET OR TIED.
MM INDICATES DATA IS MISSING.
T  INDICATES TRACE OF PRECIPITATION.

&&
-------------------------------------------------------------------

AMOUNT OF DAYLIGHT TODAY  (HOUR:MIN)........12 HOURS 18 MINUTES
LOSS SINCE YESTERDAY (HOUR:MIN:SEC).........-0:07:17

$$
TGH SEP 14