CDAK49 PAOT 201210
CLIOTZ

CLIMATE REPORT 
NATIONAL WEATHER SERVICE KOTZEBUE, AK
411 AM AKDT WED AUG 20 2014
...................................
...THE KOTZEBUE WSO AP CLIMATE SUMMARY FOR AUGUST 19 2014... 

CLIMATE NORMAL PERIOD  1981 TO  2010 
CLIMATE RECORD PERIOD  1897 TO  2014 

WEATHER ITEM   OBSERVED TIME    RECORD YEAR NORMAL DEPARTURE LAST 
               VALUE    (LST)   VALUE       VALUE  FROM      YEAR 
                                                   NORMAL 
................................................................... 
TEMPERATURE 
YESTERDAY 
 MAXIMUM            58  1212 PM    75  2007     56       2     62 
 MINIMUM            51  0609 AM    30  1902     47       4     48 
 AVERAGE            55                          51       4     55 

PRECIPITATION 
(INCHES) 
 YESTERDAY           T           1.20  1940   0.07   -0.07   0.00 
 MONTH TO DATE    0.42                        1.38   -0.96   0.51 
 SINCE JUN 1      3.39                        3.41   -0.02   2.70 
 SINCE JAN 1      5.65                        6.08   -0.43   6.30 

SNOWFALL 
(INCHES) 
 YESTERDAY         0.0            0.0  2014    0.0     0.0    0.0 
 MONTH TO DATE     0.0                         0.0     0.0    0.0 
 SINCE JUN 1       0.0                         0.0     0.0    0.0 
 SINCE JUL 1       0.0                         0.0     0.0    0.0
 SNOW DEPTH (IN)     0                                          0 

DEGREE DAYS 
 HEATING 
  YESTERDAY         10                          14      -4     10 
  MONTH TO DATE     52                         231    -179    133 
  SINCE JUN 1     1023                        1138    -115    820 
  SINCE JUL 1      406                         557    -151    395

 COOLING 
  YESTERDAY          0                           0       0      0 
  MONTH TO DATE     11                           0      11      0 
  SINCE JUN 1       19                           0      19     13 
  SINCE JAN 1       19                           0      19     13 
................................................................... 

WIND (MPH) 
 HIGHEST WIND SPEED    10     HIGHEST WIND DIRECTION    270      
 HIGHEST GUST SPEED    13     HIGHEST GUST DIRECTION    270 
 AVERAGE WIND SPEED   5.5 

SKY COVER
  POSSIBLE SUNSHINE    MM          AVERAGE SKY COVER     MM
 
WEATHER CONDITIONS 
 THE FOLLOWING WEATHER WAS RECORDED YESTERDAY. 
  FOG
 

RELATIVE HUMIDITY
 HIGHEST RH     MM PERCENT       MM
 LOWEST  RH     MM PERCENT       MM
 AVERAGE RH     MM PERCENT       MM
................................................................... 

THE KOTZEBUE CLIMATE NORMALS FOR TODAY 
                           NORMAL    RECORD   YEAR 
 MAXIMUM TEMPERATURE (F)     56        75     2004 
 MINIMUM TEMPERATURE (F)     47        28     1902 

SUNRISE AND SUNSET 
 AUG 20 2014..........SUNRISE  6:41 AM      SUNSET 11:05 PM   
 AUG 21 2014..........SUNRISE  6:44 AM      SUNSET 11:01 PM   

-  INDICATES NEGATIVE NUMBERS.
R  INDICATES RECORD HAS BEEN SET OR TIED.
MM INDICATES DATA IS MISSING.
T  INDICATES TRACE OF PRECIPITATION.

&&
-------------------------------------------------------------------

AMOUNT OF DAYLIGHT TODAY  (HOUR:MIN)........16 HOURS 24 MINUTES
GAIN/LOSS SINCE YESTERDAY (HOUR:MIN:SEC)....-0:07:48

$$
EWH AUG 14