CDAK49 PAOT 211306
CLIOTZ

CLIMATE REPORT 
NATIONAL WEATHER SERVICE KOTZEBUE, AK
406 AM AKST SUN DEC 21 2014
...................................
...THE KOTZEBUE WSO AP CLIMATE SUMMARY FOR DECEMBER 20 2014... 

CLIMATE NORMAL PERIOD  1981 TO  2010 
CLIMATE RECORD PERIOD  1897 TO  2014 

WEATHER ITEM   OBSERVED TIME    RECORD YEAR NORMAL DEPARTURE LAST 
               VALUE    (LST)   VALUE       VALUE  FROM      YEAR 
                                                   NORMAL 
................................................................... 
TEMPERATURE 
YESTERDAY 
 MAXIMUM             2  1236 AM    36  2000      8      -6     16 
 MINIMUM            -4  0833 PM   -39  1957     -5       1     -2 
 AVERAGE            -1                           2      -3      7 

PRECIPITATION 
(INCHES) 
 YESTERDAY        0.00           0.22  1996   0.02   -0.02   0.09 
 MONTH TO DATE    0.09                        0.50   -0.41   0.59 
 SINCE DEC 1      0.09                        0.50   -0.41   0.59 
 SINCE JAN 1      9.35                       10.74   -1.39  11.90 

SNOWFALL 
(INCHES) 
 YESTERDAY         0.0            5.4  2003    0.4    -0.4    1.0 
 MONTH TO DATE     1.0                         7.7    -6.7    3.1 
 SINCE DEC 1       1.0                         7.7    -6.7    3.1 
 SINCE JUL 1       5.7                        25.1   -19.4   14.8
 SNOW DEPTH (IN)     2                                          5 

DEGREE DAYS 
 HEATING 
  YESTERDAY         66                          63       3     58 
  MONTH TO DATE   1140                        1231     -91   1062 
  SINCE DEC 1     1138                        1231     -93   1059 
  SINCE JUL 1     4813                        5590    -777   4942

 COOLING 
  YESTERDAY          0                           0       0      0 
  MONTH TO DATE      0                           0       0      0 
  SINCE DEC 1        0                           0       0      0 
  SINCE JAN 1       19                           0      19     13 
................................................................... 

WIND (MPH) 
 HIGHEST WIND SPEED    13     HIGHEST WIND DIRECTION     30      
 HIGHEST GUST SPEED    16     HIGHEST GUST DIRECTION     40 
 AVERAGE WIND SPEED   5.9 

SKY COVER
  POSSIBLE SUNSHINE    MM          AVERAGE SKY COVER     MM
 
WEATHER CONDITIONS 
 THE FOLLOWING WEATHER WAS RECORDED YESTERDAY. 
 NO SIGNIFICANT WEATHER WAS OBSERVED. 

RELATIVE HUMIDITY
 HIGHEST RH     MM PERCENT       MM
 LOWEST  RH     MM PERCENT       MM
 AVERAGE RH     MM PERCENT       MM
................................................................... 

THE KOTZEBUE CLIMATE NORMALS FOR TODAY 
                           NORMAL    RECORD   YEAR 
 MAXIMUM TEMPERATURE (F)      8        33     1970 
 MINIMUM TEMPERATURE (F)     -5       -37     1957 

SUNRISE AND SUNSET 
 DEC 21 2014..........SUNRISE 12:58 PM      SUNSET  2:40 PM   
 DEC 22 2014..........SUNRISE 12:58 PM      SUNSET  2:41 PM   

-  INDICATES NEGATIVE NUMBERS.
R  INDICATES RECORD HAS BEEN SET OR TIED.
MM INDICATES DATA IS MISSING.
T  INDICATES TRACE OF PRECIPITATION.

&&
-------------------------------------------------------------------

AMOUNT OF DAYLIGHT TODAY  (HOUR:MIN)........1 HOURS 42 MINUTES
GAIN/LOSS SINCE YESTERDAY (HOUR:MIN:SEC)....-0:00:23

$$


DEC 14