CDAK49 PAOT 292337
CLIOTZ

CLIMATE REPORT
NATIONAL WEATHER SERVICE KOTZEBUE, AK
337 PM AKDT WED JUN 29 2016
...................................
...THE KOTZEBUE WSO AP CLIMATE SUMMARY FOR JUNE 29 2016...
VALID TODAY AS OF 2:00 PM LOCAL TIME

CLIMATE NORMAL PERIOD  1981 TO  2010 
CLIMATE RECORD PERIOD  1897 TO  2016 

WEATHER ITEM   OBSERVED TIME    RECORD YEAR NORMAL DEPARTURE LAST 
               VALUE    (LST)   VALUE       VALUE  FROM      YEAR 
                                                   NORMAL 
................................................................... 
TEMPERATURE 
TODAY 
 MAXIMUM            62  1218 AM    76  1992     58       4     59 
 MINIMUM            54  0709 AM    32  1949     46       8     52 
 AVERAGE            58                          52       6     56 

PRECIPITATION 
(INCHES) 
 TODAY            0.00           0.53  2003   0.03   -0.03      T 
 MONTH TO DATE    0.25                        0.55   -0.30   0.19 
 SINCE JUN 1      0.25                        0.55   -0.30   0.19 
 SINCE JAN 1      2.36                        3.22   -0.86   2.70 

SNOWFALL 
(INCHES) 
 TODAY             0.0            0.0  2016    0.0     0.0    0.0 
 MONTH TO DATE     0.0                         0.0     0.0    0.0
 SINCE JUN 1       0.0                         0.0     0.0    0.0
 SINCE JUL 1      59.7                        59.8    -0.1   24.7
 SNOW DEPTH (IN)     0                                          0

DEGREE DAYS 
 HEATING 
  TODAY              7                          13      -6      9 
  MONTH TO DATE    399                         568    -169    395
  SINCE JUN 1      399                         568    -169    395
  SINCE JUL 1    13227                       15374   -2147  13558

 COOLING 
  TODAY              0                           0       0      0 
  MONTH TO DATE      0                           0       0      4 
  SINCE JUN 1        0                           0       0      4 
  SINCE JAN 1        0                           0       0      4 
................................................................... 

WIND (MPH) 
 HIGHEST WIND SPEED    15     HIGHEST WIND DIRECTION    180      
 HIGHEST GUST SPEED    19     HIGHEST GUST DIRECTION    190 
 AVERAGE WIND SPEED    MM 

WEATHER CONDITIONS 
 THE FOLLOWING WEATHER WAS RECORDED TODAY. 
 NO SIGNIFICANT WEATHER WAS OBSERVED. 
................................................................... 

THE KOTZEBUE CLIMATE NORMALS FOR TOMORROW 
                        NORMAL    RECORD   YEAR 
 MAXIMUM TEMPERATURE      58        84     2004 
 MINIMUM TEMPERATURE      46        29     1929 

SUNRISE AND SUNSET 
 JUN 29 2016..........SUNRISE  **.**      SUNSET **.**    
 JUN 30 2016..........SUNRISE  **.**      SUNSET **.**    

-  INDICATES NEGATIVE NUMBERS.
R  INDICATES RECORD HAS BEEN SET OR TIED.
MM INDICATES DATA IS MISSING.
T  INDICATES TRACE OF PRECIPITATION.

&&
-------------------------------------------------------------------

AMOUNT OF DAYLIGHT TODAY  (HOUR:MIN)........24 HOURS 00 MINUTES
GAIN/LOSS SINCE YESTERDAY (HOUR:MIN:SEC)....+0:00:00

$$
CRG JUN 16