CDAK49 PAOT 271119
CLIOTZ

CLIMATE REPORT 
NATIONAL WEATHER SERVICE KOTZEBUE, AK
319 AM AKDT FRI MAY 27 2016
...................................
...THE KOTZEBUE WSO AP CLIMATE SUMMARY FOR MAY 26 2016... 

CLIMATE NORMAL PERIOD  1981 TO  2010 
CLIMATE RECORD PERIOD  1897 TO  2016 

WEATHER ITEM   OBSERVED TIME    RECORD YEAR NORMAL DEPARTURE LAST 
               VALUE    (LST)   VALUE       VALUE  FROM      YEAR 
                                                   NORMAL 
................................................................... 
TEMPERATURE 
YESTERDAY 
 MAXIMUM            46  0226 PM    71  2002     42       4     56 
 MINIMUM            38  0618 AM     9  1901     31       7     40 
 AVERAGE            42                          37       5     48 

PRECIPITATION 
(INCHES) 
 YESTERDAY        0.13           0.13  2016   0.01    0.12   0.00 
 MONTH TO DATE    0.65                        0.35    0.30   0.58 
 SINCE MAR 1      1.39                        1.33    0.06   1.66 
 SINCE JAN 1      2.11                        2.61   -0.50   2.51 

SNOWFALL 
(INCHES) 
 YESTERDAY         0.0            0.4  2001    0.0     0.0    0.0 
 MONTH TO DATE       T                         1.2    -1.2      T 
 SINCE MAR 1      14.3                        12.2     2.1    9.4 
 SINCE JUL 1      59.7                        59.8    -0.1   24.7
 SNOW DEPTH (IN)     0            19   1964                     0 

DEGREE DAYS 
 HEATING 
  YESTERDAY         23                          29      -6     17 
  MONTH TO DATE    704                         890    -186    687 
  SINCE MAR 1     3783                        4428    -645   4214 
  SINCE JUL 1    12781                       14670   -1889  13092

 COOLING 
  YESTERDAY          0                           0       0      0 
  MONTH TO DATE      0                           0       0      0 
  SINCE MAR 1        0                           0       0      0 
  SINCE JAN 1        0                           0       0      0 
................................................................... 

WIND (MPH) 
 HIGHEST WIND SPEED    13     HIGHEST WIND DIRECTION    140      
 HIGHEST GUST SPEED    15     HIGHEST GUST DIRECTION    130 
 AVERAGE WIND SPEED   6.9 

SKY COVER
  POSSIBLE SUNSHINE    MM          AVERAGE SKY COVER     MM
 
WEATHER CONDITIONS 
 THE FOLLOWING WEATHER WAS RECORDED YESTERDAY. 
  RAIN
 

RELATIVE HUMIDITY
 HIGHEST RH     MM PERCENT       MM
 LOWEST  RH     MM PERCENT       MM
 AVERAGE RH     MM PERCENT       MM
................................................................... 

THE KOTZEBUE CLIMATE NORMALS FOR TODAY 
                           NORMAL    RECORD   YEAR 
 MAXIMUM TEMPERATURE (F)     42        63     2005 
 MINIMUM TEMPERATURE (F)     31        11     1984 

SUNRISE AND SUNSET 
 MAY 27 2016..........SUNRISE  3:54 AM      SUNSET  1:48 AM   
 MAY 28 2016..........SUNRISE  3:48 AM      SUNSET  1:55 AM   

-  INDICATES NEGATIVE NUMBERS.
R  INDICATES RECORD HAS BEEN SET OR TIED.
MM INDICATES DATA IS MISSING.
T  INDICATES TRACE OF PRECIPITATION.

&&
-------------------------------------------------------------------

AMOUNT OF DAYLIGHT TODAY  (HOUR:MIN)........21 HOURS 54 MINUTES
GAIN/LOSS SINCE YESTERDAY (HOUR:MIN:SEC)....+0:12:03

$$
LEHL MAY 16