CDAK49 PAOT 301200
CLIOTZ

CLIMATE REPORT 
NATIONAL WEATHER SERVICE KOTZEBUE, AK
400 AM AKDT SAT MAY 30 2015
...................................
...THE KOTZEBUE WSO AP CLIMATE SUMMARY FOR MAY 29 2015... 

CLIMATE NORMAL PERIOD  1981 TO  2010 
CLIMATE RECORD PERIOD  1897 TO  2015 

WEATHER ITEM   OBSERVED TIME    RECORD YEAR NORMAL DEPARTURE LAST 
               VALUE    (LST)   VALUE       VALUE  FROM      YEAR 
                                                   NORMAL 
................................................................... 
TEMPERATURE 
YESTERDAY 
 MAXIMUM            56  0603 PM    68  1983     43      13     55 
 MINIMUM            41  0532 AM    20  1984     32       9     41 
 AVERAGE            49                          38      11     48 

PRECIPITATION 
(INCHES) 
 YESTERDAY        0.00           0.25  1996   0.02   -0.02   0.09 
 MONTH TO DATE    0.58                        0.39    0.19   0.86 
 SINCE MAR 1      1.66                        1.37    0.29   1.41 
 SINCE JAN 1      2.51                        2.65   -0.14   2.13 

SNOWFALL 
(INCHES) 
 YESTERDAY         0.0            1.0  1968    0.0     0.0    0.0 
 MONTH TO DATE       T                         1.2    -1.2      T 
 SINCE MAR 1       9.4                        12.2    -2.8    7.2 
 SINCE JUL 1      24.7                        59.8   -35.1   32.2
 SNOW DEPTH (IN)     0                                          0 

DEGREE DAYS 
 HEATING 
  YESTERDAY         16                          27     -11     17 
  MONTH TO DATE    739                         973    -234    849 
  SINCE MAR 1     4266                        4511    -245   3896 
  SINCE JUL 1    13117                       14753   -1636  12847

 COOLING 
  YESTERDAY          0                           0       0      0 
  MONTH TO DATE      0                           0       0      0 
  SINCE MAR 1        0                           0       0      0 
  SINCE JAN 1        0                           0       0      0 
................................................................... 

WIND (MPH) 
 HIGHEST WIND SPEED    10     HIGHEST WIND DIRECTION    310      
 HIGHEST GUST SPEED    12     HIGHEST GUST DIRECTION    310 
 AVERAGE WIND SPEED   5.3 

SKY COVER
  POSSIBLE SUNSHINE    MM          AVERAGE SKY COVER     MM
 
WEATHER CONDITIONS 
 THE FOLLOWING WEATHER WAS RECORDED YESTERDAY. 
  NONE. 

RELATIVE HUMIDITY
 HIGHEST RH     MM PERCENT       MM
 LOWEST  RH     MM PERCENT       MM
 AVERAGE RH     MM PERCENT       MM
................................................................... 

THE KOTZEBUE CLIMATE NORMALS FOR TODAY 
                           NORMAL    RECORD   YEAR 
 MAXIMUM TEMPERATURE (F)     44        67     1953 
 MINIMUM TEMPERATURE (F)     33        15     1901 

SUNRISE AND SUNSET 
 MAY 30 2015..........SUNRISE  3:40 AM      SUNSET  2:04 AM   
 MAY 31 2015..........SUNRISE  3:32 AM      SUNSET  2:13 AM   

-  INDICATES NEGATIVE NUMBERS.
R  INDICATES RECORD HAS BEEN SET OR TIED.
MM INDICATES DATA IS MISSING.
T  INDICATES TRACE OF PRECIPITATION.

&&
-------------------------------------------------------------------

AMOUNT OF DAYLIGHT TODAY  (HOUR:MIN)........22 HOURS 24 MINUTES
GAIN SINCE YESTERDAY (HOUR:MIN:SEC).........+0:13:56

$$

DT MAY 15