CDAK49 PAOM 052225
CLIOME

CLIMATE REPORT
NATIONAL WEATHER SERVICE NOME, AK
225 PM AKDT SUN JUL 5 2015
...................................
...THE NOME WSO AP CLIMATE SUMMARY FOR JULY 5 2015...
VALID TODAY AS OF 2:00 PM LOCAL TIME

CLIMATE NORMAL PERIOD  1981 TO  2010 
CLIMATE RECORD PERIOD  1906 TO  2015 

WEATHER ITEM   OBSERVED TIME    RECORD YEAR NORMAL DEPARTURE LAST 
               VALUE    (LST)   VALUE       VALUE  FROM      YEAR 
                                                   NORMAL 
................................................................... 
TEMPERATURE 
TODAY 
 MAXIMUM            63  1241 AM    83  2008     59       4     68 
 MINIMUM            55  0632 AM    31  1976     46       9     43 
 AVERAGE            59                          52       7     56 

PRECIPITATION 
(INCHES) 
 TODAY            0.00           0.63  1980   0.05   -0.05      T 
 MONTH TO DATE    0.02                        0.23   -0.21   0.49 
 SINCE JUN 1      0.68                        1.21   -0.53   0.71 
 SINCE JAN 1      5.12                        5.35   -0.23   5.18 

SNOWFALL 
(INCHES) 
 TODAY             0.0            0.0  2015    0.0     0.0    0.0 
 MONTH TO DATE     0.0                         0.0     0.0    0.0
 SINCE JUN 1       0.0                         0.3    -0.3    0.0
 SINCE JUL 1       0.0                         0.0     0.0    0.0
 SNOW DEPTH (IN)     0                                          0

DEGREE DAYS 
 HEATING 
  TODAY              6                          13      -7      9 
  MONTH TO DATE     72                          65       7     86
  SINCE JUN 1      597                         581      16    654
  SINCE JUL 1       72                          65       7     86

 COOLING 
  TODAY              0                           0       0      0 
  MONTH TO DATE      0                           0       0      0 
  SINCE JUN 1        5                           0       5      0 
  SINCE JAN 1        5                           0       5      0 
................................................................... 

WIND (MPH) 
 HIGHEST WIND SPEED    17     HIGHEST WIND DIRECTION    120      
 HIGHEST GUST SPEED    21     HIGHEST GUST DIRECTION    120 
 AVERAGE WIND SPEED    MM 

SKY COVER
  POSSIBLE SUNSHINE  MM            AVERAGE SKY COVER MM
 
WEATHER CONDITIONS 
 THE FOLLOWING WEATHER WAS RECORDED TODAY. 
NO SIGNIFICANT WEATHER WAS OBSERVED. 

RELATIVE HUMIDITY
 HIGHEST RH     MM PERCENT       MM
 LOWEST  RH     MM PERCENT       MM
 AVERAGE RH     MM PERCENT       MM
................................................................... 

THE NOME CLIMATE NORMALS FOR TOMORROW 
                        NORMAL    RECORD   YEAR 
 MAXIMUM TEMPERATURE      59        77     1986 
 MINIMUM TEMPERATURE      46        34     1929 

SUNRISE AND SUNSET 
 JUL 5 2015..........SUNRISE  4:40 AM      SUNSET  1:31 AM    
 JUL 6 2015..........SUNRISE  4:43 AM      SUNSET  1:29 AM    

-  INDICATES NEGATIVE NUMBERS.
R  INDICATES RECORD HAS BEEN SET OR TIED.
MM INDICATES DATA IS MISSING.
T  INDICATES TRACE OF PRECIPITATION.

&&
-------------------------------------------------------------------

AMOUNT OF DAYLIGHT TODAY  (HOUR:MIN)........20 HOURS 51 MINUTES
GAIN/LOSS SINCE YESTERDAY (HOUR:MIN:SEC)....-0:04:35

$$
RWM JUL 15