CDAK49 PAOM 222345
CLIOME

CLIMATE REPORT
NATIONAL WEATHER SERVICE NOME, AK
245 PM AKST SAT NOV 22 2014
...................................
...THE NOME WSO AP CLIMATE SUMMARY FOR NOVEMBER 22 2014...
VALID TODAY AS OF 2:45 PM LOCAL TIME

CLIMATE NORMAL PERIOD  1981 TO  2010 
CLIMATE RECORD PERIOD  1906 TO  2014 

WEATHER ITEM   OBSERVED TIME    RECORD YEAR NORMAL DEPARTURE LAST 
               VALUE    (LST)   VALUE       VALUE  FROM      YEAR 
                                                   NORMAL 
................................................................... 
TEMPERATURE 
TODAY 
 MAXIMUM            26  0204 AM    44  1949     21       5     16 
 MINIMUM            16  1133 AM   -27  1988      8       8     10 
 AVERAGE            21                          15       6     13 

PRECIPITATION 
(INCHES) 
 TODAY            0.00           0.28  1959   0.04   -0.04   0.02 
 MONTH TO DATE    0.65                        0.93   -0.28   1.46 
 SINCE SEP 1      3.86                        4.99   -1.13   6.99 
 SINCE JAN 1     12.88                       15.44   -2.56  20.10 

SNOWFALL 
(INCHES) 
 TODAY             0.0            3.5  1997    0.5    -0.5    0.7 
 MONTH TO DATE     2.6                         8.8    -6.2    6.8
 SINCE SEP 1       7.5                        14.0    -6.5    8.4
 SINCE JUL 1       7.5                        14.0    -6.5    8.4
 SNOW DEPTH (IN)     1                                          2

DEGREE DAYS 
 HEATING 
  TODAY             44                          50      -6     52 
  MONTH TO DATE    808                        1032    -224    959
  SINCE SEP 1     2495                        2823    -328   2609
  SINCE JUL 1     3198                        3687    -489   3383

 COOLING 
  TODAY              0                           0       0      0 
  MONTH TO DATE      0                           0       0      0 
  SINCE SEP 1        0                           0       0      0 
  SINCE JAN 1        3                           0       3      7 
................................................................... 

WIND (MPH) 
 HIGHEST WIND SPEED    16     HIGHEST WIND DIRECTION     60      
 HIGHEST GUST SPEED    21     HIGHEST GUST DIRECTION     30 
 AVERAGE WIND SPEED    MM 

SKY COVER
  POSSIBLE SUNSHINE  MM            AVERAGE SKY COVER MM
 
WEATHER CONDITIONS 
 THE FOLLOWING WEATHER WAS RECORDED TODAY. 
NO SIGNIFICANT WEATHER WAS OBSERVED. 

RELATIVE HUMIDITY
 HIGHEST RH     MM PERCENT       MM
 LOWEST  RH     MM PERCENT       MM
 AVERAGE RH     MM PERCENT       MM
................................................................... 

THE NOME CLIMATE NORMALS FOR TOMORROW 
                        NORMAL    RECORD   YEAR 
 MAXIMUM TEMPERATURE      21        44     1947 
 MINIMUM TEMPERATURE       8       -24     1918 

SUNRISE AND SUNSET 
 NOV 22 2014..........SUNRISE 10:59 AM      SUNSET  4:38 PM    
 NOV 23 2014..........SUNRISE 11:02 AM      SUNSET  4:35 PM    

-  INDICATES NEGATIVE NUMBERS.
R  INDICATES RECORD HAS BEEN SET OR TIED.
MM INDICATES DATA IS MISSING.
T  INDICATES TRACE OF PRECIPITATION.

&&
-------------------------------------------------------------------

AMOUNT OF DAYLIGHT TODAY  (HOUR:MIN)........5 HOURS 39 MINUTES
GAIN/LOSS SINCE YESTERDAY (HOUR:MIN:SEC)....-0:05:57

$$

CKC NOV 14