CDAK49 PAOM 281100
CLIOME

CLIMATE REPORT 
NATIONAL WEATHER SERVICE NOME, AK
3 AM AKDT TUE APR 28 2015
...................................
...THE NOME WSO AP CLIMATE SUMMARY FOR APRIL 27 2015... 

CLIMATE NORMAL PERIOD  1981 TO  2010 
CLIMATE RECORD PERIOD  1906 TO  2015 

WEATHER ITEM   OBSERVED TIME    RECORD YEAR NORMAL DEPARTURE LAST 
               VALUE    (LST)   VALUE       VALUE  FROM      YEAR 
                                                   NORMAL 
................................................................... 
TEMPERATURE 
YESTERDAY 
 MAXIMUM            41  0731 PM    60  1940     33       8     50 
 MINIMUM            23  0613 AM   -15  1964     21       2     32 
 AVERAGE            32                          27       5     41 

PRECIPITATION 
(INCHES) 
 YESTERDAY        0.00           0.26  1981   0.03   -0.03   0.00 
 MONTH TO DATE    0.61                        0.68   -0.07   0.27 
 SINCE MAR 1      1.31                        1.33   -0.02   0.80 
 SINCE JAN 1      2.95                        3.20   -0.25   2.97 

SNOWFALL 
(INCHES) 
 YESTERDAY         0.0            2.6  1981    0.1    -0.1    0.0 
 MONTH TO DATE     7.6                         6.9     0.7    2.5 
 SINCE MAR 1      16.4                        15.8     0.6   14.8 
 SINCE JUL 1      59.7                        72.5   -12.8   69.1
 SNOW DEPTH (IN)     4                                          0 

DEGREE DAYS 
 HEATING 
  YESTERDAY         33                          38      -5     24 
  MONTH TO DATE   1207                        1225     -18    995 
  SINCE MAR 1     3014                        2921      93   2622 
  SINCE JUL 1    11178                       12203   -1025  10776

 COOLING 
  YESTERDAY          0                           0       0      0 
  MONTH TO DATE      0                           0       0      0 
  SINCE MAR 1        0                           0       0      0 
  SINCE JAN 1        0                           0       0      0 
................................................................... 

WIND (MPH) 
 HIGHEST WIND SPEED    10     HIGHEST WIND DIRECTION    350      
 HIGHEST GUST SPEED    11     HIGHEST GUST DIRECTION    340 
 AVERAGE WIND SPEED   3.3 

SKY COVER
  POSSIBLE SUNSHINE    MM          AVERAGE SKY COVER     MM
 
WEATHER CONDITIONS 
 THE FOLLOWING WEATHER WAS RECORDED YESTERDAY. 
  NO SIGNIFICANT WEATHER WAS OBSERVED. 

RELATIVE HUMIDITY
 HIGHEST RH     MM PERCENT       MM
 LOWEST  RH     MM PERCENT       MM
 AVERAGE RH     MM PERCENT       MM
................................................................... 

THE NOME CLIMATE NORMALS FOR TODAY 
                           NORMAL    RECORD   YEAR 
 MAXIMUM TEMPERATURE (F)     34        49     1953 
 MINIMUM TEMPERATURE (F)     22       -12     1964 

SUNRISE AND SUNSET 
 APR 28 2015..........SUNRISE  6:42 AM      SUNSET 11:20 PM   
 APR 29 2015..........SUNRISE  6:39 AM      SUNSET 11:23 PM   

-  INDICATES NEGATIVE NUMBERS.
R  INDICATES RECORD HAS BEEN SET OR TIED.
MM INDICATES DATA IS MISSING.
T  INDICATES TRACE OF PRECIPITATION.

&&
-------------------------------------------------------------------

AMOUNT OF DAYLIGHT TODAY  (HOUR:MIN)........16 HOURS 38 MINUTES
GAIN/LOSS SINCE YESTERDAY (HOUR:MIN:SEC)....+0:06:50

NOME TIDAL INFORMATION FOR 28 APRIL 2015
0124AM  +1.0
0726AM  +0.2
0235PM  +1.4
0920PM  +0.6

$$

CKC APR 15