CDAK49 PAOM 010911
CLIOME

CLIMATE REPORT 
NATIONAL WEATHER SERVICE NOME, AK
111 AM AKDT SAT AUG 1 2015
...................................
...THE NOME WSO AP CLIMATE SUMMARY FOR JULY 31 2015... 

CLIMATE NORMAL PERIOD  1981 TO  2010 
CLIMATE RECORD PERIOD  1906 TO  2015 

WEATHER ITEM   OBSERVED TIME    RECORD YEAR NORMAL DEPARTURE LAST 
               VALUE    (LST)   VALUE       VALUE  FROM      YEAR 
                                                   NORMAL 
................................................................... 
TEMPERATURE 
YESTERDAY 
 MAXIMUM            52  1016 PM    86  1977     57      -5     55 
 MINIMUM            46  0824 AM    30  1929     46       0     50 
 AVERAGE            49                          52      -3     53 

PRECIPITATION 
(INCHES) 
 YESTERDAY           T           1.00  1911   0.10   -0.10   0.03 
 MONTH TO DATE    1.44                        2.11   -0.67   2.62 
 SINCE JUN 1      2.10                        3.09   -0.99   2.84 
 SINCE JAN 1      6.54                        7.23   -0.69   7.31 

SNOWFALL 
(INCHES) 
 YESTERDAY         0.0            0.0  2015    0.0     0.0    0.0 
 MONTH TO DATE     0.0                         0.0     0.0    0.0 
 SINCE JUN 1       0.0                         0.3    -0.3    0.0 
 SINCE JUL 1       0.0                         0.0     0.0    0.0
 SNOW DEPTH (IN)     0                                          0 

DEGREE DAYS 
 HEATING 
  YESTERDAY         16                          13       3     12 
  MONTH TO DATE    307                         400     -93    423 
  SINCE JUN 1      832                         916     -84    991 
  SINCE JUL 1      307                         400     -93    423

 COOLING 
  YESTERDAY          0                           0       0      0 
  MONTH TO DATE      0                           0       0      2 
  SINCE JUN 1        5                           0       5      2 
  SINCE JAN 1        5                           0       5      2 
................................................................... 

WIND (MPH) 
 HIGHEST WIND SPEED    22     HIGHEST WIND DIRECTION    220      
 HIGHEST GUST SPEED    25     HIGHEST GUST DIRECTION    220 
 AVERAGE WIND SPEED  12.2 

SKY COVER
  POSSIBLE SUNSHINE    MM          AVERAGE SKY COVER     MM
 
WEATHER CONDITIONS 
 THE FOLLOWING WEATHER WAS RECORDED YESTERDAY. 
  FOG
DRIZZLE
RAIN
 

RELATIVE HUMIDITY
 HIGHEST RH     MM PERCENT       MM
 LOWEST  RH     MM PERCENT       MM
 AVERAGE RH     MM PERCENT       MM
................................................................... 

THE NOME CLIMATE NORMALS FOR TODAY 
                           NORMAL    RECORD   YEAR 
 MAXIMUM TEMPERATURE (F)     57        77     1972 
 MINIMUM TEMPERATURE (F)     46        33     1967 

SUNRISE AND SUNSET 
 AUG 1 2015..........SUNRISE  6:05 AM      SUNSET 12:09 AM   
 AUG 2 2015..........SUNRISE  6:09 AM      SUNSET 12:06 AM   

-  INDICATES NEGATIVE NUMBERS.
R  INDICATES RECORD HAS BEEN SET OR TIED.
MM INDICATES DATA IS MISSING.
T  INDICATES TRACE OF PRECIPITATION.

&&
-------------------------------------------------------------------

AMOUNT OF DAYLIGHT TODAY  (HOUR:MIN)........18 HOURS 4 MINUTES
GAIN/LOSS SINCE YESTERDAY (HOUR:MIN:SEC)....-0:06:44

TIDE INFORMATION FOR SATURDAY AUGUST 1 2015
 7:02 AM HIGH 1.2 FT
11:33 AM LOW  0.9 FT
 5:13 PM HIGH 1.4 FT

$$
RWM AUG 15