CDAK49 PAOM 220905
CLIOME

CLIMATE REPORT 
NATIONAL WEATHER SERVICE NOME, AK
105 AM AKDT FRI MAY 22 2015
...................................
...THE NOME WSO AP CLIMATE SUMMARY FOR MAY 21 2015... 

CLIMATE NORMAL PERIOD  1981 TO  2010 
CLIMATE RECORD PERIOD  1906 TO  2015 

WEATHER ITEM   OBSERVED TIME    RECORD YEAR NORMAL DEPARTURE LAST 
               VALUE    (LST)   VALUE       VALUE  FROM      YEAR 
                                                   NORMAL 
................................................................... 
TEMPERATURE 
YESTERDAY 
 MAXIMUM            39  0413 AM    69  2002     46      -7     48 
 MINIMUM            32  1159 PM    15  1926     33      -1     29 
 AVERAGE            36                          39      -3     39 

PRECIPITATION 
(INCHES) 
 YESTERDAY           T           0.81  2013   0.02   -0.02   0.00 
 MONTH TO DATE    1.26                        0.58    0.68   0.54 
 SINCE MAR 1      2.57                        1.99    0.58   1.52 
 SINCE JAN 1      4.21                        3.86    0.35   3.69 

SNOWFALL 
(INCHES) 
 YESTERDAY           T            4.2  2013    0.1    -0.1    0.0 
 MONTH TO DATE       T                         2.0    -2.0    2.3 
 SINCE MAR 1      16.4                        18.4    -2.0   17.7 
 SINCE JUL 1      59.7                        75.1   -15.4   72.0
 SNOW DEPTH (IN)     0                                          0 

DEGREE DAYS 
 HEATING 
  YESTERDAY         29                          26       3     26 
  MONTH TO DATE    572                         637     -65    664 
  SINCE MAR 1     3679                        3668      11   3384 
  SINCE JUL 1    11843                       12950   -1107  11538

 COOLING 
  YESTERDAY          0                           0       0      0 
  MONTH TO DATE      0                           0       0      0 
  SINCE MAR 1        0                           0       0      0 
  SINCE JAN 1        0                           0       0      0 
................................................................... 

WIND (MPH) 
 HIGHEST WIND SPEED    16     HIGHEST WIND DIRECTION    120      
 HIGHEST GUST SPEED    19     HIGHEST GUST DIRECTION    110 
 AVERAGE WIND SPEED  10.2 

SKY COVER
  POSSIBLE SUNSHINE    MM          AVERAGE SKY COVER     MM
 
WEATHER CONDITIONS 
 THE FOLLOWING WEATHER WAS RECORDED YESTERDAY. 
  FOG
DENSE FOG
RAIN
SNOW

RELATIVE HUMIDITY
 HIGHEST RH     MM PERCENT       MM
 LOWEST  RH     MM PERCENT       MM
 AVERAGE RH     MM PERCENT       MM
................................................................... 

THE NOME CLIMATE NORMALS FOR TODAY 
                           NORMAL    RECORD   YEAR 
 MAXIMUM TEMPERATURE (F)     46        72     2002 
 MINIMUM TEMPERATURE (F)     33        15     1966 

SUNRISE AND SUNSET 
 MAY 22 2015..........SUNRISE  5:20 AM      SUNSET 12:40 AM   
 MAY 23 2015..........SUNRISE  5:17 AM      SUNSET 12:44 AM   

-  INDICATES NEGATIVE NUMBERS.
R  INDICATES RECORD HAS BEEN SET OR TIED.
MM INDICATES DATA IS MISSING.
T  INDICATES TRACE OF PRECIPITATION.

&&
-------------------------------------------------------------------

AMOUNT OF DAYLIGHT TODAY  (HOUR:MIN)........19 HOURS 20 MINUTES
GAIN/LOSS SINCE YESTERDAY (HOUR:MIN:SEC)....+0:06:34

TIDE INFORMATION FOR FRIDAY MAY 22 2015
 2:42 AM LOW -0.2 FT
10:03 AM HIGH 1.4 FT
 3:04 PM LOW  0.9 FT
 8:26 PM HIGH 1.2 FT

$$
RWM MAY 15