CDAK49 PAOM 191330
CLIOME

CLIMATE REPORT 
NATIONAL WEATHER SERVICE NOME, AK
430 AM AKST FRI DEC 19 2014
...................................
...THE NOME WSO AP CLIMATE SUMMARY FOR DECEMBER 18 2014... 

CLIMATE NORMAL PERIOD  1981 TO  2010 
CLIMATE RECORD PERIOD  1906 TO  2014 

WEATHER ITEM   OBSERVED TIME    RECORD YEAR NORMAL DEPARTURE LAST 
               VALUE    (LST)   VALUE       VALUE  FROM      YEAR 
                                                   NORMAL 
................................................................... 
TEMPERATURE 
YESTERDAY 
 MAXIMUM            30  0853 PM    36  1932     17      13     23 
 MINIMUM            23  0425 PM   -36  1946      2      21     -1 
 AVERAGE            27                           9      18     11 

PRECIPITATION 
(INCHES) 
 YESTERDAY        0.00           1.07  1931   0.04   -0.04      T 
 MONTH TO DATE    0.25                        0.62   -0.37   1.60 
 SINCE DEC 1      0.25                        0.62   -0.37   1.60 
 SINCE JAN 1     13.92                       16.35   -2.43  21.92 

SNOWFALL 
(INCHES) 
 YESTERDAY         0.0           10.7  1931    0.5    -0.5    0.2 
 MONTH TO DATE     2.9                         8.1    -5.2    9.7 
 SINCE DEC 1       2.9                         8.1    -5.2    9.7 
 SINCE JUL 1      20.5                        25.4    -4.9   24.3
 SNOW DEPTH (IN)    11                                          6 

DEGREE DAYS 
 HEATING 
  YESTERDAY         38                          56     -18     54 
  MONTH TO DATE    841                         977    -136    798 
  SINCE DEC 1      841                         977    -136    798 
  SINCE JUL 1     4386                        5075    -689   4600

 COOLING 
  YESTERDAY          0                           0       0      0 
  MONTH TO DATE      0                           0       0      0 
  SINCE DEC 1        0                           0       0      0 
  SINCE JAN 1        3                           0       3      7 
................................................................... 

WIND (MPH) 
 HIGHEST WIND SPEED    18     HIGHEST WIND DIRECTION     80      
 HIGHEST GUST SPEED    22     HIGHEST GUST DIRECTION     70 
 AVERAGE WIND SPEED  11.7 

SKY COVER
  POSSIBLE SUNSHINE    MM          AVERAGE SKY COVER     MM
 
WEATHER CONDITIONS 
 THE FOLLOWING WEATHER WAS RECORDED YESTERDAY. 
  NO SIGNIFICANT WEATHER WAS OBSERVED. 

RELATIVE HUMIDITY
 HIGHEST RH     MM PERCENT       MM
 LOWEST  RH     MM PERCENT       MM
 AVERAGE RH     MM PERCENT       MM
................................................................... 

THE NOME CLIMATE NORMALS FOR TODAY 
                           NORMAL    RECORD   YEAR 
 MAXIMUM TEMPERATURE (F)     16        38     1969 
 MINIMUM TEMPERATURE (F)      2       -36     1918 

SUNRISE AND SUNSET 
 DEC 19 2014..........SUNRISE 12:02 PM      SUNSET  3:57 PM   
 DEC 20 2014..........SUNRISE 12:03 PM      SUNSET  3:57 PM   

-  INDICATES NEGATIVE NUMBERS.
R  INDICATES RECORD HAS BEEN SET OR TIED.
MM INDICATES DATA IS MISSING.
T  INDICATES TRACE OF PRECIPITATION.

&&
-------------------------------------------------------------------

AMOUNT OF DAYLIGHT TODAY  (HOUR:MIN)........3 HOURS 55 MINUTES
GAIN/LOSS SINCE YESTERDAY (HOUR:MIN:SEC)....-0:00:47

NOME TIDAL INFORMATION FOR 19 DECEMBER 2014
01:29 AM +1.2
08:36 AM +0.3
03:26 PM +1.1
08:07 PM +0.8

$$

CKC DEC 14