CDAK49 PAOM 292337
CLIOME

CLIMATE REPORT
NATIONAL WEATHER SERVICE NOME, AK
337 PM AKDT WED JUN 29 2016
...................................
...THE NOME WSO AP CLIMATE SUMMARY FOR JUNE 29 2016...
VALID TODAY AS OF 2:00 PM LOCAL TIME

CLIMATE NORMAL PERIOD  1981 TO  2010 
CLIMATE RECORD PERIOD  1906 TO  2016 

WEATHER ITEM   OBSERVED TIME    RECORD YEAR NORMAL DEPARTURE LAST 
               VALUE    (LST)   VALUE       VALUE  FROM      YEAR 
                                                   NORMAL 
................................................................... 
TEMPERATURE 
TODAY 
 MAXIMUM            53  0241 AM    78  1911     58      -5     48 
 MINIMUM            49  0934 AM    31  1949     45       4     43 
 AVERAGE            51                          51       0     46 

PRECIPITATION 
(INCHES) 
 TODAY            0.00           0.88  1942   0.04   -0.04   0.02 
 MONTH TO DATE    0.34                        0.94   -0.60   0.64 
 SINCE JUN 1      0.34                        0.94   -0.60   0.64 
 SINCE JAN 1      3.43                        5.08   -1.65   5.08 

SNOWFALL 
(INCHES) 
 TODAY             0.0            0.0  2016    0.0     0.0    0.0 
 MONTH TO DATE     0.0                         0.3    -0.3      T
 SINCE JUN 1       0.0                         0.3    -0.3    0.0
 SINCE JUL 1      48.9                        75.7   -26.8   59.7
 SNOW DEPTH (IN)     0                                          0

DEGREE DAYS 
 HEATING 
  TODAY             14                          14       0     19 
  MONTH TO DATE    452                         502     -50    504
  SINCE JUN 1      452                         502     -50    504
  SINCE JUL 1    11926                       13690   -1764  12521

 COOLING 
  TODAY              0                           0       0      0 
  MONTH TO DATE      0                           0       0      5 
  SINCE JUN 1        0                           0       0      5 
  SINCE JAN 1        0                           0       0      5 
................................................................... 

WIND (MPH) 
 HIGHEST WIND SPEED    13     HIGHEST WIND DIRECTION    190      
 HIGHEST GUST SPEED    16     HIGHEST GUST DIRECTION    180 
 AVERAGE WIND SPEED    MM 

SKY COVER
  POSSIBLE SUNSHINE  MM            AVERAGE SKY COVER MM
 
WEATHER CONDITIONS 
 THE FOLLOWING WEATHER WAS RECORDED TODAY. 
FOG
 

RELATIVE HUMIDITY
 HIGHEST RH     MM PERCENT       MM
 LOWEST  RH     MM PERCENT       MM
 AVERAGE RH     MM PERCENT       MM
................................................................... 

THE NOME CLIMATE NORMALS FOR TOMORROW 
                        NORMAL    RECORD   YEAR 
 MAXIMUM TEMPERATURE      58        76     1921 
 MINIMUM TEMPERATURE      45        32     1924 

SUNRISE AND SUNSET 
 JUN 29 2016..........SUNRISE  4:29 AM      SUNSET  1:42 AM    
 JUN 30 2016..........SUNRISE  4:30 AM      SUNSET  1:40 AM    

-  INDICATES NEGATIVE NUMBERS.
R  INDICATES RECORD HAS BEEN SET OR TIED.
MM INDICATES DATA IS MISSING.
T  INDICATES TRACE OF PRECIPITATION.

&&
-------------------------------------------------------------------

AMOUNT OF DAYLIGHT TODAY  (HOUR:MIN)........21 HOURS 13 MINUTES
GAIN/LOSS SINCE YESTERDAY (HOUR:MIN:SEC)....-0:03:09

$$
RCT JUN 16