CDAK49 PAOM 311000
CLIOME

CLIMATE REPORT 
NATIONAL WEATHER SERVICE NOME, AK
2 AM AKDT FRI OCT 31 2014
...................................
...THE NOME WSO AP CLIMATE SUMMARY FOR OCTOBER 30 2014... 

CLIMATE NORMAL PERIOD  1981 TO  2010 
CLIMATE RECORD PERIOD  1906 TO  2014 

WEATHER ITEM   OBSERVED TIME    RECORD YEAR NORMAL DEPARTURE LAST 
               VALUE    (LST)   VALUE       VALUE  FROM      YEAR 
                                                   NORMAL 
................................................................... 
TEMPERATURE 
YESTERDAY 
 MAXIMUM            27  0406 PM    43  1911     28      -1     31 
 MINIMUM            10  1000 AM    -5  1975     17      -7     18 
 AVERAGE            19                          23      -4     25 

PRECIPITATION 
(INCHES) 
 YESTERDAY        0.00           0.79  1935   0.05   -0.05   0.00 
 MONTH TO DATE    0.63                        1.57   -0.94   3.55 
 SINCE SEP 1      3.21                        4.02   -0.81   5.53 
 SINCE JAN 1     12.23                       14.47   -2.24  18.64 

SNOWFALL 
(INCHES) 
 YESTERDAY         0.0            2.7  1994    0.3    -0.3    0.0 
 MONTH TO DATE     4.9                         4.3     0.6    0.5 
 SINCE SEP 1       4.9                         4.9    -0.0    1.6 
 SINCE JUL 1       4.9                         4.9     0.0    1.6
 SNOW DEPTH (IN)     1                                          0 

DEGREE DAYS 
 HEATING 
  YESTERDAY         46                          42       4     40 
  MONTH TO DATE   1058                        1082     -24    863 
  SINCE SEP 1     1641                        1748    -107   1609 
  SINCE JUL 1     2344                        2612    -268   2383

 COOLING 
  YESTERDAY          0                           0       0      0 
  MONTH TO DATE      0                           0       0      0 
  SINCE SEP 1        0                           0       0      0 
  SINCE JAN 1        3                           0       3      7 
................................................................... 

WIND (MPH) 
 HIGHEST WIND SPEED    16     HIGHEST WIND DIRECTION     60      
 HIGHEST GUST SPEED    22     HIGHEST GUST DIRECTION     60 
 AVERAGE WIND SPEED   4.3 

SKY COVER
  POSSIBLE SUNSHINE    MM          AVERAGE SKY COVER     MM
 
WEATHER CONDITIONS 
 THE FOLLOWING WEATHER WAS RECORDED YESTERDAY. 
  NO SIGNIFICANT WEATHER WAS OBSERVED. 

RELATIVE HUMIDITY
 HIGHEST RH     MM PERCENT       MM
 LOWEST  RH     MM PERCENT       MM
 AVERAGE RH     MM PERCENT       MM
................................................................... 

THE NOME CLIMATE NORMALS FOR TODAY 
                           NORMAL    RECORD   YEAR 
 MAXIMUM TEMPERATURE (F)     28        42     1911 
 MINIMUM TEMPERATURE (F)     16        -6     1975 

SUNRISE AND SUNSET 
 OCT 31 2014..........SUNRISE 10:45 AM      SUNSET  6:45 PM   
 NOV 1 2014..........SUNRISE 10:49 AM      SUNSET  6:42 PM   

-  INDICATES NEGATIVE NUMBERS.
R  INDICATES RECORD HAS BEEN SET OR TIED.
MM INDICATES DATA IS MISSING.
T  INDICATES TRACE OF PRECIPITATION.

&&
-------------------------------------------------------------------

AMOUNT OF DAYLIGHT TODAY  (HOUR:MIN)........8 HOURS 0 MINUTES
GAIN/LOSS SINCE YESTERDAY (HOUR:MIN:SEC)....-0:06:36

NOME TIDAL INFORMATION FOR 31 OCTOBER 2014
04:32 AM +0.8
10:11 AM +1.3
05:33 PM  0.0

$$

CKC OCT 14