CDAK49 PAOM 290903
CLIOME

CLIMATE REPORT 
NATIONAL WEATHER SERVICE NOME, AK
103 AM AKDT TUE JUL 29 2014
...................................
...THE NOME WSO AP CLIMATE SUMMARY FOR JULY 28 2014... 

CLIMATE NORMAL PERIOD  1981 TO  2010 
CLIMATE RECORD PERIOD  1906 TO  2014 

WEATHER ITEM   OBSERVED TIME    RECORD YEAR NORMAL DEPARTURE LAST 
               VALUE    (LST)   VALUE       VALUE  FROM      YEAR 
                                                   NORMAL 
................................................................... 
TEMPERATURE 
YESTERDAY 
 MAXIMUM            64  0345 PM    75  1953     58       6     60 
 MINIMUM            46  0412 AM    31  1973     46       0     49 
 AVERAGE            55                          52       3     55 

PRECIPITATION 
(INCHES) 
 YESTERDAY           T           1.13  2012   0.09   -0.09   0.02 
 MONTH TO DATE    2.48                        1.82    0.66   2.08 
 SINCE JUN 1      2.70                        2.80   -0.10   4.61 
 SINCE JAN 1      7.17                        6.94    0.23   8.86 

SNOWFALL 
(INCHES) 
 YESTERDAY         0.0            0.0  2014    0.0     0.0    0.0 
 MONTH TO DATE     0.0                         0.0     0.0    0.0 
 SINCE JUN 1       0.0                         0.3    -0.3    0.1 
 SINCE JUL 1       0.0                         0.0     0.0    0.0
 SNOW DEPTH (IN)     0                                          0 

DEGREE DAYS 
 HEATING 
  YESTERDAY         10                          13      -3     10 
  MONTH TO DATE    388                         361      27    384 
  SINCE JUN 1      956                         877      79    860 
  SINCE JUL 1      388                         361      27    384

 COOLING 
  YESTERDAY          0                           0       0      0 
  MONTH TO DATE      2                           0       2      0 
  SINCE JUN 1        2                           0       2      7 
  SINCE JAN 1        2                           0       2      7 
................................................................... 

WIND (MPH) 
 HIGHEST WIND SPEED    22     HIGHEST WIND DIRECTION     40      
 HIGHEST GUST SPEED    26     HIGHEST GUST DIRECTION     40 
 AVERAGE WIND SPEED   6.8 

SKY COVER
  POSSIBLE SUNSHINE    MM          AVERAGE SKY COVER     MM
 
WEATHER CONDITIONS 
 THE FOLLOWING WEATHER WAS RECORDED YESTERDAY. 
  FOG
  RAIN
 

RELATIVE HUMIDITY
 HIGHEST RH     MM PERCENT       MM
 LOWEST  RH     MM PERCENT       MM
 AVERAGE RH     MM PERCENT       MM
................................................................... 

THE NOME CLIMATE NORMALS FOR TODAY 
                           NORMAL    RECORD   YEAR 
 MAXIMUM TEMPERATURE (F)     57        72     1997 
 MINIMUM TEMPERATURE (F)     46        32     1929 

SUNRISE AND SUNSET 
 JUL 29 2014..........SUNRISE  5:56 AM      SUNSET 12:19 AM   
 JUL 30 2014..........SUNRISE  5:59 AM      SUNSET 12:15 AM   

-  INDICATES NEGATIVE NUMBERS.
R  INDICATES RECORD HAS BEEN SET OR TIED.
MM INDICATES DATA IS MISSING.
T  INDICATES TRACE OF PRECIPITATION.

&&
-------------------------------------------------------------------

AMOUNT OF DAYLIGHT TODAY  (HOUR:MIN)........18 HOURS 23 MINUTES
GAIN/LOSS SINCE YESTERDAY (HOUR:MIN:SEC)....-0:06:41

TIDES FOR TUESDAY JULY 29 2014

1:29 AM LOW  0.0 FT
8:54 AM HIGH 1.3 FT
1:41 PM LOW  0.9 FT
7:18 PM HIGH 1.2 FT

$$
RCT JUL 14