CDAK49 PAOM 280924
CLIOME

CLIMATE REPORT 
NATIONAL WEATHER SERVICE NOME, AK
1224 AM AKST SAT FEB 28 2015
...................................
...THE NOME WSO AP CLIMATE SUMMARY FOR FEBRUARY 27 2015... 

CLIMATE NORMAL PERIOD  1981 TO  2010 
CLIMATE RECORD PERIOD  1906 TO  2015 

WEATHER ITEM   OBSERVED TIME    RECORD YEAR NORMAL DEPARTURE LAST 
               VALUE    (LST)   VALUE       VALUE  FROM      YEAR 
                                                   NORMAL 
................................................................... 
TEMPERATURE 
YESTERDAY 
 MAXIMUM            32  1216 AM    46  1991     17      15     37 
 MINIMUM            29  0733 PM   -40  1971      1      28     32 
 AVERAGE            31                           9      22     35 

PRECIPITATION 
(INCHES) 
 YESTERDAY        0.03           0.62  1944   0.03    0.00   0.06 
 MONTH TO DATE    0.81                        0.90   -0.09   0.53 
 SINCE DEC 1      2.06                        2.92   -0.86   4.11 
 SINCE JAN 1      1.52                        1.84   -0.32   2.10 

SNOWFALL 
(INCHES) 
 YESTERDAY         0.3            6.4  2009    0.4    -0.1    0.0 
 MONTH TO DATE     8.9                        11.8    -2.9    8.6 
 SINCE DEC 1      24.4                        39.0   -14.6   39.2 
 SINCE JUL 1      42.0                        56.3   -14.3   53.8
 SNOW DEPTH (IN)    10                                          9 

DEGREE DAYS 
 HEATING 
  YESTERDAY         34                          56     -22     30 
  MONTH TO DATE   1328                        1555    -227   1402 
  SINCE DEC 1     4571                        5128    -557   4309 
  SINCE JUL 1     8116                        9226   -1110   8119

 COOLING 
  YESTERDAY          0                           0       0      0 
  MONTH TO DATE      0                           0       0      0 
  SINCE DEC 1        0                           0       0      0 
  SINCE JAN 1        0                           0       0      0 
................................................................... 

WIND (MPH) 
 HIGHEST WIND SPEED    23     HIGHEST WIND DIRECTION    160      
 HIGHEST GUST SPEED    29     HIGHEST GUST DIRECTION    170 
 AVERAGE WIND SPEED  17.2 

SKY COVER
  POSSIBLE SUNSHINE    MM          AVERAGE SKY COVER     MM
 
WEATHER CONDITIONS 
 THE FOLLOWING WEATHER WAS RECORDED YESTERDAY. 
  FOG
FREEZING DRIZZLE
BLOWING SNOW
SNOW
 

RELATIVE HUMIDITY
 HIGHEST RH     MM PERCENT       MM
 LOWEST  RH     MM PERCENT       MM
 AVERAGE RH     MM PERCENT       MM
................................................................... 

THE NOME CLIMATE NORMALS FOR TODAY 
                           NORMAL    RECORD   YEAR 
 MAXIMUM TEMPERATURE (F)     17        41     1991 
 MINIMUM TEMPERATURE (F)      1       -42     1971 

SUNRISE AND SUNSET 
 FEB 28 2015..........SUNRISE  9:14 AM      SUNSET  7:17 PM   
 MAR 1 2015..........SUNRISE  9:11 AM      SUNSET  7:20 PM   

-  INDICATES NEGATIVE NUMBERS.
R  INDICATES RECORD HAS BEEN SET OR TIED.
MM INDICATES DATA IS MISSING.
T  INDICATES TRACE OF PRECIPITATION.

&&
-------------------------------------------------------------------

AMOUNT OF DAYLIGHT TODAY  (HOUR:MIN)........10 HOURS 3 MINUTES
GAIN/LOSS SINCE YESTERDAY (HOUR:MIN:SEC)....+0:06:40

TIDE INFORMATION FOR SATURDAY FEBRUARY 28 2015
12:02 AM HIGH 1.2 FT
 6:51 AM LOW  0.1 FT
 1:57 PM HIGH 1.3 FT
 7:16 PM LOW  0.7 FT

$$
RWM FEB 15