CDAK49 PAOM 262236
CLIOME

CLIMATE REPORT
NATIONAL WEATHER SERVICE NOME, AK
236 PM AKDT THU MAR 26 2015
...................................
...THE NOME WSO AP CLIMATE SUMMARY FOR MARCH 26 2015...
VALID TODAY AS OF 2:00 PM LOCAL TIME

CLIMATE NORMAL PERIOD  1981 TO  2010 
CLIMATE RECORD PERIOD  1906 TO  2015 

WEATHER ITEM   OBSERVED TIME    RECORD YEAR NORMAL DEPARTURE LAST 
               VALUE    (LST)   VALUE       VALUE  FROM      YEAR 
                                                   NORMAL 
................................................................... 
TEMPERATURE 
TODAY 
 MAXIMUM            18  1216 PM    38  1990     20      -2     26 
 MINIMUM            -1  0838 AM   -31  1977      3      -4      6 
 AVERAGE             9                          11      -2     16 

PRECIPITATION 
(INCHES) 
 TODAY            0.00           0.22  1975   0.02   -0.02      T 
 MONTH TO DATE    0.70                        0.55    0.15   0.53 
 SINCE MAR 1      0.70                        0.55    0.15   0.53 
 SINCE JAN 1      2.34                        2.42   -0.08   2.70 

SNOWFALL 
(INCHES) 
 TODAY             0.0            2.4  1975    0.2    -0.2      T 
 MONTH TO DATE     8.7                         7.6     1.1   12.3
 SINCE MAR 1       8.7                         7.6     1.1   12.3
 SINCE JUL 1      52.0                        64.3   -12.3   66.6
 SNOW DEPTH (IN)    13                                         12

DEGREE DAYS 
 HEATING 
  TODAY             56                          54       2     49 
  MONTH TO DATE   1517                        1432      85   1393
  SINCE JUL 1     9676                       10714   -1038   9547

 COOLING 
  TODAY              0                           0       0      0 
  MONTH TO DATE      0                           0       0      0 
  SINCE MAR 1        0                           0       0      0 
  SINCE JAN 1        0                           0       0      0 
................................................................... 

WIND (MPH) 
 HIGHEST WIND SPEED    13     HIGHEST WIND DIRECTION    320      
 HIGHEST GUST SPEED    14     HIGHEST GUST DIRECTION    330 
 AVERAGE WIND SPEED    MM 

SKY COVER
  POSSIBLE SUNSHINE  MM            AVERAGE SKY COVER MM
 
WEATHER CONDITIONS 
 THE FOLLOWING WEATHER WAS RECORDED TODAY. 
NO SIGNIFICANT WEATHER WAS OBSERVED. 

RELATIVE HUMIDITY
 HIGHEST RH     MM PERCENT       MM
 LOWEST  RH     MM PERCENT       MM
 AVERAGE RH     MM PERCENT       MM
................................................................... 

THE NOME CLIMATE NORMALS FOR TOMORROW 
                        NORMAL    RECORD   YEAR 
 MAXIMUM TEMPERATURE      20        40     1926 
 MINIMUM TEMPERATURE       3       -33     1920 

SUNRISE AND SUNSET 
 MAR 26 2015..........SUNRISE  8:41 AM      SUNSET  9:36 PM    
 MAR 27 2015..........SUNRISE  8:37 AM      SUNSET  9:39 PM    

-  INDICATES NEGATIVE NUMBERS.
R  INDICATES RECORD HAS BEEN SET OR TIED.
MM INDICATES DATA IS MISSING.
T  INDICATES TRACE OF PRECIPITATION.

&&
-------------------------------------------------------------------

AMOUNT OF DAYLIGHT TODAY  (HOUR:MIN)........12 HOURS 55 MINUTES
GAIN/LOSS SINCE YESTERDAY (HOUR:MIN:SEC)....+0:06:38

$$
*** MAR 15