CDAK49 PAOM 030907
CLIOME

CLIMATE REPORT 
NATIONAL WEATHER SERVICE NOME, AK
107 AM AKDT THU SEP 3 2015
...................................
...THE NOME WSO AP CLIMATE SUMMARY FOR SEPTEMBER 2 2015... 

CLIMATE NORMAL PERIOD  1981 TO  2010 
CLIMATE RECORD PERIOD  1906 TO  2015 

WEATHER ITEM   OBSERVED TIME    RECORD YEAR NORMAL DEPARTURE LAST 
               VALUE    (LST)   VALUE       VALUE  FROM      YEAR 
                                                   NORMAL 
................................................................... 
TEMPERATURE 
YESTERDAY 
 MAXIMUM            54  0434 PM    67  1991     54       0     51 
 MINIMUM            44  0249 AM    25  1983     42       2     31 
 AVERAGE            49                          48       1     41 

PRECIPITATION 
(INCHES) 
 YESTERDAY           T           0.77  1999   0.09   -0.09   0.03 
 MONTH TO DATE       T                        0.18   -0.18   0.57 
 SINCE SEP 1      0.00                        0.18   -0.18   0.57 
 SINCE JAN 1     10.24                       10.63   -0.39   9.59 

SNOWFALL 
(INCHES) 
 YESTERDAY         0.0              T  1986    0.0     0.0    0.0 
 MONTH TO DATE     0.0                         0.0     0.0    0.0 
 SINCE SEP 1       0.0                         0.0     0.0    0.0 
 SINCE JUL 1       0.0                         0.0     0.0    0.0
 SNOW DEPTH (IN)     0                                          0 

DEGREE DAYS 
 HEATING 
  YESTERDAY         16                          17      -1     24 
  MONTH TO DATE     36                          34       2     43 
  SINCE SEP 1       36                          34       2     43 
  SINCE JUL 1      845                         898     -53    746

 COOLING 
  YESTERDAY          0                           0       0      0 
  MONTH TO DATE      0                           0       0      0 
  SINCE SEP 1        0                           0       0      0 
  SINCE JAN 1        5                           0       5      3 
................................................................... 

WIND (MPH) 
 HIGHEST WIND SPEED    26     HIGHEST WIND DIRECTION    100      
 HIGHEST GUST SPEED    34     HIGHEST GUST DIRECTION    110 
 AVERAGE WIND SPEED  15.9 

SKY COVER
  POSSIBLE SUNSHINE    MM          AVERAGE SKY COVER     MM
 
WEATHER CONDITIONS 
 THE FOLLOWING WEATHER WAS RECORDED YESTERDAY. 
  FOG
RAIN
 

RELATIVE HUMIDITY
 HIGHEST RH     MM PERCENT       MM
 LOWEST  RH     MM PERCENT       MM
 AVERAGE RH     MM PERCENT       MM
................................................................... 

THE NOME CLIMATE NORMALS FOR TODAY 
                           NORMAL    RECORD   YEAR 
 MAXIMUM TEMPERATURE (F)     53        69     1991 
 MINIMUM TEMPERATURE (F)     42        25     1930 

SUNRISE AND SUNSET 
 SEP 3 2015..........SUNRISE  7:49 AM      SUNSET 10:12 PM   
 SEP 4 2015..........SUNRISE  7:52 AM      SUNSET 10:08 PM   

-  INDICATES NEGATIVE NUMBERS.
R  INDICATES RECORD HAS BEEN SET OR TIED.
MM INDICATES DATA IS MISSING.
T  INDICATES TRACE OF PRECIPITATION.

&&
-------------------------------------------------------------------

AMOUNT OF DAYLIGHT TODAY  (HOUR:MIN)........14 HOURS 23 MINUTES
GAIN/LOSS SINCE YESTERDAY (HOUR:MIN:SEC)....-0:06:36

TIDE INFORMATION FOR THURSDAY SEPTEMBER 3 2015
2:35 AM LOW  0.0 FT
9:02 AM HIGH 1.6 FT
3:21 PM LOW  0.2 FT
9:34 PM HIGH 1.4 FT

$$
RWM SEP 15