CDAK49 PAOM 080901
CLIOME

CLIMATE REPORT 
NATIONAL WEATHER SERVICE NOME, AK
1201 AM AKST MON FEB 8 2016
...................................
...THE NOME WSO AP CLIMATE SUMMARY FOR FEBRUARY 7 2016... 

CLIMATE NORMAL PERIOD  1981 TO  2010 
CLIMATE RECORD PERIOD  1906 TO  2016 

WEATHER ITEM   OBSERVED TIME    RECORD YEAR NORMAL DEPARTURE LAST 
               VALUE    (LST)   VALUE       VALUE  FROM      YEAR 
                                                   NORMAL 
................................................................... 
TEMPERATURE 
YESTERDAY 
 MAXIMUM            29  1159 PM    38  2000     14      15      5 
 MINIMUM            23  1259 AM   -42  1978     -2      25    -10 
 AVERAGE            26                           6      20     -3 

PRECIPITATION 
(INCHES) 
 YESTERDAY        0.10           0.28  1982   0.03    0.07   0.00 
 MONTH TO DATE    0.28                        0.23    0.05      T 
 SINCE DEC 1      1.59                        2.25   -0.66   1.25 
 SINCE JAN 1      0.81                        1.17   -0.36   0.71 

SNOWFALL 
(INCHES) 
 YESTERDAY         1.7            5.3  2005    0.4     1.3    0.0 
 MONTH TO DATE     4.5                         2.9     1.6    0.1 
 SINCE DEC 1      21.0                        30.1    -9.1   15.6 
 SINCE JUL 1      39.2                        47.4    -8.2   33.2
 SNOW DEPTH (IN)    15                                         11 

DEGREE DAYS 
 HEATING 
  YESTERDAY         39                          59     -20     68 
  MONTH TO DATE    309                         414    -105    437 
  SINCE DEC 1     3338                        3987    -649   3680 
  SINCE JUL 1     7134                        8085    -951   7234

 COOLING 
  YESTERDAY          0                           0       0      0 
  MONTH TO DATE      0                           0       0      0 
  SINCE DEC 1        0                           0       0      0 
  SINCE JAN 1        0                           0       0      0 
................................................................... 

WIND (MPH) 
 HIGHEST WIND SPEED    23     HIGHEST WIND DIRECTION     90      
 HIGHEST GUST SPEED    20     HIGHEST GUST DIRECTION     90 
 AVERAGE WIND SPEED  12.7 

SKY COVER
  POSSIBLE SUNSHINE    MM          AVERAGE SKY COVER     MM
 
WEATHER CONDITIONS 
 THE FOLLOWING WEATHER WAS RECORDED YESTERDAY. 
  FOG
DRIZZLE
GLAZE
SNOW
 

RELATIVE HUMIDITY
 HIGHEST RH     MM PERCENT       MM
 LOWEST  RH     MM PERCENT       MM
 AVERAGE RH     MM PERCENT       MM
................................................................... 

THE NOME CLIMATE NORMALS FOR TODAY 
                           NORMAL    RECORD   YEAR 
 MAXIMUM TEMPERATURE (F)     14        47     1947 
 MINIMUM TEMPERATURE (F)     -1       -42     1978 

SUNRISE AND SUNSET 
 FEB 8 2016..........SUNRISE 10:23 AM      SUNSET  6:10 PM   
 FEB 9 2016..........SUNRISE 10:20 AM      SUNSET  6:14 PM   

-  INDICATES NEGATIVE NUMBERS.
R  INDICATES RECORD HAS BEEN SET OR TIED.
MM INDICATES DATA IS MISSING.
T  INDICATES TRACE OF PRECIPITATION.

&&
-------------------------------------------------------------------

AMOUNT OF DAYLIGHT TODAY  (HOUR:MIN)........7 HOURS 47 MINUTES
GAIN/LOSS SINCE YESTERDAY (HOUR:MIN:SEC)....+0:06:40

TIDES FOR MONDAY FEB 8 2016

 3:18 AM HIGH 1.2 FT
10:36 AM LOW  0.2 FT
 5:44 PM HIGH 1.2 FT
10:22 PM LOW  0.9 FT

$$
RCT FEB 16