CDAK49 PAOM 210904
CLIOME

CLIMATE REPORT 
NATIONAL WEATHER SERVICE NOME, AK
105 AM AKDT SUN SEP 21 2014
...................................
...THE NOME WSO AP CLIMATE SUMMARY FOR SEPTEMBER 20 2014... 

CLIMATE NORMAL PERIOD  1981 TO  2010 
CLIMATE RECORD PERIOD  1906 TO  2014 

WEATHER ITEM   OBSERVED TIME    RECORD YEAR NORMAL DEPARTURE LAST 
               VALUE    (LST)   VALUE       VALUE  FROM      YEAR 
                                                   NORMAL 
................................................................... 
TEMPERATURE 
YESTERDAY 
 MAXIMUM            50  0511 PM    64  1995     47       3     37 
 MINIMUM            34  0528 AM    17  1975     35      -1     22 
 AVERAGE            42                          41       1     30 

PRECIPITATION 
(INCHES) 
 YESTERDAY        0.00           1.18  1955   0.07   -0.07   0.00 
 MONTH TO DATE    2.34                        1.73    0.61   1.77 
 SINCE SEP 1      2.34                        1.73    0.61   1.77 
 SINCE JAN 1     11.36                       12.18   -0.82  14.88 

SNOWFALL 
(INCHES) 
 YESTERDAY         0.0            3.0  1919    0.0     0.0    0.0 
 MONTH TO DATE     0.0                         0.2    -0.2      T 
 SINCE SEP 1       0.0                         0.2    -0.2    0.0 
 SINCE JUL 1       0.0                         0.2    -0.2      T
 SNOW DEPTH (IN)     0                                          0 

DEGREE DAYS 
 HEATING 
  YESTERDAY         23                          24      -1     35 
  MONTH TO DATE    331                         401     -70    439 
  SINCE SEP 1      331                         401     -70    439 
  SINCE JUL 1     1034                        1265    -231   1213

 COOLING 
  YESTERDAY          0                           0       0      0 
  MONTH TO DATE      0                           0       0      0 
  SINCE SEP 1        0                           0       0      0 
  SINCE JAN 1        3                           0       3      7 
................................................................... 

WIND (MPH) 
 HIGHEST WIND SPEED    17     HIGHEST WIND DIRECTION    340      
 HIGHEST GUST SPEED    20     HIGHEST GUST DIRECTION    340 
 AVERAGE WIND SPEED   7.7 

SKY COVER
  POSSIBLE SUNSHINE    MM          AVERAGE SKY COVER     MM
 
WEATHER CONDITIONS 
 THE FOLLOWING WEATHER WAS RECORDED YESTERDAY. 
  NO SIGNIFICANT WEATHER WAS OBSERVED. 

RELATIVE HUMIDITY
 HIGHEST RH     MM PERCENT       MM
 LOWEST  RH     MM PERCENT       MM
 AVERAGE RH     MM PERCENT       MM
................................................................... 

THE NOME CLIMATE NORMALS FOR TODAY 
                           NORMAL    RECORD   YEAR 
 MAXIMUM TEMPERATURE (F)     47        61     2001 
 MINIMUM TEMPERATURE (F)     35        18     1975 

SUNRISE AND SUNSET 
 SEP 21 2014..........SUNRISE  8:43 AM      SUNSET  9:06 PM   
 SEP 22 2014..........SUNRISE  8:46 AM      SUNSET  9:02 PM   

-  INDICATES NEGATIVE NUMBERS.
R  INDICATES RECORD HAS BEEN SET OR TIED.
MM INDICATES DATA IS MISSING.
T  INDICATES TRACE OF PRECIPITATION.

&&
-------------------------------------------------------------------

AMOUNT OF DAYLIGHT TODAY  (HOUR:MIN)........12 HOURS 23 MINUTES
GAIN/LOSS SINCE YESTERDAY (HOUR:MIN:SEC)....-0:06:32

TIDES FOR SUNDAY SEPTEMBER 21 2014

 5:02 AM HIGH 1.2 FT
10:02 AM LOW  0.8 FT
 3:58 PM HIGH 1.2 FT
10:33 PM LOW  0.2 FT

$$
RCT SEP 14