CDAK49 PAOM 020902
CLIOME

CLIMATE REPORT 
NATIONAL WEATHER SERVICE NOME, AK
102 AM AKDT TUE SEP 2 2014
...................................
...THE NOME WSO AP CLIMATE SUMMARY FOR SEPTEMBER 1 2014... 

CLIMATE NORMAL PERIOD  1981 TO  2010 
CLIMATE RECORD PERIOD  1906 TO  2014 

WEATHER ITEM   OBSERVED TIME    RECORD YEAR NORMAL DEPARTURE LAST 
               VALUE    (LST)   VALUE       VALUE  FROM      YEAR 
                                                   NORMAL 
................................................................... 
TEMPERATURE 
YESTERDAY 
 MAXIMUM            54  0254 PM    66  2008     54       0     54 
 MINIMUM            38  1159 PM    26  1983     42      -4     42 
 AVERAGE            46                          48      -2     48 

PRECIPITATION 
(INCHES) 
 YESTERDAY        0.54           1.39  1942   0.09    0.45   0.00 
 MONTH TO DATE    0.54                        0.09    0.45   0.00 
 SINCE SEP 1      0.54                        0.09    0.45   0.00 
 SINCE JAN 1      9.56                       10.54   -0.98  13.11 

SNOWFALL 
(INCHES) 
 YESTERDAY         0.0              T  1944    0.0     0.0    0.0 
 MONTH TO DATE     0.0                         0.0     0.0    0.0 
 SINCE SEP 1       0.0                         0.0     0.0    0.0 
 SINCE JUL 1       0.0                         0.0     0.0    0.0
 SNOW DEPTH (IN)     0                                          0 

DEGREE DAYS 
 HEATING 
  YESTERDAY         19                          17       2     17 
  MONTH TO DATE     19                          17       2     17 
  SINCE SEP 1       19                          17       2     17 
  SINCE JUL 1      722                         881    -159    791

 COOLING 
  YESTERDAY          0                           0       0      0 
  MONTH TO DATE      0                           0       0      0 
  SINCE SEP 1        0                           0       0      0 
  SINCE JAN 1        3                           0       3      7 
................................................................... 

WIND (MPH) 
 HIGHEST WIND SPEED    28     HIGHEST WIND DIRECTION    240      
 HIGHEST GUST SPEED    33     HIGHEST GUST DIRECTION    240 
 AVERAGE WIND SPEED  16.1 

SKY COVER
  POSSIBLE SUNSHINE    MM          AVERAGE SKY COVER     MM
 
WEATHER CONDITIONS 
 THE FOLLOWING WEATHER WAS RECORDED YESTERDAY. 
  FOG
RAIN
 

RELATIVE HUMIDITY
 HIGHEST RH     MM PERCENT       MM
 LOWEST  RH     MM PERCENT       MM
 AVERAGE RH     MM PERCENT       MM
................................................................... 

THE NOME CLIMATE NORMALS FOR TODAY 
                           NORMAL    RECORD   YEAR 
 MAXIMUM TEMPERATURE (F)     54        67     1991 
 MINIMUM TEMPERATURE (F)     42        25     1983 

SUNRISE AND SUNSET 
 SEP 2 2014..........SUNRISE  7:47 AM      SUNSET 10:15 PM   
 SEP 3 2014..........SUNRISE  7:50 AM      SUNSET 10:11 PM   

-  INDICATES NEGATIVE NUMBERS.
R  INDICATES RECORD HAS BEEN SET OR TIED.
MM INDICATES DATA IS MISSING.
T  INDICATES TRACE OF PRECIPITATION.

&&
-------------------------------------------------------------------

AMOUNT OF DAYLIGHT TODAY  (HOUR:MIN)........14 HOURS 28 MINUTES
GAIN/LOSS SINCE YESTERDAY (HOUR:MIN:SEC)....-0:06:36

TIDE INFORMATION FOR TUESDAY SEPTEMBER 2 2014

 4:07 AM LOW  0.6 FT
10:05 AM HIGH 1.3 FT
 5:28 PM LOW  0.2 FT

$$
RWM SEP 14