CDAK49 PAOM 290930
CLIOME

CLIMATE REPORT 
NATIONAL WEATHER SERVICE NOME, AK
1230 AM AKST THU JAN 29 2015
...................................
...THE NOME WSO AP CLIMATE SUMMARY FOR JANUARY 28 2015... 

CLIMATE NORMAL PERIOD  1981 TO  2010 
CLIMATE RECORD PERIOD  1906 TO  2015 

WEATHER ITEM   OBSERVED TIME    RECORD YEAR NORMAL DEPARTURE LAST 
               VALUE    (LST)   VALUE       VALUE  FROM      YEAR 
                                                   NORMAL 
................................................................... 
TEMPERATURE 
YESTERDAY 
 MAXIMUM            -3  0121 AM    39  1963     13     -16     38 
 MINIMUM           -19  1122 PM   -54  1989     -3     -16     32 
 AVERAGE           -11                           5     -16     35 

PRECIPITATION 
(INCHES) 
 YESTERDAY        0.00           0.56  1922   0.03   -0.03   0.00 
 MONTH TO DATE    0.71                        0.85   -0.14   1.21 
 SINCE DEC 1      1.25                        1.93   -0.68   3.22 
 SINCE JAN 1      0.71                        0.85   -0.14   1.21 

SNOWFALL 
(INCHES) 
 YESTERDAY         0.0            6.5  1922    0.4    -0.4    0.0 
 MONTH TO DATE    10.4                        11.5    -1.1   11.8 
 SINCE DEC 1      15.5                        26.0   -10.5   30.2 
 SINCE JUL 1      33.1                        43.3   -10.2   44.8
 SNOW DEPTH (IN)    12                                         10 

DEGREE DAYS 
 HEATING 
  YESTERDAY         76                          60      16     30 
  MONTH TO DATE   1542                        1673    -131   1250 
  SINCE DEC 1     3060                        3393    -333   2810 
  SINCE JUL 1     6605                        7491    -886   6616

 COOLING 
  YESTERDAY          0                           0       0      0 
  MONTH TO DATE      0                           0       0      0 
  SINCE DEC 1        0                           0       0      0 
  SINCE JAN 1        0                           0       0      0 
................................................................... 

WIND (MPH) 
 HIGHEST WIND SPEED     7     HIGHEST WIND DIRECTION     10      
 HIGHEST GUST SPEED     7     HIGHEST GUST DIRECTION     10 
 AVERAGE WIND SPEED   0.5 

SKY COVER
  POSSIBLE SUNSHINE    MM          AVERAGE SKY COVER     MM
 
WEATHER CONDITIONS 
 THE FOLLOWING WEATHER WAS RECORDED YESTERDAY. 
  NO SIGNIFICANT WEATHER WAS OBSERVED. 

RELATIVE HUMIDITY
 HIGHEST RH     MM PERCENT       MM
 LOWEST  RH     MM PERCENT       MM
 AVERAGE RH     MM PERCENT       MM
................................................................... 

THE NOME CLIMATE NORMALS FOR TODAY 
                           NORMAL    RECORD   YEAR 
 MAXIMUM TEMPERATURE (F)     13        38     1945 
 MINIMUM TEMPERATURE (F)     -3       -46     1919 

SUNRISE AND SUNSET 
 JAN 29 2015..........SUNRISE 10:55 AM      SUNSET  5:37 PM   
 JAN 30 2015..........SUNRISE 10:52 AM      SUNSET  5:40 PM   

-  INDICATES NEGATIVE NUMBERS.
R  INDICATES RECORD HAS BEEN SET OR TIED.
MM INDICATES DATA IS MISSING.
T  INDICATES TRACE OF PRECIPITATION.

&&
-------------------------------------------------------------------

AMOUNT OF DAYLIGHT TODAY  (HOUR:MIN)........6 HOURS 42 MINUTES
GAIN/LOSS SINCE YESTERDAY (HOUR:MIN:SEC)....+0:06:28

NOME TIDAL INFORMATION FOR 29 JANUARY 2015
0617AM  +0.1
1256PM  +1.3
0614PM  +0.6

$$

CKC JAN 15