CDAK49 PAMC 052310
CLIMCG

CLIMATE REPORT
NATIONAL WEATHER SERVICE MCGRATH, AK
310 PM AKDT THU MAY 5 2016
...................................
...THE MCGRATH AIRPORT CLIMATE SUMMARY FOR MAY 5 2016...
VALID TODAY AS OF 2:00 PM LOCAL TIME

CLIMATE NORMAL PERIOD  1981 TO  2010 
CLIMATE RECORD PERIOD  1940 TO  2016 

WEATHER ITEM   OBSERVED TIME    RECORD YEAR NORMAL DEPARTURE LAST 
               VALUE    (LST)   VALUE       VALUE  FROM      YEAR 
                                                   NORMAL 
................................................................... 
TEMPERATURE 
TODAY 
 MAXIMUM            58  0150 PM    65  1997     53       5     63 
 MINIMUM            30  0533 AM    -1  1949     32      -2     34 
 AVERAGE            44                          42       2     49 

PRECIPITATION 
(INCHES) 
 TODAY            0.00           0.30  2002   0.03   -0.03   0.00 
 MONTH TO DATE    0.23                        0.14    0.09   0.07 
 SINCE MAR 1      1.67                        1.69   -0.02   0.59 
 SINCE JAN 1      1.87                        3.72   -1.85   1.03 

SNOWFALL 
(INCHES) 
 TODAY             0.0            2.6  1958    0.0     0.0    0.0 
 MONTH TO DATE       T                         0.3    -0.3    0.0
 SINCE MAR 1      14.9                        16.7    -1.8    8.5
 SINCE JUL 1      79.0                        96.7   -17.7   41.6
 SNOW DEPTH (IN)     0                                          0

DEGREE DAYS 
 HEATING 
  TODAY             21                          23      -2     16 
  MONTH TO DATE     97                         119     -22     91
  SINCE MAR 1     2344                        2835    -491   2425
  SINCE JUL 1    11788                       13073   -1285  11510

 COOLING 
  TODAY              0                           0       0      0 
  MONTH TO DATE      0                           0       0      0 
  SINCE MAR 1        0                           0       0      0 
  SINCE JAN 1        0                           0       0      0 
................................................................... 

WIND (MPH) 
 HIGHEST WIND SPEED    17     HIGHEST WIND DIRECTION     30      
 HIGHEST GUST SPEED    29     HIGHEST GUST DIRECTION     30 
 
WEATHER CONDITIONS 
 THE FOLLOWING WEATHER WAS RECORDED TODAY. 
 NO SIGNIFICANT WEATHER WAS OBSERVED. 
................................................................... 

THE MCGRATH CLIMATE NORMALS FOR TOMORROW 
                        NORMAL    RECORD   YEAR 
 MAXIMUM TEMPERATURE      53        66     2004 
 MINIMUM TEMPERATURE      32         5     1949 

SUNRISE AND SUNSET 
 MAY 5 2016..........SUNRISE  5:48 AM      SUNSET 10:53 PM    
 MAY 6 2016..........SUNRISE  5:45 AM      SUNSET 10:56 PM    

-  INDICATES NEGATIVE NUMBERS.
R  INDICATES RECORD HAS BEEN SET OR TIED.
MM INDICATES DATA IS MISSING.
T  INDICATES TRACE OF PRECIPITATION.

&&
-------------------------------------------------------------------

AMOUNT OF DAYLIGHT TODAY  (HOUR:MIN)........17 HOURS 5 MINUTES
GAIN SINCE YESTERDAY (HOUR:MIN:SEC)....+0:06:06

$$
ADJ MAY 16