CDAK49 PAMC 220943
CLIMCG

CLIMATE REPORT 
NATIONAL WEATHER SERVICE MCGRATH, AK
143 AM AKDT FRI AUG 22 2014
...................................
...THE MCGRATH AIRPORT CLIMATE SUMMARY FOR AUGUST 21 2014... 

CLIMATE NORMAL PERIOD  1981 TO  2010 
CLIMATE RECORD PERIOD  1940 TO  2014 

WEATHER ITEM   OBSERVED TIME    RECORD YEAR NORMAL DEPARTURE LAST 
               VALUE    (LST)   VALUE       VALUE  FROM      YEAR 
                                                   NORMAL 
................................................................... 
TEMPERATURE 
YESTERDAY 
 MAXIMUM            70  0543 PM    89  1977     63       7     58 
 MINIMUM            42  0648 AM    32  1946     45      -3     50 
 AVERAGE            56                          54       2     54 

PRECIPITATION 
(INCHES) 
 YESTERDAY        0.00           1.26  1948   0.09   -0.09   0.26 
 MONTH TO DATE    1.27                        1.90   -0.63   1.95 
 SINCE JUN 1      5.37                        5.80   -0.43   4.73 
 SINCE JAN 1      8.10                       10.47   -2.37   8.59 

SNOWFALL 
(INCHES) 
 YESTERDAY         0.0            0.0  2014    0.0     0.0    0.0 
 MONTH TO DATE     0.0                         0.0     0.0    0.0 
 SINCE JUN 1       0.0                         0.0     0.0    0.0 
 SINCE JUL 1       0.0                         0.0     0.0    0.0
 SNOW DEPTH (IN)     0                                          0 

DEGREE DAYS 
 HEATING 
  YESTERDAY          9                          11      -2     11 
  MONTH TO DATE    111                         197     -86    117 
  SINCE JUN 1      603                         603       0    417 
  SINCE JUL 1      298                         369     -71    282

 COOLING 
  YESTERDAY          0                           0       0      0 
  MONTH TO DATE      0                           0       0      3 
  SINCE JUN 1       11                          16      -5     69 
  SINCE JAN 1       11                          16      -5     78 
................................................................... 

WIND (MPH) 
 HIGHEST WIND SPEED     8     HIGHEST WIND DIRECTION    310      
 HIGHEST GUST SPEED    11     HIGHEST GUST DIRECTION    340 
 AVERAGE WIND SPEED   2.3 

WEATHER CONDITIONS 
 THE FOLLOWING WEATHER WAS RECORDED YESTERDAY. 
 FOG
................................................................... 

THE MCGRATH CLIMATE NORMALS FOR TODAY 
                           NORMAL    RECORD   YEAR 
 MAXIMUM TEMPERATURE (F)     62        82     1977 
 MINIMUM TEMPERATURE (F)     45        31     1993 

SUNRISE AND SUNSET 
 AUG 22 2014..........SUNRISE  6:42 AM      SUNSET 10:07 PM   
 AUG 23 2014..........SUNRISE  6:45 AM      SUNSET 10:04 PM   

-  INDICATES NEGATIVE NUMBERS.
R  INDICATES RECORD HAS BEEN SET OR TIED.
MM INDICATES DATA IS MISSING.
T  INDICATES TRACE OF PRECIPITATION.

&&
-------------------------------------------------------------------

AMOUNT OF DAYLIGHT TODAY  (HOUR:MIN)........15 HOURS 25 MINUTES
LOSS SINCE YESTERDAY (HOUR:MIN:SEC)....-0:06:08

$$
JMC AUG 14