CDAK49 PAMC 180930
CLIMCG

CLIMATE REPORT 
NATIONAL WEATHER SERVICE MCGRATH, AK
130 AM AKDT THU SEP 18 2014
...................................
...THE MCGRATH AIRPORT CLIMATE SUMMARY FOR SEPTEMBER 17 2014... 

CLIMATE NORMAL PERIOD  1981 TO  2010 
CLIMATE RECORD PERIOD  1940 TO  2014 

WEATHER ITEM   OBSERVED TIME    RECORD YEAR NORMAL DEPARTURE LAST 
               VALUE    (LST)   VALUE       VALUE  FROM      YEAR 
                                                   NORMAL 
................................................................... 
TEMPERATURE 
YESTERDAY 
 MAXIMUM            62  0318 PM    68  2010     53       9     46 
 MINIMUM            45  1159 PM    22  1979     36       9     29 
 AVERAGE            54                          44      10     38 

PRECIPITATION 
(INCHES) 
 YESTERDAY           T           1.00  1982   0.08   -0.08   0.00 
 MONTH TO DATE    0.72                        1.46   -0.74   2.95 
 SINCE SEP 1      0.72                        1.46   -0.74   2.95 
 SINCE JAN 1      9.29                       12.83   -3.54  12.18 

SNOWFALL 
(INCHES) 
 YESTERDAY         0.0            7.3  1992    0.0     0.0    0.0 
 MONTH TO DATE     0.0                         0.3    -0.3    0.0 
 SINCE SEP 1       0.0                         0.3    -0.3    0.0 
 SINCE JUL 1       0.0                         0.3    -0.3    0.0
 SNOW DEPTH (IN)     0                                          0 

DEGREE DAYS 
 HEATING 
  YESTERDAY         11                          21     -10     27 
  MONTH TO DATE    262                         294     -32    291 
  SINCE SEP 1      262                         294     -32    291 
  SINCE JUL 1      685                         791    -106    709

 COOLING 
  YESTERDAY          0                           0       0      0 
  MONTH TO DATE      0                           0       0      0 
  SINCE SEP 1        0                           0       0      0 
  SINCE JAN 1       11                          16      -5     78 
................................................................... 

WIND (MPH) 
 HIGHEST WIND SPEED    20     HIGHEST WIND DIRECTION    130      
 HIGHEST GUST SPEED    24     HIGHEST GUST DIRECTION    120 
 AVERAGE WIND SPEED   6.0 

WEATHER CONDITIONS 
 THE FOLLOWING WEATHER WAS RECORDED YESTERDAY. 
 RAIN
................................................................... 

THE MCGRATH CLIMATE NORMALS FOR TODAY 
                           NORMAL    RECORD   YEAR 
 MAXIMUM TEMPERATURE (F)     52        71     1995 
 MINIMUM TEMPERATURE (F)     35        20     2004 

SUNRISE AND SUNSET 
 SEP 18 2014..........SUNRISE  7:56 AM      SUNSET  8:36 PM   
 SEP 19 2014..........SUNRISE  7:59 AM      SUNSET  8:33 PM   

-  INDICATES NEGATIVE NUMBERS.
R  INDICATES RECORD HAS BEEN SET OR TIED.
MM INDICATES DATA IS MISSING.
T  INDICATES TRACE OF PRECIPITATION.

&&
-------------------------------------------------------------------

AMOUNT OF DAYLIGHT TODAY  (HOUR:MIN)........12 HOURS 40 MINUTES
LOSS SINCE YESTERDAY (HOUR:MIN:SEC)....-0:06:06

$$
JMC SEP 14