CDAK49 PAMC 280957
CLIMCG

CLIMATE REPORT 
NATIONAL WEATHER SERVICE MCGRATH, AK
157 AM AKDT SAT MAR 28 2015
...................................
...THE MCGRATH AIRPORT CLIMATE SUMMARY FOR MARCH 27 2015... 

CLIMATE NORMAL PERIOD  1981 TO  2010 
CLIMATE RECORD PERIOD  1940 TO  2015 

WEATHER ITEM   OBSERVED TIME    RECORD YEAR NORMAL DEPARTURE LAST 
               VALUE    (LST)   VALUE       VALUE  FROM      YEAR 
                                                   NORMAL 
................................................................... 
TEMPERATURE 
YESTERDAY 
 MAXIMUM            50  0328 PM    51  1954     29      21     38 
 MINIMUM            26  1150 PM   -37  1977      3      23      4 
 AVERAGE            38                          16      22     21 

PRECIPITATION 
(INCHES) 
 YESTERDAY        0.01           0.98  1948   0.02   -0.01   0.00 
 MONTH TO DATE    0.13                        0.72   -0.59   0.04 
 SINCE MAR 1      0.13                        0.72   -0.59   0.04 
 SINCE JAN 1      0.57                        2.75   -2.18   1.73 

SNOWFALL 
(INCHES) 
 YESTERDAY         0.0            4.5  1984    0.2    -0.2    0.0 
 MONTH TO DATE     5.2                        10.2    -5.0    0.4 
 SINCE MAR 1       5.2                        10.2    -5.0    0.4 
 SINCE JUL 1      38.3                        90.2   -51.9   46.4
 SNOW DEPTH (IN)    11                                         13 

DEGREE DAYS 
 HEATING 
  YESTERDAY         27                          49     -22     44 
  MONTH TO DATE   1339                        1467    -128   1422 
  SINCE MAR 1     1336                        1467    -131   1420 
  SINCE JUL 1    10402                       11705   -1303  10247

 COOLING 
  YESTERDAY          0                           0       0      0 
  MONTH TO DATE      0                           0       0      0 
  SINCE MAR 1        0                           0       0      0 
  SINCE JAN 1        0                           0       0      0 
................................................................... 

WIND (MPH) 
 HIGHEST WIND SPEED     9     HIGHEST WIND DIRECTION    140      
 HIGHEST GUST SPEED    12     HIGHEST GUST DIRECTION    160 
 AVERAGE WIND SPEED   1.7 
 
WEATHER CONDITIONS 
 THE FOLLOWING WEATHER WAS RECORDED YESTERDAY. 
 SLEET
 RAIN
................................................................... 

THE MCGRATH CLIMATE NORMALS FOR TODAY 
                           NORMAL    RECORD   YEAR 
 MAXIMUM TEMPERATURE (F)     30        51     1954 
 MINIMUM TEMPERATURE (F)      4       -32     2000 

SUNRISE AND SUNSET 
 MAR 28 2015..........SUNRISE  7:57 AM      SUNSET  9:01 PM   
 MAR 29 2015..........SUNRISE  7:53 AM      SUNSET  9:04 PM   

-  INDICATES NEGATIVE NUMBERS.
R  INDICATES RECORD HAS BEEN SET OR TIED.
MM INDICATES DATA IS MISSING.
T  INDICATES TRACE OF PRECIPITATION.

&&
-------------------------------------------------------------------

AMOUNT OF DAYLIGHT TODAY  (HOUR:MIN)........13 HOURS 4 MINUTES
GAIN SINCE YESTERDAY (HOUR:MIN:SEC)....+0:06:12

$$
ADJ MAR 15