CDAK49 PAMC 241110
CLIMCG

CLIMATE REPORT 
NATIONAL WEATHER SERVICE MCGRATH, AK
310 AM AKDT THU JUL 24 2014
...................................
...THE MCGRATH AIRPORT CLIMATE SUMMARY FOR JULY 23 2014... 

CLIMATE NORMAL PERIOD  1981 TO  2010 
CLIMATE RECORD PERIOD  1940 TO  2014 

WEATHER ITEM   OBSERVED TIME    RECORD YEAR NORMAL DEPARTURE LAST 
               VALUE    (LST)   VALUE       VALUE  FROM      YEAR 
                                                   NORMAL 
................................................................... 
TEMPERATURE 
YESTERDAY 
 MAXIMUM            60  0436 PM    86  1968     68      -8     76 
 MINIMUM            52  1159 PM    41  1956     50       2     50 
 AVERAGE            56                          59      -3     63 

PRECIPITATION 
(INCHES) 
 YESTERDAY        0.19           0.41  1989   0.08    0.11   0.00 
 MONTH TO DATE    1.78                        1.69    0.09   1.90 
 SINCE JUN 1      3.30                        3.21    0.09   2.76 
 SINCE JAN 1      6.03                        7.88   -1.85   6.62 

SNOWFALL 
(INCHES) 
 YESTERDAY         0.0            0.0  2014    0.0     0.0    0.0 
 MONTH TO DATE     0.0                         0.0     0.0    0.0 
 SINCE JUN 1       0.0                         0.0     0.0    0.0 
 SINCE JUL 1       0.0                         0.0     0.0    0.0
 SNOW DEPTH (IN)     0                                          0 

DEGREE DAYS 
 HEATING 
  YESTERDAY          9                           6       3      2 
  MONTH TO DATE    112                         119      -7    159 
  SINCE JUN 1      417                         353      64    294 
  SINCE JUL 1      112                         119      -7    159

 COOLING 
  YESTERDAY          0                           0       0      0 
  MONTH TO DATE     11                          11       0      4 
  SINCE JUN 1       11                          16      -5     55 
  SINCE JAN 1       11                          16      -5     64 
................................................................... 

WIND (MPH) 
 HIGHEST WIND SPEED    16     HIGHEST WIND DIRECTION    250      
 HIGHEST GUST SPEED    21     HIGHEST GUST DIRECTION    260 
 AVERAGE WIND SPEED   6.1 
 
WEATHER CONDITIONS 
 THE FOLLOWING WEATHER WAS RECORDED YESTERDAY. 
 FOG
 RAIN
................................................................... 

THE MCGRATH CLIMATE NORMALS FOR TODAY 
                           NORMAL    RECORD   YEAR 
 MAXIMUM TEMPERATURE (F)     68        86     1968 
 MINIMUM TEMPERATURE (F)     50        38     1954 

SUNRISE AND SUNSET 
 JUL 24 2014..........SUNRISE  5:19 AM      SUNSET 11:38 PM   
 JUL 25 2014..........SUNRISE  5:21 AM      SUNSET 11:35 PM   

-  INDICATES NEGATIVE NUMBERS.
R  INDICATES RECORD HAS BEEN SET OR TIED.
MM INDICATES DATA IS MISSING.
T  INDICATES TRACE OF PRECIPITATION.

&&
-------------------------------------------------------------------

AMOUNT OF DAYLIGHT TODAY  (HOUR:MIN)........18 HOURS 19 MINUTES
LOSS SINCE YESTERDAY (HOUR:MIN:SEC)....-0:05:36

$$
ADJ JUL 14