CDAK49 PAMC 050931
CLIMCG

CLIMATE REPORT 
NATIONAL WEATHER SERVICE MCGRATH, AK
131 AM AKDT SAT SEP 5 2015
...................................
...THE MCGRATH AIRPORT CLIMATE SUMMARY FOR SEPTEMBER 4 2015... 

CLIMATE NORMAL PERIOD  1981 TO  2010 
CLIMATE RECORD PERIOD  1940 TO  2015 

WEATHER ITEM   OBSERVED TIME    RECORD YEAR NORMAL DEPARTURE LAST 
               VALUE    (LST)   VALUE       VALUE  FROM      YEAR 
                                                   NORMAL 
................................................................... 
TEMPERATURE 
YESTERDAY 
 MAXIMUM            54  0539 PM    74  1996     59      -5     55 
 MINIMUM            49  0836 AM    26  1962     41       8     32 
 AVERAGE            52                          50       2     44 

PRECIPITATION 
(INCHES) 
 YESTERDAY        0.38           0.73  1951   0.09    0.29   0.00 
 MONTH TO DATE    0.62                        0.36    0.26   0.45 
 SINCE SEP 1      0.62                        0.36    0.26   0.45 
 SINCE JAN 1      9.64                       11.73   -2.09   9.02 

SNOWFALL 
(INCHES) 
 YESTERDAY         0.0            0.0  2015    0.0     0.0    0.0 
 MONTH TO DATE     0.0                         0.0     0.0    0.0 
 SINCE SEP 1       0.0                         0.0     0.0    0.0 
 SINCE JUL 1       0.0                         0.0     0.0    0.0
 SNOW DEPTH (IN)     0                                          0 

DEGREE DAYS 
 HEATING 
  YESTERDAY         13                          15      -2     21 
  MONTH TO DATE     69                          59      10     80 
  SINCE SEP 1       69                          59      10     80 
  SINCE JUL 1     1164                         556     608    503

 COOLING 
  YESTERDAY          0                           0       0      0 
  MONTH TO DATE      0                           0       0      0 
  SINCE SEP 1        0                           0       0      0 
  SINCE JAN 1       MM                          16      MM     11 
................................................................... 

WIND (MPH) 
 HIGHEST WIND SPEED     9     HIGHEST WIND DIRECTION    200      
 HIGHEST GUST SPEED    13     HIGHEST GUST DIRECTION    110 
 AVERAGE WIND SPEED   4.5 
 
WEATHER CONDITIONS 
 THE FOLLOWING WEATHER WAS RECORDED YESTERDAY. 
 FOG
 RAIN
................................................................... 

THE MCGRATH CLIMATE NORMALS FOR TODAY 
                           NORMAL    RECORD   YEAR 
 MAXIMUM TEMPERATURE (F)     58        76     1957 
 MINIMUM TEMPERATURE (F)     40        23     1976 

SUNRISE AND SUNSET 
 SEP 5 2015..........SUNRISE  7:20 AM      SUNSET  9:21 PM   
 SEP 6 2015..........SUNRISE  7:23 AM      SUNSET  9:18 PM   

-  INDICATES NEGATIVE NUMBERS.
R  INDICATES RECORD HAS BEEN SET OR TIED.
MM INDICATES DATA IS MISSING.
T  INDICATES TRACE OF PRECIPITATION.

&&
-------------------------------------------------------------------

AMOUNT OF DAYLIGHT TODAY  (HOUR:MIN)........14 HOURS 1 MINUTES
LOSS SINCE YESTERDAY (HOUR:MIN:SEC)....-0:06:07

$$
ADJ SEP 15