CDAK49 PAMC 260905
CLIMCG

CLIMATE REPORT 
NATIONAL WEATHER SERVICE MCGRATH, AK
105 AM AKDT SUN APR 26 2015
...................................
...THE MCGRATH AIRPORT CLIMATE SUMMARY FOR APRIL 25 2015... 

CLIMATE NORMAL PERIOD  1981 TO  2015 
CLIMATE RECORD PERIOD  1939 TO  2015 

WEATHER ITEM   OBSERVED TIME    RECORD YEAR NORMAL DEPARTURE LAST 
               VALUE    (LST)   VALUE       VALUE  FROM      YEAR 
                                                   NORMAL 
................................................................... 
TEMPERATURE 
YESTERDAY 
 MAXIMUM            57  0419 PM    61  1997     47      10     52 
 MINIMUM            26  0648 AM    -5  1955     26       0     27 
 AVERAGE            42                          37       5     40 

PRECIPITATION 
(INCHES) 
 YESTERDAY        0.00           0.50  1995   0.02   -0.02      T 
 MONTH TO DATE    0.34                        0.60   -0.26   0.07 
 SINCE MAR 1      0.48                        1.41   -0.93   0.11 
 SINCE JAN 1      0.92                        3.44   -2.52   1.80 

SNOWFALL 
(INCHES) 
 YESTERDAY         0.0            1.6  1961    0.1    -0.1    0.0 
 MONTH TO DATE     3.3                         4.6    -1.3    0.7 
 SINCE MAR 1       8.5                        15.9    -7.4    1.1 
 SINCE JUL 1      41.6                        95.9   -54.3   47.1
 SNOW DEPTH (IN)     T                                          0 

DEGREE DAYS 
 HEATING 
  YESTERDAY         23                          29      -6     25 
  MONTH TO DATE    769                         927    -158    877 
  SINCE MAR 1     2229                        2583    -354   2477 
  SINCE JUL 1    11295                       12821   -1526  11304

 COOLING 
  YESTERDAY          0                           0       0      0 
  MONTH TO DATE      0                           0       0      0 
  SINCE MAR 1        0                           0       0      0 
  SINCE JAN 1        0                           0       0      0 
................................................................... 

WIND (MPH) 
 HIGHEST WIND SPEED    16     HIGHEST WIND DIRECTION    300      
 HIGHEST GUST SPEED    20     HIGHEST GUST DIRECTION    300 
 AVERAGE WIND SPEED   3.4 

WEATHER CONDITIONS 
 THE FOLLOWING WEATHER WAS RECORDED YESTERDAY. 
  NO SIGNIFICANT WEATHER WAS OBSERVED. 
................................................................... 

THE MCGRATH CLIMATE NORMALS FOR TODAY 
                           NORMAL    RECORD   YEAR 
 MAXIMUM TEMPERATURE (F)     48        62     1958 
 MINIMUM TEMPERATURE (F)     27         3     1955 

SUNRISE AND SUNSET 
 APR 26 2015..........SUNRISE  6:20 AM      SUNSET 10:24 PM   
 APR 27 2015..........SUNRISE  6:16 AM      SUNSET 10:27 PM   

-  INDICATES NEGATIVE NUMBERS.
R  INDICATES RECORD HAS BEEN SET OR TIED.
MM INDICATES DATA IS MISSING.
T  INDICATES TRACE OF PRECIPITATION.

&&
-------------------------------------------------------------------

AMOUNT OF DAYLIGHT TODAY  (HOUR:MIN)........16 HOURS 4 MINUTES
GAIN/LOSS SINCE YESTERDAY (HOUR:MIN:SEC)....+0:06:12

$$
TR APR 15