CDAK49 PAMC 261219
CLIMCG

CLIMATE REPORT 
NATIONAL WEATHER SERVICE MCGRATH, AK
319 AM AKST MON JAN 26 2015
...................................
...THE MCGRATH AIRPORT CLIMATE SUMMARY FOR JANUARY 25 2015... 

CLIMATE NORMAL PERIOD  1981 TO  2010 
CLIMATE RECORD PERIOD  1940 TO  2015 

WEATHER ITEM   OBSERVED TIME    RECORD YEAR NORMAL DEPARTURE LAST 
               VALUE    (LST)   VALUE       VALUE  FROM      YEAR 
                                                   NORMAL 
................................................................... 
TEMPERATURE 
YESTERDAY 
 MAXIMUM           -22  0214 PM    40  1981      3     -25     34 
 MINIMUM           -41  1111 AM   -64  1947    -15     -26     21 
 AVERAGE           -32                          -6     -26     28 

PRECIPITATION 
(INCHES) 
 YESTERDAY        0.00           0.61  1975   0.04   -0.04   0.00 
 MONTH TO DATE    0.27                        0.89   -0.62   1.55 
 SINCE DEC 1      1.67                        2.18   -0.51   3.00 
 SINCE JAN 1      0.27                        0.89   -0.62   1.55 

SNOWFALL 
(INCHES) 
 YESTERDAY         0.0            5.5  1975    0.5    -0.5    0.0 
 MONTH TO DATE     5.7                        12.8    -7.1   14.4 
 SINCE DEC 1      21.4                        33.0   -11.6   31.8 
 SINCE JUL 1      31.1                        64.0   -32.9   44.7
 SNOW DEPTH (IN)    14                                         17 

DEGREE DAYS 
 HEATING 
  YESTERDAY         97                          71      26     37 
  MONTH TO DATE   1633                        1795    -162   1334 
  SINCE DEC 1     3300                        3909    -609   3371 
  SINCE JUL 1     6945                        8041   -1096   6837

 COOLING 
  YESTERDAY          0                           0       0      0 
  MONTH TO DATE      0                           0       0      0 
  SINCE DEC 1        0                           0       0      0 
  SINCE JAN 1        0                           0       0      0 
................................................................... 

WIND (MPH) 
 HIGHEST WIND SPEED     6     HIGHEST WIND DIRECTION    320      
 HIGHEST GUST SPEED     6     HIGHEST GUST DIRECTION    310 
 AVERAGE WIND SPEED   0.8 

WEATHER CONDITIONS 
 THE FOLLOWING WEATHER WAS RECORDED YESTERDAY. 
 FOG
................................................................... 

THE MCGRATH CLIMATE NORMALS FOR TODAY 
                           NORMAL    RECORD   YEAR 
 MAXIMUM TEMPERATURE (F)      4        41     2014 
 MINIMUM TEMPERATURE (F)    -15       -67     1989 

SUNRISE AND SUNSET 
 JAN 26 2015..........SUNRISE 10:11 AM      SUNSET  5:01 PM   
 JAN 27 2015..........SUNRISE 10:08 AM      SUNSET  5:04 PM   

-  INDICATES NEGATIVE NUMBERS.
R  INDICATES RECORD HAS BEEN SET OR TIED.
MM INDICATES DATA IS MISSING.
T  INDICATES TRACE OF PRECIPITATION.

&&
-------------------------------------------------------------------

AMOUNT OF DAYLIGHT TODAY  (HOUR:MIN)........6 HOURS 50 MINUTES
GAIN SINCE YESTERDAY (HOUR:MIN:SEC)....+0:05:38

$$
JCD JAN 15