CDAK49 PAMC 030905
CLIMCG

CLIMATE REPORT 
NATIONAL WEATHER SERVICE MCGRATH, AK
106 AM AKDT FRI JUL 3 2015
...................................
...THE MCGRATH AIRPORT CLIMATE SUMMARY FOR JULY 2 2015... 

CLIMATE NORMAL PERIOD  1981 TO  2015 
CLIMATE RECORD PERIOD  1939 TO  2015 

WEATHER ITEM   OBSERVED TIME    RECORD YEAR NORMAL DEPARTURE LAST 
               VALUE    (LST)   VALUE       VALUE  FROM      YEAR 
                                                   NORMAL 
................................................................... 
TEMPERATURE 
YESTERDAY 
 MAXIMUM            65  0558 PM    83  2009     71      -6     69 
 MINIMUM            47  0616 AM    37  1981     51      -4     50 
 AVERAGE            56                          61      -5     60 

PRECIPITATION 
(INCHES) 
 YESTERDAY        0.02           0.71  2003   0.07   -0.05   0.00 
 MONTH TO DATE    0.02                        0.13   -0.11   0.00 
 SINCE JUN 1      1.10                        1.65   -0.55   1.52 
 SINCE JAN 1      2.44                        6.32   -3.88   4.25 

SNOWFALL 
(INCHES) 
 YESTERDAY         0.0            0.0  2015    0.0     0.0    0.0 
 MONTH TO DATE     0.0                         0.0     0.0    0.0 
 SINCE JUN 1       0.0                         0.0     0.0    0.0 
 SINCE JUL 1       0.0                         0.0     0.0    0.0
 SNOW DEPTH (IN)     0                                          0 

DEGREE DAYS 
 HEATING 
  YESTERDAY          9                           5       4      5 
  MONTH TO DATE     15                          10       5     12 
  SINCE JUN 1      208                         244     -36    317 
  SINCE JUL 1       15                          10       5     12

 COOLING 
  YESTERDAY          0                           1      -1      0 
  MONTH TO DATE      0                           2      -2      0 
  SINCE JUN 1       26                           7      19      0 
  SINCE JAN 1       26                           7      19      0 
................................................................... 

WIND (MPH) 
 HIGHEST WIND SPEED    15     HIGHEST WIND DIRECTION    260      
 HIGHEST GUST SPEED    20     HIGHEST GUST DIRECTION    260 
 AVERAGE WIND SPEED   7.2 

WEATHER CONDITIONS 
 THE FOLLOWING WEATHER WAS RECORDED YESTERDAY. 
  SMOKE OR HAZE
FOG
RAIN
................................................................... 

THE MCGRATH CLIMATE NORMALS FOR TODAY 
                           NORMAL    RECORD   YEAR 
 MAXIMUM TEMPERATURE (F)     71        87     1986 
 MINIMUM TEMPERATURE (F)     51        39     1961 

SUNRISE AND SUNSET 
 JUL 3 2015..........SUNRISE  4:28 AM      SUNSET 12:26 AM   
 JUL 4 2015..........SUNRISE  4:29 AM      SUNSET 12:24 AM   

-  INDICATES NEGATIVE NUMBERS.
R  INDICATES RECORD HAS BEEN SET OR TIED.
MM INDICATES DATA IS MISSING.
T  INDICATES TRACE OF PRECIPITATION.

&&
-------------------------------------------------------------------

AMOUNT OF DAYLIGHT TODAY  (HOUR:MIN)........19 HOURS 58 MINUTES
GAIN/LOSS SINCE YESTERDAY (HOUR:MIN:SEC)....-0:02:52

$$
TR JUL 15