CDAK49 PAMC 210920
CLIMCG

CLIMATE REPORT 
NATIONAL WEATHER SERVICE MCGRATH, AK
121 AM AKDT TUE OCT 21 2014
...................................
...THE MCGRATH AIRPORT CLIMATE SUMMARY FOR OCTOBER 20 2014... 

CLIMATE NORMAL PERIOD  1981 TO  2010 
CLIMATE RECORD PERIOD  1940 TO  2014 

WEATHER ITEM   OBSERVED TIME    RECORD YEAR NORMAL DEPARTURE LAST 
               VALUE    (LST)   VALUE       VALUE  FROM      YEAR 
                                                   NORMAL 
................................................................... 
TEMPERATURE 
YESTERDAY 
 MAXIMUM            32  0348 PM    49  2005     29       3     46 
 MINIMUM            29  1159 PM   -11  1965     16      13     37 
 AVERAGE            31                          22       9     42 

PRECIPITATION 
(INCHES) 
 YESTERDAY        0.01           0.33  1961   0.04   -0.03   0.02 
 MONTH TO DATE    0.05                        1.03   -0.98   3.95 
 SINCE SEP 1      0.97                        3.52   -2.55   8.10 
 SINCE JAN 1      9.54                       14.89   -5.35  17.33 

SNOWFALL 
(INCHES) 
 YESTERDAY         0.1            5.8  2002    0.4    -0.3    0.0 
 MONTH TO DATE     0.5                         5.3    -4.8      T 
 SINCE SEP 1       0.5                         6.8    -6.3    0.7 
 SINCE JUL 1       0.5                         6.8    -6.3    0.7
 SNOW DEPTH (IN)     T                                          0 

DEGREE DAYS 
 HEATING 
  YESTERDAY         34                          43      -9     23 
  MONTH TO DATE    698                         716     -18    477 
  SINCE SEP 1     1266                        1329     -63   1151 
  SINCE JUL 1     1689                        1826    -137   1569

 COOLING 
  YESTERDAY          0                           0       0      0 
  MONTH TO DATE      0                           0       0      0 
  SINCE SEP 1        0                           0       0      0 
  SINCE JAN 1       11                          16      -5     78 
................................................................... 

WIND (MPH) 
 HIGHEST WIND SPEED    13     HIGHEST WIND DIRECTION     20      
 HIGHEST GUST SPEED    16     HIGHEST GUST DIRECTION     20 
 AVERAGE WIND SPEED   5.6 

WEATHER CONDITIONS 
 THE FOLLOWING WEATHER WAS RECORDED YESTERDAY. 
 SNOW
................................................................... 

THE MCGRATH CLIMATE NORMALS FOR TODAY 
                           NORMAL    RECORD   YEAR 
 MAXIMUM TEMPERATURE (F)     28        46     1980 
 MINIMUM TEMPERATURE (F)     15        -8     1965 

SUNRISE AND SUNSET 
 OCT 21 2014..........SUNRISE  9:28 AM      SUNSET  6:46 PM   
 OCT 22 2014..........SUNRISE  9:31 AM      SUNSET  6:43 PM   

-  INDICATES NEGATIVE NUMBERS.
R  INDICATES RECORD HAS BEEN SET OR TIED.
MM INDICATES DATA IS MISSING.
T  INDICATES TRACE OF PRECIPITATION.

&&
-------------------------------------------------------------------

AMOUNT OF DAYLIGHT TODAY  (HOUR:MIN)........9 HOURS 18 MINUTES
LOSS SINCE YESTERDAY (HOUR:MIN:SEC)....-0:06:07

$$
JMC OCT 14