CDAK49 PAMC 211012
CLIMCG

CLIMATE REPORT 
NATIONAL WEATHER SERVICE MCGRATH, AK
112 AM AKST FRI NOV 21 2014
...................................
...THE MCGRATH AIRPORT CLIMATE SUMMARY FOR NOVEMBER 20 2014... 

CLIMATE NORMAL PERIOD  1981 TO  2010 
CLIMATE RECORD PERIOD  1940 TO  2014 

WEATHER ITEM   OBSERVED TIME    RECORD YEAR NORMAL DEPARTURE LAST 
               VALUE    (LST)   VALUE       VALUE  FROM      YEAR 
                                                   NORMAL 
................................................................... 
TEMPERATURE 
YESTERDAY 
 MAXIMUM            33  0606 PM    42  1949     11      22     -5 
 MINIMUM            18  0758 AM   -38  2011     -5      23    -18 
 AVERAGE            26                           3      23    -12 

PRECIPITATION 
(INCHES) 
 YESTERDAY        0.00           0.54  1951   0.05   -0.05   0.00 
 MONTH TO DATE    0.28                        0.96   -0.68   1.25 
 SINCE SEP 1      1.40                        4.89   -3.49  10.04 
 SINCE JAN 1      9.97                       16.26   -6.29  19.27 

SNOWFALL 
(INCHES) 
 YESTERDAY         0.0            7.5  1951    0.7    -0.7    0.0 
 MONTH TO DATE     0.1                        12.8   -12.7    5.9 
 SINCE SEP 1       3.8                        24.5   -20.7    7.4 
 SINCE JUL 1       3.8                        24.5   -20.7    7.4
 SNOW DEPTH (IN)     T                                          1 

DEGREE DAYS 
 HEATING 
  YESTERDAY         39                          62     -23     77 
  MONTH TO DATE    940                        1147    -207    904 
  SINCE SEP 1     2703                        2998    -295   2386 
  SINCE JUL 1     3126                        3495    -369   2805

 COOLING 
  YESTERDAY          0                           0       0      0 
  MONTH TO DATE      0                           0       0      0 
  SINCE SEP 1        0                           0       0      0 
  SINCE JAN 1       11                          16      -5     78 
................................................................... 

WIND (MPH) 
 HIGHEST WIND SPEED    12     HIGHEST WIND DIRECTION     60      
 HIGHEST GUST SPEED    17     HIGHEST GUST DIRECTION     60 
 AVERAGE WIND SPEED   2.5 
 
WEATHER CONDITIONS 
 THE FOLLOWING WEATHER WAS RECORDED YESTERDAY. 
 NO SIGNIFICANT WEATHER WAS OBSERVED. 
................................................................... 

THE MCGRATH CLIMATE NORMALS FOR TODAY 
                           NORMAL    RECORD   YEAR 
 MAXIMUM TEMPERATURE (F)     11        47     1949 
 MINIMUM TEMPERATURE (F)     -5       -39     1948 

SUNRISE AND SUNSET 
 NOV 21 2014..........SUNRISE 10:00 AM      SUNSET  4:17 PM   
 NOV 22 2014..........SUNRISE 10:03 AM      SUNSET  4:15 PM   

-  INDICATES NEGATIVE NUMBERS.
R  INDICATES RECORD HAS BEEN SET OR TIED.
MM INDICATES DATA IS MISSING.
T  INDICATES TRACE OF PRECIPITATION.

&&
-------------------------------------------------------------------

AMOUNT OF DAYLIGHT TODAY  (HOUR:MIN)........6 HOURS 17 MINUTES
LOSS SINCE YESTERDAY (HOUR:MIN:SEC)....-0:05:16

$$
ADJ NOV 14