CDAK49 PAMC 161111
CLIMCG

CLIMATE REPORT 
NATIONAL WEATHER SERVICE MCGRATH, AK
312 AM AKDT WED APR 16 2014
...................................
...THE MCGRATH AIRPORT CLIMATE SUMMARY FOR APRIL 15 2014... 

CLIMATE NORMAL PERIOD  1981 TO  2010 
CLIMATE RECORD PERIOD  1940 TO  2014 

WEATHER ITEM   OBSERVED TIME    RECORD YEAR NORMAL DEPARTURE LAST 
               VALUE    (LST)   VALUE       VALUE  FROM      YEAR 
                                                   NORMAL 
................................................................... 
TEMPERATURE 
YESTERDAY 
 MAXIMUM            47  0502 PM    54  2012     41       6     31 
 MINIMUM            22  0652 AM   -21  1972     19       3     -1 
 AVERAGE            35                          30       5     15 

PRECIPITATION 
(INCHES) 
 YESTERDAY        0.00           0.47  1951   0.02   -0.02   0.00 
 MONTH TO DATE    0.07                        0.35   -0.28   0.03 
 SINCE MAR 1      0.11                        1.16   -1.05   0.52 
 SINCE JAN 1      1.80                        3.19   -1.39   3.69 

SNOWFALL 
(INCHES) 
 YESTERDAY         0.0            2.0  1996    0.1    -0.1    0.0 
 MONTH TO DATE     0.7                         3.2    -2.5    0.4 
 SINCE MAR 1       1.1                        14.5   -13.4    7.6 
 SINCE JUL 1      47.1                        94.5   -47.4   73.5
 SNOW DEPTH (IN)    11                                         26 

DEGREE DAYS 
 HEATING 
  YESTERDAY         30                          36      -6     50 
  MONTH TO DATE    637                         610      27    812 
  SINCE MAR 1     2237                        2266     -29   2528 
  SINCE JUL 1    11041                       12504   -1463  13102

 COOLING 
  YESTERDAY          0                           0       0      0 
  MONTH TO DATE      0                           0       0      0 
  SINCE MAR 1        0                           0       0      0 
  SINCE JAN 1        0                           0       0      0 
................................................................... 

WIND (MPH) 
 HIGHEST WIND SPEED     9     HIGHEST WIND DIRECTION    280      
 HIGHEST GUST SPEED    10     HIGHEST GUST DIRECTION    140 
 AVERAGE WIND SPEED   2.9 
 
WEATHER CONDITIONS 
 THE FOLLOWING WEATHER WAS RECORDED YESTERDAY. 
 NO SIGNIFICANT WEATHER WAS OBSERVED. 
................................................................... 

THE MCGRATH CLIMATE NORMALS FOR TODAY 
                           NORMAL    RECORD   YEAR 
 MAXIMUM TEMPERATURE (F)     41        56     2012 
 MINIMUM TEMPERATURE (F)     19       -19     1994 

SUNRISE AND SUNSET 
 APR 16 2014..........SUNRISE  6:52 AM      SUNSET  9:56 PM   
 APR 17 2014..........SUNRISE  6:48 AM      SUNSET  9:58 PM   

-  INDICATES NEGATIVE NUMBERS.
R  INDICATES RECORD HAS BEEN SET OR TIED.
MM INDICATES DATA IS MISSING.
T  INDICATES TRACE OF PRECIPITATION.

&&
-------------------------------------------------------------------

AMOUNT OF DAYLIGHT TODAY  (HOUR:MIN)........15 HOURS 4 MINUTES
GAIN SINCE YESTERDAY (HOUR:MIN:SEC)....+0:06:13

$$
ADJ APR 14