CDAK49 PAMC 220910
CLIMCG

CLIMATE REPORT 
NATIONAL WEATHER SERVICE MCGRATH, AK
1210 AM AKST MON DEC 22 2014
...................................
...THE MCGRATH AIRPORT CLIMATE SUMMARY FOR DECEMBER 21 2014... 

CLIMATE NORMAL PERIOD  1981 TO  2010 
CLIMATE RECORD PERIOD  1940 TO  2014 

WEATHER ITEM   OBSERVED TIME    RECORD YEAR NORMAL DEPARTURE LAST 
               VALUE    (LST)   VALUE       VALUE  FROM      YEAR 
                                                   NORMAL 
................................................................... 
TEMPERATURE 
YESTERDAY 
 MAXIMUM             1  1219 AM    43  2009      4      -3     17 
 MINIMUM           -16  0606 PM   -51  1961    -13      -3     16 
 AVERAGE            -8                          -4      -4     17 

PRECIPITATION 
(INCHES) 
 YESTERDAY        0.00           0.62  1999   0.05   -0.05   0.30 
 MONTH TO DATE    0.50                        0.86   -0.36   1.24 
 SINCE DEC 1      0.50                        0.86   -0.36   1.24 
 SINCE JAN 1     10.91                       17.57   -6.66  20.68 

SNOWFALL 
(INCHES) 
 YESTERDAY         0.0            9.1  1999    0.7    -0.7    3.3 
 MONTH TO DATE     6.6                        13.8    -7.2   13.7 
 SINCE DEC 1       6.6                        13.8    -7.2   13.7 
 SINCE JUL 1      16.3                        44.8   -28.5   26.6
 SNOW DEPTH (IN)     7                                         12 

DEGREE DAYS 
 HEATING 
  YESTERDAY         73                          69       4     48 
  MONTH TO DATE   1215                        1410    -195   1256 
  SINCE DEC 1     1212                        1410    -198   1251 
  SINCE JUL 1     4857                        5542    -685   4710

 COOLING 
  YESTERDAY          0                           0       0      0 
  MONTH TO DATE      0                           0       0      0 
  SINCE DEC 1        0                           0       0      0 
  SINCE JAN 1       11                          16      -5     78 
................................................................... 

WIND (MPH) 
 HIGHEST WIND SPEED     5     HIGHEST WIND DIRECTION    300      
 HIGHEST GUST SPEED     6     HIGHEST GUST DIRECTION    190 
 AVERAGE WIND SPEED   0.0 

WEATHER CONDITIONS 
 THE FOLLOWING WEATHER WAS RECORDED YESTERDAY. 
 NO SIGNIFICANT WEATHER WAS OBSERVED. 
................................................................... 

THE MCGRATH CLIMATE NORMALS FOR TODAY 
                           NORMAL    RECORD   YEAR 
 MAXIMUM TEMPERATURE (F)      4        42     2009 
 MINIMUM TEMPERATURE (F)    -13       -52     1965 

SUNRISE AND SUNSET 
 DEC 22 2014..........SUNRISE 11:00 AM      SUNSET  3:44 PM   
 DEC 23 2014..........SUNRISE 11:00 AM      SUNSET  3:44 PM   

-  INDICATES NEGATIVE NUMBERS.
R  INDICATES RECORD HAS BEEN SET OR TIED.
MM INDICATES DATA IS MISSING.
T  INDICATES TRACE OF PRECIPITATION.

&&
-------------------------------------------------------------------

AMOUNT OF DAYLIGHT TODAY  (HOUR:MIN)........4 HOURS 44 MINUTES
GAIN SINCE YESTERDAY (HOUR:MIN:SEC)....+0:00:07

$$
JMC DEC 14