CDAK49 PAMC 250903
CLIMCG

CLIMATE REPORT 
NATIONAL WEATHER SERVICE MCGRATH, AK
103 AM AKDT MON MAY 25 2015
...................................
...THE MCGRATH AIRPORT CLIMATE SUMMARY FOR MAY 24 2015... 

CLIMATE NORMAL PERIOD  1981 TO  2015 
CLIMATE RECORD PERIOD  1939 TO  2015 

WEATHER ITEM   OBSERVED TIME    RECORD YEAR NORMAL DEPARTURE LAST 
               VALUE    (LST)   VALUE       VALUE  FROM      YEAR 
                                                   NORMAL 
................................................................... 
TEMPERATURE 
YESTERDAY 
 MAXIMUM            63  0602 PM    79  2002     61       2     66 
 MINIMUM            37  0510 AM    30  1989     39      -2     35 
 AVERAGE            50                          50       0     51 

PRECIPITATION 
(INCHES) 
 YESTERDAY           T           0.46  1976   0.03   -0.03   0.00 
 MONTH TO DATE    0.24                        0.80   -0.56   0.30 
 SINCE MAR 1      0.76                        2.35   -1.59   0.42 
 SINCE JAN 1      1.20                        4.38   -3.18   2.11 

SNOWFALL 
(INCHES) 
 YESTERDAY         0.0              T  2009    0.1    -0.1    0.0 
 MONTH TO DATE     0.0                         0.9    -0.9      T 
 SINCE MAR 1       8.5                        17.3    -8.8    1.1 
 SINCE JUL 1      41.6                        97.3   -55.7   47.1
 SNOW DEPTH (IN)     0                                          0 

DEGREE DAYS 
 HEATING 
  YESTERDAY         15                          15       0     14 
  MONTH TO DATE    333                         471    -138    394 
  SINCE MAR 1     2667                        3187    -520   2975 
  SINCE JUL 1    11733                       13425   -1692  11802

 COOLING 
  YESTERDAY          0                           0       0      0 
  MONTH TO DATE      0                           0       0      0 
  SINCE MAR 1        0                           0       0      0 
  SINCE JAN 1        0                           0       0      0 
................................................................... 

WIND (MPH) 
 HIGHEST WIND SPEED    10     HIGHEST WIND DIRECTION    150      
 HIGHEST GUST SPEED    13     HIGHEST GUST DIRECTION    140 
 AVERAGE WIND SPEED   1.7 

WEATHER CONDITIONS 
 THE FOLLOWING WEATHER WAS RECORDED YESTERDAY. 
  NO SIGNIFICANT WEATHER WAS OBSERVED. 
................................................................... 

THE MCGRATH CLIMATE NORMALS FOR TODAY 
                           NORMAL    RECORD   YEAR 
 MAXIMUM TEMPERATURE (F)     61        82     2002 
 MINIMUM TEMPERATURE (F)     39        30     2000 

SUNRISE AND SUNSET 
 MAY 25 2015..........SUNRISE  4:53 AM      SUNSET 11:49 PM   
 MAY 26 2015..........SUNRISE  4:51 AM      SUNSET 11:51 PM   

-  INDICATES NEGATIVE NUMBERS.
R  INDICATES RECORD HAS BEEN SET OR TIED.
MM INDICATES DATA IS MISSING.
T  INDICATES TRACE OF PRECIPITATION.

&&
-------------------------------------------------------------------

AMOUNT OF DAYLIGHT TODAY  (HOUR:MIN)........18 HOURS 56 MINUTES
GAIN/LOSS SINCE YESTERDAY (HOUR:MIN:SEC)....+0:05:14

$$
TR MAY 15