CDAK49 PAMC 280923
CLIMCG

CLIMATE REPORT 
NATIONAL WEATHER SERVICE MCGRATH, AK
123 AM AKDT TUE JUN 28 2016
...................................
...THE MCGRATH AIRPORT CLIMATE SUMMARY FOR JUNE 27 2016... 

CLIMATE NORMAL PERIOD  1981 TO  2010 
CLIMATE RECORD PERIOD  1940 TO  2016 

WEATHER ITEM   OBSERVED TIME    RECORD YEAR NORMAL DEPARTURE LAST 
               VALUE    (LST)   VALUE       VALUE  FROM      YEAR 
                                                   NORMAL 
................................................................... 
TEMPERATURE 
YESTERDAY 
 MAXIMUM            63  1205 AM    86  2004     71      -8     68 
 MINIMUM            55  0646 AM    34  1955     50       5     52 
 AVERAGE            59                          60      -1     60 

PRECIPITATION 
(INCHES) 
 YESTERDAY        0.22           0.38  2015   0.06    0.16   0.38 
 MONTH TO DATE    2.38                        1.34    1.04   1.02 
 SINCE JUN 1      2.38                        1.34    1.04   1.02 
 SINCE JAN 1      5.19                        6.01   -0.82   2.36 

SNOWFALL 
(INCHES) 
 YESTERDAY         0.0            0.0  2016    0.0     0.0    0.0 
 MONTH TO DATE     0.0                         0.0     0.0    0.0 
 SINCE JUN 1       0.0                         0.0     0.0    0.0 
 SINCE JUL 1      79.0                        97.3   -18.3   41.6
 SNOW DEPTH (IN)     0                                          0 

DEGREE DAYS 
 HEATING 
  YESTERDAY          6                           5       1      5 
  MONTH TO DATE    191                         219     -28    181 
  SINCE JUN 1      191                         219     -28    181 
  SINCE JUL 1    12322                       13740   -1418  11993

 COOLING 
  YESTERDAY          0                           1      -1      0 
  MONTH TO DATE      4                           2       2     26 
  SINCE JUN 1        4                           2       2     26 
  SINCE JAN 1        4                           2       2     26 
................................................................... 

WIND (MPH) 
 HIGHEST WIND SPEED    14     HIGHEST WIND DIRECTION    200      
 HIGHEST GUST SPEED    19     HIGHEST GUST DIRECTION    190 
 AVERAGE WIND SPEED    MM 
 
WEATHER CONDITIONS 
 THE FOLLOWING WEATHER WAS RECORDED YESTERDAY. 
 FOG
 RAIN
................................................................... 

THE MCGRATH CLIMATE NORMALS FOR TODAY 
                           NORMAL    RECORD   YEAR 
 MAXIMUM TEMPERATURE (F)     71        84     2005 
 MINIMUM TEMPERATURE (F)     50        36     1979 

SUNRISE AND SUNSET 
 JUN 28 2016..........SUNRISE  4:21 AM      SUNSET 12:31 AM   
 JUN 29 2016..........SUNRISE  4:23 AM      SUNSET 12:30 AM   

-  INDICATES NEGATIVE NUMBERS.
R  INDICATES RECORD HAS BEEN SET OR TIED.
MM INDICATES DATA IS MISSING.
T  INDICATES TRACE OF PRECIPITATION.

&&
-------------------------------------------------------------------

AMOUNT OF DAYLIGHT TODAY  (HOUR:MIN)........20 HOURS 10 MINUTES
LOSS SINCE YESTERDAY (HOUR:MIN:SEC)....-0:01:52

$$
SBY JUN 16