CDAK49 PAMC 281116
CLIMCG

CLIMATE REPORT 
NATIONAL WEATHER SERVICE MCGRATH, AK
216 AM AKST SAT FEB 28 2015
...................................
...THE MCGRATH AIRPORT CLIMATE SUMMARY FOR FEBRUARY 27 2015... 

CLIMATE NORMAL PERIOD  1981 TO  2010 
CLIMATE RECORD PERIOD  1940 TO  2015 

WEATHER ITEM   OBSERVED TIME    RECORD YEAR NORMAL DEPARTURE LAST 
               VALUE    (LST)   VALUE       VALUE  FROM      YEAR 
                                                   NORMAL 
................................................................... 
TEMPERATURE 
YESTERDAY 
 MAXIMUM            27  1122 PM    43  1969     18       9     37 
 MINIMUM             2  0449 AM   -43  1986     -7       9     22 
 AVERAGE            15                           6       9     30 

PRECIPITATION 
(INCHES) 
 YESTERDAY           T           0.97  1996   0.03   -0.03   0.00 
 MONTH TO DATE    0.12                        0.91   -0.79   0.09 
 SINCE DEC 1      1.79                        3.29   -1.50   3.14 
 SINCE JAN 1      0.39                        2.00   -1.61   1.69 

SNOWFALL 
(INCHES) 
 YESTERDAY           T           10.9  1996    0.4    -0.4    0.0 
 MONTH TO DATE     1.1                        12.6   -11.5    0.8 
 SINCE DEC 1      22.7                        48.5   -25.8   33.1 
 SINCE JUL 1      32.4                        79.5   -47.1   46.0
 SNOW DEPTH (IN)    12                                         16 

DEGREE DAYS 
 HEATING 
  YESTERDAY         50                          59      -9     35 
  MONTH TO DATE   1540                        1720    -180   1690 
  SINCE DEC 1     5380                        6047    -667   5311 
  SINCE JUL 1     9025                       10179   -1154   8784

 COOLING 
  YESTERDAY          0                           0       0      0 
  MONTH TO DATE      0                           0       0      0 
  SINCE DEC 1        0                           0       0      0 
  SINCE JAN 1        0                           0       0      0 
................................................................... 

WIND (MPH) 
 HIGHEST WIND SPEED     9     HIGHEST WIND DIRECTION    130      
 HIGHEST GUST SPEED    10     HIGHEST GUST DIRECTION    130 
 AVERAGE WIND SPEED   1.6 
 
WEATHER CONDITIONS 
 THE FOLLOWING WEATHER WAS RECORDED YESTERDAY. 
 SNOW
................................................................... 

THE MCGRATH CLIMATE NORMALS FOR TODAY 
                           NORMAL    RECORD   YEAR 
 MAXIMUM TEMPERATURE (F)     19        46     1996 
 MINIMUM TEMPERATURE (F)     -7       -55     1956 

SUNRISE AND SUNSET 
 FEB 28 2015..........SUNRISE  8:31 AM      SUNSET  6:41 PM   
 MAR 1 2015..........SUNRISE  8:28 AM      SUNSET  6:44 PM   

-  INDICATES NEGATIVE NUMBERS.
R  INDICATES RECORD HAS BEEN SET OR TIED.
MM INDICATES DATA IS MISSING.
T  INDICATES TRACE OF PRECIPITATION.

&&
-------------------------------------------------------------------

AMOUNT OF DAYLIGHT TODAY  (HOUR:MIN)........10 HOURS 10 MINUTES
GAIN SINCE YESTERDAY (HOUR:MIN:SEC)....+0:06:12

$$
ADJ FEB 15