CDAK49 PAMC 251010
CLIMCG

CLIMATE REPORT 
NATIONAL WEATHER SERVICE MCGRATH, AK
210 AM AKDT SAT OCT 25 2014
...................................
...THE MCGRATH AIRPORT CLIMATE SUMMARY FOR OCTOBER 24 2014... 

CLIMATE NORMAL PERIOD  1981 TO  2010 
CLIMATE RECORD PERIOD  1940 TO  2014 

WEATHER ITEM   OBSERVED TIME    RECORD YEAR NORMAL DEPARTURE LAST 
               VALUE    (LST)   VALUE       VALUE  FROM      YEAR 
                                                   NORMAL 
................................................................... 
TEMPERATURE 
YESTERDAY 
 MAXIMUM            34  0328 PM    44  1951     26       8     36 
 MINIMUM            23  1043 AM   -20  1956     12      11     28 
 AVERAGE            29                          19      10     32 

PRECIPITATION 
(INCHES) 
 YESTERDAY        0.10           0.72  2000   0.04    0.06      T 
 MONTH TO DATE    0.16                        1.18   -1.02   3.99 
 SINCE SEP 1      1.08                        3.67   -2.59   8.14 
 SINCE JAN 1      9.65                       15.04   -5.39  17.37 

SNOWFALL 
(INCHES) 
 YESTERDAY         2.5            5.9  2000    0.4     2.1      T 
 MONTH TO DATE     3.1                         6.9    -3.8      T 
 SINCE SEP 1       3.1                         8.4    -5.3    0.7 
 SINCE JUL 1       3.1                         8.4    -5.3    0.7
 SNOW DEPTH (IN)     1                                          0 

DEGREE DAYS 
 HEATING 
  YESTERDAY         36                          46     -10     33 
  MONTH TO DATE    854                         895     -41    601 
  SINCE SEP 1     1422                        1508     -86   1275 
  SINCE JUL 1     1845                        2005    -160   1693

 COOLING 
  YESTERDAY          0                           0       0      0 
  MONTH TO DATE      0                           0       0      0 
  SINCE SEP 1        0                           0       0      0 
  SINCE JAN 1       11                          16      -5     78 
................................................................... 

WIND (MPH) 
 HIGHEST WIND SPEED    13     HIGHEST WIND DIRECTION    300      
 HIGHEST GUST SPEED    15     HIGHEST GUST DIRECTION    300 
 AVERAGE WIND SPEED   3.8 
 
WEATHER CONDITIONS 
 THE FOLLOWING WEATHER WAS RECORDED YESTERDAY. 
 FOG
 SNOW
................................................................... 

THE MCGRATH CLIMATE NORMALS FOR TODAY 
                           NORMAL    RECORD   YEAR 
 MAXIMUM TEMPERATURE (F)     25        45     2002 
 MINIMUM TEMPERATURE (F)     12       -18     1996 

SUNRISE AND SUNSET 
 OCT 25 2014..........SUNRISE  9:40 AM      SUNSET  6:33 PM   
 OCT 26 2014..........SUNRISE  9:42 AM      SUNSET  6:30 PM   

-  INDICATES NEGATIVE NUMBERS.
R  INDICATES RECORD HAS BEEN SET OR TIED.
MM INDICATES DATA IS MISSING.
T  INDICATES TRACE OF PRECIPITATION.

&&
-------------------------------------------------------------------

AMOUNT OF DAYLIGHT TODAY  (HOUR:MIN)........8 HOURS 53 MINUTES
LOSS SINCE YESTERDAY (HOUR:MIN:SEC)....-0:06:06

$$
ADJ OCT 14