CDAK49 PAMC 311212
CLIMCG

CLIMATE REPORT 
NATIONAL WEATHER SERVICE MCGRATH, AK
412 AM AKDT FRI OCT 31 2014
...................................
...THE MCGRATH AIRPORT CLIMATE SUMMARY FOR OCTOBER 30 2014... 

CLIMATE NORMAL PERIOD  1981 TO  2010 
CLIMATE RECORD PERIOD  1940 TO  2014 

WEATHER ITEM   OBSERVED TIME    RECORD YEAR NORMAL DEPARTURE LAST 
               VALUE    (LST)   VALUE       VALUE  FROM      YEAR 
                                                   NORMAL 
................................................................... 
TEMPERATURE 
YESTERDAY 
 MAXIMUM            15  0846 PM    47  2003     21      -6     36 
 MINIMUM             2  0201 AM   -28  1982      8      -6     28 
 AVERAGE             9                          15      -6     32 

PRECIPITATION 
(INCHES) 
 YESTERDAY           T           0.28  1971   0.04   -0.04      T 
 MONTH TO DATE    0.19                        1.40   -1.21   4.62 
 SINCE SEP 1      1.11                        3.89   -2.78   8.77 
 SINCE JAN 1      9.68                       15.26   -5.58  18.00 

SNOWFALL 
(INCHES) 
 YESTERDAY           T            5.4  1966    0.5    -0.5      T 
 MONTH TO DATE     3.4                         9.7    -6.3      T 
 SINCE SEP 1       3.4                        11.2    -7.8    0.7 
 SINCE JUL 1       3.4                        11.2    -7.8    0.7
 SNOW DEPTH (IN)     2                                          0 

DEGREE DAYS 
 HEATING 
  YESTERDAY         56                          50       6     33 
  MONTH TO DATE   1144                        1187     -43    775 
  SINCE SEP 1     1712                        1800     -88   1449 
  SINCE JUL 1     2135                        2297    -162   1867

 COOLING 
  YESTERDAY          0                           0       0      0 
  MONTH TO DATE      0                           0       0      0 
  SINCE SEP 1        0                           0       0      0 
  SINCE JAN 1       11                          16      -5     78 
................................................................... 

WIND (MPH) 
 HIGHEST WIND SPEED     7     HIGHEST WIND DIRECTION     20      
 HIGHEST GUST SPEED     9     HIGHEST GUST DIRECTION     20 
 AVERAGE WIND SPEED   1.4 

WEATHER CONDITIONS 
 THE FOLLOWING WEATHER WAS RECORDED YESTERDAY. 
 FOG
 SNOW
.................................................................. 

THE MCGRATH CLIMATE NORMALS FOR TODAY 
                           NORMAL    RECORD   YEAR 
 MAXIMUM TEMPERATURE (F)     21        45     2003 
 MINIMUM TEMPERATURE (F)      7       -21     1997 

SUNRISE AND SUNSET 
 OCT 31 2014..........SUNRISE  9:57 AM      SUNSET  6:15 PM   
 NOV 1 2014..........SUNRISE 10:00 AM      SUNSET  6:12 PM   

-  INDICATES NEGATIVE NUMBERS.
R  INDICATES RECORD HAS BEEN SET OR TIED.
MM INDICATES DATA IS MISSING.
T  INDICATES TRACE OF PRECIPITATION.

&&
-------------------------------------------------------------------

AMOUNT OF DAYLIGHT TODAY  (HOUR:MIN)........8 HOURS 18 MINUTES
LOSS SINCE YESTERDAY (HOUR:MIN:SEC)....-0:06:03

$$
JCD OCT 14