CDAK49 PABR 290012
CLIBRW

CLIMATE REPORT
NATIONAL WEATHER SERVICE BARROW, AK
412 PM AKDT SAT MAY 28 2016
...................................
...THE BARROW WSO AP CLIMATE SUMMARY FOR MAY 28 2016...
VALID TODAY AS OF 2:00 PM LOCAL TIME

CLIMATE NORMAL PERIOD  1981 TO  2010 
CLIMATE RECORD PERIOD  1915 TO  2016 

WEATHER ITEM   OBSERVED TIME    RECORD YEAR NORMAL DEPARTURE LAST 
               VALUE    (LST)   VALUE       VALUE  FROM      YEAR 
                                                   NORMAL 
................................................................... 
TEMPERATURE 
TODAY 
 MAXIMUM            34  0310 PM    43  1998     32       2     36 
 MINIMUM            30  0931 AM     5  1936     24       6     28 
 AVERAGE            32                          28       4     32 

PRECIPITATION 
(INCHES) 
 TODAY               T           0.30  2010   0.01   -0.01   0.01 
 MONTH TO DATE    0.07                        0.16   -0.09   0.51 
 SINCE MAR 1      0.18                        0.41   -0.23   1.25 
 SINCE JAN 1      1.33                        0.68    0.65   1.82 

SNOWFALL 
(INCHES) 
 TODAY               T            0.9  2009    0.1    -0.1    0.0 
 MONTH TO DATE     0.9                         2.5    -1.6    1.1
 SINCE MAR 1       3.1                         7.8    -4.7   11.7
 SINCE JUL 1      33.0                        36.8    -3.8   54.8
 SNOW DEPTH (IN)     0                                          0

DEGREE DAYS 
 HEATING 
  TODAY             33                          37      -4     33 
  MONTH TO DATE   1022                        1251    -229   1046
  SINCE MAR 1     4890                        5550    -660   5135
  SINCE JUL 1    17051                       18398   -1347  17346

 COOLING 
  TODAY              0                           0       0      0 
  MONTH TO DATE      0                           0       0      0 
  SINCE MAR 1        0                           0       0      0 
  SINCE JAN 1        0                           0       0      0 
................................................................... 

WIND (MPH) 
 HIGHEST WIND SPEED    21     HIGHEST WIND DIRECTION    100      
 HIGHEST GUST SPEED    25     HIGHEST GUST DIRECTION    100 
 AVERAGE WIND SPEED    MM 
 
WEATHER CONDITIONS 
 THE FOLLOWING WEATHER WAS RECORDED TODAY. 
 SNOW
 
RELATIVE HUMIDITY
 HIGHEST RH     MM PERCENT       MM
 LOWEST  RH     MM PERCENT       MM
 AVERAGE RH     MM PERCENT       MM
................................................................... 

THE BARROW CLIMATE NORMALS FOR TOMORROW 
                        NORMAL    RECORD   YEAR 
 MAXIMUM TEMPERATURE      32        46     1996 
 MINIMUM TEMPERATURE      24         4     1926 

SUNRISE AND SUNSET 
 THE SUN IS CONTINUOUSLY ABOVE THE HORIZON ALL DAY.

-  INDICATES NEGATIVE NUMBERS.
R  INDICATES RECORD HAS BEEN SET OR TIED.
MM INDICATES DATA IS MISSING.
T  INDICATES TRACE OF PRECIPITATION.

&&
-------------------------------------------------------------------

AMOUNT OF DAYLIGHT TODAY  (HOUR:MIN)........24 HOURS 00 MINUTES
GAIN/LOSS SINCE YESTERDAY (HOUR:MIN:SEC)....+0:00:00

$$
RFL MAY 16