CDAK49 PABR 010915
CLIBRW

CLIMATE REPORT 
NATIONAL WEATHER SERVICE BARROW, AK
115 AM AKDT FRI JUL 1 2016
...................................
...THE BARROW WSO AP CLIMATE SUMMARY FOR JUNE 30 2016... 

CLIMATE NORMAL PERIOD  1981 TO  2010 
CLIMATE RECORD PERIOD  1915 TO  2016 

WEATHER ITEM   OBSERVED TIME    RECORD YEAR NORMAL DEPARTURE LAST 
               VALUE    (LST)   VALUE       VALUE  FROM      YEAR 
                                                   NORMAL 
................................................................... 
TEMPERATURE 
YESTERDAY 
 MAXIMUM            41  0641 PM    70  1942     46      -5     53 
 MINIMUM            36  0850 AM    26  1943     34       2     44 
 AVERAGE            39                          40      -1     49 

PRECIPITATION 
(INCHES) 
 YESTERDAY           T           0.35  1964   0.02   -0.02   0.02 
 MONTH TO DATE    0.70                        0.32    0.38   0.84 
 SINCE JUN 1      0.70                        0.32    0.38   0.84 
 SINCE JAN 1      2.03                        1.02    1.01   2.80 

SNOWFALL 
(INCHES) 
 YESTERDAY         0.0            1.0  1964    0.0     0.0    0.0 
 MONTH TO DATE     2.7                         0.7     2.0    1.0 
 SINCE JUN 1       2.7                         0.7     2.0    1.0 
 SINCE JUL 1      35.7                        37.7    -2.0   55.9
 SNOW DEPTH (IN)     0                                          0 

DEGREE DAYS 
 HEATING 
  YESTERDAY         26                          25       1     16 
  MONTH TO DATE    811                         880     -69    742 
  SINCE JUN 1      811                         880     -69    742 
  SINCE JUL 1    17955                       19387   -1432  18183

 COOLING 
  YESTERDAY          0                           0       0      0 
  MONTH TO DATE      0                           0       0      0 
  SINCE JUN 1        0                           0       0      0 
  SINCE JAN 1        0                           0       0      0 
................................................................... 

WIND (MPH) 
 HIGHEST WIND SPEED    22     HIGHEST WIND DIRECTION    100      
 HIGHEST GUST SPEED    25     HIGHEST GUST DIRECTION    110 
 AVERAGE WIND SPEED  15.1 


WEATHER CONDITIONS 
 THE FOLLOWING WEATHER WAS RECORDED YESTERDAY. 
  RAIN
................................................................... 

THE BARROW CLIMATE NORMALS FOR TODAY 
                           NORMAL    RECORD   YEAR 
 MAXIMUM TEMPERATURE (F)     46        76     1999 
 MINIMUM TEMPERATURE (F)     34        26     1943 

SUNRISE AND SUNSET 
 JUL 1 2016..........SUNRISE  **.**      SUNSET **.**   
 JUL 2 2016..........SUNRISE  **.**      SUNSET **.**   

-  INDICATES NEGATIVE NUMBERS.
R  INDICATES RECORD HAS BEEN SET OR TIED.
MM INDICATES DATA IS MISSING.
T  INDICATES TRACE OF PRECIPITATION.

&&
-------------------------------------------------------------------

AMOUNT OF DAYLIGHT TODAY  (HOUR:MIN)........24 HOURS 00 MINUTES
GAIN/LOSS SINCE YESTERDAY (HOUR:MIN:SEC)....+0:00:00

$$
*** JUL 16