CDAK49 PABR 230901
CLIBRW

CLIMATE REPORT 
NATIONAL WEATHER SERVICE BARROW, AK
101 AM AKDT TUE SEP 23 2014
...................................
...THE BARROW WSO AP CLIMATE SUMMARY FOR SEPTEMBER 22 2014... 

CLIMATE NORMAL PERIOD  1981 TO  2010 
CLIMATE RECORD PERIOD  1915 TO  2014 

WEATHER ITEM   OBSERVED TIME    RECORD YEAR NORMAL DEPARTURE LAST 
               VALUE    (LST)   VALUE       VALUE  FROM      YEAR 
                                                   NORMAL 
................................................................... 
TEMPERATURE 
YESTERDAY 
 MAXIMUM            32  0445 AM    62  1995     34      -2     28 
 MINIMUM            25  0750 PM     8  1983     27      -2     25 
 AVERAGE            29                          30      -1     27 

PRECIPITATION 
(INCHES) 
 YESTERDAY        0.05           0.15  2012   0.02    0.03      T 
 MONTH TO DATE    0.89                        0.57    0.32   0.99 
 SINCE SEP 1      0.89                        0.57    0.32   0.99 
 SINCE JAN 1      5.44                        3.62    1.82   6.01 

SNOWFALL 
(INCHES) 
 YESTERDAY         0.5            2.5  2000    0.1     0.4      T 
 MONTH TO DATE     8.6                         2.7     5.9    2.6 
 SINCE SEP 1       8.6                         2.7     5.9    2.6 
 SINCE JUL 1      10.0                         3.8     6.2    3.7
 SNOW DEPTH (IN)     1                                          1 

DEGREE DAYS 
 HEATING 
  YESTERDAY         36                          35       1     38 
  MONTH TO DATE    668                         690     -22    684 
  SINCE SEP 1      668                         690     -22    684 
  SINCE JUL 1     2334                        2244      90   2093

 COOLING 
  YESTERDAY          0                           0       0      0 
  MONTH TO DATE      0                           0       0      0 
  SINCE SEP 1        0                           0       0      0 
  SINCE JAN 1        0                           0       0      0 
................................................................... 

WIND (MPH) 
 HIGHEST WIND SPEED    12     HIGHEST WIND DIRECTION    290      
 HIGHEST GUST SPEED    13     HIGHEST GUST DIRECTION    290 
 AVERAGE WIND SPEED   3.8 

WEATHER CONDITIONS 
 THE FOLLOWING WEATHER WAS RECORDED YESTERDAY. 
  FOG
SNOW
 

RELATIVE HUMIDITY
 HIGHEST RH     100 PERCENT       08:53 AM
 LOWEST  RH     82 PERCENT       03:35 AM
 AVERAGE RH     93 PERCENT       MM
................................................................... 

THE BARROW CLIMATE NORMALS FOR TODAY 
                           NORMAL    RECORD   YEAR 
 MAXIMUM TEMPERATURE (F)     33        51     1953 
 MINIMUM TEMPERATURE (F)     26         7     1983 

SUNRISE AND SUNSET 
 SEP 23 2014..........SUNRISE  8:12 AM      SUNSET  8:25 PM   
 SEP 24 2014..........SUNRISE  8:16 AM      SUNSET  8:20 PM   

-  INDICATES NEGATIVE NUMBERS.
R  INDICATES RECORD HAS BEEN SET OR TIED.
MM INDICATES DATA IS MISSING.
T  INDICATES TRACE OF PRECIPITATION.

&&
-------------------------------------------------------------------

AMOUNT OF DAYLIGHT TODAY  (HOUR:MIN)........12 HOURS 13 MINUTES
GAIN/LOSS SINCE YESTERDAY (HOUR:MIN:SEC)....-0:09:11

$$
DZB SEP 14