CDAK49 PABR 300904
CLIBRW

CLIMATE REPORT 
NATIONAL WEATHER SERVICE BARROW, AK
104 AM AKDT SAT APR 30 2016
...................................
...THE BARROW WSO AP CLIMATE SUMMARY FOR APRIL 29 2016... 

CLIMATE NORMAL PERIOD  1981 TO  2010 
CLIMATE RECORD PERIOD  1915 TO  2016 

WEATHER ITEM   OBSERVED TIME    RECORD YEAR NORMAL DEPARTURE LAST 
               VALUE    (LST)   VALUE       VALUE  FROM      YEAR 
                                                   NORMAL 
................................................................... 
TEMPERATURE 
YESTERDAY 
 MAXIMUM            29  1037 PM    38  1967     17      12     23 
 MINIMUM            26  0803 AM   -19  1973      5      21     15 
 AVERAGE            28                          11      17     19 

PRECIPITATION 
(INCHES) 
 YESTERDAY           T           0.03  1995   0.00       T      T 
 MONTH TO DATE    0.05                        0.15   -0.10   0.46 
 SINCE MAR 1      0.09                        0.24   -0.15   0.74 
 SINCE JAN 1      1.24                        0.51    0.73   1.31 

SNOWFALL 
(INCHES) 
 YESTERDAY         0.0            1.2  1922    0.1    -0.1      T 
 MONTH TO DATE     1.0                         3.1    -2.1    6.9 
 SINCE MAR 1       2.0                         5.2    -3.2   10.3 
 SINCE JUL 1      31.9                        34.2    -2.3   53.4
 SNOW DEPTH (IN)     4                                          7 

DEGREE DAYS 
 HEATING 
  YESTERDAY         37                          54     -17     46 
  MONTH TO DATE   1600                        1842    -242   1697 
  SINCE MAR 1     3831                        4246    -415   4037 
  SINCE JUL 1    15992                       17094   -1102  16248

 COOLING 
  YESTERDAY          0                           0       0      0 
  MONTH TO DATE      0                           0       0      0 
  SINCE MAR 1        0                           0       0      0 
  SINCE JAN 1        0                           0       0      0 
................................................................... 

WIND (MPH) 
 HIGHEST WIND SPEED    13     HIGHEST WIND DIRECTION     70      
 HIGHEST GUST SPEED    14     HIGHEST GUST DIRECTION     70 
 AVERAGE WIND SPEED   7.1 


WEATHER CONDITIONS 
 THE FOLLOWING WEATHER WAS RECORDED YESTERDAY. 
  FOG
GLAZE
RAIN
................................................................... 

THE BARROW CLIMATE NORMALS FOR TODAY 
                           NORMAL    RECORD   YEAR 
 MAXIMUM TEMPERATURE (F)     18        39     2009 
 MINIMUM TEMPERATURE (F)      6       -18     1936 

SUNRISE AND SUNSET 
 APR 30 2016..........SUNRISE  4:37 AM      SUNSET 12:18 AM   
 MAY 1 2016..........SUNRISE  4:30 AM      SUNSET 12:26 AM   

-  INDICATES NEGATIVE NUMBERS.
R  INDICATES RECORD HAS BEEN SET OR TIED.
MM INDICATES DATA IS MISSING.
T  INDICATES TRACE OF PRECIPITATION.

&&
-------------------------------------------------------------------

AMOUNT OF DAYLIGHT TODAY  (HOUR:MIN)........19 HOURS 41 MINUTES
GAIN/LOSS SINCE YESTERDAY (HOUR:MIN:SEC)....+0:13:51

$$
*** APR 16