CDAK49 PABR 260921
CLIBRW

CLIMATE REPORT 
NATIONAL WEATHER SERVICE BARROW, AK
121 AM AKDT SUN OCT 26 2014
...................................
...THE BARROW WSO AP CLIMATE SUMMARY FOR OCTOBER 25 2014... 

CLIMATE NORMAL PERIOD  1981 TO  2010 
CLIMATE RECORD PERIOD  1915 TO  2014 

WEATHER ITEM   OBSERVED TIME    RECORD YEAR NORMAL DEPARTURE LAST 
               VALUE    (LST)   VALUE       VALUE  FROM      YEAR 
                                                   NORMAL 
................................................................... 
TEMPERATURE 
YESTERDAY 
 MAXIMUM            20  1029 PM    36  1969     17       3     24 
 MINIMUM             4  0633 AM   -20  1996      7      -3     19 
 AVERAGE            12                          12       0     22 

PRECIPITATION 
(INCHES) 
 YESTERDAY           T           0.55  1925   0.01   -0.01      T 
 MONTH TO DATE    0.88                        0.35    0.53   0.49 
 SINCE SEP 1      1.94                        1.07    0.87   1.78 
 SINCE JAN 1      6.49                        4.12    2.37   6.80 

SNOWFALL 
(INCHES) 
 YESTERDAY           T            5.5  1925    0.3    -0.3    0.2 
 MONTH TO DATE    11.7                         7.4     4.3    6.4 
 SINCE SEP 1      21.2                        11.8     9.4   14.5 
 SINCE JUL 1      22.6                        12.9     9.7   15.6
 SNOW DEPTH (IN)     4                                          3 

DEGREE DAYS 
 HEATING 
  YESTERDAY         53                          53       0     43 
  MONTH TO DATE   1052                        1149     -97    966 
  SINCE SEP 1     1992                        2135    -143   1970 
  SINCE JUL 1     3658                        3689     -31   3379

 COOLING 
  YESTERDAY          0                           0       0      0 
  MONTH TO DATE      0                           0       0      0 
  SINCE SEP 1        0                           0       0      0 
  SINCE JAN 1        0                           0       0      0 
................................................................... 

WIND (MPH) 
 HIGHEST WIND SPEED    15     HIGHEST WIND DIRECTION     90      
 HIGHEST GUST SPEED    20     HIGHEST GUST DIRECTION     90 
 AVERAGE WIND SPEED   9.1 
 
WEATHER CONDITIONS 
 THE FOLLOWING WEATHER WAS RECORDED YESTERDAY. 
  GLAZE
  SNOW
  FOG AND FREEZING FOG WITH VISIBILITY AS LOW AS ONE QUARTER MILE.

RELATIVE HUMIDITY
 HIGHEST RH     100 PERCENT    AT  853 PM AST
 LOWEST  RH      91 PERCENT    AT  153 PM AST
 AVERAGE RH      96 PERCENT
................................................................... 

THE BARROW CLIMATE NORMALS FOR TODAY 
                           NORMAL    RECORD   YEAR 
 MAXIMUM TEMPERATURE (F)     16        35     1946 
 MINIMUM TEMPERATURE (F)      6       -17     1988 

SUNRISE AND SUNSET 
 OCT 26 2014..........SUNRISE 10:43 AM      SUNSET  5:39 PM   
 OCT 27 2014..........SUNRISE 10:48 AM      SUNSET  5:33 PM   

-  INDICATES NEGATIVE NUMBERS.
R  INDICATES RECORD HAS BEEN SET OR TIED.
MM INDICATES DATA IS MISSING.
T  INDICATES TRACE OF PRECIPITATION.
&&
-------------------------------------------------------------------

AMOUNT OF DAYLIGHT TODAY  (HOUR:MIN)........6 HOURS 56 MINUTES
GAIN/LOSS SINCE YESTERDAY (HOUR:MIN:SEC)....-0:10:35

$$
RFL OCT 14