CDAK49 PABR 242343
CLIBRW

CLIMATE REPORT
NATIONAL WEATHER SERVICE BARROW, AK
343 PM AKDT THU APR 24 2014
...................................
...THE BARROW WSO AP CLIMATE SUMMARY FOR APRIL 24 2014...
VALID TODAY AS OF 300 PM LOCAL TIME

CLIMATE NORMAL PERIOD  1981 TO  2010 
CLIMATE RECORD PERIOD  1915 TO  2014 

WEATHER ITEM   OBSERVED TIME    RECORD YEAR NORMAL DEPARTURE LAST 
               VALUE    (LST)   VALUE       VALUE  FROM      YEAR 
                                                   NORMAL 
................................................................... 
TEMPERATURE 
TODAY 
 MAXIMUM            18   159 PM    42  1936     14       4     23 
 MINIMUM             8   215 AM   -25  1922      1       7      7 
 AVERAGE            13                           8       5     15 

PRECIPITATION 
(INCHES) 
 TODAY               T           0.17  1958   0.01   -0.01      T 
 MONTH TO DATE    0.44                        0.13    0.31   0.11 
 SINCE MAR 1      0.49                        0.22    0.27   0.61 
 SINCE JAN 1      0.86                        0.49    0.37   0.74 

SNOWFALL 
(INCHES) 
 TODAY               T            2.2  1923    0.1    -0.1    0.2 
 MONTH TO DATE     3.6                         2.6     1.0    3.3
 SINCE MAR 1       5.4                         4.7     0.7   11.2
 SINCE JUL 1      48.0                        33.7    14.3   55.2
 SNOW DEPTH (IN)     9                                          6

DEGREE DAYS 
 HEATING 
  TODAY             52                          57      -5     50 
  MONTH TO DATE   1529                        1565     -36   1599
  SINCE MAR 1     3682                        3969    -287   3824
  SINCE JUL 1    15353                       16817   -1464  15870

 COOLING 
  TODAY              0                           0       0      0 
  MONTH TO DATE      0                           0       0      0 
  SINCE MAR 1        0                           0       0      0 
  SINCE JAN 1        0                           0       0      0 
................................................................... 

WIND (MPH) 
 HIGHEST WIND SPEED    16     HIGHEST WIND DIRECTION     70      
 HIGHEST GUST SPEED    18     HIGHEST GUST DIRECTION     70 
 AVERAGE WIND SPEED    MM 

SKY COVER
  POSSIBLE SUNSHINE  MM            AVERAGE SKY COVER MM
 
WEATHER CONDITIONS 
 THE FOLLOWING WEATHER WAS RECORDED TODAY. 
  SNOW
  DENSE FOG 

RELATIVE HUMIDITY
 HIGHEST RH     MM PERCENT       MM
 LOWEST  RH     MM PERCENT       MM
 AVERAGE RH     MM PERCENT       MM
................................................................... 

THE BARROW CLIMATE NORMALS FOR TOMORROW 
                        NORMAL    RECORD   YEAR 
 MAXIMUM TEMPERATURE      15        36     1931 
 MINIMUM TEMPERATURE       2       -29     1924 

SUNRISE AND SUNSET 
 APR 24 2014..........SUNRISE  520 AM      SUNSET 1136 PM    
 APR 25 2014..........SUNRISE  514 AM      SUNSET 1142 PM    

-  INDICATES NEGATIVE NUMBERS.
R  INDICATES RECORD HAS BEEN SET OR TIED.
MM INDICATES DATA IS MISSING.
T  INDICATES TRACE OF PRECIPITATION.

&&
-------------------------------------------------------------------

AMOUNT OF DAYLIGHT TODAY  (HOUR:MIN)........18 HOURS 16 MINUTES
GAIN/LOSS SINCE YESTERDAY (HOUR:MIN:SEC)....+0:11:53

$$
DPA APR 14