CDAK49 PABR 302341
CLIBRW

CLIMATE REPORT
NATIONAL WEATHER SERVICE BARROW, AK
341 PM AKDT THU OCT 30 2014
...................................
...THE BARROW WSO AP CLIMATE SUMMARY FOR OCTOBER 30 2014...
VALID TODAY AS OF 300 PM LOCAL TIME

CLIMATE NORMAL PERIOD  1981 TO  2010 
CLIMATE RECORD PERIOD  1915 TO  2014 

WEATHER ITEM   OBSERVED TIME    RECORD YEAR NORMAL DEPARTURE LAST 
               VALUE    (LST)   VALUE       VALUE  FROM      YEAR 
                                                   NORMAL 
................................................................... 
TEMPERATURE 
TODAY 
 MAXIMUM            22  1220 AM    33  2002     14       8     19 
 MINIMUM            15   158 PM   -25  1994      3      12     12 
 AVERAGE            19                           9      10     16 

PRECIPITATION 
(INCHES) 
 TODAY               T           0.33  2003   0.01   -0.01      T 
 MONTH TO DATE    1.01                        0.40    0.61   0.49 
 SINCE SEP 1      2.07                        1.12    0.95   1.78 
 SINCE JAN 1      6.62                        4.17    2.45   6.80 

SNOWFALL 
(INCHES) 
 TODAY               T            3.9  2003    0.3    -0.3    0.2 
 MONTH TO DATE    13.1                         8.8     4.3    7.1
 SINCE SEP 1      22.6                        13.2     9.4   15.2
 SINCE JUL 1      24.0                        14.3     9.7   16.3
 SNOW DEPTH (IN)     5                                          3

DEGREE DAYS 
 HEATING 
  TODAY             46                          56     -10     49 
  MONTH TO DATE   1287                        1425    -138   1182
  SINCE SEP 1     2227                        2411    -184   2186
  SINCE JUL 1     3893                        3965     -72   3595

 COOLING 
  TODAY              0                           0       0      0 
  MONTH TO DATE      0                           0       0      0 
  SINCE SEP 1        0                           0       0      0 
  SINCE JAN 1        0                           0       0      0 
................................................................... 

WIND (MPH) 
 HIGHEST WIND SPEED    23     HIGHEST WIND DIRECTION    290      
 HIGHEST GUST SPEED    28     HIGHEST GUST DIRECTION    290 
 AVERAGE WIND SPEED    MM 

SKY COVER
  POSSIBLE SUNSHINE  MM            AVERAGE SKY COVER MM
 
WEATHER CONDITIONS 
 THE FOLLOWING WEATHER WAS RECORDED TODAY. 
  FOG
  SNOW
 

RELATIVE HUMIDITY
 HIGHEST RH     MM PERCENT       MM
 LOWEST  RH     MM PERCENT       MM
 AVERAGE RH     MM PERCENT       MM
................................................................... 

THE BARROW CLIMATE NORMALS FOR TOMORROW 
                        NORMAL    RECORD   YEAR 
 MAXIMUM TEMPERATURE      13        34     2002 
 MINIMUM TEMPERATURE       3       -21     1983 

SUNRISE AND SUNSET 
 OCT 30 2014..........SUNRISE 1105 AM      SUNSET  516 PM    
 OCT 31 2014..........SUNRISE 1110 AM      SUNSET  511 PM    

-  INDICATES NEGATIVE NUMBERS.
R  INDICATES RECORD HAS BEEN SET OR TIED.
MM INDICATES DATA IS MISSING.
T  INDICATES TRACE OF PRECIPITATION.

&&
-------------------------------------------------------------------

AMOUNT OF DAYLIGHT TODAY  (HOUR:MIN)........6 HOURS 11 MINUTES
GAIN/LOSS SINCE YESTERDAY (HOUR:MIN:SEC)....-0:11:08

$$
DPA OCT 14