CDAK49 PABR 050917
CLIBRW

CLIMATE REPORT 
NATIONAL WEATHER SERVICE BARROW, AK
117 AM AKDT TUE MAY 5 2015
...................................
...THE BARROW WSO AP CLIMATE SUMMARY FOR MAY 4 2015... 

CLIMATE NORMAL PERIOD  1981 TO  2010 
CLIMATE RECORD PERIOD  1915 TO  2015 

WEATHER ITEM   OBSERVED TIME    RECORD YEAR NORMAL DEPARTURE LAST 
               VALUE    (LST)   VALUE       VALUE  FROM      YEAR 
                                                   NORMAL 
................................................................... 
TEMPERATURE 
YESTERDAY 
 MAXIMUM            21   434 PM    38  1943     20       1     31 
 MINIMUM            16  1159 PM   -12  1984      9       7     19 
 AVERAGE            19                          14       5     25 

PRECIPITATION 
(INCHES) 
 YESTERDAY           T           0.04  1959   0.01   -0.01   0.02 
 MONTH TO DATE       T                        0.02   -0.02   0.07 
 SINCE MAR 1      0.74                        0.27    0.47   0.42 
 SINCE JAN 1      1.31                        0.54    0.77   0.79 

SNOWFALL 
(INCHES) 
 YESTERDAY           T            0.8  2007    0.1    -0.1    0.2 
 MONTH TO DATE     0.1                         0.4    -0.3    0.2 
 SINCE MAR 1      10.7                         5.7     5.0    5.8 
 SINCE JUL 1      53.8                        34.7    19.1   48.4
 SNOW DEPTH (IN)     7                                          3 

DEGREE DAYS 
 HEATING 
  YESTERDAY         46                          51      -5     40 
  MONTH TO DATE    190                         207     -17    135 
  SINCE MAR 1     4279                        4506    -227   4119 
  SINCE JUL 1    16422                       17354    -932  15842

 COOLING 
  YESTERDAY          0                           0       0      0 
  MONTH TO DATE      0                           0       0      0 
  SINCE MAR 1        0                           0       0      0 
  SINCE JAN 1        0                           0       0      0 
................................................................... 

WIND (MPH) 
 HIGHEST WIND SPEED    14     HIGHEST WIND DIRECTION    330      
 HIGHEST GUST SPEED    17     HIGHEST GUST DIRECTION    330 
 AVERAGE WIND SPEED   9.3 

SKY COVER
  POSSIBLE SUNSHINE    MM          AVERAGE SKY COVER     MM
 
WEATHER CONDITIONS 
 THE FOLLOWING WEATHER WAS RECORDED YESTERDAY. 
 FOG
 DRIZZLE
 GLAZE
 SNOW
 

RELATIVE HUMIDITY
 HIGHEST RH     96 PERCENT       653 AM
 LOWEST  RH     74 PERCENT       753 PM
 AVERAGE RH     84 PERCENT       
................................................................... 

THE BARROW CLIMATE NORMALS FOR TODAY 
                           NORMAL    RECORD   YEAR 
 MAXIMUM TEMPERATURE (F)     20        38     1923 
 MINIMUM TEMPERATURE (F)      9       -14     1964 

SUNRISE AND SUNSET 
 MAY 5 2015..........SUNRISE  4:04 AM      SUNSET 12:53 AM   
 MAY 6 2015..........SUNRISE  3:55 AM      SUNSET  1:03 AM   

-  INDICATES NEGATIVE NUMBERS.
R  INDICATES RECORD HAS BEEN SET OR TIED.
MM INDICATES DATA IS MISSING.
T  INDICATES TRACE OF PRECIPITATION.

&&
-------------------------------------------------------------------

AMOUNT OF DAYLIGHT TODAY  (HOUR:MIN)........20 HOURS 49 MINUTES
GAIN/LOSS SINCE YESTERDAY (HOUR:MIN:SEC)....+0:16:51

$$
JML MAY 15