CDAK49 PABR 240911
CLIBRW

CLIMATE REPORT 
NATIONAL WEATHER SERVICE BARROW, AK
111 AM AKDT SUN MAY 24 2015
...................................
...THE BARROW WSO AP CLIMATE SUMMARY FOR MAY 23 2015... 

CLIMATE NORMAL PERIOD  1981 TO  2010 
CLIMATE RECORD PERIOD  1915 TO  2015 

WEATHER ITEM   OBSERVED TIME    RECORD YEAR NORMAL DEPARTURE LAST 
               VALUE    (LST)   VALUE       VALUE  FROM      YEAR 
                                                   NORMAL 
................................................................... 
TEMPERATURE 
YESTERDAY 
 MAXIMUM            38   302 PM    47  1996     29       9     23 
 MINIMUM            32   506 AM    -1  1954     21      11     17 
 AVERAGE            35                          25      10     20 

PRECIPITATION 
(INCHES) 
 YESTERDAY        0.00           0.25  1994   0.01   -0.01      T 
 MONTH TO DATE    0.15                        0.12    0.03   0.80 
 SINCE MAR 1      0.89                        0.37    0.52   1.15 
 SINCE JAN 1      1.46                        0.64    0.82   1.52 

SNOWFALL 
(INCHES) 
 YESTERDAY         0.0            2.0  1921    0.1    -0.1      T 
 MONTH TO DATE     1.0                         2.1    -1.1    3.3 
 SINCE MAR 1      11.6                         7.4     4.2    8.9 
 SINCE JUL 1      54.7                        36.4    18.3   51.5
 SNOW DEPTH (IN)     T                                          1 

DEGREE DAYS 
 HEATING 
  YESTERDAY         30                          40     -10     45 
  MONTH TO DATE    881                        1060    -179    858 
  SINCE MAR 1     4970                        5359    -389   4842 
  SINCE JUL 1    17113                       18207   -1094  16565

 COOLING 
  YESTERDAY          0                           0       0      0 
  MONTH TO DATE      0                           0       0      0 
  SINCE MAR 1        0                           0       0      0 
  SINCE JAN 1        0                           0       0      0 
................................................................... 

WIND (MPH) 
 HIGHEST WIND SPEED    29     HIGHEST WIND DIRECTION     80      
 HIGHEST GUST SPEED    35     HIGHEST GUST DIRECTION     80 
 AVERAGE WIND SPEED    MM 

SKY COVER
  POSSIBLE SUNSHINE    MM          AVERAGE SKY COVER     MM
 
WEATHER CONDITIONS 
 THE FOLLOWING WEATHER WAS RECORDED YESTERDAY. 
 NO SIGNIFICANT WEATHER WAS OBSERVED. 

RELATIVE HUMIDITY
 HIGHEST RH     89 PERCENT       353 AM
 LOWEST  RH     75 PERCENT       153 PM
 AVERAGE RH     80 PERCENT       
................................................................... 

THE BARROW CLIMATE NORMALS FOR TODAY 
                           NORMAL    RECORD   YEAR 
 MAXIMUM TEMPERATURE (F)     30        43     2011 
 MINIMUM TEMPERATURE (F)     22         3     2001 

SUNRISE AND SUNSET 
 MAY 24 2015..........SUNRISE  **.**      SUNSET **.**   
 MAY 25 2015..........SUNRISE  **.**      SUNSET **.**   

-  INDICATES NEGATIVE NUMBERS.
R  INDICATES RECORD HAS BEEN SET OR TIED.
MM INDICATES DATA IS MISSING.
T  INDICATES TRACE OF PRECIPITATION.

&&
-------------------------------------------------------------------

AMOUNT OF DAYLIGHT TODAY  (HOUR:MIN)........24 HOURS 00 MINUTES
GAIN/LOSS SINCE YESTERDAY (HOUR:MIN:SEC)....+0:00:00

$$
JML MAY 15