CDAK49 PABR 040909
CLIBRW

CLIMATE REPORT 
NATIONAL WEATHER SERVICE BARROW, AK
1209 AM AKST WED MAR 4 2015
...................................
...THE BARROW WSO AP CLIMATE SUMMARY FOR MARCH 3 2015... 

CLIMATE NORMAL PERIOD  1981 TO  2010 
CLIMATE RECORD PERIOD  1915 TO  2015 

WEATHER ITEM   OBSERVED TIME    RECORD YEAR NORMAL DEPARTURE LAST 
               VALUE    (LST)   VALUE       VALUE  FROM      YEAR 
                                                   NORMAL 
................................................................... 
TEMPERATURE 
YESTERDAY 
 MAXIMUM            15  0744 PM    29  1996     -8      23    -10 
 MINIMUM             2  1159 PM   -48  1961    -21      23    -17 
 AVERAGE             9                         -15      24    -14 

PRECIPITATION 
(INCHES) 
 YESTERDAY        0.10           0.10  2015   0.00    0.10      T 
 MONTH TO DATE    0.10                        0.01    0.09      T 
 SINCE MAR 1      0.10                        0.01    0.09   0.00 
 SINCE JAN 1      0.67                        0.28    0.39   0.37 

SNOWFALL 
(INCHES) 
 YESTERDAY         1.0            2.3  1934    0.0     1.0      T 
 MONTH TO DATE     1.0                         0.2     0.8      T 
 SINCE MAR 1       1.0                         0.2     0.8    0.0 
 SINCE JUL 1      44.1                        29.2    14.9   42.6
 SNOW DEPTH (IN)     6                                          8 

DEGREE DAYS 
 HEATING 
  YESTERDAY         56                          79     -23     79 
  MONTH TO DATE    206                         237     -31    191 
  SINCE MAR 1      205                         237     -32    190 
  SINCE JUL 1    12348                       13085    -737  11901

 COOLING 
  YESTERDAY          0                           0       0      0 
  MONTH TO DATE      0                           0       0      0 
  SINCE MAR 1        0                           0       0      0 
  SINCE JAN 1        0                           0       0      0 
................................................................... 

WIND (MPH) 
 HIGHEST WIND SPEED    28     HIGHEST WIND DIRECTION    270      
 HIGHEST GUST SPEED    33     HIGHEST GUST DIRECTION    270 
 AVERAGE WIND SPEED  16.1 

WEATHER CONDITIONS 
 THE FOLLOWING WEATHER WAS RECORDED YESTERDAY. 
  FOG
BLOWING SNOW
SNOW
 

RELATIVE HUMIDITY
 HIGHEST RH     96 PERCENT       08:57 PM
 LOWEST  RH     83 PERCENT       10:39 PM
 AVERAGE RH     88 PERCENT       MM
................................................................... 

THE BARROW CLIMATE NORMALS FOR TODAY 
                           NORMAL    RECORD   YEAR 
 MAXIMUM TEMPERATURE (F)     -8        29     1996 
 MINIMUM TEMPERATURE (F)    -21       -46     1961 

SUNRISE AND SUNSET 
 MAR 4 2015..........SUNRISE  8:45 AM      SUNSET  6:35 PM   
 MAR 5 2015..........SUNRISE  8:40 AM      SUNSET  6:40 PM   

-  INDICATES NEGATIVE NUMBERS.
R  INDICATES RECORD HAS BEEN SET OR TIED.
MM INDICATES DATA IS MISSING.
T  INDICATES TRACE OF PRECIPITATION.

&&
-------------------------------------------------------------------

AMOUNT OF DAYLIGHT TODAY  (HOUR:MIN)........9 HOURS 50 MINUTES
GAIN/LOSS SINCE YESTERDAY (HOUR:MIN:SEC)....+0:09:35

$$
DZB MAR 15