CDAK49 PABR 110911
CLIBRW

CLIMATE REPORT 
NATIONAL WEATHER SERVICE BARROW, AK
1211 AM AKST THU FEB 11 2016
...................................
...THE BARROW WSO AP CLIMATE SUMMARY FOR FEBRUARY 10 2016... 

CLIMATE NORMAL PERIOD  1981 TO  2010 
CLIMATE RECORD PERIOD  1915 TO  2016 

WEATHER ITEM   OBSERVED TIME    RECORD YEAR NORMAL DEPARTURE LAST 
               VALUE    (LST)   VALUE       VALUE  FROM      YEAR 
                                                   NORMAL 
................................................................... 
TEMPERATURE 
YESTERDAY 
 MAXIMUM            -5  0409 AM    26  1989     -8       3    -16 
 MINIMUM           -13  0114 PM   -54  1925    -20       7    -29 
 AVERAGE            -9                         -14       5    -23 

PRECIPITATION 
(INCHES) 
 YESTERDAY           T           0.19  1922   0.01   -0.01   0.00 
 MONTH TO DATE       T                        0.05   -0.05   0.08 
 SINCE DEC 1      0.34                        0.32    0.02   0.54 
 SINCE JAN 1      0.30                        0.18    0.12   0.34 

SNOWFALL 
(INCHES) 
 YESTERDAY         0.1            2.0  1922    0.1     0.0    0.0 
 MONTH TO DATE     0.2                         0.9    -0.7    1.1 
 SINCE DEC 1       8.0                         7.0     1.0    8.7 
 SINCE JUL 1      21.2                        27.3    -6.1   39.8
 SNOW DEPTH (IN)     7                                          6 

DEGREE DAYS 
 HEATING 
  YESTERDAY         74                          79      -5     88 
  MONTH TO DATE    738                         790     -52    790 
  SINCE DEC 1     5085                        5476    -391   5328 
  SINCE JUL 1    10899                       11426    -527  10970

 COOLING 
  YESTERDAY          0                           0       0      0 
  MONTH TO DATE      0                           0       0      0 
  SINCE DEC 1        0                           0       0      0 
  SINCE JAN 1        0                           0       0      0 
................................................................... 

WIND (MPH) 
 HIGHEST WIND SPEED    21     HIGHEST WIND DIRECTION     50      
 HIGHEST GUST SPEED    25     HIGHEST GUST DIRECTION     60 
 AVERAGE WIND SPEED  14.5 

WEATHER CONDITIONS 
 THE FOLLOWING WEATHER WAS RECORDED YESTERDAY. 
  FOG
BLOWING SNOW
SNOW
................................................................... 

THE BARROW CLIMATE NORMALS FOR TODAY 
                           NORMAL    RECORD   YEAR 
 MAXIMUM TEMPERATURE (F)     -8        27     1923 
 MINIMUM TEMPERATURE (F)    -20       -54     1925 

SUNRISE AND SUNSET 
 FEB 11 2016..........SUNRISE 10:36 AM      SUNSET  4:49 PM   
 FEB 12 2016..........SUNRISE 10:31 AM      SUNSET  4:54 PM   

-  INDICATES NEGATIVE NUMBERS.
R  INDICATES RECORD HAS BEEN SET OR TIED.
MM INDICATES DATA IS MISSING.
T  INDICATES TRACE OF PRECIPITATION.

&&
-------------------------------------------------------------------

AMOUNT OF DAYLIGHT TODAY  (HOUR:MIN)........6 HOURS 13 MINUTES
GAIN/LOSS SINCE YESTERDAY (HOUR:MIN:SEC)....+0:11:25

$$
*** FEB 16