CDAK48 PASN 251143
CLISNP

CLIMATE REPORT 
NATIONAL WEATHER SERVICE ST PAUL, AK
343 AM AKDT WED MAY 25 2016
...................................
...THE ST PAUL AIRPORT CLIMATE SUMMARY FOR MAY 24 2016... 

CLIMATE NORMAL PERIOD  1981 TO  2010 
CLIMATE RECORD PERIOD  1892 TO  2016 

WEATHER ITEM   OBSERVED TIME    RECORD YEAR NORMAL DEPARTURE LAST 
               VALUE    (LST)   VALUE       VALUE  FROM      YEAR 
                                                   NORMAL 
................................................................... 
TEMPERATURE 
YESTERDAY 
 MAXIMUM            49  0323 PM    54  2006     42       7     47 
 MINIMUM            40  0632 AM    21  1983     33       7     40 
 AVERAGE            45                          38       7     44 

PRECIPITATION 
(INCHES) 
 YESTERDAY        0.01           0.41  1988   0.04   -0.03   0.05 
 MONTH TO DATE    0.79                        0.87   -0.08   1.71 
 SINCE MAR 1      3.10                        3.02    0.08   3.64 
 SINCE JAN 1      5.91                        5.90    0.01   5.96 

SNOWFALL 
(INCHES) 
 YESTERDAY         0.0            3.4  1962    0.0     0.0    0.0 
 MONTH TO DATE       T                         1.0    -1.0    0.3 
 SINCE MAR 1      11.8                        14.7    -2.9   18.9 
 SINCE JUL 1      52.6                        59.7    -7.1   48.6
 SNOW DEPTH (IN)     0                                          0 

DEGREE DAYS 
 HEATING 
  YESTERDAY         20                          27      -7     21 
  MONTH TO DATE    607                         708    -101    620 
  SINCE MAR 1     2591                        3016    -425   2849 
  SINCE JUL 1     8616                        9935   -1319   8806

 COOLING 
  YESTERDAY          0                           0       0      0 
  MONTH TO DATE      0                           0       0      0 
  SINCE MAR 1        0                           0       0      0 
  SINCE JAN 1        0                           0       0      0 
................................................................... 

WIND (MPH) 
 HIGHEST WIND SPEED    21     HIGHEST WIND DIRECTION    200      
 HIGHEST GUST SPEED    25     HIGHEST GUST DIRECTION    210 
 AVERAGE WIND SPEED  14.9 

SKY COVER
  POSSIBLE SUNSHINE    MM          AVERAGE SKY COVER     MM
 
WEATHER CONDITIONS 
 THE FOLLOWING WEATHER WAS RECORDED YESTERDAY. 
  SMOKE OR HAZE
  FOG
  RAIN
 

RELATIVE HUMIDITY
 HIGHEST RH     MM PERCENT       MM
 LOWEST  RH     MM PERCENT       MM
 AVERAGE RH     MM PERCENT       MM
................................................................... 

THE ST PAUL CLIMATE NORMALS FOR TODAY 
                           NORMAL    RECORD   YEAR 
 MAXIMUM TEMPERATURE (F)     42        53     2006 
 MINIMUM TEMPERATURE (F)     33        24     1951 

SUNRISE AND SUNSET 
 MAY 25 2016..........SUNRISE  6:43 AM      SUNSET 11:55 PM   
 MAY 26 2016..........SUNRISE  6:42 AM      SUNSET 11:56 PM   

-  INDICATES NEGATIVE NUMBERS.
R  INDICATES RECORD HAS BEEN SET OR TIED.
MM INDICATES DATA IS MISSING.
T  INDICATES TRACE OF PRECIPITATION.

&&
-------------------------------------------------------------------

AMOUNT OF DAYLIGHT TODAY  (HOUR:MIN)........17 HOURS 12 MINUTES
GAIN/LOSS SINCE YESTERDAY (HOUR:MIN:SEC)....+0:03:13

$$
WIW MAY 16