CDAK48 PASN 171157
CLISNP

CLIMATE REPORT 
NATIONAL WEATHER SERVICE ST PAUL, AK
357 AM AKDT WED SEP 17 2014
...................................
...THE ST PAUL AIRPORT CLIMATE SUMMARY FOR SEPTEMBER 16 2014... 

CLIMATE NORMAL PERIOD  1981 TO  2010 
CLIMATE RECORD PERIOD  1892 TO  2014 

WEATHER ITEM   OBSERVED TIME    RECORD YEAR NORMAL DEPARTURE LAST 
               VALUE    (LST)   VALUE       VALUE  FROM      YEAR 
                                                   NORMAL 
................................................................... 
TEMPERATURE 
YESTERDAY 
 MAXIMUM            55R 0106 PM    54  1995     50       5     52 
 MINIMUM            45  1211 AM    28  1976     41       4     42 
 AVERAGE            50                          45       5     47 

PRECIPITATION 
(INCHES) 
 YESTERDAY        0.06           1.04  1987   0.10   -0.04   0.01 
 MONTH TO DATE    2.66                        1.62    1.04   0.77 
 SINCE SEP 1      2.66                        1.62    1.04   0.77 
 SINCE JAN 1     15.89                       14.05    1.84  14.80 

SNOWFALL 
(INCHES) 
 YESTERDAY         0.0              T  1952    0.0     0.0    0.0 
 MONTH TO DATE     0.0                         0.0     0.0    0.0 
 SINCE SEP 1       0.0                         0.0     0.0    0.0 
 SINCE JUL 1       0.0                         0.0     0.0    0.0
 SNOW DEPTH (IN)     0                                          0 

DEGREE DAYS 
 HEATING 
  YESTERDAY         15                          20      -5     18 
  MONTH TO DATE    212                         290     -78    306 
  SINCE SEP 1      212                         290     -78    306 
  SINCE JUL 1     1029                        1342    -313   1349

 COOLING 
  YESTERDAY          0                           0       0      0 
  MONTH TO DATE      0                           0       0      0 
  SINCE SEP 1        0                           0       0      0 
  SINCE JAN 1        0                           0       0      0 
................................................................... 

WIND (MPH) 
 HIGHEST WIND SPEED    17     HIGHEST WIND DIRECTION    350      
 HIGHEST GUST SPEED    21     HIGHEST GUST DIRECTION    350 
 AVERAGE WIND SPEED   8.6 

SKY COVER
  POSSIBLE SUNSHINE    MM          AVERAGE SKY COVER     MM
 
WEATHER CONDITIONS 
 THE FOLLOWING WEATHER WAS RECORDED YESTERDAY. 
FOG
RAIN
 

RELATIVE HUMIDITY
 HIGHEST RH     MM PERCENT       MM
 LOWEST  RH     MM PERCENT       MM
 AVERAGE RH     MM PERCENT       MM
................................................................... 

THE ST PAUL CLIMATE NORMALS FOR TODAY 
                           NORMAL    RECORD   YEAR 
 MAXIMUM TEMPERATURE (F)     50        56     1977 
 MINIMUM TEMPERATURE (F)     41        27     2012 

SUNRISE AND SUNSET 
 SEP 17 2014..........SUNRISE  8:57 AM      SUNSET  9:34 PM   
 SEP 18 2014..........SUNRISE  8:59 AM      SUNSET  9:31 PM   

-  INDICATES NEGATIVE NUMBERS.
R  INDICATES RECORD HAS BEEN SET OR TIED.
MM INDICATES DATA IS MISSING.
T  INDICATES TRACE OF PRECIPITATION.

&&
-------------------------------------------------------------------

AMOUNT OF DAYLIGHT TODAY  (HOUR:MIN)........12 HOURS 37 MINUTES
GAIN/LOSS SINCE YESTERDAY (HOUR:MIN:SEC)....-0:04:48

$$
WIW SEP 14