CDAK48 PASN 271135
CLISNP

CLIMATE REPORT 
NATIONAL WEATHER SERVICE ST PAUL, AK
335 AM AKDT FRI MAR 27 2015
...................................
...THE ST PAUL AIRPORT CLIMATE SUMMARY FOR MARCH 26 2015... 

CLIMATE NORMAL PERIOD  1981 TO  2010 
CLIMATE RECORD PERIOD  1892 TO  2015 

WEATHER ITEM   OBSERVED TIME    RECORD YEAR NORMAL DEPARTURE LAST 
               VALUE    (LST)   VALUE       VALUE  FROM      YEAR 
                                                   NORMAL 
................................................................... 
TEMPERATURE 
YESTERDAY 
 MAXIMUM            27  0625 PM    41  1979     30      -3     38 
 MINIMUM            23  0902 AM    -2  2008     21       2     32 
 AVERAGE            25                          25       0     35 

PRECIPITATION 
(INCHES) 
 YESTERDAY        0.00           0.97  1994   0.03   -0.03   0.02 
 MONTH TO DATE    0.64                        0.89   -0.25   0.65 
 SINCE MAR 1      0.64                        0.89   -0.25   0.65 
 SINCE JAN 1      2.96                        3.77   -0.81   4.98 

SNOWFALL 
(INCHES) 
 YESTERDAY         0.0            8.1  1994    0.2    -0.2      T 
 MONTH TO DATE     8.1                         6.7     1.4    7.7 
 SINCE MAR 1       8.1                         6.7     1.4    7.7 
 SINCE JUL 1      37.8                        51.7   -13.9   42.0
 SNOW DEPTH (IN)     4                                          2 

DEGREE DAYS 
 HEATING 
  YESTERDAY         40                          40       0     30 
  MONTH TO DATE    959                        1040     -81   1088 
  SINCE MAR 1      959                        1040     -81   1088 
  SINCE JUL 1     6916                        7959   -1043   7534

 COOLING 
  YESTERDAY          0                           0       0      0 
  MONTH TO DATE      0                           0       0      0 
  SINCE MAR 1        0                           0       0      0 
  SINCE JAN 1        0                           0       0      0 
................................................................... 

WIND (MPH) 
 HIGHEST WIND SPEED    36     HIGHEST WIND DIRECTION    360      
 HIGHEST GUST SPEED    42     HIGHEST GUST DIRECTION    360 
 AVERAGE WIND SPEED  30.3 

SKY COVER
  POSSIBLE SUNSHINE    MM          AVERAGE SKY COVER     MM
 
WEATHER CONDITIONS 
 THE FOLLOWING WEATHER WAS RECORDED YESTERDAY. 
  NO SIGNIFICANT WEATHER WAS OBSERVED. 

RELATIVE HUMIDITY
 HIGHEST RH     MM PERCENT       MM
 LOWEST  RH     MM PERCENT       MM
 AVERAGE RH     MM PERCENT       MM
................................................................... 

THE ST PAUL CLIMATE NORMALS FOR TODAY 
                           NORMAL    RECORD   YEAR 
 MAXIMUM TEMPERATURE (F)     30        39     2003 
 MINIMUM TEMPERATURE (F)     21       -13     1976 

SUNRISE AND SUNSET 
 MAR 27 2015..........SUNRISE  9:04 AM      SUNSET  9:51 PM   
 MAR 28 2015..........SUNRISE  9:01 AM      SUNSET  9:53 PM   

-  INDICATES NEGATIVE NUMBERS.
R  INDICATES RECORD HAS BEEN SET OR TIED.
MM INDICATES DATA IS MISSING.
T  INDICATES TRACE OF PRECIPITATION.

&&
-------------------------------------------------------------------

AMOUNT OF DAYLIGHT TODAY  (HOUR:MIN)........12 HOURS 47 MINUTES
GAIN/LOSS SINCE YESTERDAY (HOUR:MIN:SEC)....+0:04:53

$$
HCH MAR 15