CDAK48 PASN 282354
CLISNP

CLIMATE REPORT
NATIONAL WEATHER SERVICE ST PAUL, AK
354 PM AKDT TUE JUN 28 2016
...................................
...THE ST PAUL AIRPORT CLIMATE SUMMARY FOR JUNE 28 2016...
VALID TODAY AS OF 2:00 PM LOCAL TIME

CLIMATE NORMAL PERIOD  1981 TO  2010 
CLIMATE RECORD PERIOD  1892 TO  2016 

WEATHER ITEM   OBSERVED TIME    RECORD YEAR NORMAL DEPARTURE LAST 
               VALUE    (LST)   VALUE       VALUE  FROM      YEAR 
                                                   NORMAL 
................................................................... 
TEMPERATURE 
TODAY 
 MAXIMUM            51  0121 PM    57  2005     49       2     53 
 MINIMUM            42  1219 AM    32  1972     41       1     41 
 AVERAGE            47                          45       2     47 

PRECIPITATION 
(INCHES) 
 TODAY            0.00           0.55  2003   0.05   -0.05      T 
 MONTH TO DATE    1.69                        1.25    0.44   0.92 
 SINCE JUN 1      1.69                        1.25    0.44   0.92 
 SINCE JAN 1      7.61                        7.41    0.20   7.20 

SNOWFALL 
(INCHES) 
 TODAY             0.0            0.0  2016    0.0     0.0    0.0 
 MONTH TO DATE     0.0                         0.0     0.0    0.0
 SINCE JUN 1       0.0                         0.0     0.0    0.0
 SINCE JUL 1      52.6                        59.8    -7.2   48.6
 SNOW DEPTH (IN)     0                                          0

DEGREE DAYS 
 HEATING 
  TODAY             18                          20      -2     18 
  MONTH TO DATE    503                         639    -136    580
  SINCE JUN 1      503                         639    -136    580
  SINCE JUL 1     9256                       10760   -1504   9534

 COOLING 
  TODAY              0                           0       0      0 
  MONTH TO DATE      0                           0       0      0 
  SINCE JUN 1        0                           0       0      0 
  SINCE JAN 1        0                           0       0      0 
................................................................... 

WIND (MPH) 
 HIGHEST WIND SPEED    21     HIGHEST WIND DIRECTION    140      
 HIGHEST GUST SPEED    24     HIGHEST GUST DIRECTION    140 
 AVERAGE WIND SPEED    MM 

SKY COVER
  POSSIBLE SUNSHINE  MM            AVERAGE SKY COVER MM
 
WEATHER CONDITIONS 
 THE FOLLOWING WEATHER WAS RECORDED TODAY. 
FOG
 

RELATIVE HUMIDITY
 HIGHEST RH     MM PERCENT       MM
 LOWEST  RH     MM PERCENT       MM
 AVERAGE RH     MM PERCENT       MM
................................................................... 

THE ST PAUL CLIMATE NORMALS FOR TOMORROW 
                        NORMAL    RECORD   YEAR 
 MAXIMUM TEMPERATURE      49        57     1988 
 MINIMUM TEMPERATURE      41        29     2008 

SUNRISE AND SUNSET 
 JUN 28 2016..........SUNRISE  6:29 AM      SUNSET 12:20 AM    
 JUN 29 2016..........SUNRISE  6:30 AM      SUNSET 12:20 AM    

-  INDICATES NEGATIVE NUMBERS.
R  INDICATES RECORD HAS BEEN SET OR TIED.
MM INDICATES DATA IS MISSING.
T  INDICATES TRACE OF PRECIPITATION.

&&
-------------------------------------------------------------------

AMOUNT OF DAYLIGHT TODAY  (HOUR:MIN)........17 HOURS 51 MINUTES
GAIN/LOSS SINCE YESTERDAY (HOUR:MIN:SEC)....-0:00:59

$$
WIW JUN 16