CDAK48 PASN 211204
CLISNP

CLIMATE REPORT 
NATIONAL WEATHER SERVICE ST PAUL, AK
404 AM AKDT MON APR 21 2014
...................................
...THE ST PAUL AIRPORT CLIMATE SUMMARY FOR APRIL 20 2014... 

CLIMATE NORMAL PERIOD  1981 TO  2010 
CLIMATE RECORD PERIOD  1949 TO  2014 

WEATHER ITEM   OBSERVED TIME    RECORD YEAR NORMAL DEPARTURE LAST 
               VALUE    (LST)   VALUE       VALUE  FROM      YEAR 
                                                   NORMAL 
................................................................... 
TEMPERATURE 
YESTERDAY 
 MAXIMUM            39  0151 PM    47  1981     34       5     30 
 MINIMUM            30  0415 AM    13  1960     26       4     25 
 AVERAGE            35                          30       5     28 

PRECIPITATION 
(INCHES) 
 YESTERDAY           T           0.34  1961   0.04   -0.04   0.01 
 MONTH TO DATE    0.68                        0.72   -0.04   0.25 
 SINCE MAR 1      1.88                        1.79    0.09   3.38 
 SINCE JAN 1      6.21                        4.67    1.54   6.23 

SNOWFALL 
(INCHES) 
 YESTERDAY           T            1.9  2006    0.1    -0.1      T 
 MONTH TO DATE     1.0                         4.3    -3.3    2.3 
 SINCE MAR 1       9.4                        12.3    -2.9   29.2 
 SINCE JUL 1      43.7                        57.3   -13.6   72.7
 SNOW DEPTH (IN)     T                                         24 

DEGREE DAYS 
 HEATING 
  YESTERDAY         30                          35      -5     37 
  MONTH TO DATE    646                         739     -93    855 
  SINCE MAR 1     1892                        1976     -84   2133 
  SINCE JUL 1     8338                        8895    -557   9593

 COOLING 
  YESTERDAY          0                           0       0      0 
  MONTH TO DATE      0                           0       0      0 
  SINCE MAR 1        0                           0       0      0 
  SINCE JAN 1        0                           0       0      0 
................................................................... 

WIND (MPH) 
 HIGHEST WIND SPEED    20     HIGHEST WIND DIRECTION    110      
 HIGHEST GUST SPEED    23     HIGHEST GUST DIRECTION    110 
 AVERAGE WIND SPEED   7.9 

SKY COVER
  POSSIBLE SUNSHINE    MM          AVERAGE SKY COVER     MM
 
WEATHER CONDITIONS 
 THE FOLLOWING WEATHER WAS RECORDED YESTERDAY. 
  FOG
  SNOW
 

RELATIVE HUMIDITY
 HIGHEST RH     MM PERCENT       MM
 LOWEST  RH     MM PERCENT       MM
 AVERAGE RH     MM PERCENT       MM
................................................................... 

THE ST PAUL CLIMATE NORMALS FOR TODAY 
                           NORMAL    RECORD   YEAR 
 MAXIMUM TEMPERATURE (F)     35        44     1996 
 MINIMUM TEMPERATURE (F)     27         2     1972 

SUNRISE AND SUNSET 
 APR 21 2014..........SUNRISE  7:57 AM      SUNSET 10:45 PM   
 APR 22 2014..........SUNRISE  7:54 AM      SUNSET 10:47 PM   

-  INDICATES NEGATIVE NUMBERS.
R  INDICATES RECORD HAS BEEN SET OR TIED.
MM INDICATES DATA IS MISSING.
T  INDICATES TRACE OF PRECIPITATION.

&&
-------------------------------------------------------------------

AMOUNT OF DAYLIGHT TODAY  (HOUR:MIN)........14 HOURS 48 MINUTES
GAIN/LOSS SINCE YESTERDAY (HOUR:MIN:SEC)....+0:04:42

$$
FONTENOT