CDAK48 PASN 311113
CLISNP

CLIMATE REPORT 
NATIONAL WEATHER SERVICE ST PAUL, AK
314 AM AKDT THU JUL 31 2014
...................................
...THE ST PAUL AIRPORT CLIMATE SUMMARY FOR JULY 30 2014... 

CLIMATE NORMAL PERIOD  1981 TO  2010 
CLIMATE RECORD PERIOD  1892 TO  2014 

WEATHER ITEM   OBSERVED TIME    RECORD YEAR NORMAL DEPARTURE LAST 
               VALUE    (LST)   VALUE       VALUE  FROM      YEAR 
                                                   NORMAL 
................................................................... 
TEMPERATURE 
YESTERDAY 
 MAXIMUM            58  0638 PM    60  1958     52       6     53 
 MINIMUM            47  1126 PM    34  1996     45       2     48 
 AVERAGE            53                          48       5     51 

PRECIPITATION 
(INCHES) 
 YESTERDAY        0.00           0.59  1962   0.08   -0.08      T 
 MONTH TO DATE    1.07                        1.78   -0.71   1.41 
 SINCE JUN 1      2.09                        3.13   -1.04   2.96 
 SINCE JAN 1      9.23                        9.29   -0.06  10.14 

SNOWFALL 
(INCHES) 
 YESTERDAY         0.0            0.0  2014    0.0     0.0    0.0 
 MONTH TO DATE     0.0                         0.0     0.0    0.0 
 SINCE JUN 1       0.0                         0.0     0.0    0.0 
 SINCE JUL 1       0.0                         0.0     0.0    0.0
 SNOW DEPTH (IN)     0                                          0 

DEGREE DAYS 
 HEATING 
  YESTERDAY         12                          17      -5     14 
  MONTH TO DATE    435                         536    -101    537 
  SINCE JUN 1     1063                        1215    -152   1247 
  SINCE JUL 1      435                         536    -101    537

 COOLING 
  YESTERDAY          0                           0       0      0 
  MONTH TO DATE      0                           0       0      0 
  SINCE JUN 1        0                           0       0      0 
  SINCE JAN 1        0                           0       0      0 
................................................................... 

WIND (MPH) 
 HIGHEST WIND SPEED     8     HIGHEST WIND DIRECTION    110      
 HIGHEST GUST SPEED    10     HIGHEST GUST DIRECTION    120 
 AVERAGE WIND SPEED   5.1 

SKY COVER
  POSSIBLE SUNSHINE    MM          AVERAGE SKY COVER     MM
 
WEATHER CONDITIONS 
 THE FOLLOWING WEATHER WAS RECORDED YESTERDAY. 
  FOG
 

RELATIVE HUMIDITY
 HIGHEST RH     MM PERCENT       MM
 LOWEST  RH     MM PERCENT       MM
 AVERAGE RH     MM PERCENT       MM
................................................................... 

THE ST PAUL CLIMATE NORMALS FOR TODAY 
                           NORMAL    RECORD   YEAR 
 MAXIMUM TEMPERATURE (F)     52        63     1969 
 MINIMUM TEMPERATURE (F)     45        37     2000 

SUNRISE AND SUNSET 
 JUL 31 2014..........SUNRISE  7:18 AM      SUNSET 11:36 PM   
 AUG 1 2014..........SUNRISE  7:20 AM      SUNSET 11:34 PM   

-  INDICATES NEGATIVE NUMBERS.
R  INDICATES RECORD HAS BEEN SET OR TIED.
MM INDICATES DATA IS MISSING.
T  INDICATES TRACE OF PRECIPITATION.

&&
-------------------------------------------------------------------

AMOUNT OF DAYLIGHT TODAY  (HOUR:MIN)........16 HOURS 18 MINUTES
GAIN/LOSS SINCE YESTERDAY (HOUR:MIN:SEC)....-0:04:03

$$
HCH JUL 14