CDAK48 PASN 101220
CLISNP

CLIMATE REPORT 
NATIONAL WEATHER SERVICE ST PAUL, AK
320 AM AKST WED FEB 10 2016
...................................
...THE ST PAUL AIRPORT CLIMATE SUMMARY FOR FEBRUARY 9 2016... 

CLIMATE NORMAL PERIOD  1981 TO  2010 
CLIMATE RECORD PERIOD  1892 TO  2016 

WEATHER ITEM   OBSERVED TIME    RECORD YEAR NORMAL DEPARTURE LAST 
               VALUE    (LST)   VALUE       VALUE  FROM      YEAR 
                                                   NORMAL 
................................................................... 
TEMPERATURE 
YESTERDAY 
 MAXIMUM            39  0312 PM    40  1980     28      11     21 
 MINIMUM            34  0712 AM    -9  1956     20      14     10 
 AVERAGE            37                          24      13     16 

PRECIPITATION 
(INCHES) 
 YESTERDAY        0.00           0.53  1991   0.06   -0.06      T 
 MONTH TO DATE    0.28                        0.45   -0.17      T 
 SINCE DEC 1      6.52                        4.28    2.24   4.16 
 SINCE JAN 1      1.89                        2.03   -0.14   1.20 

SNOWFALL 
(INCHES) 
 YESTERDAY         0.0            3.6  2003    0.4    -0.4    0.4 
 MONTH TO DATE     2.6                         3.4    -0.8    0.6 
 SINCE DEC 1      26.7                        28.1    -1.4   19.1 
 SINCE JUL 1      38.7                        38.4     0.3   19.8
 SNOW DEPTH (IN)     T                                          3 

DEGREE DAYS 
 HEATING 
  YESTERDAY         28                          41     -13     49 
  MONTH TO DATE    281                         369     -88    357 
  SINCE DEC 1     2354                        2728    -374   2393 
  SINCE JUL 1     5384                        6148    -764   5298

 COOLING 
  YESTERDAY          0                           0       0      0 
  MONTH TO DATE      0                           0       0      0 
  SINCE DEC 1        0                           0       0      0 
  SINCE JAN 1        0                           0       0      0 
................................................................... 

WIND (MPH) 
 HIGHEST WIND SPEED    18     HIGHEST WIND DIRECTION     80      
 HIGHEST GUST SPEED    23     HIGHEST GUST DIRECTION     90 
 AVERAGE WIND SPEED  13.1 

SKY COVER
  POSSIBLE SUNSHINE    MM          AVERAGE SKY COVER     MM
 
WEATHER CONDITIONS 
 THE FOLLOWING WEATHER WAS RECORDED YESTERDAY. 
  FOG
 

RELATIVE HUMIDITY
 HIGHEST RH     MM PERCENT       MM
 LOWEST  RH     MM PERCENT       MM
 AVERAGE RH     MM PERCENT       MM
................................................................... 

THE ST PAUL CLIMATE NORMALS FOR TODAY 
                           NORMAL    RECORD   YEAR 
 MAXIMUM TEMPERATURE (F)     28        41     1994 
 MINIMUM TEMPERATURE (F)     20        -2     2002 

SUNRISE AND SUNSET 
 FEB 10 2016..........SUNRISE 10:02 AM      SUNSET  7:10 PM   
 FEB 11 2016..........SUNRISE 10:00 AM      SUNSET  7:12 PM   

-  INDICATES NEGATIVE NUMBERS.
R  INDICATES RECORD HAS BEEN SET OR TIED.
MM INDICATES DATA IS MISSING.
T  INDICATES TRACE OF PRECIPITATION.

&&
-------------------------------------------------------------------

AMOUNT OF DAYLIGHT TODAY  (HOUR:MIN)........9 HOURS 8 MINUTES
GAIN/LOSS SINCE YESTERDAY (HOUR:MIN:SEC)....+0:04:35

$$
WIW FEB 16