CDAK48 PASN 010008
CLISNP

CLIMATE REPORT
NATIONAL WEATHER SERVICE ST PAUL, AK
408 PM AKDT FRI OCT 31 2014
...................................
...THE ST PAUL AIRPORT CLIMATE SUMMARY FOR OCTOBER 31 2014...
VALID TODAY AS OF 2:00 PM LOCAL TIME

CLIMATE NORMAL PERIOD  1981 TO  2010 
CLIMATE RECORD PERIOD  1949 TO  2014 

WEATHER ITEM   OBSERVED TIME    RECORD YEAR NORMAL DEPARTURE LAST 
               VALUE    (LST)   VALUE       VALUE  FROM      YEAR 
                                                   NORMAL 
................................................................... 
TEMPERATURE 
TODAY 
 MAXIMUM            40  0537 AM    47  1979     39       1     40 
 MINIMUM            36  1259 PM    13  1960     32       4     33 
 AVERAGE            38                          36       2     37 

PRECIPITATION 
(INCHES) 
 TODAY            0.07           1.29  1957   0.10   -0.03   0.07 
 MONTH TO DATE    1.57                        3.11   -1.54   3.55 
 SINCE SEP 1      5.14                        6.10   -0.96   6.56 
 SINCE JAN 1     18.37                       18.53   -0.16  20.59 

SNOWFALL 
(INCHES) 
 TODAY               T            5.3  1968    0.1    -0.1    0.0 
 MONTH TO DATE       T                         2.0    -2.0      T
 SINCE SEP 1       0.0                         2.0    -2.0    0.0
 SINCE JUL 1         T                         2.0    -2.0      T
 SNOW DEPTH (IN)     0                                          0

DEGREE DAYS 
 HEATING 
  TODAY             27                          29      -2     28 
  MONTH TO DATE    800                         817     -17    744
  SINCE SEP 1     1259                        1408    -149   1336
  SINCE JUL 1     2076                        2460    -384   2379

 COOLING 
  TODAY              0                           0       0      0 
  MONTH TO DATE      0                           0       0      0 
  SINCE SEP 1        0                           0       0      0 
  SINCE JAN 1        0                           0       0      0 
................................................................... 

WIND (MPH) 
 HIGHEST WIND SPEED    46     HIGHEST WIND DIRECTION     60      
 HIGHEST GUST SPEED    56     HIGHEST GUST DIRECTION     30 
 AVERAGE WIND SPEED    MM 

SKY COVER
  POSSIBLE SUNSHINE  MM            AVERAGE SKY COVER MM
 
WEATHER CONDITIONS 
 THE FOLLOWING WEATHER WAS RECORDED TODAY. 
FOG
RAIN
SNOW
 

RELATIVE HUMIDITY
 HIGHEST RH     MM PERCENT       MM
 LOWEST  RH     MM PERCENT       MM
 AVERAGE RH     MM PERCENT       MM
................................................................... 

THE ST PAUL CLIMATE NORMALS FOR TOMORROW 
                        NORMAL    RECORD   YEAR 
 MAXIMUM TEMPERATURE      39        46     1991 
 MINIMUM TEMPERATURE      32        19     1965 

SUNRISE AND SUNSET 
 OCT 31 2014..........SUNRISE 10:31 AM      SUNSET  7:38 PM    
 NOV 1 2014..........SUNRISE 10:33 AM      SUNSET  7:36 PM    

-  INDICATES NEGATIVE NUMBERS.
R  INDICATES RECORD HAS BEEN SET OR TIED.
MM INDICATES DATA IS MISSING.
T  INDICATES TRACE OF PRECIPITATION.

&&
-------------------------------------------------------------------

AMOUNT OF DAYLIGHT TODAY  (HOUR:MIN)........9 HOURS 7 MINUTES
GAIN/LOSS SINCE YESTERDAY (HOUR:MIN:SEC)....-0:04:33

$$
TR OCT 14