CDAK48 PASN 011138
CLISNP

CLIMATE REPORT 
NATIONAL WEATHER SERVICE ST PAUL, AK
338 AM AKDT WED OCT 1 2014
...................................
...THE ST PAUL AIRPORT CLIMATE SUMMARY FOR SEPTEMBER 30 2014... 

CLIMATE NORMAL PERIOD  1981 TO  2010 
CLIMATE RECORD PERIOD  1892 TO  2014 

WEATHER ITEM   OBSERVED TIME    RECORD YEAR NORMAL DEPARTURE LAST 
               VALUE    (LST)   VALUE       VALUE  FROM      YEAR 
                                                   NORMAL 
................................................................... 
TEMPERATURE 
YESTERDAY 
 MAXIMUM            52  0100 PM    53  1978     47       5     50 
 MINIMUM            46  1159 PM    25  1965     37       9     41 
 AVERAGE            49                          42       7     46 

PRECIPITATION 
(INCHES) 
 YESTERDAY        0.00           0.73  1966   0.10   -0.10   0.00 
 MONTH TO DATE    3.57                        2.99    0.58   3.01 
 SINCE SEP 1      3.57                        2.99    0.58   3.01 
 SINCE JAN 1     16.80                       15.42    1.38  17.04 

SNOWFALL 
(INCHES) 
 YESTERDAY         0.0            1.0  1965    0.0     0.0    0.0 
 MONTH TO DATE     0.0                         0.0     0.0    0.0 
 SINCE SEP 1       0.0                         0.0     0.0    0.0 
 SINCE JUL 1       0.0                         0.0     0.0    0.0
 SNOW DEPTH (IN)     0                                          0 

DEGREE DAYS 
 HEATING 
  YESTERDAY         16                          23      -7     19 
  MONTH TO DATE    459                         591    -132    592 
  SINCE SEP 1      459                         591    -132    592 
  SINCE JUL 1     1276                        1643    -367   1635

 COOLING 
  YESTERDAY          0                           0       0      0 
  MONTH TO DATE      0                           0       0      0 
  SINCE SEP 1        0                           0       0      0 
  SINCE JAN 1        0                           0       0      0 
................................................................... 

WIND (MPH) 
 HIGHEST WIND SPEED    23     HIGHEST WIND DIRECTION     80      
 HIGHEST GUST SPEED    28     HIGHEST GUST DIRECTION     80 
 AVERAGE WIND SPEED  17.2 

SKY COVER
  POSSIBLE SUNSHINE    MM          AVERAGE SKY COVER     MM
 
WEATHER CONDITIONS 
 THE FOLLOWING WEATHER WAS RECORDED YESTERDAY. 
  NO SIGNIFICANT WEATHER WAS OBSERVED. 

RELATIVE HUMIDITY
 HIGHEST RH     MM PERCENT       MM
 LOWEST  RH     MM PERCENT       MM
 AVERAGE RH     MM PERCENT       MM
................................................................... 

THE ST PAUL CLIMATE NORMALS FOR TODAY 
                           NORMAL    RECORD   YEAR 
 MAXIMUM TEMPERATURE (F)     47        53     1978 
 MINIMUM TEMPERATURE (F)     37        25     1975 

SUNRISE AND SUNSET 
 OCT 1 2014..........SUNRISE  9:26 AM      SUNSET  8:55 PM   
 OCT 2 2014..........SUNRISE  9:28 AM      SUNSET  8:52 PM   

-  INDICATES NEGATIVE NUMBERS.
R  INDICATES RECORD HAS BEEN SET OR TIED.
MM INDICATES DATA IS MISSING.
T  INDICATES TRACE OF PRECIPITATION.

&&
-------------------------------------------------------------------

AMOUNT OF DAYLIGHT TODAY  (HOUR:MIN)........11 HOURS 29 MINUTES
GAIN/LOSS SINCE YESTERDAY (HOUR:MIN:SEC)....-0:04:49

$$
WIW OCT 14