CDAK48 PASN 261109
CLISNP

CLIMATE REPORT 
NATIONAL WEATHER SERVICE ST PAUL, AK
309 AM AKDT SAT JUL 26 2014
...................................
...THE ST PAUL AIRPORT CLIMATE SUMMARY FOR JULY 25 2014... 

CLIMATE NORMAL PERIOD  1981 TO  2010 
CLIMATE RECORD PERIOD  1949 TO  2014 

WEATHER ITEM   OBSERVED TIME    RECORD YEAR NORMAL DEPARTURE LAST 
               VALUE    (LST)   VALUE       VALUE  FROM      YEAR 
                                                   NORMAL 
................................................................... 
TEMPERATURE 
YESTERDAY 
 MAXIMUM            58  0322 PM    59  2013     52       6     59 
 MINIMUM            49  1159 PM    38  1975     45       4     49 
 AVERAGE            54                          48       6     54 

PRECIPITATION 
(INCHES) 
 YESTERDAY        0.00           0.61  1990   0.07   -0.07   0.00 
 MONTH TO DATE    1.07                        1.42   -0.35   1.40 
 SINCE JUN 1      2.09                        2.77   -0.68   2.95 
 SINCE JAN 1      9.23                        8.93    0.30  10.13 

SNOWFALL 
(INCHES) 
 YESTERDAY         0.0            0.0  2014    0.0     0.0    0.0 
 MONTH TO DATE     0.0                         0.0     0.0    0.0 
 SINCE JUN 1       0.0                         0.0     0.0    0.0 
 SINCE JUL 1       0.0                         0.0     0.0    0.0
 SNOW DEPTH (IN)     0                                          0 

DEGREE DAYS 
 HEATING 
  YESTERDAY         11                          17      -6     11 
  MONTH TO DATE    367                         451     -84    460 
  SINCE JUN 1      995                        1130    -135   1170 
  SINCE JUL 1      367                         451     -84    460

 COOLING 
  YESTERDAY          0                           0       0      0 
  MONTH TO DATE      0                           0       0      0 
  SINCE JUN 1        0                           0       0      0 
  SINCE JAN 1        0                           0       0      0 
................................................................... 

WIND (MPH) 
 HIGHEST WIND SPEED    17     HIGHEST WIND DIRECTION    270      
 HIGHEST GUST SPEED    20     HIGHEST GUST DIRECTION    250 
 AVERAGE WIND SPEED   9.9 

SKY COVER
  POSSIBLE SUNSHINE    MM          AVERAGE SKY COVER     MM
 
WEATHER CONDITIONS 
 THE FOLLOWING WEATHER WAS RECORDED YESTERDAY. 
  FOG
 

RELATIVE HUMIDITY
 HIGHEST RH     MM PERCENT       MM
 LOWEST  RH     MM PERCENT       MM
 AVERAGE RH     MM PERCENT       MM
................................................................... 

THE ST PAUL CLIMATE NORMALS FOR TODAY 
                           NORMAL    RECORD   YEAR 
 MAXIMUM TEMPERATURE (F)     52        61     1962 
 MINIMUM TEMPERATURE (F)     45        33     2007 

SUNRISE AND SUNSET 
 JUL 26 2014..........SUNRISE  7:08 AM      SUNSET 11:46 PM   
 JUL 27 2014..........SUNRISE  7:10 AM      SUNSET 11:44 PM   

-  INDICATES NEGATIVE NUMBERS.
R  INDICATES RECORD HAS BEEN SET OR TIED.
MM INDICATES DATA IS MISSING.
T  INDICATES TRACE OF PRECIPITATION.

&&
-------------------------------------------------------------------

AMOUNT OF DAYLIGHT TODAY  (HOUR:MIN)........16 HOURS 38 MINUTES
GAIN/LOSS SINCE YESTERDAY (HOUR:MIN:SEC)....-0:03:47

$$
HLC JUL 14