CDAK48 PASN 252347
CLISNP

CLIMATE REPORT
NATIONAL WEATHER SERVICE ST PAUL, AK
347 PM AKDT SAT OCT 25 2014
...................................
...THE ST PAUL AIRPORT CLIMATE SUMMARY FOR OCTOBER 25 2014...
VALID TODAY AS OF 2:00 PM LOCAL TIME

CLIMATE NORMAL PERIOD  1981 TO  2010 
CLIMATE RECORD PERIOD  1892 TO  2014 

WEATHER ITEM   OBSERVED TIME    RECORD YEAR NORMAL DEPARTURE LAST 
               VALUE    (LST)   VALUE       VALUE  FROM      YEAR 
                                                   NORMAL 
................................................................... 
TEMPERATURE 
TODAY 
 MAXIMUM            44  1259 PM    46  1981     41       3     44 
 MINIMUM            40  1032 AM    18  2008     33       7     41 
 AVERAGE            42                          37       5     43 

PRECIPITATION 
(INCHES) 
 TODAY               T           0.77  2004   0.10   -0.10   0.11 
 MONTH TO DATE    0.73                        2.51   -1.78   2.92 
 SINCE SEP 1      4.30                        5.50   -1.20   5.93 
 SINCE JAN 1     17.53                       17.93   -0.40  19.96 

SNOWFALL 
(INCHES) 
 TODAY             0.0            1.9  2006    0.1    -0.1    0.0 
 MONTH TO DATE       T                         1.2    -1.2      T
 SINCE SEP 1       0.0                         1.2    -1.2    0.0
 SINCE JUL 1         T                         1.2    -1.2      T
 SNOW DEPTH (IN)     0                                          0

DEGREE DAYS 
 HEATING 
  TODAY             23                          28      -5     22 
  MONTH TO DATE    636                         644      -8    583
  SINCE SEP 1     1095                        1235    -140   1175
  SINCE JUL 1     1912                        2287    -375   2218

 COOLING 
  TODAY              0                           0       0      0 
  MONTH TO DATE      0                           0       0      0 
  SINCE SEP 1        0                           0       0      0 
  SINCE JAN 1        0                           0       0      0 
................................................................... 

WIND (MPH) 
 HIGHEST WIND SPEED    22     HIGHEST WIND DIRECTION    230      
 HIGHEST GUST SPEED    26     HIGHEST GUST DIRECTION    230 
 AVERAGE WIND SPEED    MM 

SKY COVER
  POSSIBLE SUNSHINE  MM            AVERAGE SKY COVER MM
 
WEATHER CONDITIONS 
 THE FOLLOWING WEATHER WAS RECORDED TODAY. 
RAIN
 

RELATIVE HUMIDITY
 HIGHEST RH     MM PERCENT       MM
 LOWEST  RH     MM PERCENT       MM
 AVERAGE RH     MM PERCENT       MM
................................................................... 

THE ST PAUL CLIMATE NORMALS FOR TOMORROW 
                        NORMAL    RECORD   YEAR 
 MAXIMUM TEMPERATURE      40        45     2007 
 MINIMUM TEMPERATURE      33        19     1999 

SUNRISE AND SUNSET 
 OCT 25 2014..........SUNRISE 10:17 AM      SUNSET  7:52 PM    
 OCT 26 2014..........SUNRISE 10:20 AM      SUNSET  7:50 PM    

-  INDICATES NEGATIVE NUMBERS.
R  INDICATES RECORD HAS BEEN SET OR TIED.
MM INDICATES DATA IS MISSING.
T  INDICATES TRACE OF PRECIPITATION.

&&
-------------------------------------------------------------------

AMOUNT OF DAYLIGHT TODAY  (HOUR:MIN)........9 HOURS 35 MINUTES
GAIN/LOSS SINCE YESTERDAY (HOUR:MIN:SEC)....-0:04:39

$$
WIW OCT 14