CDAK48 PASN 011116
CLISNP

CLIMATE REPORT 
NATIONAL WEATHER SERVICE ST PAUL, AK
216 AM AKST SUN FEB 1 2015
...................................
...THE ST PAUL AIRPORT CLIMATE SUMMARY FOR JANUARY 31 2015... 

CLIMATE NORMAL PERIOD  1981 TO  2010 
CLIMATE RECORD PERIOD  1892 TO  2015 

WEATHER ITEM   OBSERVED TIME    RECORD YEAR NORMAL DEPARTURE LAST 
               VALUE    (LST)   VALUE       VALUE  FROM      YEAR 
                                                   NORMAL 
................................................................... 
TEMPERATURE 
YESTERDAY 
 MAXIMUM            35  0333 PM    40  1985     28       7     37 
 MINIMUM            26  0817 AM    -9  1993     20       6     22 
 AVERAGE            31                          24       7     30 

PRECIPITATION 
(INCHES) 
 YESTERDAY        0.00           0.39  2000   0.04   -0.04   0.10 
 MONTH TO DATE    1.20                        1.58   -0.38   3.41 
 SINCE DEC 1      4.16                        3.83    0.33   6.60 
 SINCE JAN 1      1.20                        1.58   -0.38   3.41 

SNOWFALL 
(INCHES) 
 YESTERDAY         0.0            5.7  2000    0.4    -0.4    0.3 
 MONTH TO DATE    14.2                        12.6     1.6   18.2 
 SINCE DEC 1      18.5                        24.7    -6.2   23.7 
 SINCE JUL 1      19.2                        35.0   -15.8   26.4
 SNOW DEPTH (IN)     5                                          7 

DEGREE DAYS 
 HEATING 
  YESTERDAY         34                          41      -7     35 
  MONTH TO DATE   1072                        1238    -166   1082 
  SINCE DEC 1     2036                        2359    -323   2065 
  SINCE JUL 1     4941                        5779    -838   5347

 COOLING 
  YESTERDAY          0                           0       0      0 
  MONTH TO DATE      0                           0       0      0 
  SINCE DEC 1        0                           0       0      0 
  SINCE JAN 1        0                           0       0      0 
................................................................... 

WIND (MPH) 
 HIGHEST WIND SPEED    22     HIGHEST WIND DIRECTION     70      
 HIGHEST GUST SPEED    28     HIGHEST GUST DIRECTION     60 
 AVERAGE WIND SPEED  13.6 

SKY COVER
  POSSIBLE SUNSHINE    MM          AVERAGE SKY COVER     MM
 
WEATHER CONDITIONS 
 THE FOLLOWING WEATHER WAS RECORDED YESTERDAY. 
  NO SIGNIFICANT WEATHER WAS OBSERVED. 

RELATIVE HUMIDITY
 HIGHEST RH     MM PERCENT       MM
 LOWEST  RH     MM PERCENT       MM
 AVERAGE RH     MM PERCENT       MM
................................................................... 

THE ST PAUL CLIMATE NORMALS FOR TODAY 
                           NORMAL    RECORD   YEAR 
 MAXIMUM TEMPERATURE (F)     28        41     1985 
 MINIMUM TEMPERATURE (F)     20       -11     1954 

SUNRISE AND SUNSET 
 FEB 1 2015..........SUNRISE 10:21 AM      SUNSET  6:50 PM   
 FEB 2 2015..........SUNRISE 10:19 AM      SUNSET  6:52 PM   

-  INDICATES NEGATIVE NUMBERS.
R  INDICATES RECORD HAS BEEN SET OR TIED.
MM INDICATES DATA IS MISSING.
T  INDICATES TRACE OF PRECIPITATION.

&&
-------------------------------------------------------------------

AMOUNT OF DAYLIGHT TODAY  (HOUR:MIN)........8 HOURS 29 MINUTES
GAIN/LOSS SINCE YESTERDAY (HOUR:MIN:SEC)....+0:04:17

$$
HCH FEB 15