CDAK48 PASN 050938
CLISNP

CLIMATE REPORT 
NATIONAL WEATHER SERVICE ST PAUL, AK
138 AM AKDT THU MAY 5 2016
...................................
...THE ST PAUL AIRPORT CLIMATE SUMMARY FOR MAY 4 2016... 

CLIMATE NORMAL PERIOD  1981 TO  2010 
CLIMATE RECORD PERIOD  1892 TO  2016 

WEATHER ITEM   OBSERVED TIME    RECORD YEAR NORMAL DEPARTURE LAST 
               VALUE    (LST)   VALUE       VALUE  FROM      YEAR 
                                                   NORMAL 
................................................................... 
TEMPERATURE 
YESTERDAY 
 MAXIMUM            41  0109 PM    45  2009     38       3     39 
 MINIMUM            33  1119 PM     9  1971     30       3     35 
 AVERAGE            37                          34       3     37 

PRECIPITATION 
(INCHES) 
 YESTERDAY           T           0.72  1953   0.03   -0.03   0.22 
 MONTH TO DATE    0.18                        0.14    0.04   0.23 
 SINCE MAR 1      2.49                        2.29    0.20   2.16 
 SINCE JAN 1      5.30                        5.17    0.13   4.48 

SNOWFALL 
(INCHES) 
 YESTERDAY           T            3.1  1953    0.1    -0.1      T 
 MONTH TO DATE       T                         0.3    -0.3      T 
 SINCE MAR 1      11.8                        14.0    -2.2   18.6 
 SINCE JUL 1      52.6                        59.0    -6.4   48.3
 SNOW DEPTH (IN)     0                                          0 

DEGREE DAYS 
 HEATING 
  YESTERDAY         28                          31      -3     28 
  MONTH TO DATE    111                         126     -15    113 
  SINCE MAR 1     2095                        2434    -339   2342 
  SINCE JUL 1     8120                        9353   -1233   8299

 COOLING 
  YESTERDAY          0                           0       0      0 
  MONTH TO DATE      0                           0       0      0 
  SINCE MAR 1        0                           0       0      0 
  SINCE JAN 1        0                           0       0      0 
................................................................... 

WIND (MPH) 
 HIGHEST WIND SPEED    23     HIGHEST WIND DIRECTION     20      
 HIGHEST GUST SPEED    30     HIGHEST GUST DIRECTION    340 
 AVERAGE WIND SPEED  16.1 

SKY COVER
  POSSIBLE SUNSHINE    MM          AVERAGE SKY COVER     MM
 
WEATHER CONDITIONS 
 THE FOLLOWING WEATHER WAS RECORDED YESTERDAY. 
  SNOW
 

RELATIVE HUMIDITY
 HIGHEST RH     MM PERCENT       MM
 LOWEST  RH     MM PERCENT       MM
 AVERAGE RH     MM PERCENT       MM
................................................................... 

THE ST PAUL CLIMATE NORMALS FOR TODAY 
                           NORMAL    RECORD   YEAR 
 MAXIMUM TEMPERATURE (F)     38        43     1996 
 MINIMUM TEMPERATURE (F)     30         8     1971 

SUNRISE AND SUNSET 
 MAY 5 2016..........SUNRISE  7:22 AM      SUNSET 11:16 PM   
 MAY 6 2016..........SUNRISE  7:19 AM      SUNSET 11:18 PM   

-  INDICATES NEGATIVE NUMBERS.
R  INDICATES RECORD HAS BEEN SET OR TIED.
MM INDICATES DATA IS MISSING.
T  INDICATES TRACE OF PRECIPITATION.

&&
-------------------------------------------------------------------

AMOUNT OF DAYLIGHT TODAY  (HOUR:MIN)........15 HOURS 54 MINUTES
GAIN/LOSS SINCE YESTERDAY (HOUR:MIN:SEC)....+0:04:22

$$
HCH MAY 16