CDAK48 PASN 061137
CLISNP

CLIMATE REPORT 
NATIONAL WEATHER SERVICE ST PAUL, AK
337 AM AKDT MON JUL 6 2015
...................................
...THE ST PAUL AIRPORT CLIMATE SUMMARY FOR JULY 5 2015... 

CLIMATE NORMAL PERIOD  1981 TO  2010 
CLIMATE RECORD PERIOD  1892 TO  2015 

WEATHER ITEM   OBSERVED TIME    RECORD YEAR NORMAL DEPARTURE LAST 
               VALUE    (LST)   VALUE       VALUE  FROM      YEAR 
                                                   NORMAL 
................................................................... 
TEMPERATURE 
YESTERDAY 
 MAXIMUM            50  0752 PM    59  2007     50       0     53 
 MINIMUM            46  0735 AM    32  1982     42       4     47 
 AVERAGE            48                          46       2     50 

PRECIPITATION 
(INCHES) 
 YESTERDAY        0.24           0.45  1985   0.05    0.19   0.02 
 MONTH TO DATE    0.31                        0.24    0.07   0.43 
 SINCE JUN 1      1.23                        1.59   -0.36   1.45 
 SINCE JAN 1      7.51                        7.75   -0.24   8.59 

SNOWFALL 
(INCHES) 
 YESTERDAY         0.0            0.0  2015    0.0     0.0    0.0 
 MONTH TO DATE     0.0                         0.0     0.0    0.0 
 SINCE JUN 1       0.0                         0.0     0.0    0.0 
 SINCE JUL 1       0.0                         0.0     0.0    0.0
 SNOW DEPTH (IN)     0                                          0 

DEGREE DAYS 
 HEATING 
  YESTERDAY         17                          19      -2     15 
  MONTH TO DATE     82                          96     -14     85 
  SINCE JUN 1      702                         775     -73    713 
  SINCE JUL 1       82                          96     -14     85

 COOLING 
  YESTERDAY          0                           0       0      0 
  MONTH TO DATE      0                           0       0      0 
  SINCE JUN 1        0                           0       0      0 
  SINCE JAN 1        0                           0       0      0 
................................................................... 

WIND (MPH) 
 HIGHEST WIND SPEED    25     HIGHEST WIND DIRECTION    120      
 HIGHEST GUST SPEED    34     HIGHEST GUST DIRECTION    130 
 AVERAGE WIND SPEED  16.1 

SKY COVER
  POSSIBLE SUNSHINE    MM          AVERAGE SKY COVER     MM
 
WEATHER CONDITIONS 
 THE FOLLOWING WEATHER WAS RECORDED YESTERDAY. 
  FOG
  DENSE FOG  
  RAIN
 

RELATIVE HUMIDITY
 HIGHEST RH     MM PERCENT       MM
 LOWEST  RH     MM PERCENT       MM
 AVERAGE RH     MM PERCENT       MM
................................................................... 

THE ST PAUL CLIMATE NORMALS FOR TODAY 
                           NORMAL    RECORD   YEAR 
 MAXIMUM TEMPERATURE (F)     50        60     1996 
 MINIMUM TEMPERATURE (F)     43        32     1956 

SUNRISE AND SUNSET 
 JUL 6 2015..........SUNRISE  6:36 AM      SUNSET 12:16 AM   
 JUL 7 2015..........SUNRISE  6:37 AM      SUNSET 12:15 AM   

-  INDICATES NEGATIVE NUMBERS.
R  INDICATES RECORD HAS BEEN SET OR TIED.
MM INDICATES DATA IS MISSING.
T  INDICATES TRACE OF PRECIPITATION.

&&
-------------------------------------------------------------------

AMOUNT OF DAYLIGHT TODAY  (HOUR:MIN)........17 HOURS 40 MINUTES
GAIN/LOSS SINCE YESTERDAY (HOUR:MIN:SEC)....-0:01:55

$$
HCH JUL 15