CDAK48 PASN 291147
CLISNP

CLIMATE REPORT 
NATIONAL WEATHER SERVICE ST PAUL, AK
347 AM AKDT SAT AUG 29 2015
...................................
...THE ST PAUL AIRPORT CLIMATE SUMMARY FOR AUGUST 28 2015... 

CLIMATE NORMAL PERIOD  1981 TO  2010 
CLIMATE RECORD PERIOD  1892 TO  2015 

WEATHER ITEM   OBSERVED TIME    RECORD YEAR NORMAL DEPARTURE LAST 
               VALUE    (LST)   VALUE       VALUE  FROM      YEAR 
                                                   NORMAL 
................................................................... 
TEMPERATURE 
YESTERDAY 
 MAXIMUM            55  0419 PM    59  2014     52       3     59 
 MINIMUM            50  0131 AM    32  2008     45       5     38 
 AVERAGE            53                          49       4     49 

PRECIPITATION 
(INCHES) 
 YESTERDAY        0.02           0.99  2012   0.11   -0.09   0.00 
 MONTH TO DATE    1.11                        2.75   -1.64   3.90 
 SINCE JUN 1      3.87                        5.95   -2.08   5.99 
 SINCE JAN 1     10.15                       12.11   -1.96  13.13 

SNOWFALL 
(INCHES) 
 YESTERDAY         0.0            0.0  2015    0.0     0.0    0.0 
 MONTH TO DATE     0.0                         0.0     0.0    0.0 
 SINCE JUN 1       0.0                         0.0     0.0    0.0 
 SINCE JUL 1       0.0                         0.0     0.0    0.0
 SNOW DEPTH (IN)     0                                          0 

DEGREE DAYS 
 HEATING 
  YESTERDAY         12                          16      -4     16 
  MONTH TO DATE    383                         449     -66    322 
  SINCE JUN 1     1481                        1681    -200   1396 
  SINCE JUL 1      861                        1002    -141    768

 COOLING 
  YESTERDAY          0                           0       0      0 
  MONTH TO DATE      0                           0       0      0 
  SINCE JUN 1        0                           0       0      0 
  SINCE JAN 1        0                           0       0      0 
................................................................... 

WIND (MPH) 
 HIGHEST WIND SPEED    30     HIGHEST WIND DIRECTION    250      
 HIGHEST GUST SPEED    39     HIGHEST GUST DIRECTION    260 
 AVERAGE WIND SPEED  18.9 

SKY COVER
  POSSIBLE SUNSHINE    MM          AVERAGE SKY COVER     MM
 
WEATHER CONDITIONS 
 THE FOLLOWING WEATHER WAS RECORDED YESTERDAY. 
  FOG
DRIZZLE
RAIN
 

RELATIVE HUMIDITY
 HIGHEST RH     MM PERCENT       MM
 LOWEST  RH     MM PERCENT       MM
 AVERAGE RH     MM PERCENT       MM
................................................................... 

THE ST PAUL CLIMATE NORMALS FOR TODAY 
                           NORMAL    RECORD   YEAR 
 MAXIMUM TEMPERATURE (F)     52        57     1993 
 MINIMUM TEMPERATURE (F)     45        32     1958 

SUNRISE AND SUNSET 
 AUG 29 2015..........SUNRISE  8:17 AM      SUNSET 10:26 PM   
 AUG 30 2015..........SUNRISE  8:19 AM      SUNSET 10:23 PM   

-  INDICATES NEGATIVE NUMBERS.
R  INDICATES RECORD HAS BEEN SET OR TIED.
MM INDICATES DATA IS MISSING.
T  INDICATES TRACE OF PRECIPITATION.

&&
-------------------------------------------------------------------

AMOUNT OF DAYLIGHT TODAY  (HOUR:MIN)........14 HOURS 9 MINUTES
GAIN/LOSS SINCE YESTERDAY (HOUR:MIN:SEC)....-0:04:43

$$
WIW AUG 15