CDAK48 PASN 181205
CLISNP

CLIMATE REPORT 
NATIONAL WEATHER SERVICE ST PAUL, AK
305 AM AKST THU DEC 18 2014
...................................
...THE ST PAUL AIRPORT CLIMATE SUMMARY FOR DECEMBER 17 2014... 

CLIMATE NORMAL PERIOD  1981 TO  2010 
CLIMATE RECORD PERIOD  1892 TO  2014 

WEATHER ITEM   OBSERVED TIME    RECORD YEAR NORMAL DEPARTURE LAST 
               VALUE    (LST)   VALUE       VALUE  FROM      YEAR 
                                                   NORMAL 
................................................................... 
TEMPERATURE 
YESTERDAY 
 MAXIMUM            36  0413 PM    41  1970     33       3     32 
 MINIMUM            31  0241 AM     3  1954     25       6     27 
 AVERAGE            34                          29       5     30 

PRECIPITATION 
(INCHES) 
 YESTERDAY        0.01           0.74  1968   0.07   -0.06      T 
 MONTH TO DATE    1.71                        1.30    0.41   2.22 
 SINCE DEC 1      1.71                        1.30    0.41   2.22 
 SINCE JAN 1     22.49                       22.72   -0.23  26.51 

SNOWFALL 
(INCHES) 
 YESTERDAY         0.1            2.5  2011    0.4    -0.3      T 
 MONTH TO DATE     2.0                         6.5    -4.5    1.1 
 SINCE DEC 1       2.0                         6.5    -4.5    1.1 
 SINCE JUL 1       2.7                        16.8   -14.1    3.8
 SNOW DEPTH (IN)     1                                          0 

DEGREE DAYS 
 HEATING 
  YESTERDAY         31                          36      -5     35 
  MONTH TO DATE    533                         600     -67    526 
  SINCE DEC 1      533                         600     -67    526 
  SINCE JUL 1     3438                        4020    -582   3808

 COOLING 
  YESTERDAY          0                           0       0      0 
  MONTH TO DATE      0                           0       0      0 
  SINCE DEC 1        0                           0       0      0 
  SINCE JAN 1        0                           0       0      0 
................................................................... 

WIND (MPH) 
 HIGHEST WIND SPEED    29     HIGHEST WIND DIRECTION    200      
 HIGHEST GUST SPEED    35     HIGHEST GUST DIRECTION    220 
 AVERAGE WIND SPEED  16.9 

SKY COVER
  POSSIBLE SUNSHINE    MM          AVERAGE SKY COVER     MM
 
WEATHER CONDITIONS 
 THE FOLLOWING WEATHER WAS RECORDED YESTERDAY. 
  FOG
RAIN
SNOW
 

RELATIVE HUMIDITY
 HIGHEST RH     MM PERCENT       MM
 LOWEST  RH     MM PERCENT       MM
 AVERAGE RH     MM PERCENT       MM
................................................................... 

THE ST PAUL CLIMATE NORMALS FOR TODAY 
                           NORMAL    RECORD   YEAR 
 MAXIMUM TEMPERATURE (F)     33        42     1951 
 MINIMUM TEMPERATURE (F)     25         4     1981 

SUNRISE AND SUNSET 
 DEC 18 2014..........SUNRISE 10:58 AM      SUNSET  5:39 PM   
 DEC 19 2014..........SUNRISE 10:58 AM      SUNSET  5:39 PM   

-  INDICATES NEGATIVE NUMBERS.
R  INDICATES RECORD HAS BEEN SET OR TIED.
MM INDICATES DATA IS MISSING.
T  INDICATES TRACE OF PRECIPITATION.

&&
-------------------------------------------------------------------

AMOUNT OF DAYLIGHT TODAY  (HOUR:MIN)........6 HOURS 41 MINUTES
GAIN/LOSS SINCE YESTERDAY (HOUR:MIN:SEC)....-0:00:31

$$
WIW DEC 14