CDAK48 PAKN 031208
CLIAKN

CLIMATE REPORT 
NATIONAL WEATHER SERVICE KING SALMON, AK
308 AM AKST TUE MAR 3 2015
...................................
...THE KING SALMON AP CLIMATE SUMMARY FOR MARCH 2 2015... 

CLIMATE NORMAL PERIOD  1981 TO  2010 
CLIMATE RECORD PERIOD  1917 TO  2015 

WEATHER ITEM   OBSERVED TIME    RECORD YEAR NORMAL DEPARTURE LAST 
               VALUE    (LST)   VALUE       VALUE  FROM      YEAR 
                                                   NORMAL 
................................................................... 
TEMPERATURE 
YESTERDAY 
 MAXIMUM            45  0138 PM    51  2003     30      15     44 
 MINIMUM            33  1247 AM   -25  1994     13      20     16 
 AVERAGE            39                          21      18     30 

PRECIPITATION 
(INCHES) 
 YESTERDAY        0.09           0.83  1949   0.03    0.06   0.00 
 MONTH TO DATE    0.09                        0.05    0.04   0.00 
 SINCE MAR 1      0.09                        0.05    0.04   0.00 
 SINCE JAN 1      0.88                        1.83   -0.95   1.81 

SNOWFALL 
(INCHES) 
 YESTERDAY         0.0            4.5  1990    0.3    -0.3    0.0 
 MONTH TO DATE     0.0                         0.5    -0.5    0.0 
 SINCE MAR 1       0.0                         0.5    -0.5    0.0 
 SINCE JUL 1      13.7                        36.0   -22.3   26.7
 SNOW DEPTH (IN)     0                                          0 

DEGREE DAYS 
 HEATING 
  YESTERDAY         26                          44     -18     35 
  MONTH TO DATE     58                          88     -30     64 
  SINCE MAR 1       58                          88     -30     64 
  SINCE JUL 1     6255                        7706   -1451   6424

 COOLING 
  YESTERDAY          0                           0       0      0 
  MONTH TO DATE      0                           0       0      0 
  SINCE MAR 1        0                           0       0      0 
  SINCE JAN 1        0                           0       0      0 
................................................................... 

WIND (MPH) 
 HIGHEST WIND SPEED    32     HIGHEST WIND DIRECTION     90      
 HIGHEST GUST SPEED    44     HIGHEST GUST DIRECTION     80 
 AVERAGE WIND SPEED  17.2 

SKY COVER
  POSSIBLE SUNSHINE    MM          AVERAGE SKY COVER     MM
 
WEATHER CONDITIONS 
 THE FOLLOWING WEATHER WAS RECORDED YESTERDAY. 
  FOG
RAIN
 

RELATIVE HUMIDITY
 HIGHEST RH     MM PERCENT       MM
 LOWEST  RH     MM PERCENT       MM
 AVERAGE RH     MM PERCENT       MM
................................................................... 

THE KING SALMON CLIMATE NORMALS FOR TODAY 
                           NORMAL    RECORD   YEAR 
 MAXIMUM TEMPERATURE (F)     30        47     1945 
 MINIMUM TEMPERATURE (F)     13       -28     1971 

SUNRISE AND SUNSET 
 MAR 3 2015..........SUNRISE  8:17 AM      SUNSET  7:02 PM   
 MAR 4 2015..........SUNRISE  8:15 AM      SUNSET  7:04 PM   

-  INDICATES NEGATIVE NUMBERS.
R  INDICATES RECORD HAS BEEN SET OR TIED.
MM INDICATES DATA IS MISSING.
T  INDICATES TRACE OF PRECIPITATION.

&&
-------------------------------------------------------------------

AMOUNT OF DAYLIGHT TODAY  (HOUR:MIN)........10 HOURS 45 MINUTES
GAIN SINCE YESTERDAY (HOUR:MIN:SEC).........+0:05:10

$$
AM MAR 15