CDAK48 PAKN 281123
CLIAKN

CLIMATE REPORT 
NATIONAL WEATHER SERVICE KING SALMON, AK
324 AM AKDT THU MAY 28 2015
...................................
...THE KING SALMON AP CLIMATE SUMMARY FOR MAY 27 2015... 

CLIMATE NORMAL PERIOD  1981 TO  2010 
CLIMATE RECORD PERIOD  1917 TO  2015 

WEATHER ITEM   OBSERVED TIME    RECORD YEAR NORMAL DEPARTURE LAST 
               VALUE    (LST)   VALUE       VALUE  FROM      YEAR 
                                                   NORMAL 
................................................................... 
TEMPERATURE 
YESTERDAY 
 MAXIMUM            59  0254 PM    76  2006     57       2     60 
 MINIMUM            43  0545 AM    27  1976     37       6     46 
 AVERAGE            51                          47       4     53 

PRECIPITATION 
(INCHES) 
 YESTERDAY        0.00           0.57  1978   0.05   -0.05   0.07 
 MONTH TO DATE    3.32                        1.07    2.25   0.74 
 SINCE MAR 1      6.45                        2.74    3.71   2.02 
 SINCE JAN 1      7.24                        4.52    2.72   3.83 

SNOWFALL 
(INCHES) 
 YESTERDAY         0.0              T  1999    0.0     0.0    0.0 
 MONTH TO DATE     0.0                         0.8    -0.8    0.0 
 SINCE MAR 1      12.4                        11.1     1.3    9.3 
 SINCE JUL 1      26.1                        46.6   -20.5   36.0
 SNOW DEPTH (IN)     0                                          0 

DEGREE DAYS 
 HEATING 
  YESTERDAY         14                          18      -4     12 
  MONTH TO DATE    482                         576     -94    418 
  SINCE MAR 1     2407                        2781    -374   2465 
  SINCE JUL 1     8604                       10399   -1795   8825

 COOLING 
  YESTERDAY          0                           0       0      0 
  MONTH TO DATE      0                           0       0      0 
  SINCE MAR 1        0                           0       0      0 
  SINCE JAN 1        0                           0       0      0 
................................................................... 

WIND (MPH) 
 HIGHEST WIND SPEED    23     HIGHEST WIND DIRECTION    170      
 HIGHEST GUST SPEED    29     HIGHEST GUST DIRECTION    160 
 AVERAGE WIND SPEED  13.8 

SKY COVER
  POSSIBLE SUNSHINE    MM          AVERAGE SKY COVER     MM
 
WEATHER CONDITIONS 
 THE FOLLOWING WEATHER WAS RECORDED YESTERDAY. 
  NO SIGNIFICANT WEATHER WAS OBSERVED. 

RELATIVE HUMIDITY
 HIGHEST RH     MM PERCENT       MM
 LOWEST  RH     MM PERCENT       MM
 AVERAGE RH     MM PERCENT       MM
................................................................... 

THE KING SALMON CLIMATE NORMALS FOR TODAY 
                           NORMAL    RECORD   YEAR 
 MAXIMUM TEMPERATURE (F)     57        83     2006 
 MINIMUM TEMPERATURE (F)     37        28     2000 

SUNRISE AND SUNSET 
 MAY 28 2015..........SUNRISE  5:34 AM      SUNSET 11:16 PM   
 MAY 29 2015..........SUNRISE  5:33 AM      SUNSET 11:18 PM   

-  INDICATES NEGATIVE NUMBERS.
R  INDICATES RECORD HAS BEEN SET OR TIED.
MM INDICATES DATA IS MISSING.
T  INDICATES TRACE OF PRECIPITATION.

&&
-------------------------------------------------------------------

AMOUNT OF DAYLIGHT TODAY  (HOUR:MIN)........17 HOURS 42 MINUTES
GAIN SINCE YESTERDAY (HOUR:MIN:SEC).........+0:03:21

$$
AM MAY 15