CDAK48 PAKN 251025
CLIAKN

CLIMATE REPORT 
NATIONAL WEATHER SERVICE KING SALMON, AK
125 AM AKST TUE NOV 25 2014
...................................
...THE KING SALMON AP CLIMATE SUMMARY FOR NOVEMBER 24 2014... 

CLIMATE NORMAL PERIOD  1981 TO  2010 
CLIMATE RECORD PERIOD  1949 TO  2014 

WEATHER ITEM   OBSERVED TIME    RECORD YEAR NORMAL DEPARTURE LAST 
               VALUE    (LST)   VALUE       VALUE  FROM      YEAR 
                                                   NORMAL 
................................................................... 
TEMPERATURE 
YESTERDAY 
 MAXIMUM            36  0403 PM    46  1947     29       7     40 
 MINIMUM            24  1045 AM   -27  2005     13      11     21 
 AVERAGE            30                          21       9     31 

PRECIPITATION 
(INCHES) 
 YESTERDAY           T           0.30  1929   0.04   -0.04   0.04 
 MONTH TO DATE    1.95                        1.13    0.82   2.61 
 SINCE SEP 1      5.70                        6.40   -0.70   9.32 
 SINCE JAN 1     19.97                       18.00    1.97  23.41 

SNOWFALL 
(INCHES) 
 YESTERDAY         0.0            2.0  2004    0.3    -0.3    0.3 
 MONTH TO DATE       T                         5.1    -5.1   11.6 
 SINCE SEP 1       3.5                         8.0    -4.5   11.6 
 SINCE JUL 1       3.5                         8.0    -4.5   11.6
 SNOW DEPTH (IN)     0                                          8 

DEGREE DAYS 
 HEATING 
  YESTERDAY         35                          44      -9     34 
  MONTH TO DATE    653                         997    -344    869 
  SINCE SEP 1     2083                        2497    -414   2079 
  SINCE JUL 1     2557                        3109    -552   2582

 COOLING 
  YESTERDAY          0                           0       0      0 
  MONTH TO DATE      0                           0       0      0 
  SINCE SEP 1        0                           0       0      0 
  SINCE JAN 1        0                           0       0      4 
................................................................... 

WIND (MPH) 
 HIGHEST WIND SPEED     7     HIGHEST WIND DIRECTION     50      
 HIGHEST GUST SPEED     8     HIGHEST GUST DIRECTION    240 
 AVERAGE WIND SPEED   2.1 

SKY COVER
  POSSIBLE SUNSHINE    MM          AVERAGE SKY COVER     MM
 
WEATHER CONDITIONS 
 THE FOLLOWING WEATHER WAS RECORDED YESTERDAY. 
  RAIN
 

RELATIVE HUMIDITY
 HIGHEST RH     MM PERCENT       MM
 LOWEST  RH     MM PERCENT       MM
 AVERAGE RH     MM PERCENT       MM
................................................................... 

THE KING SALMON CLIMATE NORMALS FOR TODAY 
                           NORMAL    RECORD   YEAR 
 MAXIMUM TEMPERATURE (F)     29        46     2002 
 MINIMUM TEMPERATURE (F)     13       -19     2011 

SUNRISE AND SUNSET 
 NOV 25 2014..........SUNRISE  9:40 AM      SUNSET  4:47 PM   
 NOV 26 2014..........SUNRISE  9:42 AM      SUNSET  4:46 PM   

-  INDICATES NEGATIVE NUMBERS.
R  INDICATES RECORD HAS BEEN SET OR TIED.
MM INDICATES DATA IS MISSING.
T  INDICATES TRACE OF PRECIPITATION.

&&
-------------------------------------------------------------------

AMOUNT OF DAYLIGHT TODAY  (HOUR:MIN)........7 HOURS 7 MINUTES
GAIN/LOSS SINCE YESTERDAY (HOUR:MIN:SEC)....-0:03:37

$$
DJH NOV 14