CDAK48 PAKN 290012
CLIAKN

CLIMATE REPORT
NATIONAL WEATHER SERVICE KING SALMON, AK
412 PM AKDT TUE JUN 28 2016
...................................
...THE KING SALMON AP CLIMATE SUMMARY FOR JUNE 28 2016...
VALID TODAY AS OF 2:00 PM LOCAL TIME

CLIMATE NORMAL PERIOD  1981 TO  2010 
CLIMATE RECORD PERIOD  1917 TO  2016 

WEATHER ITEM   OBSERVED TIME    RECORD YEAR NORMAL DEPARTURE LAST 
               VALUE    (LST)   VALUE       VALUE  FROM      YEAR 
                                                   NORMAL 
................................................................... 
TEMPERATURE 
TODAY 
 MAXIMUM            72  0302 PM    83  1997     63       9     68 
 MINIMUM            50  0539 AM    35  1965     45       5     47 
 AVERAGE            61                          54       7     58 

PRECIPITATION 
(INCHES) 
 TODAY            0.00           0.35  1992   0.07   -0.07      T 
 MONTH TO DATE    2.28                        1.53    0.75   0.84 
 SINCE JUN 1      2.28                        1.53    0.75   0.84 
 SINCE JAN 1      9.69                        6.23    3.46   8.08 

SNOWFALL 
(INCHES) 
 TODAY             0.0            0.0  2016    0.0     0.0    0.0 
 MONTH TO DATE     0.0                         0.0     0.0    0.0
 SINCE JUN 1       0.0                         0.0     0.0    0.0
 SINCE JUL 1      38.8                        46.6    -7.8   26.1
 SNOW DEPTH (IN)     0                                          0

DEGREE DAYS 
 HEATING 
  TODAY              4                          11      -7      7 
  MONTH TO DATE    256                         385    -129    234
  SINCE JUN 1      256                         385    -129    234
  SINCE JUL 1     8310                       10854   -2544   8880

 COOLING 
  TODAY              0                           0       0      0 
  MONTH TO DATE      0                           0       0      2 
  SINCE JUN 1        0                           0       0      2 
  SINCE JAN 1        0                           0       0      2 
................................................................... 

WIND (MPH) 
 HIGHEST WIND SPEED    13     HIGHEST WIND DIRECTION     90      
 HIGHEST GUST SPEED    18     HIGHEST GUST DIRECTION     90 
 AVERAGE WIND SPEED    MM 

SKY COVER
  POSSIBLE SUNSHINE  MM            AVERAGE SKY COVER MM
 
WEATHER CONDITIONS 
 THE FOLLOWING WEATHER WAS RECORDED TODAY. 
NO SIGNIFICANT WEATHER WAS OBSERVED. 

RELATIVE HUMIDITY
 HIGHEST RH     MM PERCENT       MM
 LOWEST  RH     MM PERCENT       MM
 AVERAGE RH     MM PERCENT       MM
................................................................... 

THE KING SALMON CLIMATE NORMALS FOR TOMORROW 
                        NORMAL    RECORD   YEAR 
 MAXIMUM TEMPERATURE      63        81     1997 
 MINIMUM TEMPERATURE      45        34     1952 

SUNRISE AND SUNSET 
 JUN 28 2016..........SUNRISE  5:21 AM      SUNSET 11:40 PM    
 JUN 29 2016..........SUNRISE  5:22 AM      SUNSET 11:39 PM    

-  INDICATES NEGATIVE NUMBERS.
R  INDICATES RECORD HAS BEEN SET OR TIED.
MM INDICATES DATA IS MISSING.
T  INDICATES TRACE OF PRECIPITATION.

&&
-------------------------------------------------------------------

AMOUNT OF DAYLIGHT TODAY  (HOUR:MIN)........18 HOURS 19 MINUTES
GAIN/LOSS SINCE YESTERDAY (HOUR:MIN:SEC)....-0:01:11

$$
FS JUN 16