CDAK48 PAKN 300916
CLIAKN

CLIMATE REPORT 
NATIONAL WEATHER SERVICE KING SALMON, AK
117 AM AKDT THU OCT 30 2014
...................................
...THE KING SALMON AP CLIMATE SUMMARY FOR OCTOBER 29 2014... 

CLIMATE NORMAL PERIOD  1981 TO  2010 
CLIMATE RECORD PERIOD  1917 TO  2014 

WEATHER ITEM   OBSERVED TIME    RECORD YEAR NORMAL DEPARTURE LAST 
               VALUE    (LST)   VALUE       VALUE  FROM      YEAR 
                                                   NORMAL 
................................................................... 
TEMPERATURE 
YESTERDAY 
 MAXIMUM            32  0349 PM    54  2002     35      -3     44 
 MINIMUM            12  1159 PM    -8  2001     20      -8     32 
 AVERAGE            22                          28      -6     38 

PRECIPITATION 
(INCHES) 
 YESTERDAY        0.00           0.46  2007   0.05   -0.05   0.02 
 MONTH TO DATE    0.16                        1.97   -1.81   4.47 
 SINCE SEP 1      3.53                        5.16   -1.63   6.55 
 SINCE JAN 1     17.80                       16.76    1.04  20.64 

SNOWFALL 
(INCHES) 
 YESTERDAY         0.0            1.7  1944    0.1    -0.1    0.0 
 MONTH TO DATE     0.5                         2.4    -1.9      T 
 SINCE SEP 1       0.5                         2.5    -2.0    0.0 
 SINCE JUL 1       0.5                         2.5    -2.0      T
 SNOW DEPTH (IN)     0                                          0 

DEGREE DAYS 
 HEATING 
  YESTERDAY         43                          37       6     27 
  MONTH TO DATE    931                         901      30    624 
  SINCE SEP 1     1345                        1424     -79   1158 
  SINCE JUL 1     1819                        2036    -217   1661

 COOLING 
  YESTERDAY          0                           0       0      0 
  MONTH TO DATE      0                           0       0      0 
  SINCE SEP 1        0                           0       0      0 
  SINCE JAN 1        0                           0       0      4 
................................................................... 

WIND (MPH) 
 HIGHEST WIND SPEED    18     HIGHEST WIND DIRECTION    350      
 HIGHEST GUST SPEED    23     HIGHEST GUST DIRECTION    350 
 AVERAGE WIND SPEED   9.2 

SKY COVER
  POSSIBLE SUNSHINE    MM          AVERAGE SKY COVER     MM
 
WEATHER CONDITIONS 
 THE FOLLOWING WEATHER WAS RECORDED YESTERDAY. 
  NO SIGNIFICANT WEATHER WAS OBSERVED. 

RELATIVE HUMIDITY
 HIGHEST RH     MM PERCENT       MM
 LOWEST  RH     MM PERCENT       MM
 AVERAGE RH     MM PERCENT       MM
................................................................... 

THE KING SALMON CLIMATE NORMALS FOR TODAY 
                           NORMAL    RECORD   YEAR 
 MAXIMUM TEMPERATURE (F)     35        53     2002 
 MINIMUM TEMPERATURE (F)     20       -10     1961 

SUNRISE AND SUNSET 
 OCT 30 2014..........SUNRISE  9:40 AM      SUNSET  6:41 PM   
 OCT 31 2014..........SUNRISE  9:42 AM      SUNSET  6:38 PM   

-  INDICATES NEGATIVE NUMBERS.
R  INDICATES RECORD HAS BEEN SET OR TIED.
MM INDICATES DATA IS MISSING.
T  INDICATES TRACE OF PRECIPITATION.

&&
-------------------------------------------------------------------

AMOUNT OF DAYLIGHT TODAY  (HOUR:MIN)........9 HOURS 1 MINUTES
GAIN/LOSS SINCE YESTERDAY (HOUR:MIN:SEC)....-0:04:53

$$
FS OCT 14