CDAK48 PAKN 230916
CLIAKN

CLIMATE REPORT 
NATIONAL WEATHER SERVICE KING SALMON, AK
116 AM AKDT THU OCT 23 2014
...................................
...THE KING SALMON AP CLIMATE SUMMARY FOR OCTOBER 22 2014... 

CLIMATE NORMAL PERIOD  1981 TO  2010 
CLIMATE RECORD PERIOD  1917 TO  2014 

WEATHER ITEM   OBSERVED TIME    RECORD YEAR NORMAL DEPARTURE LAST 
               VALUE    (LST)   VALUE       VALUE  FROM      YEAR 
                                                   NORMAL 
................................................................... 
TEMPERATURE 
YESTERDAY 
 MAXIMUM            39  0401 PM    52  1929     38       1     47 
 MINIMUM            23  0805 AM     2  2008     23       0     26 
 AVERAGE            31                          31       0     37 

PRECIPITATION 
(INCHES) 
 YESTERDAY        0.00           0.78  1974   0.06   -0.06   0.00 
 MONTH TO DATE    0.02                        1.61   -1.59   3.81 
 SINCE SEP 1      3.39                        4.80   -1.41   5.89 
 SINCE JAN 1     17.66                       16.40    1.26  19.98 

SNOWFALL 
(INCHES) 
 YESTERDAY         0.0            4.5  1956    0.1    -0.1    0.0 
 MONTH TO DATE     0.2                         1.4    -1.2      T 
 SINCE SEP 1       0.2                         1.5    -1.3    0.0 
 SINCE JUL 1       0.2                         1.5    -1.3      T
 SNOW DEPTH (IN)     0                                          0 

DEGREE DAYS 
 HEATING 
  YESTERDAY         34                          34       0     28 
  MONTH TO DATE    683                         648      35    458 
  SINCE SEP 1     1097                        1171     -74    992 
  SINCE JUL 1     1571                        1783    -212   1495

 COOLING 
  YESTERDAY          0                           0       0      0 
  MONTH TO DATE      0                           0       0      0 
  SINCE SEP 1        0                           0       0      0 
  SINCE JAN 1        0                           0       0      4 
................................................................... 

WIND (MPH) 
 HIGHEST WIND SPEED    25     HIGHEST WIND DIRECTION    360      
 HIGHEST GUST SPEED    31     HIGHEST GUST DIRECTION    360 
 AVERAGE WIND SPEED  12.7 

SKY COVER
  POSSIBLE SUNSHINE    MM          AVERAGE SKY COVER     MM
 
WEATHER CONDITIONS 
 THE FOLLOWING WEATHER WAS RECORDED YESTERDAY. 
  NO SIGNIFICANT WEATHER WAS OBSERVED. 

RELATIVE HUMIDITY
 HIGHEST RH     MM PERCENT       MM
 LOWEST  RH     MM PERCENT       MM
 AVERAGE RH     MM PERCENT       MM
................................................................... 

THE KING SALMON CLIMATE NORMALS FOR TODAY 
                           NORMAL    RECORD   YEAR 
 MAXIMUM TEMPERATURE (F)     38        57     1919 
 MINIMUM TEMPERATURE (F)     22        -1     1970 

SUNRISE AND SUNSET 
 OCT 23 2014..........SUNRISE  9:23 AM      SUNSET  6:59 PM   
 OCT 24 2014..........SUNRISE  9:25 AM      SUNSET  6:56 PM   

-  INDICATES NEGATIVE NUMBERS.
R  INDICATES RECORD HAS BEEN SET OR TIED.
MM INDICATES DATA IS MISSING.
T  INDICATES TRACE OF PRECIPITATION.

&&
-------------------------------------------------------------------

AMOUNT OF DAYLIGHT TODAY  (HOUR:MIN)........9 HOURS 36 MINUTES
GAIN/LOSS SINCE YESTERDAY (HOUR:MIN:SEC)....-0:05:00

$$
FS OCT 14