CDAK48 PAKN 230905
CLIAKN

CLIMATE REPORT 
NATIONAL WEATHER SERVICE KING SALMON, AK
105 AM AKDT WED APR 23 2014
...................................
...THE KING SALMON AP CLIMATE SUMMARY FOR APRIL 22 2014... 

CLIMATE NORMAL PERIOD  1981 TO  2010 
CLIMATE RECORD PERIOD  1949 TO  2014 

WEATHER ITEM   OBSERVED TIME    RECORD YEAR NORMAL DEPARTURE LAST 
               VALUE    (LST)   VALUE       VALUE  FROM      YEAR 
                                                   NORMAL 
................................................................... 
TEMPERATURE 
YESTERDAY 
 MAXIMUM            54  0251 PM    56  2008     45       9     50 
 MINIMUM            34  1227 AM    10  1966     28       6     20 
 AVERAGE            44                          36       8     35 

PRECIPITATION 
(INCHES) 
 YESTERDAY        0.00           0.67  1961   0.04   -0.04   0.11 
 MONTH TO DATE    0.42                        0.69   -0.27   0.17 
 SINCE MAR 1      1.18                        1.39   -0.21   1.67 
 SINCE JAN 1      2.99                        3.17   -0.18   6.00 

SNOWFALL 
(INCHES) 
 YESTERDAY         0.0            1.9  1952    0.1    -0.1    0.0 
 MONTH TO DATE     0.5                         3.3    -2.8    0.8 
 SINCE MAR 1       9.3                         9.7    -0.4   12.1 
 SINCE JUL 1      36.0                        45.2    -9.2   74.5
 SNOW DEPTH (IN)     0                                          0 

DEGREE DAYS 
 HEATING 
  YESTERDAY         21                          29      -8     30 
  MONTH TO DATE    621                         724    -103    876 
  SINCE MAR 1     1870                        1989    -119   2224 
  SINCE JUL 1     8225                        9607   -1382  10089

 COOLING 
  YESTERDAY          0                           0       0      0 
  MONTH TO DATE      0                           0       0      0 
  SINCE MAR 1        0                           0       0      0 
  SINCE JAN 1        0                           0       0      0 
................................................................... 

WIND (MPH) 
 HIGHEST WIND SPEED    28     HIGHEST WIND DIRECTION     90      
 HIGHEST GUST SPEED    36     HIGHEST GUST DIRECTION    120 
 AVERAGE WIND SPEED  14.9 

SKY COVER
  POSSIBLE SUNSHINE    MM          AVERAGE SKY COVER     MM
 
WEATHER CONDITIONS 
 THE FOLLOWING WEATHER WAS RECORDED YESTERDAY. 
  NO SIGNIFICANT WEATHER WAS OBSERVED. 

RELATIVE HUMIDITY
 HIGHEST RH     MM PERCENT       MM
 LOWEST  RH     MM PERCENT       MM
 AVERAGE RH     MM PERCENT       MM
................................................................... 

THE KING SALMON CLIMATE NORMALS FOR TODAY 
                           NORMAL    RECORD   YEAR 
 MAXIMUM TEMPERATURE (F)     46        56     2003 
 MINIMUM TEMPERATURE (F)     28         8     1984 

SUNRISE AND SUNSET 
 APR 23 2014..........SUNRISE  6:52 AM      SUNSET 10:01 PM   
 APR 24 2014..........SUNRISE  6:49 AM      SUNSET 10:03 PM   

-  INDICATES NEGATIVE NUMBERS.
R  INDICATES RECORD HAS BEEN SET OR TIED.
MM INDICATES DATA IS MISSING.
T  INDICATES TRACE OF PRECIPITATION.

&&
-------------------------------------------------------------------

AMOUNT OF DAYLIGHT TODAY  (HOUR:MIN)........15 HOURS 9 MINUTES
GAIN/LOSS SINCE YESTERDAY (HOUR:MIN:SEC)....+0:05:01

$$
DJH APR 14