CDAK48 PAKN 311133
CLIAKN

CLIMATE REPORT 
NATIONAL WEATHER SERVICE KING SALMON, AK
333 AM AKDT TUE MAR 31 2015
...................................
...THE KING SALMON AP CLIMATE SUMMARY FOR MARCH 30 2015... 

CLIMATE NORMAL PERIOD  1981 TO  2010 
CLIMATE RECORD PERIOD  1917 TO  2015 

WEATHER ITEM   OBSERVED TIME    RECORD YEAR NORMAL DEPARTURE LAST 
               VALUE    (LST)   VALUE       VALUE  FROM      YEAR 
                                                   NORMAL 
................................................................... 
TEMPERATURE 
YESTERDAY 
 MAXIMUM            40  0250 PM    50  1995     36       4     40 
 MINIMUM            29  1159 PM   -15  1944     19      10     17 
 AVERAGE            35                          28       7     29 

PRECIPITATION 
(INCHES) 
 YESTERDAY        0.06           0.65  1935   0.03    0.03   0.00 
 MONTH TO DATE    0.95                        0.68    0.27   0.76 
 SINCE MAR 1      0.95                        0.68    0.27   0.76 
 SINCE JAN 1      1.74                        2.46   -0.72   2.57 

SNOWFALL 
(INCHES) 
 YESTERDAY           T            4.0  1940    0.2    -0.2    0.0 
 MONTH TO DATE     0.3                         6.2    -5.9    8.8 
 SINCE MAR 1       0.3                         6.2    -5.9    8.8 
 SINCE JUL 1      14.0                        41.7   -27.7   35.5
 SNOW DEPTH (IN)     0                                          0 

DEGREE DAYS 
 HEATING 
  YESTERDAY         30                          37      -7     36 
  MONTH TO DATE   1030                        1228    -198   1214 
  SINCE MAR 1     1030                        1228    -198   1214 
  SINCE JUL 1     7227                        8846   -1619   7574

 COOLING 
  YESTERDAY          0                           0       0      0 
  MONTH TO DATE      0                           0       0      0 
  SINCE MAR 1        0                           0       0      0 
  SINCE JAN 1        0                           0       0      0 
................................................................... 

WIND (MPH) 
 HIGHEST WIND SPEED    17     HIGHEST WIND DIRECTION    180      
 HIGHEST GUST SPEED    21     HIGHEST GUST DIRECTION    190 
 AVERAGE WIND SPEED   8.6 

SKY COVER
  POSSIBLE SUNSHINE    MM          AVERAGE SKY COVER     MM
 
WEATHER CONDITIONS 
 THE FOLLOWING WEATHER WAS RECORDED YESTERDAY. 
  RAIN
SNOW
 

RELATIVE HUMIDITY
 HIGHEST RH     MM PERCENT       MM
 LOWEST  RH     MM PERCENT       MM
 AVERAGE RH     MM PERCENT       MM
................................................................... 

THE KING SALMON CLIMATE NORMALS FOR TODAY 
                           NORMAL    RECORD   YEAR 
 MAXIMUM TEMPERATURE (F)     36        50     1983 
 MINIMUM TEMPERATURE (F)     19       -18     2004 

SUNRISE AND SUNSET 
 MAR 31 2015..........SUNRISE  7:57 AM      SUNSET  9:07 PM   
 APR 1 2015..........SUNRISE  7:54 AM      SUNSET  9:09 PM   

-  INDICATES NEGATIVE NUMBERS.
R  INDICATES RECORD HAS BEEN SET OR TIED.
MM INDICATES DATA IS MISSING.
T  INDICATES TRACE OF PRECIPITATION.

&&
-------------------------------------------------------------------

AMOUNT OF DAYLIGHT TODAY  (HOUR:MIN)........13 HOURS 10 MINUTES
GAIN SINCE YESTERDAY (HOUR:MIN:SEC).........+0:05:10

$$
AM MAR 15