CDAK48 PAKN 250923
CLIAKN

CLIMATE REPORT 
NATIONAL WEATHER SERVICE KING SALMON, AK
123 AM AKDT SAT APR 25 2015
...................................
...THE KING SALMON AP CLIMATE SUMMARY FOR APRIL 24 2015... 

CLIMATE NORMAL PERIOD  1981 TO  2010 
CLIMATE RECORD PERIOD  1917 TO  2015 

WEATHER ITEM   OBSERVED TIME    RECORD YEAR NORMAL DEPARTURE LAST 
               VALUE    (LST)   VALUE       VALUE  FROM      YEAR 
                                                   NORMAL 
................................................................... 
TEMPERATURE 
YESTERDAY 
 MAXIMUM            50  0247 PM    59  1936     46       4     52 
 MINIMUM            32  1159 PM    10  1955     28       4     25 
 AVERAGE            41                          37       4     39 

PRECIPITATION 
(INCHES) 
 YESTERDAY        0.02           1.30  1934   0.04   -0.02   0.10 
 MONTH TO DATE    2.18                        0.76    1.42   0.52 
 SINCE MAR 1      3.13                        1.46    1.67   1.28 
 SINCE JAN 1      3.92                        3.24    0.68   3.09 

SNOWFALL 
(INCHES) 
 YESTERDAY         0.0            2.1  1963    0.1    -0.1    0.0 
 MONTH TO DATE    12.1                         3.5     8.6    0.5 
 SINCE MAR 1      12.4                         9.9     2.5    9.3 
 SINCE JUL 1      26.1                        45.4   -19.3   36.0
 SNOW DEPTH (IN)     0                                          0 

DEGREE DAYS 
 HEATING 
  YESTERDAY         24                          28      -4     26 
  MONTH TO DATE    729                         780     -51    668 
  SINCE MAR 1     1792                        2045    -253   1917 
  SINCE JUL 1     7989                        9663   -1674   8277

 COOLING 
  YESTERDAY          0                           0       0      0 
  MONTH TO DATE      0                           0       0      0 
  SINCE MAR 1        0                           0       0      0 
  SINCE JAN 1        0                           0       0      0 
................................................................... 

WIND (MPH) 
 HIGHEST WIND SPEED    24     HIGHEST WIND DIRECTION    160      
 HIGHEST GUST SPEED    30     HIGHEST GUST DIRECTION    160 
 AVERAGE WIND SPEED  10.4 

SKY COVER
  POSSIBLE SUNSHINE    MM          AVERAGE SKY COVER     MM
 
WEATHER CONDITIONS 
 THE FOLLOWING WEATHER WAS RECORDED YESTERDAY. 
  RAIN
 

RELATIVE HUMIDITY
 HIGHEST RH     MM PERCENT       MM
 LOWEST  RH     MM PERCENT       MM
 AVERAGE RH     MM PERCENT       MM
................................................................... 

THE KING SALMON CLIMATE NORMALS FOR TODAY 
                           NORMAL    RECORD   YEAR 
 MAXIMUM TEMPERATURE (F)     46        60     2004 
 MINIMUM TEMPERATURE (F)     29         8     1955 

SUNRISE AND SUNSET 
 APR 25 2015..........SUNRISE  6:47 AM      SUNSET 10:05 PM   
 APR 26 2015..........SUNRISE  6:44 AM      SUNSET 10:07 PM   

-  INDICATES NEGATIVE NUMBERS.
R  INDICATES RECORD HAS BEEN SET OR TIED.
MM INDICATES DATA IS MISSING.
T  INDICATES TRACE OF PRECIPITATION.

&&
-------------------------------------------------------------------

AMOUNT OF DAYLIGHT TODAY  (HOUR:MIN)........15 HOURS 18 MINUTES
GAIN/LOSS SINCE YESTERDAY (HOUR:MIN:SEC)....+0:04:59

$$
FS APR 15