CDAK48 PAKN 020909
CLIAKN

CLIMATE REPORT 
NATIONAL WEATHER SERVICE KING SALMON, AK
109 AM AKDT MON MAY 2 2016
...................................
...THE KING SALMON AP CLIMATE SUMMARY FOR MAY 1 2016... 

CLIMATE NORMAL PERIOD  1981 TO  2010 
CLIMATE RECORD PERIOD  1917 TO  2016 

WEATHER ITEM   OBSERVED TIME    RECORD YEAR NORMAL DEPARTURE LAST 
               VALUE    (LST)   VALUE       VALUE  FROM      YEAR 
                                                   NORMAL 
................................................................... 
TEMPERATURE 
YESTERDAY 
 MAXIMUM            58  0404 PM    75  1953     49       9     50 
 MINIMUM            34  0613 AM    14  1945     31       3     35 
 AVERAGE            46                          40       6     43 

PRECIPITATION 
(INCHES) 
 YESTERDAY        0.14           0.49  1969   0.03    0.11      T 
 MONTH TO DATE    0.14                        0.03    0.11      T 
 SINCE MAR 1      2.94                        1.70    1.24   3.13 
 SINCE JAN 1      4.38                        3.48    0.90   3.92 

SNOWFALL 
(INCHES) 
 YESTERDAY         0.0            1.6  1965    0.1    -0.1    0.0 
 MONTH TO DATE     0.0                         0.1    -0.1    0.0 
 SINCE MAR 1       4.2                        10.4    -6.2   12.4 
 SINCE JUL 1      38.8                        45.9    -7.1   26.1
 SNOW DEPTH (IN)     0                                          0 

DEGREE DAYS 
 HEATING 
  YESTERDAY         19                          25      -6     22 
  MONTH TO DATE     19                          25      -6     22 
  SINCE MAR 1     1651                        2230    -579   1947 
  SINCE JUL 1     7585                        9848   -2263   8145

 COOLING 
  YESTERDAY          0                           0       0      0 
  MONTH TO DATE      0                           0       0      0 
  SINCE MAR 1        0                           0       0      0 
  SINCE JAN 1        0                           0       0      0 
................................................................... 

WIND (MPH) 
 HIGHEST WIND SPEED    18     HIGHEST WIND DIRECTION     30      
 HIGHEST GUST SPEED    23     HIGHEST GUST DIRECTION     30 
 AVERAGE WIND SPEED   5.1 

SKY COVER
  POSSIBLE SUNSHINE    MM          AVERAGE SKY COVER     MM
 
WEATHER CONDITIONS 
 THE FOLLOWING WEATHER WAS RECORDED YESTERDAY. 
  RAIN
 

RELATIVE HUMIDITY
 HIGHEST RH     MM PERCENT       MM
 LOWEST  RH     MM PERCENT       MM
 AVERAGE RH     MM PERCENT       MM
................................................................... 

THE KING SALMON CLIMATE NORMALS FOR TODAY 
                           NORMAL    RECORD   YEAR 
 MAXIMUM TEMPERATURE (F)     49        70     2009 
 MINIMUM TEMPERATURE (F)     31         7     1949 

SUNRISE AND SUNSET 
 MAY 2 2016..........SUNRISE  6:27 AM      SUNSET 10:23 PM   
 MAY 3 2016..........SUNRISE  6:25 AM      SUNSET 10:25 PM   

-  INDICATES NEGATIVE NUMBERS.
R  INDICATES RECORD HAS BEEN SET OR TIED.
MM INDICATES DATA IS MISSING.
T  INDICATES TRACE OF PRECIPITATION.

&&
-------------------------------------------------------------------

AMOUNT OF DAYLIGHT TODAY  (HOUR:MIN)........15 HOURS 56 MINUTES
GAIN/LOSS SINCE YESTERDAY (HOUR:MIN:SEC)....+0:04:49

$$
DJH MAY 16