CDAK48 PAKN 181200
CLIAKN

CLIMATE REPORT 
NATIONAL WEATHER SERVICE KING SALMON, AK
400 AM AKDT THU SEP 18 2014
...................................
...THE KING SALMON AP CLIMATE SUMMARY FOR SEPTEMBER 17 2014... 

CLIMATE NORMAL PERIOD  1981 TO  2010 
CLIMATE RECORD PERIOD  1917 TO  2013 

WEATHER ITEM   OBSERVED TIME    RECORD YEAR NORMAL DEPARTURE LAST 
               VALUE    (LST)   VALUE       VALUE  FROM      YEAR 
                                                   NORMAL 
................................................................... 
TEMPERATURE 
YESTERDAY 
 MAXIMUM            56  1230 PM    66  1944     55       1     53 
 MINIMUM            46  0631 AM    25  1983     40       6     28 
 AVERAGE            51                          47       4     41 

PRECIPITATION 
(INCHES) 
 YESTERDAY        0.54           1.03  1961   0.11    0.43   0.00 
 MONTH TO DATE    3.02                        1.85    1.17   1.02 
 SINCE SEP 1      3.02                        1.85    1.17   1.02 
 SINCE JAN 1     17.29                       13.45    3.84  15.11 

SNOWFALL 
(INCHES) 
 YESTERDAY         0.0            0.0  2014    0.0     0.0    0.0 
 MONTH TO DATE     0.0                         0.0     0.0    0.0 
 SINCE SEP 1       0.0                         0.0     0.0    0.0 
 SINCE JUL 1       0.0                         0.0     0.0    0.0
 SNOW DEPTH (IN)     0                                          0 

DEGREE DAYS 
 HEATING 
  YESTERDAY         14                          18      -4     24 
  MONTH TO DATE    157                         253     -96    216 
  SINCE SEP 1      157                         253     -96    216 
  SINCE JUL 1      631                         865    -234    719

 COOLING 
  YESTERDAY          0                           0       0      0 
  MONTH TO DATE      0                           0       0      0 
  SINCE SEP 1        0                           0       0      0 
  SINCE JAN 1        0                           0       0      4 
................................................................... 

WIND (MPH) 
 HIGHEST WIND SPEED    18     HIGHEST WIND DIRECTION     80      
 HIGHEST GUST SPEED    25     HIGHEST GUST DIRECTION     80 
 AVERAGE WIND SPEED   5.0 

SKY COVER
  POSSIBLE SUNSHINE    MM          AVERAGE SKY COVER     MM
 
WEATHER CONDITIONS 
 THE FOLLOWING WEATHER WAS RECORDED YESTERDAY. 
  FOG
  RAIN
 

RELATIVE HUMIDITY
 HIGHEST RH     MM PERCENT       MM
 LOWEST  RH     MM PERCENT       MM
 AVERAGE RH     MM PERCENT       MM
................................................................... 

THE KING SALMON CLIMATE NORMALS FOR TODAY 
                           NORMAL    RECORD   YEAR 
 MAXIMUM TEMPERATURE (F)     55        70     2010 
 MINIMUM TEMPERATURE (F)     39        22     2003 

SUNRISE AND SUNSET 
 SEP 18 2014..........SUNRISE  8:03 AM      SUNSET  8:37 PM   
 SEP 19 2014..........SUNRISE  8:06 AM      SUNSET  8:35 PM   

-  INDICATES NEGATIVE NUMBERS.
R  INDICATES RECORD HAS BEEN SET OR TIED.
MM INDICATES DATA IS MISSING.
T  INDICATES TRACE OF PRECIPITATION.

&&
-------------------------------------------------------------------

AMOUNT OF DAYLIGHT TODAY  (HOUR:MIN)........12 HOURS 34 MINUTES
LOSS SINCE YESTERDAY (HOUR:MIN:SEC).........-0:05:06

$$

DT SEP 14