CDAK48 PAKN 250903
CLIAKN

CLIMATE REPORT 
NATIONAL WEATHER SERVICE KING SALMON, AK
103 AM AKDT FRI JUL 25 2014
...................................
...THE KING SALMON AP CLIMATE SUMMARY FOR JULY 24 2014... 

CLIMATE NORMAL PERIOD  1981 TO  2010 
CLIMATE RECORD PERIOD  1949 TO  2014 

WEATHER ITEM   OBSERVED TIME    RECORD YEAR NORMAL DEPARTURE LAST 
               VALUE    (LST)   VALUE       VALUE  FROM      YEAR 
                                                   NORMAL 
................................................................... 
TEMPERATURE 
YESTERDAY 
 MAXIMUM            60  0836 PM    80  1953     64      -4     74 
 MINIMUM            51  0706 AM    38  1964     48       3     53 
 AVERAGE            56                          56       0     64 

PRECIPITATION 
(INCHES) 
 YESTERDAY        0.22           0.77  1930   0.08    0.14   0.00 
 MONTH TO DATE    2.15                        1.71    0.44   1.30 
 SINCE JUN 1      5.40                        3.36    2.04   2.35 
 SINCE JAN 1     10.53                        8.06    2.47   8.71 

SNOWFALL 
(INCHES) 
 YESTERDAY         0.0            0.0  2013    0.0     0.0    0.0 
 MONTH TO DATE     0.0                         0.0     0.0    0.0 
 SINCE JUN 1       0.0                         0.0     0.0    0.0 
 SINCE JUL 1       0.0                         0.0     0.0    0.0
 SNOW DEPTH (IN)     0                                          0 

DEGREE DAYS 
 HEATING 
  YESTERDAY          9                           9       0      1 
  MONTH TO DATE    186                         227     -41    217 
  SINCE JUN 1      617                         634     -17    499 
  SINCE JUL 1      186                         227     -41    217

 COOLING 
  YESTERDAY          0                           0       0      0 
  MONTH TO DATE      0                           0       0      0 
  SINCE JUN 1        0                           0       0      0 
  SINCE JAN 1        0                           0       0      0 
................................................................... 

WIND (MPH) 
 HIGHEST WIND SPEED    15     HIGHEST WIND DIRECTION    190      
 HIGHEST GUST SPEED    17     HIGHEST GUST DIRECTION    180 
 AVERAGE WIND SPEED   6.3 

SKY COVER
  POSSIBLE SUNSHINE    MM          AVERAGE SKY COVER     MM
 
WEATHER CONDITIONS 
 THE FOLLOWING WEATHER WAS RECORDED YESTERDAY. 
  FOG
DRIZZLE
RAIN
 

RELATIVE HUMIDITY
 HIGHEST RH     MM PERCENT       MM
 LOWEST  RH     MM PERCENT       MM
 AVERAGE RH     MM PERCENT       MM
................................................................... 

THE KING SALMON CLIMATE NORMALS FOR TODAY 
                           NORMAL    RECORD   YEAR 
 MAXIMUM TEMPERATURE (F)     64        80     2013 
 MINIMUM TEMPERATURE (F)     48        36     1976 

SUNRISE AND SUNSET 
 JUL 25 2014..........SUNRISE  6:02 AM      SUNSET 11:04 PM   
 JUL 26 2014..........SUNRISE  6:04 AM      SUNSET 11:02 PM   

-  INDICATES NEGATIVE NUMBERS.
R  INDICATES RECORD HAS BEEN SET OR TIED.
MM INDICATES DATA IS MISSING.
T  INDICATES TRACE OF PRECIPITATION.

&&
-------------------------------------------------------------------

AMOUNT OF DAYLIGHT TODAY  (HOUR:MIN)........17 HOURS 2 MINUTES
GAIN/LOSS SINCE YESTERDAY (HOUR:MIN:SEC)....-0:04:05

$$
DJH JUL 14