CDAK48 PAKN 011138
CLIAKN

CLIMATE REPORT 
NATIONAL WEATHER SERVICE KING SALMON, AK
338 AM AKDT WED OCT 1 2014
...................................
...THE KING SALMON AP CLIMATE SUMMARY FOR SEPTEMBER 30 2014... 

CLIMATE NORMAL PERIOD  1981 TO  2010 
CLIMATE RECORD PERIOD  1917 TO  2014 

WEATHER ITEM   OBSERVED TIME    RECORD YEAR NORMAL DEPARTURE LAST 
               VALUE    (LST)   VALUE       VALUE  FROM      YEAR 
                                                   NORMAL 
................................................................... 
TEMPERATURE 
YESTERDAY 
 MAXIMUM            51  0401 PM    70  1954     49       2     43 
 MINIMUM            26  0758 AM    16  1957     33      -7     29 
 AVERAGE            39                          41      -2     36 

PRECIPITATION 
(INCHES) 
 YESTERDAY        0.00           0.87  2003   0.09   -0.09   0.00 
 MONTH TO DATE    3.37                        3.19    0.18   2.08 
 SINCE SEP 1      3.37                        3.19    0.18   2.08 
 SINCE JAN 1     17.64                       14.79    2.85  16.17 

SNOWFALL 
(INCHES) 
 YESTERDAY         0.0              T  1992    0.0     0.0    0.0 
 MONTH TO DATE     0.0                         0.1    -0.1    0.0 
 SINCE SEP 1       0.0                         0.1    -0.1    0.0 
 SINCE JUL 1       0.0                         0.1    -0.1    0.0
 SNOW DEPTH (IN)     0                                          0 

DEGREE DAYS 
 HEATING 
  YESTERDAY         26                          24       2     29 
  MONTH TO DATE    414                         523    -109    534 
  SINCE SEP 1      414                         523    -109    534 
  SINCE JUL 1      888                        1135    -247   1037

 COOLING 
  YESTERDAY          0                           0       0      0 
  MONTH TO DATE      0                           0       0      0 
  SINCE SEP 1        0                           0       0      0 
  SINCE JAN 1        0                           0       0      4 
................................................................... 

WIND (MPH) 
 HIGHEST WIND SPEED    18     HIGHEST WIND DIRECTION     40      
 HIGHEST GUST SPEED    24     HIGHEST GUST DIRECTION     30 
 AVERAGE WIND SPEED   9.4 

 
WEATHER CONDITIONS 
 THE FOLLOWING WEATHER WAS RECORDED YESTERDAY. 
  NO SIGNIFICANT WEATHER WAS OBSERVED. 
................................................................... 

THE KING SALMON CLIMATE NORMALS FOR TODAY 
                           NORMAL    RECORD   YEAR 
 MAXIMUM TEMPERATURE (F)     49        67     1954 
 MINIMUM TEMPERATURE (F)     33        16     1972 

SUNRISE AND SUNSET 
 OCT 1 2014..........SUNRISE  8:32 AM      SUNSET  8:00 PM   
 OCT 2 2014..........SUNRISE  8:35 AM      SUNSET  7:57 PM   

-  INDICATES NEGATIVE NUMBERS.
R  INDICATES RECORD HAS BEEN SET OR TIED.
MM INDICATES DATA IS MISSING.
T  INDICATES TRACE OF PRECIPITATION.

&&
-------------------------------------------------------------------

AMOUNT OF DAYLIGHT TODAY  (HOUR:MIN)........11 HOURS 28 MINUTES
LOSS SINCE YESTERDAY (HOUR:MIN:SEC)....-0:05:06

$$
AM OCT 14