CDAK48 PAKN 250916
CLIAKN

CLIMATE REPORT 
NATIONAL WEATHER SERVICE KING SALMON, AK
116 AM AKDT SAT OCT 25 2014
...................................
...THE KING SALMON AP CLIMATE SUMMARY FOR OCTOBER 24 2014... 

CLIMATE NORMAL PERIOD  1981 TO  2010 
CLIMATE RECORD PERIOD  1917 TO  2014 

WEATHER ITEM   OBSERVED TIME    RECORD YEAR NORMAL DEPARTURE LAST 
               VALUE    (LST)   VALUE       VALUE  FROM      YEAR 
                                                   NORMAL 
................................................................... 
TEMPERATURE 
YESTERDAY 
 MAXIMUM            40  0431 AM    57  1919     37       3     50 
 MINIMUM            17  1159 PM    -3  1956     22      -5     43 
 AVERAGE            29                          30      -1     47 

PRECIPITATION 
(INCHES) 
 YESTERDAY        0.06           0.71  2006   0.05    0.01   0.04 
 MONTH TO DATE    0.16                        1.71   -1.55   3.85 
 SINCE SEP 1      3.53                        4.90   -1.37   5.93 
 SINCE JAN 1     17.80                       16.50    1.30  20.02 

SNOWFALL 
(INCHES) 
 YESTERDAY         0.0            3.1  1998    0.1    -0.1    0.0 
 MONTH TO DATE     0.5                         1.7    -1.2      T 
 SINCE SEP 1       0.5                         1.8    -1.3    0.0 
 SINCE JUL 1       0.5                         1.8    -1.3      T
 SNOW DEPTH (IN)     0                                          0 

DEGREE DAYS 
 HEATING 
  YESTERDAY         36                          35       1     18 
  MONTH TO DATE    757                         718      39    505 
  SINCE SEP 1     1171                        1241     -70   1039 
  SINCE JUL 1     1645                        1853    -208   1542

 COOLING 
  YESTERDAY          0                           0       0      0 
  MONTH TO DATE      0                           0       0      0 
  SINCE SEP 1        0                           0       0      0 
  SINCE JAN 1        0                           0       0      4 
................................................................... 

WIND (MPH) 
 HIGHEST WIND SPEED    17     HIGHEST WIND DIRECTION    350      
 HIGHEST GUST SPEED    21     HIGHEST GUST DIRECTION    350 
 AVERAGE WIND SPEED   7.4 

SKY COVER
  POSSIBLE SUNSHINE    MM          AVERAGE SKY COVER     MM
 
WEATHER CONDITIONS 
 THE FOLLOWING WEATHER WAS RECORDED YESTERDAY. 
  FOG
RAIN
 

RELATIVE HUMIDITY
 HIGHEST RH     MM PERCENT       MM
 LOWEST  RH     MM PERCENT       MM
 AVERAGE RH     MM PERCENT       MM
................................................................... 

THE KING SALMON CLIMATE NORMALS FOR TODAY 
                           NORMAL    RECORD   YEAR 
 MAXIMUM TEMPERATURE (F)     37        58     1938 
 MINIMUM TEMPERATURE (F)     22       -12     1983 

SUNRISE AND SUNSET 
 OCT 25 2014..........SUNRISE  9:28 AM      SUNSET  6:54 PM   
 OCT 26 2014..........SUNRISE  9:30 AM      SUNSET  6:51 PM   

-  INDICATES NEGATIVE NUMBERS.
R  INDICATES RECORD HAS BEEN SET OR TIED.
MM INDICATES DATA IS MISSING.
T  INDICATES TRACE OF PRECIPITATION.

&&
-------------------------------------------------------------------

AMOUNT OF DAYLIGHT TODAY  (HOUR:MIN)........9 HOURS 26 MINUTES
GAIN/LOSS SINCE YESTERDAY (HOUR:MIN:SEC)....-0:04:58

$$
FS OCT 14