CDAK48 PADQ 011138
CLIADQ

CLIMATE REPORT 
NATIONAL WEATHER SERVICE KODIAK, AK
338 AM AKDT SUN MAY 1 2016
...................................
...THE KODIAK AP CLIMATE SUMMARY FOR APRIL 30 2016... 

CLIMATE NORMAL PERIOD  1981 TO  2010 
CLIMATE RECORD PERIOD  1913 TO  2016 

WEATHER ITEM   OBSERVED TIME    RECORD YEAR NORMAL DEPARTURE LAST 
               VALUE    (LST)   VALUE       VALUE  FROM      YEAR 
                                                   NORMAL 
................................................................... 
TEMPERATURE 
YESTERDAY 
 MAXIMUM            44  0854 PM    62  1983     47      -3     47 
 MINIMUM            40  0258 PM    27  2010     36       4     37 
 AVERAGE            42                          41       1     42 

PRECIPITATION 
(INCHES) 
 YESTERDAY        1.03           1.70  1967   0.18    0.85   0.49 
 MONTH TO DATE    8.90                        5.81    3.09   6.64 
 SINCE MAR 1     16.24                       11.34    4.90  14.17 
 SINCE JAN 1     39.53                       25.77   13.76  33.09 

SNOWFALL 
(INCHES) 
 YESTERDAY         0.0            3.3  1968    0.1    -0.1    0.0 
 MONTH TO DATE     0.0                         8.0    -8.0    3.2 
 SINCE MAR 1       3.6                        19.3   -15.7    4.7 
 SINCE JUL 1        MM                        68.7      MM   20.1
 SNOW DEPTH (IN)     0                                          0 

DEGREE DAYS 
 HEATING 
  YESTERDAY         23                          24      -1     23 
  MONTH TO DATE    677                         821    -144    773 
  SINCE MAR 1     1467                        1819    -352   1649 
  SINCE JUL 1     6404                        7692   -1288   6567

 COOLING 
  YESTERDAY          0                           0       0      0 
  MONTH TO DATE      0                           0       0      0 
  SINCE MAR 1        0                           0       0      0 
  SINCE JAN 1        0                           0       0      0 
................................................................... 

WIND (MPH) 
 HIGHEST WIND SPEED    37     HIGHEST WIND DIRECTION     50      
 HIGHEST GUST SPEED    46     HIGHEST GUST DIRECTION     70 
 AVERAGE WIND SPEED  19.6 

SKY COVER
  POSSIBLE SUNSHINE    MM          AVERAGE SKY COVER     MM
 
WEATHER CONDITIONS 
 THE FOLLOWING WEATHER WAS RECORDED YESTERDAY. 
  FOG
RAIN
 

RELATIVE HUMIDITY
 HIGHEST RH     MM PERCENT       MM
 LOWEST  RH     MM PERCENT       MM
 AVERAGE RH     MM PERCENT       MM
................................................................... 

THE KODIAK CLIMATE NORMALS FOR TODAY 
                           NORMAL    RECORD   YEAR 
 MAXIMUM TEMPERATURE (F)     47        59     2003 
 MINIMUM TEMPERATURE (F)     36        28     1945 

SUNRISE AND SUNSET 
 MAY 1 2016..........SUNRISE  6:17 AM      SUNSET  9:59 PM   
 MAY 2 2016..........SUNRISE  6:15 AM      SUNSET 10:01 PM   

-  INDICATES NEGATIVE NUMBERS.
R  INDICATES RECORD HAS BEEN SET OR TIED.
MM INDICATES DATA IS MISSING.
T  INDICATES TRACE OF PRECIPITATION.

&&
-------------------------------------------------------------------

AMOUNT OF DAYLIGHT TODAY  (HOUR:MIN)........15 HOURS 42 MINUTES
GAIN/LOSS SINCE YESTERDAY (HOUR:MIN:SEC)....+0:04:37

$$
JTS MAY 16