CDAK48 PADQ 060907
CLIADQ

CLIMATE REPORT 
NATIONAL WEATHER SERVICE KODIAK, AK
107 AM AKDT WED MAY 6 2015
...................................
...THE KODIAK AP CLIMATE SUMMARY FOR MAY 5 2015... 

CLIMATE NORMAL PERIOD  1981 TO  2010 
CLIMATE RECORD PERIOD  1949 TO  2015 

WEATHER ITEM   OBSERVED TIME    RECORD YEAR NORMAL DEPARTURE LAST 
               VALUE    (LST)   VALUE       VALUE  FROM      YEAR 
                                                   NORMAL 
................................................................... 
TEMPERATURE 
YESTERDAY 
 MAXIMUM            48  0223 PM    69  2004     48       0     54 
 MINIMUM            42  0344 AM    27  2001     37       5     36 
 AVERAGE            45                          42       3     45 

PRECIPITATION 
(INCHES) 
 YESTERDAY        0.05           2.10  2005   0.17   -0.12   0.09 
 MONTH TO DATE    0.34                        0.88   -0.54   0.09 
 SINCE MAR 1     14.51                       12.22    2.29  11.18 
 SINCE JAN 1     33.43                       26.65    6.78  32.43 

SNOWFALL 
(INCHES) 
 YESTERDAY         0.0            2.6  2001    0.0     0.0    0.0 
 MONTH TO DATE     0.0                         0.1    -0.1    0.0 
 SINCE MAR 1       4.7                        19.4   -14.7   12.4 
 SINCE JUL 1      20.1                        68.8   -48.7     MM
 SNOW DEPTH (IN)     0                                          0 

DEGREE DAYS 
 HEATING 
  YESTERDAY         20                          23      -3     20 
  MONTH TO DATE    109                         116      -7     80 
  SINCE MAR 1     1758                        1935    -177   1817 
  SINCE JUL 1     6676                        7808   -1132   7103

 COOLING 
  YESTERDAY          0                           0       0      0 
  MONTH TO DATE      0                           0       0      0 
  SINCE MAR 1        0                           0       0      0 
  SINCE JAN 1        0                           0       0      0 
................................................................... 

WIND (MPH) 
 HIGHEST WIND SPEED    16     HIGHEST WIND DIRECTION    110      
 HIGHEST GUST SPEED    19     HIGHEST GUST DIRECTION    100 
 AVERAGE WIND SPEED  10.4 

SKY COVER
  POSSIBLE SUNSHINE    MM          AVERAGE SKY COVER     MM
 
WEATHER CONDITIONS 
 THE FOLLOWING WEATHER WAS RECORDED YESTERDAY. 
  FOG
RAIN
 

RELATIVE HUMIDITY
 HIGHEST RH     MM PERCENT       MM
 LOWEST  RH     MM PERCENT       MM
 AVERAGE RH     MM PERCENT       MM
................................................................... 

THE KODIAK CLIMATE NORMALS FOR TODAY 
                           NORMAL    RECORD   YEAR 
 MAXIMUM TEMPERATURE (F)     48        60     2004 
 MINIMUM TEMPERATURE (F)     37        23     1972 

SUNRISE AND SUNSET 
 MAY 6 2015..........SUNRISE  6:07 AM      SUNSET 10:08 PM   
 MAY 7 2015..........SUNRISE  6:05 AM      SUNSET 10:11 PM   

-  INDICATES NEGATIVE NUMBERS.
R  INDICATES RECORD HAS BEEN SET OR TIED.
MM INDICATES DATA IS MISSING.
T  INDICATES TRACE OF PRECIPITATION.

&&
-------------------------------------------------------------------

AMOUNT OF DAYLIGHT TODAY  (HOUR:MIN)........16 HOURS 1 MINUTES
GAIN/LOSS SINCE YESTERDAY (HOUR:MIN:SEC)....+0:04:30

$$
*** MAY 15