CDAK48 PADQ 010913
CLIADQ

CLIMATE REPORT 
NATIONAL WEATHER SERVICE KODIAK, AK
1214 AM AKST SUN MAR 1 2015
...................................
...THE KODIAK AP CLIMATE SUMMARY FOR FEBRUARY 28 2015... 

CLIMATE NORMAL PERIOD  1981 TO  2010 
CLIMATE RECORD PERIOD  1949 TO  2015 

WEATHER ITEM   OBSERVED TIME    RECORD YEAR NORMAL DEPARTURE LAST 
               VALUE    (LST)   VALUE       VALUE  FROM      YEAR 
                                                   NORMAL 
................................................................... 
TEMPERATURE 
YESTERDAY 
 MAXIMUM            45  0508 PM    51  2014     37       8     51 
 MINIMUM            34  0536 AM    -4  1986     27       7     29 
 AVERAGE            40                          32       8     40 

PRECIPITATION 
(INCHES) 
 YESTERDAY        0.10           2.10  1981   0.21   -0.11   0.00 
 MONTH TO DATE    8.79                        6.14    2.65   6.95 
 SINCE DEC 1     32.71                       23.16    9.55  25.70 
 SINCE JAN 1     18.92                       14.43    4.49  21.25 

SNOWFALL 
(INCHES) 
 YESTERDAY         0.0            5.0  1984    0.5    -0.5    0.0 
 MONTH TO DATE    10.2                        15.1    -4.9    7.0 
 SINCE DEC 1      14.7                        41.9   -27.2   23.7 
 SINCE JUL 1      15.4                        49.4   -34.0   31.0
 SNOW DEPTH (IN)     0                                          0 

DEGREE DAYS 
 HEATING 
  YESTERDAY         25                          33      -8     25 
  MONTH TO DATE    819                         959    -140    972 
  SINCE DEC 1     2522                        3081    -559   2879 
  SINCE JUL 1     4918                        5873    -955   5286

 COOLING 
  YESTERDAY          0                           0       0      0 
  MONTH TO DATE      0                           0       0      0 
  SINCE DEC 1        0                           0       0      0 
  SINCE JAN 1        0                           0       0      0 
................................................................... 

WIND (MPH) 
 HIGHEST WIND SPEED    15     HIGHEST WIND DIRECTION    310      
 HIGHEST GUST SPEED    20     HIGHEST GUST DIRECTION    300 
 AVERAGE WIND SPEED   3.6 

SKY COVER
  POSSIBLE SUNSHINE    MM          AVERAGE SKY COVER     MM
 
WEATHER CONDITIONS 
 THE FOLLOWING WEATHER WAS RECORDED YESTERDAY. 
  FOG
RAIN
 

RELATIVE HUMIDITY
 HIGHEST RH     MM PERCENT       MM
 LOWEST  RH     MM PERCENT       MM
 AVERAGE RH     MM PERCENT       MM
................................................................... 

THE KODIAK CLIMATE NORMALS FOR TODAY 
                           NORMAL    RECORD   YEAR 
 MAXIMUM TEMPERATURE (F)     37        49     1985 
 MINIMUM TEMPERATURE (F)     27         6     1966 

SUNRISE AND SUNSET 
 MAR 1 2015..........SUNRISE  8:05 AM      SUNSET  6:42 PM   
 MAR 2 2015..........SUNRISE  8:02 AM      SUNSET  6:44 PM   

-  INDICATES NEGATIVE NUMBERS.
R  INDICATES RECORD HAS BEEN SET OR TIED.
MM INDICATES DATA IS MISSING.
T  INDICATES TRACE OF PRECIPITATION.

&&
-------------------------------------------------------------------

AMOUNT OF DAYLIGHT TODAY  (HOUR:MIN)........10 HOURS 37 MINUTES
GAIN/LOSS SINCE YESTERDAY (HOUR:MIN:SEC)....+0:04:58

$$
*** MAR 15