CDAK48 PADQ 161025
CLIADQ

CLIMATE REPORT 
NATIONAL WEATHER SERVICE KODIAK, AK
225 AM AKDT WED APR 16 2014
...................................
...THE KODIAK AP CLIMATE SUMMARY FOR APRIL 15 2014... 

CLIMATE NORMAL PERIOD  1981 TO  2010 
CLIMATE RECORD PERIOD  1949 TO  2014 

WEATHER ITEM   OBSERVED TIME    RECORD YEAR NORMAL DEPARTURE LAST 
               VALUE    (LST)   VALUE       VALUE  FROM      YEAR 
                                                   NORMAL 
................................................................... 
TEMPERATURE 
YESTERDAY 
 MAXIMUM            45  0149 PM    63  1965     43       2     43 
 MINIMUM            33  0707 AM    13  1966     32       1     25 
 AVERAGE            39                          37       2     34 

PRECIPITATION 
(INCHES) 
 YESTERDAY           T           1.92  1993   0.20   -0.20   0.00 
 MONTH TO DATE    3.90                        2.96    0.94   0.14 
 SINCE MAR 1      7.86                        8.49   -0.63   4.61 
 SINCE JAN 1     29.11                       22.92    6.19  20.79 

SNOWFALL 
(INCHES) 
 YESTERDAY         0.0            6.4  1956    0.3    -0.3    0.0 
 MONTH TO DATE     0.7                         5.5    -4.8    0.1 
 SINCE MAR 1      12.2                        16.8    -4.6   11.8 
 SINCE JUL 1      43.2                        66.2   -23.0   60.2
 SNOW DEPTH (IN)     0                                          0 

DEGREE DAYS 
 HEATING 
  YESTERDAY         26                          28      -2     31 
  MONTH TO DATE    420                         437     -17    519 
  SINCE MAR 1     1390                        1435     -45   1537 
  SINCE JUL 1     6676                        7308    -632   7458

 COOLING 
  YESTERDAY          0                           0       0      0 
  MONTH TO DATE      0                           0       0      0 
  SINCE MAR 1        0                           0       0      0 
  SINCE JAN 1        0                           0       0      0 
................................................................... 

WIND (MPH) 
 HIGHEST WIND SPEED    10     HIGHEST WIND DIRECTION     60      
 HIGHEST GUST SPEED    13     HIGHEST GUST DIRECTION     60 
 AVERAGE WIND SPEED   4.3 

SKY COVER
  POSSIBLE SUNSHINE    MM          AVERAGE SKY COVER     MM
 
WEATHER CONDITIONS 
 THE FOLLOWING WEATHER WAS RECORDED YESTERDAY. 
  FOG
RAIN
 

RELATIVE HUMIDITY
 HIGHEST RH     MM PERCENT       MM
 LOWEST  RH     MM PERCENT       MM
 AVERAGE RH     MM PERCENT       MM
................................................................... 

THE KODIAK CLIMATE NORMALS FOR TODAY 
                           NORMAL    RECORD   YEAR 
 MAXIMUM TEMPERATURE (F)     43        60     1965 
 MINIMUM TEMPERATURE (F)     32        20     2006 

SUNRISE AND SUNSET 
 APR 16 2014..........SUNRISE  6:57 AM      SUNSET  9:25 PM   
 APR 17 2014..........SUNRISE  6:54 AM      SUNSET  9:27 PM   

-  INDICATES NEGATIVE NUMBERS.
R  INDICATES RECORD HAS BEEN SET OR TIED.
MM INDICATES DATA IS MISSING.
T  INDICATES TRACE OF PRECIPITATION.

&&
-------------------------------------------------------------------

AMOUNT OF DAYLIGHT TODAY  (HOUR:MIN)........14 HOURS 28 MINUTES
GAIN/LOSS SINCE YESTERDAY (HOUR:MIN:SEC)....+0:04:53

$$
*** APR 14