CDAK48 PADQ 141209
CLIADQ

CLIMATE REPORT 
NATIONAL WEATHER SERVICE KODIAK, AK
309 AM AKST SUN FEB 14 2016
...................................
...THE KODIAK AP CLIMATE SUMMARY FOR FEBRUARY 13 2016... 

CLIMATE NORMAL PERIOD  1981 TO  2010 
CLIMATE RECORD PERIOD  1913 TO  2016 

WEATHER ITEM   OBSERVED TIME    RECORD YEAR NORMAL DEPARTURE LAST 
               VALUE    (LST)   VALUE       VALUE  FROM      YEAR 
                                                   NORMAL 
................................................................... 
TEMPERATURE 
YESTERDAY 
 MAXIMUM            38  1055 PM    51  1927     35       3     40 
 MINIMUM            32  0638 AM    -4  1972     26       6     38 
 AVERAGE            35                          31       4     39 

PRECIPITATION 
(INCHES) 
 YESTERDAY        0.68           1.52  1991   0.22    0.46   0.02 
 MONTH TO DATE    5.00                        3.03    1.97   2.85 
 SINCE DEC 1     27.69                       20.05    7.64  26.77 
 SINCE JAN 1     15.41                       11.32    4.09  12.98 

SNOWFALL 
(INCHES) 
 YESTERDAY           T            8.3  2009    0.6    -0.6    0.0 
 MONTH TO DATE       T                         7.0    -7.0   10.2 
 SINCE DEC 1      15.0                        33.8   -18.8   14.7 
 SINCE JUL 1        MM                        41.3      MM   15.4
 SNOW DEPTH (IN)     0                                          0 

DEGREE DAYS 
 HEATING 
  YESTERDAY         30                          34      -4     26 
  MONTH TO DATE    386                         451     -65    404 
  SINCE DEC 1     2192                        2573    -381   2107 
  SINCE JUL 1     4488                        5365    -877   4503

 COOLING 
  YESTERDAY          0                           0       0      0 
  MONTH TO DATE      0                           0       0      0 
  SINCE DEC 1        0                           0       0      0 
  SINCE JAN 1        0                           0       0      0 
................................................................... 

WIND (MPH) 
 HIGHEST WIND SPEED    24     HIGHEST WIND DIRECTION     30      
 HIGHEST GUST SPEED    31     HIGHEST GUST DIRECTION     30 
 AVERAGE WIND SPEED  12.7 

SKY COVER
  POSSIBLE SUNSHINE    MM          AVERAGE SKY COVER     MM
 
WEATHER CONDITIONS 
 THE FOLLOWING WEATHER WAS RECORDED YESTERDAY. 
  FOG
RAIN
SNOW
 

RELATIVE HUMIDITY
 HIGHEST RH     MM PERCENT       MM
 LOWEST  RH     MM PERCENT       MM
 AVERAGE RH     MM PERCENT       MM
................................................................... 

THE KODIAK CLIMATE NORMALS FOR TODAY 
                           NORMAL    RECORD   YEAR 
 MAXIMUM TEMPERATURE (F)     35        57     1927 
 MINIMUM TEMPERATURE (F)     26         0     1985 

SUNRISE AND SUNSET 
 FEB 14 2016..........SUNRISE  8:44 AM      SUNSET  6:06 PM   
 FEB 15 2016..........SUNRISE  8:41 AM      SUNSET  6:09 PM   

-  INDICATES NEGATIVE NUMBERS.
R  INDICATES RECORD HAS BEEN SET OR TIED.
MM INDICATES DATA IS MISSING.
T  INDICATES TRACE OF PRECIPITATION.

&&
-------------------------------------------------------------------

AMOUNT OF DAYLIGHT TODAY  (HOUR:MIN)........9 HOURS 22 MINUTES
GAIN/LOSS SINCE YESTERDAY (HOUR:MIN:SEC)....+0:04:47

$$
LRM FEB 16