CDAK48 PADQ 291405
CLIADQ

CLIMATE REPORT 
NATIONAL WEATHER SERVICE KODIAK, AK
606 AM AKDT WED JUN 29 2016
...................................
...THE KODIAK AP CLIMATE SUMMARY FOR JUNE 28 2016... 

CLIMATE NORMAL PERIOD  1981 TO  2010 
CLIMATE RECORD PERIOD  1913 TO  2016 

WEATHER ITEM   OBSERVED TIME    RECORD YEAR NORMAL DEPARTURE LAST 
               VALUE    (LST)   VALUE       VALUE  FROM      YEAR 
                                                   NORMAL 
................................................................... 
TEMPERATURE 
YESTERDAY 
 MAXIMUM            57  1057 AM    86  1953     57       0     56 
 MINIMUM            52  0420 AM    37  2003     47       5     52 
 AVERAGE            55                          52       3     54 

PRECIPITATION 
(INCHES) 
 YESTERDAY        0.43           2.22  1987   0.17    0.26   0.24 
 MONTH TO DATE    3.26                        5.57   -2.31   2.21 
 SINCE JUN 1      3.26                        5.57   -2.31   2.21 
 SINCE JAN 1     46.04                       36.96    9.08  41.33 

SNOWFALL 
(INCHES) 
 YESTERDAY         0.0            0.0  2016    0.0     0.0    0.0 
 MONTH TO DATE     0.0                         0.0     0.0    0.0 
 SINCE JUN 1       0.0                         0.0     0.0    0.0 
 SINCE JUL 1        MM                        68.9      MM   20.1
 SNOW DEPTH (IN)     0                                          0 

DEGREE DAYS 
 HEATING 
  YESTERDAY         10                          13      -3     11 
  MONTH TO DATE    307                         435    -128    289 
  SINCE JUN 1      307                         435    -128    289 
  SINCE JUL 1     7224                        8769   -1545   7408

 COOLING 
  YESTERDAY          0                           0       0      0 
  MONTH TO DATE      0                           0       0      1 
  SINCE JUN 1        0                           0       0      1 
  SINCE JAN 1        0                           0       0      1 
................................................................... 

WIND (MPH) 
 HIGHEST WIND SPEED    17     HIGHEST WIND DIRECTION     30      
 HIGHEST GUST SPEED    21     HIGHEST GUST DIRECTION     40 
 AVERAGE WIND SPEED  10.9 

SKY COVER
  POSSIBLE SUNSHINE    MM          AVERAGE SKY COVER     MM
 
WEATHER CONDITIONS 
 THE FOLLOWING WEATHER WAS RECORDED YESTERDAY. 
  FOG
RAIN
 

RELATIVE HUMIDITY
 HIGHEST RH     MM PERCENT       MM
 LOWEST  RH     MM PERCENT       MM
 AVERAGE RH     MM PERCENT       MM
................................................................... 

THE KODIAK CLIMATE NORMALS FOR TODAY 
                           NORMAL    RECORD   YEAR 
 MAXIMUM TEMPERATURE (F)     57        76     1968 
 MINIMUM TEMPERATURE (F)     47        38     1952 

SUNRISE AND SUNSET 
 JUN 29 2016..........SUNRISE  5:14 AM      SUNSET 11:14 PM   
 JUN 30 2016..........SUNRISE  5:15 AM      SUNSET 11:14 PM   

-  INDICATES NEGATIVE NUMBERS.
R  INDICATES RECORD HAS BEEN SET OR TIED.
MM INDICATES DATA IS MISSING.
T  INDICATES TRACE OF PRECIPITATION.

&&
-------------------------------------------------------------------

AMOUNT OF DAYLIGHT TODAY  (HOUR:MIN)........18 HOURS 0 MINUTES
GAIN/LOSS SINCE YESTERDAY (HOUR:MIN:SEC)....-0:01:14

$$
CSB JUN 16