CDAK48 PADQ 191204
CLIADQ

CLIMATE REPORT 
NATIONAL WEATHER SERVICE KODIAK, AK
304 AM AKST FRI DEC 19 2014
...................................
...THE KODIAK AP CLIMATE SUMMARY FOR DECEMBER 18 2014... 

CLIMATE NORMAL PERIOD  1981 TO  2010 
CLIMATE RECORD PERIOD  1949 TO  2014 

WEATHER ITEM   OBSERVED TIME    RECORD YEAR NORMAL DEPARTURE LAST 
               VALUE    (LST)   VALUE       VALUE  FROM      YEAR 
                                                   NORMAL 
................................................................... 
TEMPERATURE 
YESTERDAY 
 MAXIMUM            44  1245 PM    44  2014     36       8     38 
 MINIMUM            41  1106 PM     7  2009     26      15     10 
 AVERAGE            43                          31      12     24 

PRECIPITATION 
(INCHES) 
 YESTERDAY        0.34           1.89  1985   0.29    0.05   0.93 
 MONTH TO DATE    6.27                        5.14    1.13   1.37 
 SINCE DEC 1      6.27                        5.14    1.13   1.37 
 SINCE JAN 1     81.92                       74.41    7.51  62.38 

SNOWFALL 
(INCHES) 
 YESTERDAY         0.0           11.9  1975    0.4    -0.4    8.0 
 MONTH TO DATE     0.2                         8.5    -8.3    8.0 
 SINCE DEC 1       0.2                         8.5    -8.3    8.0 
 SINCE JUL 1       0.9                        16.0   -15.1   15.3
 SNOW DEPTH (IN)     0                                          3 

DEGREE DAYS 
 HEATING 
  YESTERDAY         22                          34     -12     41 
  MONTH TO DATE    459                         607    -148    631 
  SINCE DEC 1      459                         607    -148    631 
  SINCE JUL 1     2855                        3399    -544   3038

 COOLING 
  YESTERDAY          0                           0       0      0 
  MONTH TO DATE      0                           0       0      0 
  SINCE DEC 1        0                           0       0      0 
  SINCE JAN 1        4                           0       4      6 
................................................................... 

WIND (MPH) 
 HIGHEST WIND SPEED    36     HIGHEST WIND DIRECTION     20      
 HIGHEST GUST SPEED    45     HIGHEST GUST DIRECTION     30 
 AVERAGE WIND SPEED  22.3 

SKY COVER
  POSSIBLE SUNSHINE    MM          AVERAGE SKY COVER     MM
 
WEATHER CONDITIONS 
 THE FOLLOWING WEATHER WAS RECORDED YESTERDAY. 
  FOG
RAIN
 

RELATIVE HUMIDITY
 HIGHEST RH     MM PERCENT       MM
 LOWEST  RH     MM PERCENT       MM
 AVERAGE RH     MM PERCENT       MM
................................................................... 

THE KODIAK CLIMATE NORMALS FOR TODAY 
                           NORMAL    RECORD   YEAR 
 MAXIMUM TEMPERATURE (F)     36        45     1951 
 MINIMUM TEMPERATURE (F)     26         4     2001 

SUNRISE AND SUNSET 
 DEC 19 2014..........SUNRISE  9:52 AM      SUNSET  4:24 PM   
 DEC 20 2014..........SUNRISE  9:53 AM      SUNSET  4:24 PM   

-  INDICATES NEGATIVE NUMBERS.
R  INDICATES RECORD HAS BEEN SET OR TIED.
MM INDICATES DATA IS MISSING.
T  INDICATES TRACE OF PRECIPITATION.

&&
-------------------------------------------------------------------

AMOUNT OF DAYLIGHT TODAY  (HOUR:MIN)........6 HOURS 32 MINUTES
GAIN/LOSS SINCE YESTERDAY (HOUR:MIN:SEC)....-0:00:23

$$
*** DEC 14