CDAK48 PADQ 280925
CLIADQ

CLIMATE REPORT 
NATIONAL WEATHER SERVICE KODIAK, AK
125 AM AKDT THU MAY 28 2015
...................................
...THE KODIAK AP CLIMATE SUMMARY FOR MAY 27 2015... 

CLIMATE NORMAL PERIOD  1981 TO  2010 
CLIMATE RECORD PERIOD  1949 TO  2015 

WEATHER ITEM   OBSERVED TIME    RECORD YEAR NORMAL DEPARTURE LAST 
               VALUE    (LST)   VALUE       VALUE  FROM      YEAR 
                                                   NORMAL 
................................................................... 
TEMPERATURE 
YESTERDAY 
 MAXIMUM            55  0601 PM    75  2006     52       3     59 
 MINIMUM            37  0533 AM    35  1977     41      -4     49 
 AVERAGE            46                          46       0     54 

PRECIPITATION 
(INCHES) 
 YESTERDAY        0.00           1.61  2002   0.19   -0.19   0.02 
 MONTH TO DATE    6.03                        4.80    1.23   0.33 
 SINCE MAR 1     20.20                       16.14    4.06  11.42 
 SINCE JAN 1     39.12                       30.57    8.55  32.67 

SNOWFALL 
(INCHES) 
 YESTERDAY         0.0              T  1971    0.0     0.0    0.0 
 MONTH TO DATE     0.0                         0.2    -0.2    0.0 
 SINCE MAR 1       4.7                        19.5   -14.8   12.4 
 SINCE JUL 1      20.1                        68.9   -48.8     MM
 SNOW DEPTH (IN)     0                                          0 

DEGREE DAYS 
 HEATING 
  YESTERDAY         19                          19       0     11 
  MONTH TO DATE    511                         569     -58    393 
  SINCE MAR 1     2160                        2388    -228   2130 
  SINCE JUL 1     7078                        8261   -1183   7416

 COOLING 
  YESTERDAY          0                           0       0      0 
  MONTH TO DATE      0                           0       0      4 
  SINCE MAR 1        0                           0       0      4 
  SINCE JAN 1        0                           0       0      4 
................................................................... 

WIND (MPH) 
 HIGHEST WIND SPEED    12     HIGHEST WIND DIRECTION    310      
 HIGHEST GUST SPEED    15     HIGHEST GUST DIRECTION     90 
 AVERAGE WIND SPEED   6.4 

SKY COVER
  POSSIBLE SUNSHINE    MM          AVERAGE SKY COVER     MM
 
WEATHER CONDITIONS 
 THE FOLLOWING WEATHER WAS RECORDED YESTERDAY. 
  NO SIGNIFICANT WEATHER WAS OBSERVED. 

RELATIVE HUMIDITY
 HIGHEST RH     MM PERCENT       MM
 LOWEST  RH     MM PERCENT       MM
 AVERAGE RH     MM PERCENT       MM
................................................................... 

THE KODIAK CLIMATE NORMALS FOR TODAY 
                           NORMAL    RECORD   YEAR 
 MAXIMUM TEMPERATURE (F)     52        68     1993 
 MINIMUM TEMPERATURE (F)     41        30     1977 

SUNRISE AND SUNSET 
 MAY 28 2015..........SUNRISE  5:25 AM      SUNSET 10:52 PM   
 MAY 29 2015..........SUNRISE  5:23 AM      SUNSET 10:54 PM   

-  INDICATES NEGATIVE NUMBERS.
R  INDICATES RECORD HAS BEEN SET OR TIED.
MM INDICATES DATA IS MISSING.
T  INDICATES TRACE OF PRECIPITATION.

&&
-------------------------------------------------------------------

AMOUNT OF DAYLIGHT TODAY  (HOUR:MIN)........17 HOURS 27 MINUTES
GAIN/LOSS SINCE YESTERDAY (HOUR:MIN:SEC)....+0:03:08

$$
*** MAY 15