CDAK48 PADQ 031213
CLIADQ

CLIMATE REPORT 
NATIONAL WEATHER SERVICE KODIAK, AK
413 AM AKDT MON AUG 3 2015
...................................
...THE KODIAK AP CLIMATE SUMMARY FOR AUGUST 2 2015... 

CLIMATE NORMAL PERIOD  1981 TO  2010 
CLIMATE RECORD PERIOD  1913 TO  2015 

WEATHER ITEM   OBSERVED TIME    RECORD YEAR NORMAL DEPARTURE LAST 
               VALUE    (LST)   VALUE       VALUE  FROM      YEAR 
                                                   NORMAL 
................................................................... 
TEMPERATURE 
YESTERDAY 
 MAXIMUM            74  0717 PM    76  2004     62      12     65 
 MINIMUM            51  0544 AM    42  1928     50       1     54 
 AVERAGE            63                          56       7     60 

PRECIPITATION 
(INCHES) 
 YESTERDAY        0.00           2.44  2005   0.14   -0.14   0.29 
 MONTH TO DATE    0.00                        0.29   -0.29   0.29 
 SINCE JUN 1      6.40                       11.13   -4.73   9.09 
 SINCE JAN 1     45.52                       42.52    3.00  42.62 

SNOWFALL 
(INCHES) 
 YESTERDAY         0.0            0.0  2015    0.0     0.0    0.0 
 MONTH TO DATE     0.0                         0.0     0.0    0.0 
 SINCE JUN 1       0.0                         0.0     0.0    0.0 
 SINCE JUL 1       0.0                         0.0     0.0    0.0
 SNOW DEPTH (IN)     0                                          0 

DEGREE DAYS 
 HEATING 
  YESTERDAY          2                           9      -7      5 
  MONTH TO DATE      5                          18     -13     14 
  SINCE JUN 1      543                         805    -262    676 
  SINCE JUL 1      232                         344    -112    254

 COOLING 
  YESTERDAY          0                           0       0      0 
  MONTH TO DATE      0                           0       0      0 
  SINCE JUN 1        1                           0       1      0 
  SINCE JAN 1        1                           0       1      4 
................................................................... 

WIND (MPH) 
 HIGHEST WIND SPEED    12     HIGHEST WIND DIRECTION     40      
 HIGHEST GUST SPEED    13     HIGHEST GUST DIRECTION     30 
 AVERAGE WIND SPEED   5.5 

SKY COVER
  POSSIBLE SUNSHINE    MM          AVERAGE SKY COVER     MM
 
WEATHER CONDITIONS 
 THE FOLLOWING WEATHER WAS RECORDED YESTERDAY. 
  NO SIGNIFICANT WEATHER WAS OBSERVED. 

RELATIVE HUMIDITY
 HIGHEST RH     MM PERCENT       MM
 LOWEST  RH     MM PERCENT       MM
 AVERAGE RH     MM PERCENT       MM
................................................................... 

THE KODIAK CLIMATE NORMALS FOR TODAY 
                           NORMAL    RECORD   YEAR 
 MAXIMUM TEMPERATURE (F)     62        78     1983 
 MINIMUM TEMPERATURE (F)     50        39     1973 

SUNRISE AND SUNSET 
 AUG 3 2015..........SUNRISE  6:09 AM      SUNSET 10:23 PM   
 AUG 4 2015..........SUNRISE  6:11 AM      SUNSET 10:20 PM   

-  INDICATES NEGATIVE NUMBERS.
R  INDICATES RECORD HAS BEEN SET OR TIED.
MM INDICATES DATA IS MISSING.
T  INDICATES TRACE OF PRECIPITATION.

&&
-------------------------------------------------------------------

AMOUNT OF DAYLIGHT TODAY  (HOUR:MIN)........16 HOURS 14 MINUTES
GAIN/LOSS SINCE YESTERDAY (HOUR:MIN:SEC)....-0:04:18

$$
*** AUG 15