CDAK48 PADQ 232332
CLIADQ

CLIMATE REPORT
NATIONAL WEATHER SERVICE KODIAK, AK
332 PM AKDT TUE SEP 23 2014
...................................
...THE KODIAK AP CLIMATE SUMMARY FOR SEPTEMBER 23 2014...
VALID TODAY AS OF 2:00 PM LOCAL TIME

CLIMATE NORMAL PERIOD  1981 TO  2010 
CLIMATE RECORD PERIOD  1949 TO  2014 

WEATHER ITEM   OBSERVED TIME    RECORD YEAR NORMAL DEPARTURE LAST 
               VALUE    (LST)   VALUE       VALUE  FROM      YEAR 
                                                   NORMAL 
................................................................... 
TEMPERATURE 
TODAY 
 MAXIMUM            55  0149 PM    61  1980     53       2     53 
 MINIMUM            35  0434 AM    27  1996     41      -6     37 
 AVERAGE            45                          47      -2     45 

PRECIPITATION 
(INCHES) 
 TODAY            0.00           2.06  1957   0.28   -0.28   0.00 
 MONTH TO DATE    7.07                        5.36    1.71   5.93 
 SINCE SEP 1      7.07                        5.36    1.71   5.93 
 SINCE JAN 1     56.30                       52.15    4.15  45.84 

SNOWFALL 
(INCHES) 
 TODAY             0.0            0.0  2014    0.0     0.0    0.0 
 MONTH TO DATE     0.0                         0.0     0.0    0.0
 SINCE SEP 1       0.0                         0.0     0.0    0.0
 SINCE JUL 1       0.0                         0.0     0.0    0.0
 SNOW DEPTH (IN)     0                                          0

DEGREE DAYS 
 HEATING 
  TODAY             20                          18       2     20 
  MONTH TO DATE    260                         335     -75    310
  SINCE SEP 1      260                         335     -75    310
  SINCE JUL 1      761                         965    -204    789

 COOLING 
  TODAY              0                           0       0      0 
  MONTH TO DATE      0                           0       0      0 
  SINCE SEP 1        0                           0       0      0 
  SINCE JAN 1        4                           0       4      6 
................................................................... 

WIND (MPH) 
 HIGHEST WIND SPEED     9     HIGHEST WIND DIRECTION    270      
 HIGHEST GUST SPEED    10     HIGHEST GUST DIRECTION    270 
 AVERAGE WIND SPEED    MM 

SKY COVER
  POSSIBLE SUNSHINE  MM            AVERAGE SKY COVER MM
 
WEATHER CONDITIONS 
 THE FOLLOWING WEATHER WAS RECORDED TODAY. 
NO SIGNIFICANT WEATHER WAS OBSERVED. 

RELATIVE HUMIDITY
 HIGHEST RH     MM PERCENT       MM
 LOWEST  RH     MM PERCENT       MM
 AVERAGE RH     MM PERCENT       MM
................................................................... 

THE KODIAK CLIMATE NORMALS FOR TOMORROW 
                        NORMAL    RECORD   YEAR 
 MAXIMUM TEMPERATURE      53        64     1951 
 MINIMUM TEMPERATURE      41        30     1992 

SUNRISE AND SUNSET 
 SEP 23 2014..........SUNRISE  7:58 AM      SUNSET  8:06 PM    
 SEP 24 2014..........SUNRISE  8:00 AM      SUNSET  8:03 PM    

-  INDICATES NEGATIVE NUMBERS.
R  INDICATES RECORD HAS BEEN SET OR TIED.
MM INDICATES DATA IS MISSING.
T  INDICATES TRACE OF PRECIPITATION.

&&
-------------------------------------------------------------------

AMOUNT OF DAYLIGHT TODAY  (HOUR:MIN)........12 HOURS 8 MINUTES
GAIN/LOSS SINCE YESTERDAY (HOUR:MIN:SEC)....-0:04:56

$$
*** SEP 14