CDAK48 PADQ 311300
CLIADQ

CLIMATE REPORT 
NATIONAL WEATHER SERVICE KODIAK, AK
501 AM AKDT TUE MAY 31 2016
...................................
...THE KODIAK AP CLIMATE SUMMARY FOR MAY 30 2016... 

CLIMATE NORMAL PERIOD  1981 TO  2010 
CLIMATE RECORD PERIOD  1913 TO  2016 

WEATHER ITEM   OBSERVED TIME    RECORD YEAR NORMAL DEPARTURE LAST 
               VALUE    (LST)   VALUE       VALUE  FROM      YEAR 
                                                   NORMAL 
................................................................... 
TEMPERATURE 
YESTERDAY 
 MAXIMUM            52  1201 AM    72  1993     52       0     67 
 MINIMUM            46  1022 PM    33  1931     41       5     47 
 AVERAGE            49                          47       2     57 

PRECIPITATION 
(INCHES) 
 YESTERDAY        0.05           1.56  1922   0.21   -0.16   0.00 
 MONTH TO DATE    2.68                        5.42   -2.74   6.03 
 SINCE MAR 1     18.92                       16.76    2.16  20.20 
 SINCE JAN 1     42.21                       31.19   11.02  39.12 

SNOWFALL 
(INCHES) 
 YESTERDAY         0.0            0.0  2016    0.0     0.0    0.0 
 MONTH TO DATE     0.0                         0.2    -0.2    0.0 
 SINCE MAR 1       3.6                        19.5   -15.9    4.7 
 SINCE JUL 1        MM                        68.9      MM   20.1
 SNOW DEPTH (IN)     0                                          0 

DEGREE DAYS 
 HEATING 
  YESTERDAY         16                          18      -2      8 
  MONTH TO DATE    497                         624    -127    546 
  SINCE MAR 1     1964                        2443    -479   2195 
  SINCE JUL 1     6901                        8316   -1415   7113

 COOLING 
  YESTERDAY          0                           0       0      0 
  MONTH TO DATE      0                           0       0      0 
  SINCE MAR 1        0                           0       0      0 
  SINCE JAN 1        0                           0       0      0 
................................................................... 

WIND (MPH) 
 HIGHEST WIND SPEED    22     HIGHEST WIND DIRECTION    100      
 HIGHEST GUST SPEED    25     HIGHEST GUST DIRECTION    110 
 AVERAGE WIND SPEED  13.4 

SKY COVER
  POSSIBLE SUNSHINE    MM          AVERAGE SKY COVER     MM
 
WEATHER CONDITIONS 
 THE FOLLOWING WEATHER WAS RECORDED YESTERDAY. 
  FOG
RAIN
 

RELATIVE HUMIDITY
 HIGHEST RH     MM PERCENT       MM
 LOWEST  RH     MM PERCENT       MM
 AVERAGE RH     MM PERCENT       MM
................................................................... 

THE KODIAK CLIMATE NORMALS FOR TODAY 
                           NORMAL    RECORD   YEAR 
 MAXIMUM TEMPERATURE (F)     52        72     1964 
 MINIMUM TEMPERATURE (F)     41        34     1984 

SUNRISE AND SUNSET 
 MAY 31 2016..........SUNRISE  5:20 AM      SUNSET 10:58 PM   
 JUN 1 2016..........SUNRISE  5:19 AM      SUNSET 10:59 PM   

-  INDICATES NEGATIVE NUMBERS.
R  INDICATES RECORD HAS BEEN SET OR TIED.
MM INDICATES DATA IS MISSING.
T  INDICATES TRACE OF PRECIPITATION.

&&
-------------------------------------------------------------------

AMOUNT OF DAYLIGHT TODAY  (HOUR:MIN)........17 HOURS 38 MINUTES
GAIN/LOSS SINCE YESTERDAY (HOUR:MIN:SEC)....+0:02:45

$$
CSB MAY 16