CDAK48 PADQ 240909
CLIADQ

CLIMATE REPORT 
NATIONAL WEATHER SERVICE KODIAK, AK
109 AM AKDT THU APR 24 2014
...................................
...THE KODIAK AP CLIMATE SUMMARY FOR APRIL 23 2014... 

CLIMATE NORMAL PERIOD  1981 TO  2010 
CLIMATE RECORD PERIOD  1949 TO  2014 

WEATHER ITEM   OBSERVED TIME    RECORD YEAR NORMAL DEPARTURE LAST 
               VALUE    (LST)   VALUE       VALUE  FROM      YEAR 
                                                   NORMAL 
................................................................... 
TEMPERATURE 
YESTERDAY 
 MAXIMUM            46  1211 PM    57  2003     45       1     45 
 MINIMUM            39  0421 AM    20  1986     34       5     38 
 AVERAGE            43                          39       4     42 

PRECIPITATION 
(INCHES) 
 YESTERDAY        0.16           0.58  2007   0.19   -0.03   0.48 
 MONTH TO DATE    6.18                        4.50    1.68   2.56 
 SINCE MAR 1     10.14                       10.03    0.11   7.03 
 SINCE JAN 1     31.39                       24.46    6.93  23.21 

SNOWFALL 
(INCHES) 
 YESTERDAY         0.0            2.0  1965    0.2    -0.2    0.0 
 MONTH TO DATE     0.9                         7.2    -6.3    4.5 
 SINCE MAR 1      12.4                        18.5    -6.1   16.2 
 SINCE JUL 1      43.4                        67.9   -24.5   64.6
 SNOW DEPTH (IN)     0                                          0 

DEGREE DAYS 
 HEATING 
  YESTERDAY         22                          26      -4     23 
  MONTH TO DATE    606                         649     -43    753 
  SINCE MAR 1     1576                        1647     -71   1771 
  SINCE JUL 1     6862                        7520    -658   7692

 COOLING 
  YESTERDAY          0                           0       0      0 
  MONTH TO DATE      0                           0       0      0 
  SINCE MAR 1        0                           0       0      0 
  SINCE JAN 1        0                           0       0      0 
................................................................... 

WIND (MPH) 
 HIGHEST WIND SPEED    23     HIGHEST WIND DIRECTION     50      
 HIGHEST GUST SPEED    28     HIGHEST GUST DIRECTION     60 
 AVERAGE WIND SPEED  13.6 

SKY COVER
  POSSIBLE SUNSHINE    MM          AVERAGE SKY COVER     MM
 
WEATHER CONDITIONS 
 THE FOLLOWING WEATHER WAS RECORDED YESTERDAY. 
  FOG
RAIN
 

RELATIVE HUMIDITY
 HIGHEST RH     MM PERCENT       MM
 LOWEST  RH     MM PERCENT       MM
 AVERAGE RH     MM PERCENT       MM
................................................................... 

THE KODIAK CLIMATE NORMALS FOR TODAY 
                           NORMAL    RECORD   YEAR 
 MAXIMUM TEMPERATURE (F)     45        56     2005 
 MINIMUM TEMPERATURE (F)     34        22     1955 

SUNRISE AND SUNSET 
 APR 24 2014..........SUNRISE  6:36 AM      SUNSET  9:43 PM   
 APR 25 2014..........SUNRISE  6:34 AM      SUNSET  9:45 PM   

-  INDICATES NEGATIVE NUMBERS.
R  INDICATES RECORD HAS BEEN SET OR TIED.
MM INDICATES DATA IS MISSING.
T  INDICATES TRACE OF PRECIPITATION.

&&
-------------------------------------------------------------------

AMOUNT OF DAYLIGHT TODAY  (HOUR:MIN)........15 HOURS 7 MINUTES
GAIN/LOSS SINCE YESTERDAY (HOUR:MIN:SEC)....+0:04:47

$$
*** APR 14