CDAK48 PACD 301126
CLICDB

CLIMATE REPORT 
NATIONAL WEATHER SERVICE COLD BAY, AK
327 AM AKDT THU JUN 30 2016
...................................
...THE COLD BAY AP CLIMATE SUMMARY FOR JUNE 29 2016... 

CLIMATE NORMAL PERIOD  1981 TO  2010 
CLIMATE RECORD PERIOD  1942 TO  2016 

WEATHER ITEM   OBSERVED TIME    RECORD YEAR NORMAL DEPARTURE LAST 
               VALUE    (LST)   VALUE       VALUE  FROM      YEAR 
                                                   NORMAL 
................................................................... 
TEMPERATURE 
YESTERDAY 
 MAXIMUM            60  0306 PM    68  1985     53       7     53 
 MINIMUM            50  0602 AM    30  2009     44       6     48 
 AVERAGE            55                          49       6     51 

PRECIPITATION 
(INCHES) 
 YESTERDAY        0.00           0.79  1980   0.09   -0.09   0.00 
 MONTH TO DATE    1.73                        2.64   -0.91   1.11 
 SINCE JUN 1      1.73                        2.64   -0.91   1.11 
 SINCE JAN 1     14.15                       16.50   -2.35  13.96 

SNOWFALL 
(INCHES) 
 YESTERDAY         0.0            0.0  2016    0.0     0.0    0.0 
 MONTH TO DATE     0.0                         0.0     0.0    0.0 
 SINCE JUN 1       0.0                         0.0     0.0    0.0 
 SINCE JUL 1      50.1                        73.1   -23.0   22.3
 SNOW DEPTH (IN)     0                                          0 

DEGREE DAYS 
 HEATING 
  YESTERDAY         10                          16      -6     14 
  MONTH TO DATE    456                         546     -90    450 
  SINCE JUN 1      456                         546     -90    450 
  SINCE JUL 1     8544                        9544   -1000   8328

 COOLING 
  YESTERDAY          0                           0       0      0 
  MONTH TO DATE      0                           0       0      0 
  SINCE JUN 1        0                           0       0      0 
  SINCE JAN 1        0                           0       0      0 
................................................................... 

WIND (MPH) 
 HIGHEST WIND SPEED    25     HIGHEST WIND DIRECTION    150      
 HIGHEST GUST SPEED    32     HIGHEST GUST DIRECTION    150 
 AVERAGE WIND SPEED  16.1 
 
WEATHER CONDITIONS 
 THE FOLLOWING WEATHER WAS RECORDED YESTERDAY. 
  NO SIGNIFICANT WEATHER WAS OBSERVED. 
................................................................... 

THE COLD BAY CLIMATE NORMALS FOR TODAY 
                           NORMAL    RECORD   YEAR 
 MAXIMUM TEMPERATURE (F)     54        62     2015 
 MINIMUM TEMPERATURE (F)     44        37     1971 

SUNRISE AND SUNSET 
 JUN 30 2016..........SUNRISE  6:15 AM      SUNSET 11:35 PM   
 JUL 1 2016..........SUNRISE  6:16 AM      SUNSET 11:34 PM   

-  INDICATES NEGATIVE NUMBERS.
R  INDICATES RECORD HAS BEEN SET OR TIED.
MM INDICATES DATA IS MISSING.
T  INDICATES TRACE OF PRECIPITATION.

&&
-------------------------------------------------------------------

AMOUNT OF DAYLIGHT TODAY  (HOUR:MIN)........17 HOURS 20 MINUTES
LOSS SINCE YESTERDAY (HOUR:MIN:SEC)....-0:01:10

$$
KH JUN 16