CDAK48 PACD 291120
CLICDB

CLIMATE REPORT 
NATIONAL WEATHER SERVICE COLD BAY, AK
320 AM AKDT SAT AUG 29 2015
...................................
...THE COLD BAY AP CLIMATE SUMMARY FOR AUGUST 28 2015... 

CLIMATE NORMAL PERIOD  1981 TO  2010 
CLIMATE RECORD PERIOD  1942 TO  2015 

WEATHER ITEM   OBSERVED TIME    RECORD YEAR NORMAL DEPARTURE LAST 
               VALUE    (LST)   VALUE       VALUE  FROM      YEAR 
                                                   NORMAL 
................................................................... 
TEMPERATURE 
YESTERDAY 
 MAXIMUM            56  1105 PM    63  1962     56       0     61 
 MINIMUM            50  0700 AM    32  1999     47       3     43 
 AVERAGE            53                          52       1     52 

PRECIPITATION 
(INCHES) 
 YESTERDAY        0.04           1.62  2000   0.13   -0.09      T 
 MONTH TO DATE    1.22                        3.27   -2.05   2.82 
 SINCE JUN 1      4.80                        8.47   -3.67   6.00 
 SINCE JAN 1     17.65                       22.33   -4.68  17.98 

SNOWFALL 
(INCHES) 
 YESTERDAY         0.0            0.0  2015    0.0     0.0    0.0 
 MONTH TO DATE     0.0                         0.0     0.0    0.0 
 SINCE JUN 1       0.0                         0.0     0.0    0.0 
 SINCE JUL 1       0.0                         0.0     0.0    0.0
 SNOW DEPTH (IN)     0                                          0 

DEGREE DAYS 
 HEATING 
  YESTERDAY         12                          13      -1     13 
  MONTH TO DATE    334                         364     -30    228 
  SINCE JUN 1     1194                        1364    -170    952 
  SINCE JUL 1      734                         802     -68    507

 COOLING 
  YESTERDAY          0                           0       0      0 
  MONTH TO DATE      0                           0       0      0 
  SINCE JUN 1        0                           0       0      0 
  SINCE JAN 1        0                           0       0      0 
................................................................... 

WIND (MPH) 
 HIGHEST WIND SPEED    30     HIGHEST WIND DIRECTION    250      
 HIGHEST GUST SPEED    38     HIGHEST GUST DIRECTION    250 
 AVERAGE WIND SPEED  17.0 

 
WEATHER CONDITIONS 
 THE FOLLOWING WEATHER WAS RECORDED YESTERDAY. 
  FOG
  DRIZZLE
  RAIN
................................................................... 

THE COLD BAY CLIMATE NORMALS FOR TODAY 
                           NORMAL    RECORD   YEAR 
 MAXIMUM TEMPERATURE (F)     56        67     1997 
 MINIMUM TEMPERATURE (F)     47        36     1970 

SUNRISE AND SUNSET 
 AUG 29 2015..........SUNRISE  7:52 AM      SUNSET  9:52 PM   
 AUG 30 2015..........SUNRISE  7:54 AM      SUNSET  9:49 PM   

-  INDICATES NEGATIVE NUMBERS.
R  INDICATES RECORD HAS BEEN SET OR TIED.
MM INDICATES DATA IS MISSING.
T  INDICATES TRACE OF PRECIPITATION.

&&
-------------------------------------------------------------------

AMOUNT OF DAYLIGHT TODAY  (HOUR:MIN)........14 HOURS 0 MINUTES
LOSS SINCE YESTERDAY  (HOUR:MIN:SEC)........-0:04:22

$$

RCS AUG 15