CDAK48 PACD 241219
CLICDB

CLIMATE REPORT 
NATIONAL WEATHER SERVICE COLD BAY, AK
419 AM AKDT THU APR 24 2014
...................................
...THE COLD BAY AP CLIMATE SUMMARY FOR APRIL 23 2014... 

CLIMATE NORMAL PERIOD  1981 TO  2010 
CLIMATE RECORD PERIOD  1955 TO  2014 

WEATHER ITEM   OBSERVED TIME    RECORD YEAR NORMAL DEPARTURE LAST 
               VALUE    (LST)   VALUE       VALUE  FROM      YEAR 
                                                   NORMAL 
................................................................... 
TEMPERATURE 
YESTERDAY 
 MAXIMUM            49  0215 PM    54  2013     41       8     54 
 MINIMUM            36  0645 AM    15  1976     31       5     35 
 AVERAGE            43                          36       7     45 

PRECIPITATION 
(INCHES) 
 YESTERDAY        0.01           0.62  1979   0.09   -0.08      T 
 MONTH TO DATE    1.62                        1.88   -0.26   1.92 
 SINCE MAR 1      3.01                        4.58   -1.57   4.60 
 SINCE JAN 1     11.46                       10.72    0.74  10.51 

SNOWFALL 
(INCHES) 
 YESTERDAY         0.0            2.0  2011    0.2    -0.2    0.0 
 MONTH TO DATE     1.4                         5.7    -4.3    2.1 
 SINCE MAR 1       8.2                        18.7   -10.5   12.4 
 SINCE JUL 1      37.3                        70.9   -33.6   64.2
 SNOW DEPTH (IN)     0                                          0 

DEGREE DAYS 
 HEATING 
  YESTERDAY         22                          29      -7     20 
  MONTH TO DATE    607                         730    -123    734 
  SINCE MAR 1     1571                        1809    -238   1788 
  SINCE JUL 1     6715                        8033   -1318     MM

 COOLING 
  YESTERDAY          0                           0       0      0 
  MONTH TO DATE      0                           0       0      0 
  SINCE MAR 1        0                           0       0      0 
  SINCE JAN 1        0                           0       0      0 
................................................................... 

WIND (MPH) 
 HIGHEST WIND SPEED    22     HIGHEST WIND DIRECTION    140      
 HIGHEST GUST SPEED    26     HIGHEST GUST DIRECTION    130 
 AVERAGE WIND SPEED  14.2 

WEATHER CONDITIONS 
 THE FOLLOWING WEATHER WAS RECORDED YESTERDAY. 
 RAIN
................................................................... 

THE COLD BAY CLIMATE NORMALS FOR TODAY 
                           NORMAL    RECORD   YEAR 
 MAXIMUM TEMPERATURE (F)     41        54     2013 
 MINIMUM TEMPERATURE (F)     31        14     1976 

SUNRISE AND SUNSET 
 APR 24 2014..........SUNRISE  7:26 AM      SUNSET 10:15 PM   
 APR 25 2014..........SUNRISE  7:23 AM      SUNSET 10:17 PM   

-  INDICATES NEGATIVE NUMBERS.
R  INDICATES RECORD HAS BEEN SET OR TIED.
MM INDICATES DATA IS MISSING.
T  INDICATES TRACE OF PRECIPITATION.

&&
-------------------------------------------------------------------

AMOUNT OF DAYLIGHT TODAY  (HOUR:MIN)........14 HOURS 49 MINUTES
GAIN SINCE YESTERDAY (HOUR:MIN:SEC)....+0:04:17

$$
STACY