CDAK48 PACD 072314
CLICDB

CLIMATE REPORT
NATIONAL WEATHER SERVICE COLD BAY, AK
314 PM AKDT TUE JUL 7 2015
...................................
...THE COLD BAY AP CLIMATE SUMMARY FOR JULY 7 2015...
VALID TODAY AS OF 2:00 PM LOCAL TIME

CLIMATE NORMAL PERIOD  1981 TO  2010 
CLIMATE RECORD PERIOD  1942 TO  2015 

WEATHER ITEM   OBSERVED TIME    RECORD YEAR NORMAL DEPARTURE LAST 
               VALUE    (LST)   VALUE       VALUE  FROM      YEAR 
                                                   NORMAL 
................................................................... 
TEMPERATURE 
TODAY 
 MAXIMUM            57  0158 PM    66  2007     54       3     62 
 MINIMUM            48  0455 AM    39  1982     46       2     52 
 AVERAGE            53                          50       3     57 

PRECIPITATION 
(INCHES) 
 TODAY            0.00           0.52  1978   0.08   -0.08   0.02 
 MONTH TO DATE    0.62                        0.53    0.09   0.26 
 SINCE JUN 1      1.73                        3.25   -1.52   1.31 
 SINCE JAN 1     14.58                       17.11   -2.53  13.29 

SNOWFALL 
(INCHES) 
 TODAY             0.0            0.0  2015    0.0     0.0    0.0 
 MONTH TO DATE     0.0                         0.0     0.0    0.0
 SINCE JUN 1       0.0                         0.0     0.0    0.0
 SINCE JUL 1       0.0                         0.0     0.0    0.0
 SNOW DEPTH (IN)     0                                          0

DEGREE DAYS 
 HEATING 
  TODAY             12                          15      -3      8 
  MONTH TO DATE     85                         108     -23     64
  SINCE JUN 1      545                         670    -125    509
  SINCE JUL 1       85                         108     -23     64

 COOLING 
  TODAY              0                           0       0      0 
  MONTH TO DATE      0                           0       0      0 
  SINCE JUN 1        0                           0       0      0 
  SINCE JAN 1        0                           0       0      0 
................................................................... 

WIND (MPH) 
 HIGHEST WIND SPEED    37     HIGHEST WIND DIRECTION    160      
 HIGHEST GUST SPEED    43     HIGHEST GUST DIRECTION    150 
 AVERAGE WIND SPEED    MM 

 
WEATHER CONDITIONS 
 THE FOLLOWING WEATHER WAS RECORDED TODAY. 
  FOG
................................................................... 

THE COLD BAY CLIMATE NORMALS FOR TOMORROW 
                        NORMAL    RECORD   YEAR 
 MAXIMUM TEMPERATURE      55        71     1971 
 MINIMUM TEMPERATURE      46        33     1982 

SUNRISE AND SUNSET 
 JUL 7 2015..........SUNRISE  6:21 AM      SUNSET 11:31 PM    
 JUL 8 2015..........SUNRISE  6:22 AM      SUNSET 11:30 PM    

-  INDICATES NEGATIVE NUMBERS.
R  INDICATES RECORD HAS BEEN SET OR TIED.
MM INDICATES DATA IS MISSING.
T  INDICATES TRACE OF PRECIPITATION.

&&
-------------------------------------------------------------------

AMOUNT OF DAYLIGHT TODAY  (HOUR:MIN)........17 HOURS 10 MINUTES
LOSS SINCE YESTERDAY  (HOUR:MIN:SEC)........-0:01:51

$$

RCS JUL 15