CDAK48 PACD 311203
CLICDB

CLIMATE REPORT 
NATIONAL WEATHER SERVICE COLD BAY, AK
403 AM AKDT THU JUL 31 2014
...................................
...THE COLD BAY AP CLIMATE SUMMARY FOR JULY 30 2014... 

CLIMATE NORMAL PERIOD  1981 TO  2010 
CLIMATE RECORD PERIOD  1942 TO  2014 

WEATHER ITEM   OBSERVED TIME    RECORD YEAR NORMAL DEPARTURE LAST 
               VALUE    (LST)   VALUE       VALUE  FROM      YEAR 
                                                   NORMAL 
................................................................... 
TEMPERATURE 
YESTERDAY 
 MAXIMUM            70R 0357 PM    65  1978     57      13     61 
 MINIMUM            47  0355 AM    38  1982     48      -1     54 
 AVERAGE            59                          52       7     58 

PRECIPITATION 
(INCHES) 
 YESTERDAY        0.00           0.88  2000   0.10   -0.10   0.37 
 MONTH TO DATE    2.13                        2.39   -0.26   3.30 
 SINCE JUN 1      3.18                        5.11   -1.93   6.12 
 SINCE JAN 1     15.16                       18.97   -3.81  20.03 

SNOWFALL 
(INCHES) 
 YESTERDAY         0.0            0.0  2014    0.0     0.0    0.0 
 MONTH TO DATE     0.0                         0.0     0.0    0.0 
 SINCE JUN 1       0.0                         0.0     0.0    0.0 
 SINCE JUL 1       0.0                         0.0     0.0    0.0
 SNOW DEPTH (IN)     0                                          0 

DEGREE DAYS 
 HEATING 
  YESTERDAY          6                          13      -7      7 
  MONTH TO DATE    275                         425    -150    331 
  SINCE JUN 1      720                         987    -267    840 
  SINCE JUL 1      275                         425    -150    331

 COOLING 
  YESTERDAY          0                           0       0      0 
  MONTH TO DATE      0                           0       0      0 
  SINCE JUN 1        0                           0       0      0 
  SINCE JAN 1        0                           0       0      0 
................................................................... 

WIND (MPH) 
 HIGHEST WIND SPEED    15     HIGHEST WIND DIRECTION    280      
 HIGHEST GUST SPEED    19     HIGHEST GUST DIRECTION    270 
 AVERAGE WIND SPEED   8.1 

 
WEATHER CONDITIONS 
 THE FOLLOWING WEATHER WAS RECORDED YESTERDAY. 
  NO SIGNIFICANT WEATHER WAS OBSERVED. 
................................................................... 

THE COLD BAY CLIMATE NORMALS FOR TODAY 
                           NORMAL    RECORD   YEAR 
 MAXIMUM TEMPERATURE (F)     57        76     1961 
 MINIMUM TEMPERATURE (F)     48        36     1982 

SUNRISE AND SUNSET 
 JUL 31 2014..........SUNRISE  6:58 AM      SUNSET 10:56 PM   
 AUG 1  2014..........SUNRISE  7:00 AM      SUNSET 10:55 PM   

-  INDICATES NEGATIVE NUMBERS.
R  INDICATES RECORD HAS BEEN SET OR TIED.
MM INDICATES DATA IS MISSING.
T  INDICATES TRACE OF PRECIPITATION.

&&
-------------------------------------------------------------------

AMOUNT OF DAYLIGHT TODAY  (HOUR:MIN)........15 HOURS 58 MINUTES
LOSS SINCE YESTERDAY (HOUR:MIN:SEC).........-0:03:40

$$

RCS JUL 14