CDAK48 PACD 041209
CLICDB

CLIMATE REPORT 
NATIONAL WEATHER SERVICE COLD BAY, AK
409 AM AKDT TUE AUG 4 2015
...................................
...THE COLD BAY AP CLIMATE SUMMARY FOR AUGUST 3 2015... 

CLIMATE NORMAL PERIOD  1981 TO  2010 
CLIMATE RECORD PERIOD  1955 TO  2015 

WEATHER ITEM   OBSERVED TIME    RECORD YEAR NORMAL DEPARTURE LAST 
               VALUE    (LST)   VALUE       VALUE  FROM      YEAR 
                                                   NORMAL 
................................................................... 
TEMPERATURE 
YESTERDAY 
 MAXIMUM            57  0500 PM    69  1978     57       0     64 
 MINIMUM            51  0303 AM    33  2012     48       3     54 
 AVERAGE            54                          52       2     59 

PRECIPITATION 
(INCHES) 
 YESTERDAY        0.40           1.29  1999   0.11    0.29      T 
 MONTH TO DATE    0.40                        0.32    0.08   0.10 
 SINCE JUN 1      3.98                        5.52   -1.54   3.28 
 SINCE JAN 1     16.83                       19.38   -2.55  15.26 

SNOWFALL 
(INCHES) 
 YESTERDAY         0.0            0.0  2015    0.0     0.0    0.0 
 MONTH TO DATE     0.0                         0.0     0.0    0.0 
 SINCE JUN 1       0.0                         0.0     0.0    0.0 
 SINCE JUL 1       0.0                         0.0     0.0    0.0
 SNOW DEPTH (IN)     0                                          0 

DEGREE DAYS 
 HEATING 
  YESTERDAY         11                          13      -2      6 
  MONTH TO DATE     33                          39      -6     20 
  SINCE JUN 1      893                        1039    -146    744 
  SINCE JUL 1      433                         477     -44    299

 COOLING 
  YESTERDAY          0                           0       0      0 
  MONTH TO DATE      0                           0       0      0 
  SINCE JUN 1        0                           0       0      0 
  SINCE JAN 1        0                           0       0      0 
................................................................... 

WIND (MPH) 
 HIGHEST WIND SPEED    24     HIGHEST WIND DIRECTION    350      
 HIGHEST GUST SPEED    33     HIGHEST GUST DIRECTION     10 
 AVERAGE WIND SPEED  12.8 

WEATHER CONDITIONS 
 THE FOLLOWING WEATHER WAS RECORDED YESTERDAY. 
  FOG
  RAIN
................................................................... 

THE COLD BAY CLIMATE NORMALS FOR TODAY 
                           NORMAL    RECORD   YEAR 
 MAXIMUM TEMPERATURE (F)     57        74     1970 
 MINIMUM TEMPERATURE (F)     48        39     2011 

SUNRISE AND SUNSET 
 AUG 4 2015..........SUNRISE  7:05 AM      SUNSET 10:49 PM   
 AUG 5 2015..........SUNRISE  7:07 AM      SUNSET 10:47 PM   

-  INDICATES NEGATIVE NUMBERS.
R  INDICATES RECORD HAS BEEN SET OR TIED.
MM INDICATES DATA IS MISSING.
T  INDICATES TRACE OF PRECIPITATION.

&&
-------------------------------------------------------------------

AMOUNT OF DAYLIGHT TODAY  (HOUR:MIN)........15 HOURS 44 MINUTES
LOSS SINCE YESTERDAY (HOUR:MIN:SEC).........-0:03:50

$$
DK AUG 15