CDAK48 PACD 242325
CLICDB

CLIMATE REPORT
NATIONAL WEATHER SERVICE COLD BAY, AK
324 PM AKDT FRI APR 24 2015
...................................
...THE COLD BAY AP CLIMATE SUMMARY FOR APRIL 24 2015...
VALID TODAY AS OF 2:00 PM LOCAL TIME

CLIMATE NORMAL PERIOD  1981 TO  2010 
CLIMATE RECORD PERIOD  1942 TO  2015 

WEATHER ITEM   OBSERVED TIME    RECORD YEAR NORMAL DEPARTURE LAST 
               VALUE    (LST)   VALUE       VALUE  FROM      YEAR 
                                                   NORMAL 
................................................................... 
TEMPERATURE 
TODAY 
 MAXIMUM            43  0946 AM    54  2013     41       2     46 
 MINIMUM            34  0644 AM    14  1976     31       3     29 
 AVERAGE            39                          36       3     38 

PRECIPITATION 
(INCHES) 
 TODAY            0.07           0.66  1963   0.08   -0.01   0.01 
 MONTH TO DATE    1.29                        1.96   -0.67   1.63 
 SINCE MAR 1      4.44                        4.66   -0.22   3.02 
 SINCE JAN 1      6.95                       10.80   -3.85  11.47 

SNOWFALL 
(INCHES) 
 TODAY             0.0            3.0  2011    0.1    -0.1      T 
 MONTH TO DATE     8.0                         5.8     2.2    1.4
 SINCE MAR 1      13.6                        18.8    -5.2    8.2
 SINCE JUL 1      22.3                        71.0   -48.7   37.3
 SNOW DEPTH (IN)     0                                          0

DEGREE DAYS 
 HEATING 
  TODAY             26                          29      -3     27 
  MONTH TO DATE    748                         759     -11    637
  SINCE MAR 1     1690                        1838    -148   1601
  SINCE JUL 1     7063                        8062    -999   6745

 COOLING 
  TODAY              0                           0       0      0 
  MONTH TO DATE      0                           0       0      0 
  SINCE MAR 1        0                           0       0      0 
  SINCE JAN 1        0                           0       0      0 
................................................................... 

WIND (MPH) 
 HIGHEST WIND SPEED    22     HIGHEST WIND DIRECTION    150      
 HIGHEST GUST SPEED    24     HIGHEST GUST DIRECTION    150 
 AVERAGE WIND SPEED    MM 
 
WEATHER CONDITIONS 
THE FOLLOWING WEATHER WAS RECORDED TODAY. 
 FOG
 RAIN
................................................................... 

THE COLD BAY CLIMATE NORMALS FOR TOMORROW 
                        NORMAL    RECORD   YEAR 
 MAXIMUM TEMPERATURE      41        56     1948 
 MINIMUM TEMPERATURE      31        15     1976 

SUNRISE AND SUNSET 
 APR 24 2015..........SUNRISE  7:26 AM      SUNSET 10:14 PM    
 APR 25 2015..........SUNRISE  7:24 AM      SUNSET 10:16 PM    

-  INDICATES NEGATIVE NUMBERS.
R  INDICATES RECORD HAS BEEN SET OR TIED.
MM INDICATES DATA IS MISSING.
T  INDICATES TRACE OF PRECIPITATION.

&&
-------------------------------------------------------------------

AMOUNT OF DAYLIGHT TODAY  (HOUR:MIN)........14 HOURS 48 MINUTES
GAIN SINCE YESTERDAY (HOUR:MIN:SEC).........+0:04:17

$$
DAB APR 15