CDAK48 PACD 301114
CLICDB

CLIMATE REPORT 
NATIONAL WEATHER SERVICE COLD BAY, AK
214 AM AKST FRI JAN 30 2015
...................................
...THE COLD BAY AP CLIMATE SUMMARY FOR JANUARY 29 2015... 

CLIMATE NORMAL PERIOD  1981 TO  2010 
CLIMATE RECORD PERIOD  1942 TO  2015 

WEATHER ITEM   OBSERVED TIME    RECORD YEAR NORMAL DEPARTURE LAST 
               VALUE    (LST)   VALUE       VALUE  FROM      YEAR 
                                                   NORMAL 
................................................................... 
TEMPERATURE 
YESTERDAY 
 MAXIMUM            33  0115 AM    46  2014     33       0     46 
 MINIMUM            24  1159 PM   -11  2000     23       1     40 
 AVERAGE            29                          28       1     43 

PRECIPITATION 
(INCHES) 
 YESTERDAY        0.00           0.42  1985   0.10   -0.10   0.29 
 MONTH TO DATE    1.41                        2.96   -1.55   4.06 
 SINCE DEC 1      4.33                        7.42   -3.09   8.37 
 SINCE JAN 1      1.41                        2.96   -1.55   4.06 

SNOWFALL 
(INCHES) 
 YESTERDAY         0.0            2.9  2011    0.5    -0.5    0.0 
 MONTH TO DATE     1.5                        13.3   -11.8    3.6 
 SINCE DEC 1       3.8                        25.9   -22.1   10.9 
 SINCE JUL 1       7.7                        38.5   -30.8   14.5
 SNOW DEPTH (IN)     0                                          0 

DEGREE DAYS 
 HEATING 
  YESTERDAY         36                          37      -1     22 
  MONTH TO DATE    970                        1065     -95    788 
  SINCE DEC 1     1936                        2116    -180   1618 
  SINCE JUL 1     4448                        5142    -694   4134

 COOLING 
  YESTERDAY          0                           0       0      0 
  MONTH TO DATE      0                           0       0      0 
  SINCE DEC 1        0                           0       0      0 
  SINCE JAN 1        0                           0       0      0 
................................................................... 

WIND (MPH) 
 HIGHEST WIND SPEED    37     HIGHEST WIND DIRECTION     20      
 HIGHEST GUST SPEED    46     HIGHEST GUST DIRECTION     20 
 AVERAGE WIND SPEED  23.0 

WEATHER CONDITIONS 
 THE FOLLOWING WEATHER WAS RECORDED YESTERDAY. 
  NO SIGNIFICANT WEATHER WAS OBSERVED. 
................................................................... 

THE COLD BAY CLIMATE NORMALS FOR TODAY 
                           NORMAL    RECORD   YEAR 
 MAXIMUM TEMPERATURE (F)     33        44     1994 
 MINIMUM TEMPERATURE (F)     24       -13     2000 

SUNRISE AND SUNSET 
 JAN 30 2015..........SUNRISE  9:47 AM      SUNSET  6:24 PM   
 JAN 31 2015..........SUNRISE  9:45 AM      SUNSET  6:26 PM   

-  INDICATES NEGATIVE NUMBERS.
R  INDICATES RECORD HAS BEEN SET OR TIED.
MM INDICATES DATA IS MISSING.
T  INDICATES TRACE OF PRECIPITATION.

&&
-------------------------------------------------------------------

AMOUNT OF DAYLIGHT TODAY  (HOUR:MIN)........8 HOURS 37 MINUTES
GAIN SINCE YESTERDAY (HOUR:MIN:SEC).........+0:03:49

$$

RCS JAN 15