CDAK48 PACD 211202
CLICDB

CLIMATE REPORT 
NATIONAL WEATHER SERVICE COLD BAY, AK
402 AM AKDT THU AUG 21 2014
...................................
...THE COLD BAY AP CLIMATE SUMMARY FOR AUGUST 20 2014... 

CLIMATE NORMAL PERIOD  1981 TO  2010 
CLIMATE RECORD PERIOD  1942 TO  2014 

WEATHER ITEM   OBSERVED TIME    RECORD YEAR NORMAL DEPARTURE LAST 
               VALUE    (LST)   VALUE       VALUE  FROM      YEAR 
                                                   NORMAL 
................................................................... 
TEMPERATURE 
YESTERDAY 
 MAXIMUM            65  0304 PM    68  1954     57       8     56 
 MINIMUM            43  0338 AM    39  1988     48      -5     50 
 AVERAGE            54                          52       2     53 

PRECIPITATION 
(INCHES) 
 YESTERDAY        0.00           1.27  1949   0.12   -0.12   0.05 
 MONTH TO DATE    2.06                        2.24   -0.18   2.38 
 SINCE JUN 1      5.24                        7.44   -2.20   8.90 
 SINCE JAN 1     17.22                       21.30   -4.08  22.81 

SNOWFALL 
(INCHES) 
 YESTERDAY         0.0            0.0  2014    0.0     0.0    0.0 
 MONTH TO DATE     0.0                         0.0     0.0    0.0 
 SINCE JUN 1       0.0                         0.0     0.0    0.0 
 SINCE JUL 1       0.0                         0.0     0.0    0.0
 SNOW DEPTH (IN)     0                                          0 

DEGREE DAYS 
 HEATING 
  YESTERDAY         11                          13      -2     12 
  MONTH TO DATE    153                         260    -107    222 
  SINCE JUN 1      877                        1260    -383   1067 
  SINCE JUL 1      432                         698    -266    558

 COOLING 
  YESTERDAY          0                           0       0      0 
  MONTH TO DATE      0                           0       0      0 
  SINCE JUN 1        0                           0       0      0 
  SINCE JAN 1        0                           0       0      0 
................................................................... 

WIND (MPH) 
 HIGHEST WIND SPEED    16     HIGHEST WIND DIRECTION    160      
 HIGHEST GUST SPEED    19     HIGHEST GUST DIRECTION    130 
 AVERAGE WIND SPEED   6.7 

 
WEATHER CONDITIONS 
 THE FOLLOWING WEATHER WAS RECORDED YESTERDAY. 
  FOG
................................................................... 

THE COLD BAY CLIMATE NORMALS FOR TODAY 
                           NORMAL    RECORD   YEAR 
 MAXIMUM TEMPERATURE (F)     57        65     1978 
 MINIMUM TEMPERATURE (F)     48        36     1946 

SUNRISE AND SUNSET 
 AUG 21 2014..........SUNRISE  7:37 AM      SUNSET 10:11 PM   
 AUG 22 2014..........SUNRISE  7:39 AM      SUNSET 10:08 PM   

-  INDICATES NEGATIVE NUMBERS.
R  INDICATES RECORD HAS BEEN SET OR TIED.
MM INDICATES DATA IS MISSING.
T  INDICATES TRACE OF PRECIPITATION.

&&
-------------------------------------------------------------------

AMOUNT OF DAYLIGHT TODAY  (HOUR:MIN)........14 HOURS 34 MINUTES
LOSS SINCE YESTERDAY (HOUR:MIN:SEC).........-0:04:16

$$

RCS AUG 14