CDAK48 PACD 221742 CCA
CLICDB

CLIMATE REPORT...CORRECTED
NATIONAL WEATHER SERVICE COLD BAY, AK
942 AM AKDT WED OCT 22 2014
...................................
...THE COLD BAY AP CLIMATE SUMMARY FOR OCTOBER 21 2014... 

CLIMATE NORMAL PERIOD  1981 TO  2010 
CLIMATE RECORD PERIOD  1942 TO  2014 

WEATHER ITEM   OBSERVED TIME    RECORD YEAR NORMAL DEPARTURE LAST 
               VALUE    (LST)   VALUE       VALUE  FROM      YEAR 
                                                   NORMAL 
................................................................... 
TEMPERATURE 
YESTERDAY 
 MAXIMUM            40  0226 PM    54  1981     44      -4     50 
 MINIMUM            33  1005 AM    21  2008     34      -1     35 
 AVERAGE            37                          39      -2     43 

PRECIPITATION 
(INCHES) 
 YESTERDAY        0.21           1.13  1995   0.15    0.06   0.03 
 MONTH TO DATE    1.07                        3.27   -2.20   3.35 
 SINCE SEP 1      6.54                        8.00   -1.46   8.26 
 SINCE JAN 1     24.95                       30.74   -5.79  35.18 

SNOWFALL 
(INCHES) 
 YESTERDAY         0.9            2.7  1977    0.1     0.8    0.0 
 MONTH TO DATE     2.4                         1.0     1.4    0.0 
 SINCE SEP 1       2.4                         1.0     1.4    0.0 
 SINCE JUL 1       2.4                         1.0     1.4    0.0
 SNOW DEPTH (IN)     T                                          0 

DEGREE DAYS 
 HEATING 
  YESTERDAY         28                          26       2     22 
  MONTH TO DATE    517                         491      26    377 
  SINCE SEP 1      937                         998     -61    835 
  SINCE JUL 1     1479                        1842    -363   1506

 COOLING 
  YESTERDAY          0                           0       0      0 
  MONTH TO DATE      0                           0       0      0 
  SINCE SEP 1        0                           0       0      0 
  SINCE JAN 1        0                           0       0      0 
................................................................... 

WIND (MPH) 
 HIGHEST WIND SPEED    37     HIGHEST WIND DIRECTION    310      
 HIGHEST GUST SPEED    47     HIGHEST GUST DIRECTION    310 
 AVERAGE WIND SPEED  19.3 

 
WEATHER CONDITIONS 
 THE FOLLOWING WEATHER WAS RECORDED YESTERDAY. 
  FOG
  RAIN
  SNOW
................................................................... 

THE COLD BAY CLIMATE NORMALS FOR TODAY 
                           NORMAL    RECORD   YEAR 
 MAXIMUM TEMPERATURE (F)     44        55     1989 
 MINIMUM TEMPERATURE (F)     34        21     2008 

SUNRISE AND SUNSET 
 OCT 22 2014..........SUNRISE  9:36 AM      SUNSET  7:35 PM   
 OCT 23 2014..........SUNRISE  9:38 AM      SUNSET  7:32 PM   

-  INDICATES NEGATIVE NUMBERS.
R  INDICATES RECORD HAS BEEN SET OR TIED.
MM INDICATES DATA IS MISSING.
T  INDICATES TRACE OF PRECIPITATION.

&&
-------------------------------------------------------------------

AMOUNT OF DAYLIGHT TODAY  (HOUR:MIN)........9 HOURS 59 MINUTES
LOSS SINCE YESTERDAY (HOUR:MIN:SEC).........-0:04:20

$$
JEG OCT 14