CDAK48 PACD 231213
CLICDB

CLIMATE REPORT 
NATIONAL WEATHER SERVICE COLD BAY, AK
413 AM AKDT TUE SEP 23 2014
...................................
...THE COLD BAY AP CLIMATE SUMMARY FOR SEPTEMBER 22 2014... 

CLIMATE NORMAL PERIOD  1981 TO  2010 
CLIMATE RECORD PERIOD  1942 TO  2014 

WEATHER ITEM   OBSERVED TIME    RECORD YEAR NORMAL DEPARTURE LAST 
               VALUE    (LST)   VALUE       VALUE  FROM      YEAR 
                                                   NORMAL 
................................................................... 
TEMPERATURE 
YESTERDAY 
 MAXIMUM            54  0448 PM    65  2005     52       2     51 
 MINIMUM            40  1129 PM    30  1956     42      -2     41 
 AVERAGE            47                          47       0     46 

PRECIPITATION 
(INCHES) 
 YESTERDAY        0.00           1.13  1997   0.16   -0.16   0.04 
 MONTH TO DATE    4.97                        3.42    1.55   3.41 
 SINCE SEP 1      4.97                        3.42    1.55   3.41 
 SINCE JAN 1     23.38                       26.16   -2.78  30.33 

SNOWFALL 
(INCHES) 
 YESTERDAY         0.0              T  1982    0.0     0.0    0.0 
 MONTH TO DATE     0.0                         0.0     0.0    0.0 
 SINCE SEP 1       0.0                         0.0     0.0    0.0 
 SINCE JUL 1       0.0                         0.0     0.0    0.0
 SNOW DEPTH (IN)     0                                          0 

DEGREE DAYS 
 HEATING 
  YESTERDAY         18                          18       0     19 
  MONTH TO DATE    277                         351     -74    318 
  SINCE SEP 1      277                         351     -74    318 
  SINCE JUL 1      819                        1195    -376    989

 COOLING 
  YESTERDAY          0                           0       0      0 
  MONTH TO DATE      0                           0       0      0 
  SINCE SEP 1        0                           0       0      0 
  SINCE JAN 1        0                           0       0      0 
................................................................... 

WIND (MPH) 
 HIGHEST WIND SPEED    17     HIGHEST WIND DIRECTION    360      
 HIGHEST GUST SPEED    22     HIGHEST GUST DIRECTION     10 
 AVERAGE WIND SPEED  10.4 

WEATHER CONDITIONS 
 THE FOLLOWING WEATHER WAS RECORDED YESTERDAY. 
 NO SIGNIFICANT WEATHER WAS OBSERVED. 
................................................................... 

THE COLD BAY CLIMATE NORMALS FOR TODAY 
                           NORMAL    RECORD   YEAR 
 MAXIMUM TEMPERATURE (F)     51        59     1969 
 MINIMUM TEMPERATURE (F)     41        32     1979 

SUNRISE AND SUNSET 
 SEP 23 2014..........SUNRISE  8:39 AM      SUNSET  8:47 PM   
 SEP 24 2014..........SUNRISE  8:41 AM      SUNSET  8:44 PM   

-  INDICATES NEGATIVE NUMBERS.
R  INDICATES RECORD HAS BEEN SET OR TIED.
MM INDICATES DATA IS MISSING.
T  INDICATES TRACE OF PRECIPITATION.

&&
-------------------------------------------------------------------

AMOUNT OF DAYLIGHT TODAY  (HOUR:MIN)........12 HOURS 8 MINUTES
LOSS SINCE YESTERDAY (HOUR:MIN:SEC)....-0:04:28

$$
STACY