CDAK48 PACD 021111
CLICDB

CLIMATE REPORT 
NATIONAL WEATHER SERVICE COLD BAY, AK
312 AM AKDT THU OCT 2 2014
...................................
...THE COLD BAY AP CLIMATE SUMMARY FOR OCTOBER 1 2014... 

CLIMATE NORMAL PERIOD  1981 TO  2010 
CLIMATE RECORD PERIOD  1942 TO  2014 

WEATHER ITEM   OBSERVED TIME    RECORD YEAR NORMAL DEPARTURE LAST 
               VALUE    (LST)   VALUE       VALUE  FROM      YEAR 
                                                   NORMAL 
................................................................... 
TEMPERATURE 
YESTERDAY 
 MAXIMUM            53  0243 PM    56  1954     49       4     49 
 MINIMUM            41  0516 AM    27  1965     39       2     33 
 AVERAGE            47                          44       3     41 

PRECIPITATION 
(INCHES) 
 YESTERDAY        0.03           0.66  1976   0.16   -0.13      T 
 MONTH TO DATE    0.03                        0.16   -0.13      T 
 SINCE SEP 1      5.50                        4.89    0.61   4.91 
 SINCE JAN 1     23.91                       27.63   -3.72  31.83 

SNOWFALL 
(INCHES) 
 YESTERDAY         0.0            1.9  1965    0.0     0.0    0.0 
 MONTH TO DATE     0.0                         0.0     0.0    0.0 
 SINCE SEP 1       0.0                         0.0     0.0    0.0 
 SINCE JUL 1       0.0                         0.0     0.0    0.0
 SNOW DEPTH (IN)     0                                          0 

DEGREE DAYS 
 HEATING 
  YESTERDAY         18                          21      -3     24 
  MONTH TO DATE     18                          21      -3     24 
  SINCE SEP 1      438                         528     -90    482 
  SINCE JUL 1      980                        1372    -392   1153

 COOLING 
  YESTERDAY          0                           0       0      0 
  MONTH TO DATE      0                           0       0      0 
  SINCE SEP 1        0                           0       0      0 
  SINCE JAN 1        0                           0       0      0 
................................................................... 

WIND (MPH) 
 HIGHEST WIND SPEED    26     HIGHEST WIND DIRECTION     70      
 HIGHEST GUST SPEED    35     HIGHEST GUST DIRECTION    110 
 AVERAGE WIND SPEED  16.1 

 
WEATHER CONDITIONS 
 THE FOLLOWING WEATHER WAS RECORDED YESTERDAY. 
  RAIN
................................................................... 

THE COLD BAY CLIMATE NORMALS FOR TODAY 
                           NORMAL    RECORD   YEAR 
 MAXIMUM TEMPERATURE (F)     49        57     1977 
 MINIMUM TEMPERATURE (F)     39        29     2002 

SUNRISE AND SUNSET 
 OCT 2 2014..........SUNRISE  8:56 AM      SUNSET  8:24 PM   
 OCT 3 2014..........SUNRISE  8:58 AM      SUNSET  8:21 PM   

-  INDICATES NEGATIVE NUMBERS.
R  INDICATES RECORD HAS BEEN SET OR TIED.
MM INDICATES DATA IS MISSING.
T  INDICATES TRACE OF PRECIPITATION.

&&
-------------------------------------------------------------------

AMOUNT OF DAYLIGHT TODAY  (HOUR:MIN)........11 HOURS 28 MINUTES
LOSS SINCE YESTERDAY (HOUR:MIN:SEC).........-0:04:28

$$
JEG OCT 14