CDAK48 PABE 012327
CLIBET

CLIMATE REPORT
NATIONAL WEATHER SERVICE BETHEL, AK
327 PM AKDT FRI AUG 1 2014
...................................
...THE BETHEL AP CLIMATE SUMMARY FOR AUGUST 1 2014...
VALID TODAY AS OF 2:00 PM LOCAL TIME

CLIMATE NORMAL PERIOD  1981 TO  2010 
CLIMATE RECORD PERIOD  1923 TO  2014 

WEATHER ITEM   OBSERVED TIME    RECORD YEAR NORMAL DEPARTURE LAST 
               VALUE    (LST)   VALUE       VALUE  FROM      YEAR 
                                                   NORMAL 
................................................................... 
TEMPERATURE 
TODAY 
 MAXIMUM            58  0159 PM    81  2002     62      -4     69 
 MINIMUM            52  0443 AM    38  1928     48       4     59 
 AVERAGE            55                          55       0     64 

PRECIPITATION 
(INCHES) 
 TODAY            0.52(R)        0.40  1958   0.10    0.42   0.02 
 MONTH TO DATE    0.52                        0.10    0.42   0.02 
 SINCE JUN 1      4.77                        4.18    0.59   3.92 
 SINCE JAN 1      7.81                        8.27   -0.46   7.22 

SNOWFALL 
(INCHES) 
 TODAY             0.0            0.0  2014    0.0     0.0    0.0 
 MONTH TO DATE     0.0                         0.0     0.0    0.0
 SINCE JUN 1       0.0                         0.0     0.0    0.0
 SINCE JUL 1       0.0                         0.0     0.0    0.0
 SNOW DEPTH (IN)     0                                          0

DEGREE DAYS 
 HEATING 
  TODAY             10                          10       0      1 
  MONTH TO DATE     10                          10       0      1
  SINCE JUN 1      703                         671      32    554
  SINCE JUL 1      283                         294     -11    266

 COOLING 
  TODAY              0                           0       0      0 
  MONTH TO DATE      0                           0       0      0 
  SINCE JUN 1        0                           0       0     18 
  SINCE JAN 1        0                           0       0     18 
................................................................... 

WIND (MPH) 
 HIGHEST WIND SPEED    14     HIGHEST WIND DIRECTION    210      
 HIGHEST GUST SPEED    17     HIGHEST GUST DIRECTION    210 
 AVERAGE WIND SPEED    MM 

SKY COVER
  POSSIBLE SUNSHINE  MM            AVERAGE SKY COVER MM
 
WEATHER CONDITIONS 
 THE FOLLOWING WEATHER WAS RECORDED TODAY. 
FOG
RAIN
 

RELATIVE HUMIDITY
 HIGHEST RH     MM PERCENT       MM
 LOWEST  RH     MM PERCENT       MM
 AVERAGE RH     MM PERCENT       MM
................................................................... 

THE BETHEL CLIMATE NORMALS FOR TOMORROW 
                        NORMAL    RECORD   YEAR 
 MAXIMUM TEMPERATURE      62        84     1925 
 MINIMUM TEMPERATURE      48        36     1938 

SUNRISE AND SUNSET 
 AUG 1 2014..........SUNRISE  6:24 AM      SUNSET 11:23 PM    
 AUG 2 2014..........SUNRISE  6:26 AM      SUNSET 11:20 PM    

-  INDICATES NEGATIVE NUMBERS.
R  INDICATES RECORD HAS BEEN SET OR TIED.
MM INDICATES DATA IS MISSING.
T  INDICATES TRACE OF PRECIPITATION.

&&
-------------------------------------------------------------------

AMOUNT OF DAYLIGHT TODAY  (HOUR:MIN)........16 HOURS 59 MINUTES
GAIN/LOSS SINCE YESTERDAY (HOUR:MIN:SEC)....-0:05:04

$$
BDW AUG 14