CDAK48 PABE 301130
CLIBET

CLIMATE REPORT 
NATIONAL WEATHER SERVICE BETHEL, AK
331 AM AKDT SUN AUG 30 2015
...................................
...THE BETHEL AP CLIMATE SUMMARY FOR AUGUST 29 2015... 

CLIMATE NORMAL PERIOD  1981 TO  2010 
CLIMATE RECORD PERIOD  1923 TO  2015 

WEATHER ITEM   OBSERVED TIME    RECORD YEAR NORMAL DEPARTURE LAST 
               VALUE    (LST)   VALUE       VALUE  FROM      YEAR 
                                                   NORMAL 
................................................................... 
TEMPERATURE 
YESTERDAY 
 MAXIMUM            55  0309 PM    78  1923     58      -3     56 
 MINIMUM            41  1124 PM    30  1955     45      -4     39 
 AVERAGE            48                          52      -4     48 

PRECIPITATION 
(INCHES) 
 YESTERDAY        0.11           1.72  2001   0.10    0.01   0.00 
 MONTH TO DATE    3.04                        3.05   -0.01   2.02 
 SINCE JUN 1      5.40                        7.13   -1.73   6.27 
 SINCE JAN 1      9.80                       11.22   -1.42   9.31 

SNOWFALL 
(INCHES) 
 YESTERDAY         0.0            0.0  2015    0.0     0.0    0.0 
 MONTH TO DATE     0.0                         0.0     0.0    0.0 
 SINCE JUN 1       0.0                         0.0     0.0    0.0 
 SINCE JUL 1       0.0                         0.0     0.0    0.0
 SNOW DEPTH (IN)     0                                          0 

DEGREE DAYS 
 HEATING 
  YESTERDAY         17                          13       4     17 
  MONTH TO DATE    337                         330       7    212 
  SINCE JUN 1      816                         991    -175    905 
  SINCE JUL 1      578                         614     -36    485

 COOLING 
  YESTERDAY          0                           0       0      0 
  MONTH TO DATE      0                           0       0      0 
  SINCE JUN 1       11                           0      11      0 
  SINCE JAN 1       11                           0      11      0 
................................................................... 

WIND (MPH) 
 HIGHEST WIND SPEED    28     HIGHEST WIND DIRECTION    320      
 HIGHEST GUST SPEED    34     HIGHEST GUST DIRECTION    320 
 AVERAGE WIND SPEED  15.6 

SKY COVER
  POSSIBLE SUNSHINE    MM          AVERAGE SKY COVER     MM
 
WEATHER CONDITIONS 
 THE FOLLOWING WEATHER WAS RECORDED YESTERDAY. 
 RAIN
 

RELATIVE HUMIDITY
 HIGHEST RH     MM PERCENT       MM
 LOWEST  RH     MM PERCENT       MM
 AVERAGE RH     MM PERCENT       MM
................................................................... 

THE BETHEL CLIMATE NORMALS FOR TODAY 
                           NORMAL    RECORD   YEAR 
 MAXIMUM TEMPERATURE (F)     58        68     1923 
 MINIMUM TEMPERATURE (F)     45        30     1927 

SUNRISE AND SUNSET 
 AUG 30 2015..........SUNRISE  7:36 AM      SUNSET  9:59 PM   
 AUG 31 2015..........SUNRISE  7:38 AM      SUNSET  9:56 PM   

-  INDICATES NEGATIVE NUMBERS.
R  INDICATES RECORD HAS BEEN SET OR TIED.
MM INDICATES DATA IS MISSING.
T  INDICATES TRACE OF PRECIPITATION.

&&
-------------------------------------------------------------------

AMOUNT OF DAYLIGHT TODAY  (HOUR:MIN)........14 HOURS 23 MINUTES
GAIN/LOSS SINCE YESTERDAY (HOUR:MIN:SEC)....-0:05:32

$$
DAC