CDAK48 PABE 251116
CLIBET

CLIMATE REPORT 
NATIONAL WEATHER SERVICE BETHEL, AK
216 AM AKST SUN JAN 25 2015
...................................
...THE BETHEL AP CLIMATE SUMMARY FOR JANUARY 24 2015... 

CLIMATE NORMAL PERIOD  1981 TO  2010 
CLIMATE RECORD PERIOD  1923 TO  2015 

WEATHER ITEM   OBSERVED TIME    RECORD YEAR NORMAL DEPARTURE LAST 
               VALUE    (LST)   VALUE       VALUE  FROM      YEAR 
                                                   NORMAL 
................................................................... 
TEMPERATURE 
YESTERDAY 
 MAXIMUM           -11  0258 PM    46  1963     13     -24     41 
 MINIMUM           -20  0656 AM   -45  1947      1     -21     30 
 AVERAGE           -16                           7     -23     36 

PRECIPITATION 
(INCHES) 
 YESTERDAY        0.00           0.72  2008   0.02   -0.02      T 
 MONTH TO DATE    0.51                        0.62   -0.11   1.09 
 SINCE DEC 1      2.10                        1.74    0.36   3.15 
 SINCE JAN 1      0.51                        0.62   -0.11   1.09 

SNOWFALL 
(INCHES) 
 YESTERDAY         0.0            8.3  2008    0.2    -0.2    0.0 
 MONTH TO DATE     1.2                         7.7    -6.5    7.5 
 SINCE DEC 1       7.7                        19.1   -11.4   14.8 
 SINCE JUL 1      19.9                        37.0   -17.1   21.7
 SNOW DEPTH (IN)     1                                          1 

DEGREE DAYS 
 HEATING 
  YESTERDAY         81                          58      23     29 
  MONTH TO DATE   1268                        1409    -141   1014 
  SINCE DEC 1     2674                        3103    -429   2558 
  SINCE JUL 1     5949                        6833    -884   5912

 COOLING 
  YESTERDAY          0                           0       0      0 
  MONTH TO DATE      0                           0       0      0 
  SINCE DEC 1        0                           0       0      0 
  SINCE JAN 1        0                           0       0      0 
................................................................... 

WIND (MPH) 
 HIGHEST WIND SPEED    10     HIGHEST WIND DIRECTION    340      
 HIGHEST GUST SPEED    12     HIGHEST GUST DIRECTION    330 
 AVERAGE WIND SPEED   6.7 

SKY COVER
  POSSIBLE SUNSHINE    MM          AVERAGE SKY COVER     MM
 
WEATHER CONDITIONS 
 THE FOLLOWING WEATHER WAS RECORDED YESTERDAY. 
  NO SIGNIFICANT WEATHER WAS OBSERVED. 

RELATIVE HUMIDITY
 HIGHEST RH     MM PERCENT       MM
 LOWEST  RH     MM PERCENT       MM
 AVERAGE RH     MM PERCENT       MM
................................................................... 

THE BETHEL CLIMATE NORMALS FOR TODAY 
                           NORMAL    RECORD   YEAR 
 MAXIMUM TEMPERATURE (F)     13        44     2014 
 MINIMUM TEMPERATURE (F)      1       -52     1947 

SUNRISE AND SUNSET 
 JAN 25 2015..........SUNRISE 10:22 AM      SUNSET  5:39 PM   
 JAN 26 2015..........SUNRISE 10:20 AM      SUNSET  5:42 PM   

-  INDICATES NEGATIVE NUMBERS.
R  INDICATES RECORD HAS BEEN SET OR TIED.
MM INDICATES DATA IS MISSING.
T  INDICATES TRACE OF PRECIPITATION.

&&
-------------------------------------------------------------------

AMOUNT OF DAYLIGHT TODAY  (HOUR:MIN)........7 HOURS 17 MINUTES
GAIN/LOSS SINCE YESTERDAY (HOUR:MIN:SEC)....+0:04:49

$$
ANDERSON