CDAK48 PABE 171129
CLIBET

CLIMATE REPORT 
NATIONAL WEATHER SERVICE BETHEL, AK
229 AM AKST WED DEC 17 2014
...................................
...THE BETHEL AP CLIMATE SUMMARY FOR DECEMBER 16 2014... 

CLIMATE NORMAL PERIOD  1981 TO  2010 
CLIMATE RECORD PERIOD  1923 TO  2014 

WEATHER ITEM   OBSERVED TIME    RECORD YEAR NORMAL DEPARTURE LAST 
               VALUE    (LST)   VALUE       VALUE  FROM      YEAR 
                                                   NORMAL 
................................................................... 
TEMPERATURE 
YESTERDAY 
 MAXIMUM            29  1107 AM    46  1924     17      12     11 
 MINIMUM            15  0221 AM   -33  1998      4      11     -1 
 AVERAGE            22                          10      12      5 

PRECIPITATION 
(INCHES) 
 YESTERDAY        0.10           0.66  1992   0.04    0.06   0.00 
 MONTH TO DATE    0.64                        0.61    0.03   0.41 
 SINCE DEC 1      0.64                        0.61    0.03   0.41 
 SINCE JAN 1     14.87                       18.03   -3.16  20.12 

SNOWFALL 
(INCHES) 
 YESTERDAY         1.4            8.0  1992    0.3     1.1    0.0 
 MONTH TO DATE     3.3                         6.2    -2.9      T 
 SINCE DEC 1       3.3                         6.2    -2.9    0.0 
 SINCE JUL 1      15.5                        24.1    -8.6    6.9
 SNOW DEPTH (IN)     2                                          0 

DEGREE DAYS 
 HEATING 
  YESTERDAY         43                          55     -12     60 
  MONTH TO DATE    745                         850    -105    729 
  SINCE DEC 1      745                         850    -105    728 
  SINCE JUL 1     4020                        4580    -560   4080

 COOLING 
  YESTERDAY          0                           0       0      0 
  MONTH TO DATE      0                           0       0      0 
  SINCE DEC 1        0                           0       0      0 
  SINCE JAN 1        0                           0       0     18 
................................................................... 

WIND (MPH) 
 HIGHEST WIND SPEED    14     HIGHEST WIND DIRECTION    180      
 HIGHEST GUST SPEED    26     HIGHEST GUST DIRECTION    150 
 AVERAGE WIND SPEED   7.5 

SKY COVER
  POSSIBLE SUNSHINE    MM          AVERAGE SKY COVER     MM
 
WEATHER CONDITIONS 
 THE FOLLOWING WEATHER WAS RECORDED YESTERDAY. 
  SNOW
 

RELATIVE HUMIDITY
 HIGHEST RH     MM PERCENT       MM
 LOWEST  RH     MM PERCENT       MM
 AVERAGE RH     MM PERCENT       MM
................................................................... 

THE BETHEL CLIMATE NORMALS FOR TODAY 
                           NORMAL    RECORD   YEAR 
 MAXIMUM TEMPERATURE (F)     17        39     1960 
 MINIMUM TEMPERATURE (F)      4       -39     1936 

SUNRISE AND SUNSET 
 DEC 17 2014..........SUNRISE 10:55 AM      SUNSET  4:33 PM   
 DEC 18 2014..........SUNRISE 10:56 AM      SUNSET  4:33 PM   

-  INDICATES NEGATIVE NUMBERS.
R  INDICATES RECORD HAS BEEN SET OR TIED.
MM INDICATES DATA IS MISSING.
T  INDICATES TRACE OF PRECIPITATION.

&&
-------------------------------------------------------------------

AMOUNT OF DAYLIGHT TODAY  (HOUR:MIN)........5 HOURS 38 MINUTES
GAIN/LOSS SINCE YESTERDAY (HOUR:MIN:SEC)....-0:00:52

$$
ANDERSON DEC 14