CDAK48 PABE 302349
CLIBET

CLIMATE REPORT
NATIONAL WEATHER SERVICE BETHEL, AK
349 PM AKDT THU JUN 30 2016
...................................
...THE BETHEL AP CLIMATE SUMMARY FOR JUNE 30 2016...
VALID TODAY AS OF 2:00 PM LOCAL TIME

CLIMATE NORMAL PERIOD  1981 TO  2010 
CLIMATE RECORD PERIOD  1923 TO  2016 

WEATHER ITEM   OBSERVED TIME    RECORD YEAR NORMAL DEPARTURE LAST 
               VALUE    (LST)   VALUE       VALUE  FROM      YEAR 
                                                   NORMAL 
................................................................... 
TEMPERATURE 
TODAY 
 MAXIMUM            73  0156 PM    86  1934     64       9     66 
 MINIMUM            45  0454 AM    36  1981     48      -3     50 
 AVERAGE            59                          56       3     58 

PRECIPITATION 
(INCHES) 
 TODAY            0.00           0.43  2005   0.06   -0.06   0.00 
 MONTH TO DATE    1.46                        1.72   -0.26   0.28 
 SINCE JUN 1      1.46                        1.72   -0.26   0.28 
 SINCE JAN 1      4.72                        5.81   -1.09   4.68 

SNOWFALL 
(INCHES) 
 TODAY             0.0              T  1949    0.0     0.0    0.0 
 MONTH TO DATE     0.0                         0.0     0.0    0.0
 SINCE JUN 1       0.0                         0.0     0.0    0.0
 SINCE JUL 1      29.4                        61.8   -32.4   42.1
 SNOW DEPTH (IN)     0                                          0

DEGREE DAYS 
 HEATING 
  TODAY              6                           9      -3      7 
  MONTH TO DATE    273                         377    -104    238
  SINCE JUN 1      273                         377    -104    238
  SINCE JUL 1    10261                       12525   -2264  10990

 COOLING 
  TODAY              0                           0       0      0 
  MONTH TO DATE      1                           0       1     10 
  SINCE JUN 1        1                           0       1     10 
  SINCE JAN 1        1                           0       1     10 
................................................................... 

WIND (MPH) 
 HIGHEST WIND SPEED    13     HIGHEST WIND DIRECTION    300      
 HIGHEST GUST SPEED    20     HIGHEST GUST DIRECTION    320 
 AVERAGE WIND SPEED    MM 

SKY COVER
  POSSIBLE SUNSHINE  MM            AVERAGE SKY COVER MM
 
WEATHER CONDITIONS 
 THE FOLLOWING WEATHER WAS RECORDED TODAY. 
 FOG
 

RELATIVE HUMIDITY
 HIGHEST RH     MM PERCENT       MM
 LOWEST  RH     MM PERCENT       MM
 AVERAGE RH     MM PERCENT       MM
................................................................... 

THE BETHEL CLIMATE NORMALS FOR TOMORROW 
                        NORMAL    RECORD   YEAR 
 MAXIMUM TEMPERATURE      64        82     1962 
 MINIMUM TEMPERATURE      48        39     1992 

SUNRISE AND SUNSET 
 JUN 30 2016..........SUNRISE  5:21 AM      SUNSET 12:22 AM    
 JUL 1 2016..........SUNRISE  5:22 AM      SUNSET 12:21 AM    

-  INDICATES NEGATIVE NUMBERS.
R  INDICATES RECORD HAS BEEN SET OR TIED.
MM INDICATES DATA IS MISSING.
T  INDICATES TRACE OF PRECIPITATION.

&&
-------------------------------------------------------------------

AMOUNT OF DAYLIGHT TODAY  (HOUR:MIN)........19 HOURS 1 MINUTES
GAIN/LOSS SINCE YESTERDAY (HOUR:MIN:SEC)....-0:01:44

$$
JML JUN 16