CDAK48 PABE 271233
CLIBET

CLIMATE REPORT 
NATIONAL WEATHER SERVICE BETHEL, AK
434 AM AKDT FRI MAY 27 2016
...................................
...THE BETHEL AP CLIMATE SUMMARY FOR MAY 26 2016... 

CLIMATE NORMAL PERIOD  1981 TO  2010 
CLIMATE RECORD PERIOD  1923 TO  2016 

WEATHER ITEM   OBSERVED TIME    RECORD YEAR NORMAL DEPARTURE LAST 
               VALUE    (LST)   VALUE       VALUE  FROM      YEAR 
                                                   NORMAL 
................................................................... 
TEMPERATURE 
YESTERDAY 
 MAXIMUM            66  0716 PM    78  1969     55      11     60 
 MINIMUM            42  0448 AM    26  2001     37       5     38 
 AVERAGE            54                          46       8     49 

PRECIPITATION 
(INCHES) 
 YESTERDAY        0.00           0.36  1944   0.04   -0.04      T 
 MONTH TO DATE    1.44                        0.93    0.51   1.74 
 SINCE MAR 1      2.86                        2.38    0.48   3.30 
 SINCE JAN 1      3.25                        3.88   -0.63   4.34 

SNOWFALL 
(INCHES) 
 YESTERDAY         0.0            0.3  2008    0.0     0.0    0.0 
 MONTH TO DATE     0.0                         2.0    -2.0      T 
 SINCE MAR 1       2.9                        15.9   -13.0   16.6 
 SINCE JUL 1      29.4                        61.7   -32.3   42.1
 SNOW DEPTH (IN)     0                                          0 

DEGREE DAYS 
 HEATING 
  YESTERDAY         11                          19      -8     16 
  MONTH TO DATE    454                         625    -171    504 
  SINCE MAR 1     2505                        3311    -806   2908 
  SINCE JUL 1     9954                       12057   -2103  10694

 COOLING 
  YESTERDAY          0                           0       0      0 
  MONTH TO DATE      0                           0       0      0 
  SINCE MAR 1        0                           0       0      0 
  SINCE JAN 1        0                           0       0      0 
................................................................... 

WIND (MPH) 
 HIGHEST WIND SPEED    14     HIGHEST WIND DIRECTION     50      
 HIGHEST GUST SPEED    18     HIGHEST GUST DIRECTION    340 
 AVERAGE WIND SPEED   7.9 

WEATHER CONDITIONS 
 THE FOLLOWING WEATHER WAS RECORDED YESTERDAY. 
 NO SIGNIFICANT WEATHER WAS OBSERVED. 
................................................................... 

THE BETHEL CLIMATE NORMALS FOR TODAY 
                           NORMAL    RECORD   YEAR 
 MAXIMUM TEMPERATURE (F)     55        75     1981 
 MINIMUM TEMPERATURE (F)     37        25     2001 

SUNRISE AND SUNSET 
 MAY 27 2016..........SUNRISE  5:36 AM      SUNSET 11:55 PM   
 MAY 28 2016..........SUNRISE  5:34 AM      SUNSET 11:57 PM   

-  INDICATES NEGATIVE NUMBERS.
R  INDICATES RECORD HAS BEEN SET OR TIED.
MM INDICATES DATA IS MISSING.
T  INDICATES TRACE OF PRECIPITATION.

&&
-------------------------------------------------------------------

AMOUNT OF DAYLIGHT TODAY  (HOUR:MIN)........18 HOURS 19 MINUTES
GAIN SINCE YESTERDAY (HOUR:MIN:SEC)....+0:03:58

$$
CR MAY 16