CDAK48 PABE 312334
CLIBET

CLIMATE REPORT
NATIONAL WEATHER SERVICE BETHEL, AK
334 PM AKDT FRI JUL 31 2015
...................................
...THE BETHEL AP CLIMATE SUMMARY FOR JULY 31 2015...
VALID TODAY AS OF 2:00 PM LOCAL TIME

CLIMATE NORMAL PERIOD  1981 TO  2010 
CLIMATE RECORD PERIOD  1923 TO  2015 

WEATHER ITEM   OBSERVED TIME    RECORD YEAR NORMAL DEPARTURE LAST 
               VALUE    (LST)   VALUE       VALUE  FROM      YEAR 
                                                   NORMAL 
................................................................... 
TEMPERATURE 
TODAY 
 MAXIMUM            64  0125 PM    78  1929     62       2     63 
 MINIMUM            50  0610 AM    32  1926     49       1     53 
 AVERAGE            57                          55       2     58 

PRECIPITATION 
(INCHES) 
 TODAY            0.00           0.55  1946   0.10   -0.10   0.28 
 MONTH TO DATE    2.08                        2.36   -0.28   2.73 
 SINCE JUN 1      2.36                        4.08   -1.72   4.25 
 SINCE JAN 1      6.76                        8.17   -1.41   7.29 

SNOWFALL 
(INCHES) 
 TODAY             0.0            0.0  2015    0.0     0.0    0.0 
 MONTH TO DATE     0.0                         0.0     0.0    0.0
 SINCE JUN 1       0.0                         0.0     0.0    0.0
 SINCE JUL 1       0.0                         0.0     0.0    0.0
 SNOW DEPTH (IN)     0                                          0

DEGREE DAYS 
 HEATING 
  TODAY              8                          10      -2      7 
  MONTH TO DATE    242                         284     -42    273
  SINCE JUN 1      480                         661    -181    693
  SINCE JUL 1      242                         284     -42    273

 COOLING 
  TODAY              0                           0       0      0 
  MONTH TO DATE      1                           0       1      0 
  SINCE JUN 1       11                           0      11      0 
  SINCE JAN 1       11                           0      11      0 
................................................................... 

WIND (MPH) 
 HIGHEST WIND SPEED    16     HIGHEST WIND DIRECTION    310      
 HIGHEST GUST SPEED    20     HIGHEST GUST DIRECTION    320 

WEATHER CONDITIONS 
 THE FOLLOWING WEATHER WAS RECORDED TODAY. 
 FOG
................................................................... 

THE BETHEL CLIMATE NORMALS FOR TOMORROW 
                        NORMAL    RECORD   YEAR 
 MAXIMUM TEMPERATURE      62        81     2002 
 MINIMUM TEMPERATURE      48        38     1928 

SUNRISE AND SUNSET 
 JUL 31 2015.........SUNRISE  6:21 AM      SUNSET 11:26 PM    
 AUG 1 2015..........SUNRISE  6:23 AM      SUNSET 11:23 PM    

-  INDICATES NEGATIVE NUMBERS.
R  INDICATES RECORD HAS BEEN SET OR TIED.
MM INDICATES DATA IS MISSING.
T  INDICATES TRACE OF PRECIPITATION.

&&
-------------------------------------------------------------------

AMOUNT OF DAYLIGHT TODAY  (HOUR:MIN)........17 HOURS 5 MINUTES
LOSS SINCE YESTERDAY (HOUR:MIN:SEC)....-0:05:01

$$
CR JUL 15