CDAK48 PABE 241105
CLIBET

CLIMATE REPORT 
NATIONAL WEATHER SERVICE BETHEL, AK
305 AM AKDT THU JUL 24 2014
...................................
...THE BETHEL AP CLIMATE SUMMARY FOR JULY 23 2014... 

CLIMATE NORMAL PERIOD  1981 TO  2010 
CLIMATE RECORD PERIOD  1923 TO  2014 

WEATHER ITEM   OBSERVED TIME    RECORD YEAR NORMAL DEPARTURE LAST 
               VALUE    (LST)   VALUE       VALUE  FROM      YEAR 
                                                   NORMAL 
................................................................... 
TEMPERATURE 
YESTERDAY 
 MAXIMUM            52  0730 PM    81  1966     63     -11     66 
 MINIMUM            45  1021 AM    39  1937     49      -4     54 
 AVERAGE            49                          56      -7     60 

PRECIPITATION 
(INCHES) 
 YESTERDAY        0.13           0.78  1960   0.09    0.04   0.00 
 MONTH TO DATE    2.44                        1.61    0.83   2.22 
 SINCE JUN 1      3.96                        3.33    0.63   3.83 
 SINCE JAN 1      7.00                        7.42   -0.42   7.13 

SNOWFALL 
(INCHES) 
 YESTERDAY         0.0            0.0  2014    0.0     0.0    0.0 
 MONTH TO DATE     0.0                         0.0     0.0    0.0 
 SINCE JUN 1       0.0                         0.0     0.0    0.0 
 SINCE JUL 1       0.0                         0.0     0.0    0.0
 SNOW DEPTH (IN)     0                                          0 

DEGREE DAYS 
 HEATING 
  YESTERDAY         16                           9       7      5 
  MONTH TO DATE    210                         207       3    251 
  SINCE JUN 1      630                         584      46    539 
  SINCE JUL 1      210                         207       3    251

 COOLING 
  YESTERDAY          0                           0       0      0 
  MONTH TO DATE      0                           0       0      0 
  SINCE JUN 1        0                           0       0      7 
  SINCE JAN 1        0                           0       0      7 
................................................................... 

WIND (MPH) 
 HIGHEST WIND SPEED    17     HIGHEST WIND DIRECTION    210      
 HIGHEST GUST SPEED    21     HIGHEST GUST DIRECTION    220 
 AVERAGE WIND SPEED   9.7 

SKY COVER
  POSSIBLE SUNSHINE    MM          AVERAGE SKY COVER     MM
 
WEATHER CONDITIONS 
 THE FOLLOWING WEATHER WAS RECORDED YESTERDAY. 
  FOG
RAIN
 

RELATIVE HUMIDITY
 HIGHEST RH     MM PERCENT       MM
 LOWEST  RH     MM PERCENT       MM
 AVERAGE RH     MM PERCENT       MM
................................................................... 

THE BETHEL CLIMATE NORMALS FOR TODAY 
                           NORMAL    RECORD   YEAR 
 MAXIMUM TEMPERATURE (F)     63        83     1966 
 MINIMUM TEMPERATURE (F)     49        36     1926 

SUNRISE AND SUNSET 
 JUL 24 2014..........SUNRISE  6:04 AM      SUNSET 11:43 PM   
 JUL 25 2014..........SUNRISE  6:07 AM      SUNSET 11:40 PM   

-  INDICATES NEGATIVE NUMBERS.
R  INDICATES RECORD HAS BEEN SET OR TIED.
MM INDICATES DATA IS MISSING.
T  INDICATES TRACE OF PRECIPITATION.

&&
-------------------------------------------------------------------

AMOUNT OF DAYLIGHT TODAY  (HOUR:MIN)........17 HOURS 39 MINUTES
GAIN/LOSS SINCE YESTERDAY (HOUR:MIN:SEC)....-0:04:39

$$
BDW JUL 14