CDAK48 PABE 171036
CLIBET

CLIMATE REPORT 
NATIONAL WEATHER SERVICE BETHEL, AK
236 AM AKDT THU APR 17 2014
...................................
...THE BETHEL AP CLIMATE SUMMARY FOR APRIL 16 2014... 

CLIMATE NORMAL PERIOD  1981 TO  2010 
CLIMATE RECORD PERIOD  1948 TO  2014 

WEATHER ITEM   OBSERVED TIME    RECORD YEAR NORMAL DEPARTURE LAST 
               VALUE    (LST)   VALUE       VALUE  FROM      YEAR 
                                                   NORMAL 
................................................................... 
TEMPERATURE 
YESTERDAY 
 MAXIMUM            47R 0545 PM    47  2014     35      12     28 
 MINIMUM            31  0443 AM    -7  1963     20      11      8 
 AVERAGE            39                          27      12     18 

PRECIPITATION 
(INCHES) 
 YESTERDAY           T           0.38  2006   0.03   -0.03   0.00 
 MONTH TO DATE    0.17                        0.37   -0.20   0.03 
 SINCE MAR 1      0.65                        1.08   -0.43   0.81 
 SINCE JAN 1      2.23                        2.58   -0.35   3.10 

SNOWFALL 
(INCHES) 
 YESTERDAY         0.0            7.4  2006    0.2    -0.2    0.0 
 MONTH TO DATE     1.0                         3.7    -2.7    0.4 
 SINCE MAR 1       5.7                        11.9    -6.2    6.2 
 SINCE JUL 1      27.8                        57.7   -29.9   41.4
 SNOW DEPTH (IN)     0                                          2 

DEGREE DAYS 
 HEATING 
  YESTERDAY         26                          38     -12     47 
  MONTH TO DATE    593                         671     -78    856 
  SINCE MAR 1     2206                        2215      -9   2483 
  SINCE JUL 1     9671                       10961   -1290  11723

 COOLING 
  YESTERDAY          0                           0       0      0 
  MONTH TO DATE      0                           0       0      0 
  SINCE MAR 1        0                           0       0      0 
  SINCE JAN 1        0                           0       0      0 
................................................................... 

WIND (MPH) 
 HIGHEST WIND SPEED    14     HIGHEST WIND DIRECTION     50      
 HIGHEST GUST SPEED    17     HIGHEST GUST DIRECTION     50 
 AVERAGE WIND SPEED   5.3 

SKY COVER
  POSSIBLE SUNSHINE    MM          AVERAGE SKY COVER     MM
 
WEATHER CONDITIONS 
 THE FOLLOWING WEATHER WAS RECORDED YESTERDAY. 
  RAIN
 

RELATIVE HUMIDITY
 HIGHEST RH     MM PERCENT       MM
 LOWEST  RH     MM PERCENT       MM
 AVERAGE RH     MM PERCENT       MM
................................................................... 

THE BETHEL CLIMATE NORMALS FOR TODAY 
                           NORMAL    RECORD   YEAR 
 MAXIMUM TEMPERATURE (F)     35        47     1998 
 MINIMUM TEMPERATURE (F)     20        -9     1963 

SUNRISE AND SUNSET 
 APR 17 2014..........SUNRISE  7:22 AM      SUNSET 10:15 PM   
 APR 18 2014..........SUNRISE  7:19 AM      SUNSET 10:17 PM   

-  INDICATES NEGATIVE NUMBERS.
R  INDICATES RECORD HAS BEEN SET OR TIED.
MM INDICATES DATA IS MISSING.
T  INDICATES TRACE OF PRECIPITATION.

&&
-------------------------------------------------------------------

AMOUNT OF DAYLIGHT TODAY  (HOUR:MIN)........14 HOURS 53 MINUTES
GAIN/LOSS SINCE YESTERDAY (HOUR:MIN:SEC)....+0:05:35

$$
DPA APR 14