CDAK48 PABE 301248
CLIBET

CLIMATE REPORT 
NATIONAL WEATHER SERVICE BETHEL, AK
448 AM AKDT SAT APR 30 2016
...................................
...THE BETHEL AP CLIMATE SUMMARY FOR APRIL 29 2016... 

CLIMATE NORMAL PERIOD  1981 TO  2010 
CLIMATE RECORD PERIOD  1923 TO  2016 

WEATHER ITEM   OBSERVED TIME    RECORD YEAR NORMAL DEPARTURE LAST 
               VALUE    (LST)   VALUE       VALUE  FROM      YEAR 
                                                   NORMAL 
................................................................... 
TEMPERATURE 
YESTERDAY 
 MAXIMUM            57  0307 PM    60  2015     42      15     60 
 MINIMUM            35  0553 AM    -5  1924     27       8     31 
 AVERAGE            46                          35      11     46 

PRECIPITATION 
(INCHES) 
 YESTERDAY        0.11           0.30  1999   0.03    0.08   0.01 
 MONTH TO DATE    0.67                        0.71   -0.04   1.06 
 SINCE MAR 1      1.42                        1.42   -0.00   1.56 
 SINCE JAN 1      1.81                        2.92   -1.11   2.60 

SNOWFALL 
(INCHES) 
 YESTERDAY         0.0            3.2  1977    0.1    -0.1    0.0 
 MONTH TO DATE     0.4                         5.6    -5.2    9.8 
 SINCE MAR 1       2.9                        13.8   -10.9   16.6 
 SINCE JUL 1      29.4                        59.6   -30.2   42.1
 SNOW DEPTH (IN)     0                                          0 

DEGREE DAYS 
 HEATING 
  YESTERDAY         19                          31     -12     19 
  MONTH TO DATE    677                        1112    -435   1011 
  SINCE MAR 1     2030                        2656    -626   2381 
  SINCE JUL 1     9479                       11402   -1923  10167

 COOLING 
  YESTERDAY          0                           0       0      0 
  MONTH TO DATE      0                           0       0      0 
  SINCE MAR 1        0                           0       0      0 
  SINCE JAN 1        0                           0       0      0 
................................................................... 

WIND (MPH) 
 HIGHEST WIND SPEED    25     HIGHEST WIND DIRECTION    140      
 HIGHEST GUST SPEED    32     HIGHEST GUST DIRECTION    150 
 AVERAGE WIND SPEED   9.7 

WEATHER CONDITIONS 
 THE FOLLOWING WEATHER WAS RECORDED YESTERDAY. 
 RAIN
................................................................... 

THE BETHEL CLIMATE NORMALS FOR TODAY 
                           NORMAL    RECORD   YEAR 
 MAXIMUM TEMPERATURE (F)     43        63     2004 
 MINIMUM TEMPERATURE (F)     27         5     1971 

SUNRISE AND SUNSET 
 APR 30 2016.........SUNRISE  6:42 AM      SUNSET 10:50 PM   
 MAY 1 2016..........SUNRISE  6:39 AM      SUNSET 10:52 PM   

-  INDICATES NEGATIVE NUMBERS.
R  INDICATES RECORD HAS BEEN SET OR TIED.
MM INDICATES DATA IS MISSING.
T  INDICATES TRACE OF PRECIPITATION.

&&
-------------------------------------------------------------------

AMOUNT OF DAYLIGHT TODAY  (HOUR:MIN)........16 HOURS 8 MINUTES
GAIN SINCE YESTERDAY (HOUR:MIN:SEC)....+0:05:26

$$
CR APR 16