CDAK48 PABE 241143
CLIBET

CLIMATE REPORT 
NATIONAL WEATHER SERVICE BETHEL, AK
243 AM AKST MON NOV 24 2014
...................................
...THE BETHEL AP CLIMATE SUMMARY FOR NOVEMBER 23 2014... 

CLIMATE NORMAL PERIOD  1981 TO  2010 
CLIMATE RECORD PERIOD  1923 TO  2014 

WEATHER ITEM   OBSERVED TIME    RECORD YEAR NORMAL DEPARTURE LAST 
               VALUE    (LST)   VALUE       VALUE  FROM      YEAR 
                                                   NORMAL 
................................................................... 
TEMPERATURE 
YESTERDAY 
 MAXIMUM            20  0335 PM    42  2010     21      -1      3 
 MINIMUM            12  0553 AM   -26  2008      9       3    -14 
 AVERAGE            16                          15       1     -6 

PRECIPITATION 
(INCHES) 
 YESTERDAY        0.00           0.55  2003   0.05   -0.05   0.01 
 MONTH TO DATE    1.07                        1.26   -0.19   2.36 
 SINCE SEP 1      4.42                        5.66   -1.24   9.10 
 SINCE JAN 1     13.73                       17.08   -3.35  19.58 

SNOWFALL 
(INCHES) 
 YESTERDAY         0.0            4.5  1981    0.5    -0.5    0.1 
 MONTH TO DATE     0.4                         9.7    -9.3    5.6 
 SINCE SEP 1       7.2                        14.7    -7.5    5.6 
 SINCE JUL 1       7.2                        14.7    -7.5    5.6
 SNOW DEPTH (IN)     T                                          1 

DEGREE DAYS 
 HEATING 
  YESTERDAY         49                          50      -1     71 
  MONTH TO DATE    859                        1073    -214    965 
  SINCE SEP 1     2492                        2733    -241   2394 
  SINCE JUL 1     3013                        3375    -362   2981

 COOLING 
  YESTERDAY          0                           0       0      0 
  MONTH TO DATE      0                           0       0      0 
  SINCE SEP 1        0                           0       0      0 
  SINCE JAN 1        0                           0       0     18 
................................................................... 

WIND (MPH) 
 HIGHEST WIND SPEED    18     HIGHEST WIND DIRECTION     20      
 HIGHEST GUST SPEED    21     HIGHEST GUST DIRECTION     20 
 AVERAGE WIND SPEED  11.8 

SKY COVER
  POSSIBLE SUNSHINE    MM          AVERAGE SKY COVER     MM
 
WEATHER CONDITIONS 
 THE FOLLOWING WEATHER WAS RECORDED YESTERDAY. 
  GLAZE
 

RELATIVE HUMIDITY
 HIGHEST RH     MM PERCENT       MM
 LOWEST  RH     MM PERCENT       MM
 AVERAGE RH     MM PERCENT       MM
................................................................... 

THE BETHEL CLIMATE NORMALS FOR TODAY 
                           NORMAL    RECORD   YEAR 
 MAXIMUM TEMPERATURE (F)     21        40     2001 
 MINIMUM TEMPERATURE (F)      9       -23     1994 

SUNRISE AND SUNSET 
 NOV 24 2014..........SUNRISE 10:14 AM      SUNSET  4:54 PM   
 NOV 25 2014..........SUNRISE 10:17 AM      SUNSET  4:53 PM   

-  INDICATES NEGATIVE NUMBERS.
R  INDICATES RECORD HAS BEEN SET OR TIED.
MM INDICATES DATA IS MISSING.
T  INDICATES TRACE OF PRECIPITATION.

&&
-------------------------------------------------------------------

AMOUNT OF DAYLIGHT TODAY  (HOUR:MIN)........6 HOURS 40 MINUTES
GAIN/LOSS SINCE YESTERDAY (HOUR:MIN:SEC)....-0:04:14

$$
FONTENOT