CDAK48 PABE 281217
CLIBET

CLIMATE REPORT 
NATIONAL WEATHER SERVICE BETHEL, AK
317 AM AKST SAT FEB 28 2015
...................................
...THE BETHEL AP CLIMATE SUMMARY FOR FEBRUARY 27 2015... 

CLIMATE NORMAL PERIOD  1981 TO  2010 
CLIMATE RECORD PERIOD  1923 TO  2015 

WEATHER ITEM   OBSERVED TIME    RECORD YEAR NORMAL DEPARTURE LAST 
               VALUE    (LST)   VALUE       VALUE  FROM      YEAR 
                                                   NORMAL 
................................................................... 
TEMPERATURE 
YESTERDAY 
 MAXIMUM            35  0611 PM    46  2014     20      15     46 
 MINIMUM            28  1133 AM   -39  1932      6      22     34 
 AVERAGE            32                          13      19     40 

PRECIPITATION 
(INCHES) 
 YESTERDAY           T           1.03  1996   0.03   -0.03   0.00 
 MONTH TO DATE    0.48                        0.70   -0.22   0.40 
 SINCE DEC 1      2.58                        2.60   -0.02   3.63 
 SINCE JAN 1      0.99                        1.48   -0.49   1.57 

SNOWFALL 
(INCHES) 
 YESTERDAY           T            5.0  1996    0.2    -0.2    0.0 
 MONTH TO DATE     5.4                         6.6    -1.2    0.4 
 SINCE DEC 1      13.1                        27.6   -14.5   15.2 
 SINCE JUL 1      25.3                        45.5   -20.2   22.1
 SNOW DEPTH (IN)     1                                          T 

DEGREE DAYS 
 HEATING 
  YESTERDAY         33                          52     -19     25 
  MONTH TO DATE   1297                        1458    -161   1339 
  SINCE DEC 1     4461                        4964    -503   4083 
  SINCE JUL 1     7736                        8694    -958   7441

 COOLING 
  YESTERDAY          0                           0       0      0 
  MONTH TO DATE      0                           0       0      0 
  SINCE DEC 1        0                           0       0      0 
  SINCE JAN 1        0                           0       0      0 
................................................................... 

WIND (MPH) 
 HIGHEST WIND SPEED    15     HIGHEST WIND DIRECTION    160      
 HIGHEST GUST SPEED    19     HIGHEST GUST DIRECTION    160 
 AVERAGE WIND SPEED   9.9 

SKY COVER
  POSSIBLE SUNSHINE    MM          AVERAGE SKY COVER     MM
 
WEATHER CONDITIONS 
 THE FOLLOWING WEATHER WAS RECORDED YESTERDAY. 
 SNOW
 

RELATIVE HUMIDITY
 HIGHEST RH     MM PERCENT       MM
 LOWEST  RH     MM PERCENT       MM
 AVERAGE RH     MM PERCENT       MM
................................................................... 

THE BETHEL CLIMATE NORMALS FOR TODAY 
                           NORMAL    RECORD   YEAR 
 MAXIMUM TEMPERATURE (F)     20        41     2003 
 MINIMUM TEMPERATURE (F)      6       -37     1956 

SUNRISE AND SUNSET 
 FEB 28 2015..........SUNRISE  8:51 AM      SUNSET  7:11 PM   
 MAR 1 2015..........SUNRISE  8:48 AM      SUNSET  7:14 PM   

-  INDICATES NEGATIVE NUMBERS.
R  INDICATES RECORD HAS BEEN SET OR TIED.
MM INDICATES DATA IS MISSING.
T  INDICATES TRACE OF PRECIPITATION.

&&
-------------------------------------------------------------------

AMOUNT OF DAYLIGHT TODAY  (HOUR:MIN)........10 HOURS 20 MINUTES
GAIN/LOSS SINCE YESTERDAY (HOUR:MIN:SEC)....+0:05:38

$$
DAC