CDAK48 PABE 301255
CLIBET

CLIMATE REPORT 
NATIONAL WEATHER SERVICE BETHEL, AK
455 AM AKDT MON MAR 30 2015
...................................
...THE BETHEL AP CLIMATE SUMMARY FOR MARCH 29 2015... 

CLIMATE NORMAL PERIOD  1981 TO  2015 
CLIMATE RECORD PERIOD  1923 TO  2015 

WEATHER ITEM   OBSERVED TIME    RECORD YEAR NORMAL DEPARTURE LAST 
               VALUE    (LST)   VALUE       VALUE  FROM      YEAR 
                                                   NORMAL 
................................................................... 
TEMPERATURE 
YESTERDAY 
 MAXIMUM            40  0527 PM    53  1934     25      15     26 
 MINIMUM            27  1159 PM   -28  1944     11      16     17 
 AVERAGE            34                          18      16     22 

PRECIPITATION 
(INCHES) 
 YESTERDAY        0.00           0.59  2008   0.02   -0.02   0.00 
 MONTH TO DATE    0.47                        0.66   -0.19   0.48 
 SINCE MAR 1      0.47                        0.66   -0.19   0.48 
 SINCE JAN 1      1.51                        2.16   -0.65   2.06 

SNOWFALL 
(INCHES) 
 YESTERDAY         0.0            5.9  2008    0.3    -0.3    0.0 
 MONTH TO DATE     5.7                         7.7    -2.0    4.7 
 SINCE MAR 1       5.7                         7.7    -2.0    4.7 
 SINCE JUL 1      31.2                        53.5   -22.3   26.8
 SNOW DEPTH (IN)     T                                          1 

DEGREE DAYS 
 HEATING 
  YESTERDAY         31                          47     -16     43 
  MONTH TO DATE   1279                        1451    -172   1516 
  SINCE MAR 1     1275                        1451    -176   1516 
  SINCE JUL 1     9050                       10197   -1147   8991

 COOLING 
  YESTERDAY          0                           0       0      0 
  MONTH TO DATE      0                           0       0      0 
  SINCE MAR 1        0                           0       0      0 
  SINCE JAN 1        0                           0       0      0 
................................................................... 

WIND (MPH) 
 HIGHEST WIND SPEED    17     HIGHEST WIND DIRECTION    350      
 HIGHEST GUST SPEED    20     HIGHEST GUST DIRECTION    360 
 AVERAGE WIND SPEED  10.6 

SKY COVER
  POSSIBLE SUNSHINE    MM          AVERAGE SKY COVER     MM
 
WEATHER CONDITIONS 
 THE FOLLOWING WEATHER WAS RECORDED YESTERDAY. 
  NO SIGNIFICANT WEATHER WAS OBSERVED. 

RELATIVE HUMIDITY
 HIGHEST RH     MM PERCENT       MM
 LOWEST  RH     MM PERCENT       MM
 AVERAGE RH     MM PERCENT       MM
................................................................... 

THE BETHEL CLIMATE NORMALS FOR TODAY 
                           NORMAL    RECORD   YEAR 
 MAXIMUM TEMPERATURE (F)     26        51     1926 
 MINIMUM TEMPERATURE (F)     11       -28     1944 

SUNRISE AND SUNSET 
 MAR 30 2015..........SUNRISE  8:18 AM      SUNSET  9:28 PM   
 MAR 31 2015..........SUNRISE  8:15 AM      SUNSET  9:31 PM   

-  INDICATES NEGATIVE NUMBERS.
R  INDICATES RECORD HAS BEEN SET OR TIED.
MM INDICATES DATA IS MISSING.
T  INDICATES TRACE OF PRECIPITATION.

&&
-------------------------------------------------------------------

AMOUNT OF DAYLIGHT TODAY  (HOUR:MIN)........13 HOURS 10 MINUTES
GAIN/LOSS SINCE YESTERDAY (HOUR:MIN:SEC)....+0:05:38

$$
*** MAR 15