CDAK48 PABE 251141
CLIBET

CLIMATE REPORT 
NATIONAL WEATHER SERVICE BETHEL, AK
341 AM AKDT SAT OCT 25 2014
...................................
...THE BETHEL AP CLIMATE SUMMARY FOR OCTOBER 24 2014... 

CLIMATE NORMAL PERIOD  1981 TO  2010 
CLIMATE RECORD PERIOD  1923 TO  2014 

WEATHER ITEM   OBSERVED TIME    RECORD YEAR NORMAL DEPARTURE LAST 
               VALUE    (LST)   VALUE       VALUE  FROM      YEAR 
                                                   NORMAL 
................................................................... 
TEMPERATURE 
YESTERDAY 
 MAXIMUM            33  0418 PM    47  1969     31       2     45 
 MINIMUM            15  0851 AM    -2  1996     21      -6     31 
 AVERAGE            24                          26      -2     38 

PRECIPITATION 
(INCHES) 
 YESTERDAY        0.00           0.53  2000   0.04   -0.04      T 
 MONTH TO DATE    0.47                        1.33   -0.86   3.58 
 SINCE SEP 1      1.73                        4.08   -2.35   6.10 
 SINCE JAN 1     11.04                       15.50   -4.46  16.58 

SNOWFALL 
(INCHES) 
 YESTERDAY         0.0            2.2  2009    0.2    -0.2      T 
 MONTH TO DATE     5.4                         2.8     2.6      T 
 SINCE SEP 1       5.4                         3.4     2.0    0.0 
 SINCE JUL 1       5.4                         3.4     2.0      T
 SNOW DEPTH (IN)     3                                          0 

DEGREE DAYS 
 HEATING 
  YESTERDAY         41                          39       2     27 
  MONTH TO DATE    864                         791      73    620 
  SINCE SEP 1     1367                        1375      -8   1231 
  SINCE JUL 1     1888                        2017    -129   1815

 COOLING 
  YESTERDAY          0                           0       0      0 
  MONTH TO DATE      0                           0       0      0 
  SINCE SEP 1        0                           0       0      0 
  SINCE JAN 1        0                           0       0     18 
................................................................... 

WIND (MPH) 
 HIGHEST WIND SPEED    14     HIGHEST WIND DIRECTION    170      
 HIGHEST GUST SPEED    17     HIGHEST GUST DIRECTION    160 
 AVERAGE WIND SPEED  10.4 

SKY COVER
  POSSIBLE SUNSHINE    MM          AVERAGE SKY COVER     MM
 
WEATHER CONDITIONS 
 THE FOLLOWING WEATHER WAS RECORDED YESTERDAY. 
  FOG
 

RELATIVE HUMIDITY
 HIGHEST RH     MM PERCENT       MM
 LOWEST  RH     MM PERCENT       MM
 AVERAGE RH     MM PERCENT       MM
................................................................... 

THE BETHEL CLIMATE NORMALS FOR TODAY 
                           NORMAL    RECORD   YEAR 
 MAXIMUM TEMPERATURE (F)     31        49     1923 
 MINIMUM TEMPERATURE (F)     20        -1     1996 

SUNRISE AND SUNSET 
 OCT 25 2014..........SUNRISE  9:56 AM      SUNSET  7:07 PM   
 OCT 26 2014..........SUNRISE  9:58 AM      SUNSET  7:04 PM   

-  INDICATES NEGATIVE NUMBERS.
R  INDICATES RECORD HAS BEEN SET OR TIED.
MM INDICATES DATA IS MISSING.
T  INDICATES TRACE OF PRECIPITATION.

&&
-------------------------------------------------------------------

AMOUNT OF DAYLIGHT TODAY  (HOUR:MIN)........9 HOURS 11 MINUTES
GAIN/LOSS SINCE YESTERDAY (HOUR:MIN:SEC)....-0:05:28

$$
FONTENOT