CDAK47 PAYA 260007
CLIYAK

CLIMATE REPORT
NATIONAL WEATHER SERVICE YAKUTAT, AK
407 PM AKDT SAT OCT 25 2014
...................................
...THE YAKUTAT AP CLIMATE SUMMARY FOR OCTOBER 25 2014...
VALID TODAY AS OF 2:00 PM LOCAL TIME

CLIMATE NORMAL PERIOD  1981 TO  2010 
CLIMATE RECORD PERIOD  1948 TO  2014 

WEATHER ITEM   OBSERVED TIME    RECORD YEAR NORMAL DEPARTURE LAST 
               VALUE    (LST)   VALUE       VALUE  FROM      YEAR 
                                                   NORMAL 
................................................................... 
TEMPERATURE 
TODAY 
 MAXIMUM            48  0136 PM    55  1986     45       3     49 
 MINIMUM            30  0748 AM    14  1971     32      -2     42 
 AVERAGE            39                          38       1     46 

PRECIPITATION 
(INCHES) 
 TODAY            0.00           2.98  2013   0.61   -0.61   2.98 
 MONTH TO DATE   12.34                       18.52   -6.18  19.47 
 SINCE SEP 1     32.17                       39.63   -7.46  38.00 
 SINCE JAN 1    110.97                      120.93   -9.96 115.63 

SNOWFALL 
(INCHES) 
 TODAY             0.0            4.4  1966    0.1    -0.1    0.0 
 MONTH TO DATE     0.0                         1.3    -1.3    0.0
 SINCE SEP 1       0.0                         1.3    -1.3    0.0
 SINCE JUL 1       0.0                         1.3    -1.3    0.0
 SNOW DEPTH (IN)     0                                          0

DEGREE DAYS 
 HEATING 
  TODAY             26                          27      -1     19 
  MONTH TO DATE    550                         574     -24    502
  SINCE SEP 1      962                        1072    -110    908
  SINCE JUL 1     1589                        1750    -161   1472

 COOLING 
  TODAY              0                           0       0      0 
  MONTH TO DATE      0                           0       0      0 
  SINCE SEP 1        0                           0       0      0 
  SINCE JAN 1        0                           0       0      0 
................................................................... 

WIND (MPH) 
 HIGHEST WIND SPEED     5     HIGHEST WIND DIRECTION    240      
 HIGHEST GUST SPEED     7     HIGHEST GUST DIRECTION    240 
 AVERAGE WIND SPEED    MM 

SKY COVER
  POSSIBLE SUNSHINE  MM            AVERAGE SKY COVER MM
 
WEATHER CONDITIONS 
 THE FOLLOWING WEATHER WAS RECORDED TODAY. 
NO SIGNIFICANT WEATHER WAS OBSERVED. 

RELATIVE HUMIDITY
 HIGHEST RH     MM PERCENT       MM
 LOWEST  RH     MM PERCENT       MM
 AVERAGE RH     MM PERCENT       MM
................................................................... 

THE YAKUTAT CLIMATE NORMALS FOR TOMORROW 
                        NORMAL    RECORD   YEAR 
 MAXIMUM TEMPERATURE      44        52     1959 
 MINIMUM TEMPERATURE      31         7     1966 

SUNRISE AND SUNSET 
 OCT 25 2014..........SUNRISE  8:22 AM      SUNSET  5:43 PM    
 OCT 26 2014..........SUNRISE  8:25 AM      SUNSET  5:40 PM    

-  INDICATES NEGATIVE NUMBERS.
R  INDICATES RECORD HAS BEEN SET OR TIED.
MM INDICATES DATA IS MISSING.
T  INDICATES TRACE OF PRECIPITATION.

&&
-------------------------------------------------------------------

AMOUNT OF DAYLIGHT TODAY  (HOUR:MIN)........9 HOURS 21 MINUTES
GAIN/LOSS SINCE YESTERDAY (HOUR:MIN:SEC)....-0:05:10

$$
*** OCT 14