CDAK47 PAYA 260909
CLIYAK

CLIMATE REPORT 
NATIONAL WEATHER SERVICE YAKUTAT, AK
110 AM AKDT THU MAY 26 2016
...................................
...THE YAKUTAT AP CLIMATE SUMMARY FOR MAY 25 2016... 

CLIMATE NORMAL PERIOD  1981 TO  2010 
CLIMATE RECORD PERIOD  1948 TO  2016 

WEATHER ITEM   OBSERVED TIME    RECORD YEAR NORMAL DEPARTURE LAST 
               VALUE    (LST)   VALUE       VALUE  FROM      YEAR 
                                                   NORMAL 
................................................................... 
TEMPERATURE 
YESTERDAY 
 MAXIMUM            55  0253 PM    74  1947     54       1     60 
 MINIMUM            41  1159 PM    25  1966     40       1     46 
 AVERAGE            48                          47       1     53 

PRECIPITATION 
(INCHES) 
 YESTERDAY        0.00           2.02  1964   0.27   -0.27   0.00 
 MONTH TO DATE    6.73                        6.69    0.04   1.51 
 SINCE MAR 1     26.26                       26.92   -0.66  26.10 
 SINCE JAN 1     51.55                       51.44    0.11  50.47 

SNOWFALL 
(INCHES) 
 YESTERDAY         0.0              T  2001    0.0     0.0    0.0 
 MONTH TO DATE     0.0                         0.4    -0.4    0.0 
 SINCE MAR 1       0.7                        37.8   -37.1   34.3 
 SINCE JUL 1      49.9                       140.0   -90.1   47.1
 SNOW DEPTH (IN)     0                                          0 

DEGREE DAYS 
 HEATING 
  YESTERDAY         17                          18      -1     12 
  MONTH TO DATE    421                         523    -102    444 
  SINCE MAR 1     1886                        2361    -475   2140 
  SINCE JUL 1     7224                        8490   -1266   7572

 COOLING 
  YESTERDAY          0                           0       0      0 
  MONTH TO DATE      0                           0       0      0 
  SINCE MAR 1        0                           0       0      0 
  SINCE JAN 1        0                           0       0      0 
................................................................... 

WIND (MPH) 
 HIGHEST WIND SPEED    10     HIGHEST WIND DIRECTION    240      
 HIGHEST GUST SPEED    14     HIGHEST GUST DIRECTION    240 
 AVERAGE WIND SPEED   4.3 

SKY COVER
  POSSIBLE SUNSHINE    MM          AVERAGE SKY COVER     MM
 
WEATHER CONDITIONS 
 THE FOLLOWING WEATHER WAS RECORDED YESTERDAY. 
  NO SIGNIFICANT WEATHER WAS OBSERVED. 

RELATIVE HUMIDITY
 HIGHEST RH     MM PERCENT       MM
 LOWEST  RH     MM PERCENT       MM
 AVERAGE RH     MM PERCENT       MM
................................................................... 

THE YAKUTAT CLIMATE NORMALS FOR TODAY 
                           NORMAL    RECORD   YEAR 
 MAXIMUM TEMPERATURE (F)     54        72     1947 
 MINIMUM TEMPERATURE (F)     40        30     2001 

SUNRISE AND SUNSET 
 MAY 26 2016..........SUNRISE  4:21 AM      SUNSET 10:13 PM   
 MAY 27 2016..........SUNRISE  4:20 AM      SUNSET 10:15 PM   

-  INDICATES NEGATIVE NUMBERS.
R  INDICATES RECORD HAS BEEN SET OR TIED.
MM INDICATES DATA IS MISSING.
T  INDICATES TRACE OF PRECIPITATION.

&&
-------------------------------------------------------------------

AMOUNT OF DAYLIGHT TODAY  (HOUR:MIN)........17 HOURS 52 MINUTES
GAIN/LOSS SINCE YESTERDAY (HOUR:MIN:SEC)....+0:03:41

$$
*** MAY 16