CDAK47 PAYA 190919
CLIYAK

CLIMATE REPORT 
NATIONAL WEATHER SERVICE YAKUTAT, AK
119 AM AKDT SUN APR 19 2015
...................................
...THE YAKUTAT AP CLIMATE SUMMARY FOR APRIL 18 2015... 

CLIMATE NORMAL PERIOD  1981 TO  2010 
CLIMATE RECORD PERIOD  1948 TO  2015 

WEATHER ITEM   OBSERVED TIME    RECORD YEAR NORMAL DEPARTURE LAST 
               VALUE    (LST)   VALUE       VALUE  FROM      YEAR 
                                                   NORMAL 
................................................................... 
TEMPERATURE 
YESTERDAY 
 MAXIMUM            44  0908 PM    58  1993     46      -2     45 
 MINIMUM            33  0312 AM    12  1963     30       3     29 
 AVERAGE            39                          38       1     37 

PRECIPITATION 
(INCHES) 
 YESTERDAY      R 2.28           2.02  2005   0.29    1.99   0.21 
 MONTH TO DATE   11.25                        5.70    5.55   3.15 
 SINCE MAR 1     21.67                       16.74    4.93   7.20 
 SINCE JAN 1     46.04                       41.26    4.78  34.26 

SNOWFALL 
(INCHES) 
 YESTERDAY         0.1            8.9  1971    0.3    -0.2    0.0 
 MONTH TO DATE     6.8                         8.2    -1.4    5.8 
 SINCE MAR 1      34.3                        35.4    -1.1   13.6 
 SINCE JUL 1      47.1                       137.6   -90.5  109.0
 SNOW DEPTH (IN)     T                                          T 

DEGREE DAYS 
 HEATING 
  YESTERDAY         26                          27      -1     28 
  MONTH TO DATE    484                         515     -31    529 
  SINCE MAR 1     1407                        1537    -130   1608 
  SINCE JUL 1     6839                        7666    -827   7421

 COOLING 
  YESTERDAY          0                           0       0      0 
  MONTH TO DATE      0                           0       0      0 
  SINCE MAR 1        0                           0       0      0 
  SINCE JAN 1        0                           0       0      0 
................................................................... 

WIND (MPH) 
 HIGHEST WIND SPEED    22     HIGHEST WIND DIRECTION    110      
 HIGHEST GUST SPEED    35     HIGHEST GUST DIRECTION    100 
 AVERAGE WIND SPEED  13.8 

SKY COVER
  POSSIBLE SUNSHINE    MM          AVERAGE SKY COVER     MM
 
WEATHER CONDITIONS 
 THE FOLLOWING WEATHER WAS RECORDED YESTERDAY. 
  FOG
RAIN
SNOW
 

RELATIVE HUMIDITY
 HIGHEST RH     MM PERCENT       MM
 LOWEST  RH     MM PERCENT       MM
 AVERAGE RH     MM PERCENT       MM
................................................................... 

THE YAKUTAT CLIMATE NORMALS FOR TODAY 
                           NORMAL    RECORD   YEAR 
 MAXIMUM TEMPERATURE (F)     47        59     1994 
 MINIMUM TEMPERATURE (F)     31        18     1963 

SUNRISE AND SUNSET 
 APR 19 2015..........SUNRISE  5:53 AM      SUNSET  8:46 PM   
 APR 20 2015..........SUNRISE  5:50 AM      SUNSET  8:48 PM   

-  INDICATES NEGATIVE NUMBERS.
R  INDICATES RECORD HAS BEEN SET OR TIED.
MM INDICATES DATA IS MISSING.
T  INDICATES TRACE OF PRECIPITATION.

&&
-------------------------------------------------------------------

AMOUNT OF DAYLIGHT TODAY  (HOUR:MIN)........14 HOURS 53 MINUTES
GAIN/LOSS SINCE YESTERDAY (HOUR:MIN:SEC)....+0:05:16

$$
*** APR 15