CDAK47 PAYA 300001
CLIYAK

CLIMATE REPORT
NATIONAL WEATHER SERVICE YAKUTAT, AK
401 PM AKDT FRI MAY 29 2015
...................................
...THE YAKUTAT AP CLIMATE SUMMARY FOR MAY 29 2015...
VALID TODAY AS OF 2:00 PM LOCAL TIME

CLIMATE NORMAL PERIOD  1981 TO  2010 
CLIMATE RECORD PERIOD  1948 TO  2015 

WEATHER ITEM   OBSERVED TIME    RECORD YEAR NORMAL DEPARTURE LAST 
               VALUE    (LST)   VALUE       VALUE  FROM      YEAR 
                                                   NORMAL 
................................................................... 
TEMPERATURE 
TODAY 
 MAXIMUM            60  0109 PM    78  1981     55       5     57 
 MINIMUM            46  0639 AM    30  1968     41       5     40 
 AVERAGE            53                          48       5     49 

PRECIPITATION 
(INCHES) 
 TODAY            0.00           1.57  1995   0.26   -0.26   0.00 
 MONTH TO DATE    1.62                        7.72   -6.10   2.70 
 SINCE MAR 1     26.21                       27.95   -1.74  10.62 
 SINCE JAN 1     50.58                       52.47   -1.89  37.68 

SNOWFALL 
(INCHES) 
 TODAY             0.0            0.0  2015    0.0     0.0    0.0 
 MONTH TO DATE     0.0                         0.4    -0.4    0.0
 SINCE MAR 1      34.3                        37.8    -3.5   13.6
 SINCE JUL 1      47.1                       140.0   -92.9  109.0
 SNOW DEPTH (IN)     0                                          0

DEGREE DAYS 
 HEATING 
  TODAY             12                          17      -5     16 
  MONTH TO DATE    506                         594     -88    510
  SINCE MAR 1     2202                        2432    -230   2416
  SINCE JUL 1     7634                        8561    -927   8229

 COOLING 
  TODAY              0                           0       0      0 
  MONTH TO DATE      0                           0       0      0 
  SINCE MAR 1        0                           0       0      0 
  SINCE JAN 1        0                           0       0      0 
................................................................... 

WIND (MPH) 
 HIGHEST WIND SPEED    14     HIGHEST WIND DIRECTION    240      
 HIGHEST GUST SPEED    17     HIGHEST GUST DIRECTION    240 
 AVERAGE WIND SPEED    MM 

SKY COVER
  POSSIBLE SUNSHINE  MM            AVERAGE SKY COVER MM
 
WEATHER CONDITIONS 
 THE FOLLOWING WEATHER WAS RECORDED TODAY. 
FOG
 

RELATIVE HUMIDITY
 HIGHEST RH     MM PERCENT       MM
 LOWEST  RH     MM PERCENT       MM
 AVERAGE RH     MM PERCENT       MM
................................................................... 

THE YAKUTAT CLIMATE NORMALS FOR TOMORROW 
                        NORMAL    RECORD   YEAR 
 MAXIMUM TEMPERATURE      55        77     1964 
 MINIMUM TEMPERATURE      41        32     1962 

SUNRISE AND SUNSET 
 MAY 29 2015..........SUNRISE  4:18 AM      SUNSET 10:17 PM    
 MAY 30 2015..........SUNRISE  4:16 AM      SUNSET 10:19 PM    

-  INDICATES NEGATIVE NUMBERS.
R  INDICATES RECORD HAS BEEN SET OR TIED.
MM INDICATES DATA IS MISSING.
T  INDICATES TRACE OF PRECIPITATION.

&&
-------------------------------------------------------------------

AMOUNT OF DAYLIGHT TODAY  (HOUR:MIN)........17 HOURS 59 MINUTES
GAIN/LOSS SINCE YESTERDAY (HOUR:MIN:SEC)....+0:03:28

$$
DC MAY 15