CDAK47 PAYA 290104
CLIYAK

CLIMATE REPORT
NATIONAL WEATHER SERVICE YAKUTAT, AK
404 PM AKST FRI NOV 28 2014
...................................
...THE YAKUTAT AP CLIMATE SUMMARY FOR NOVEMBER 28 2014...
VALID TODAY AS OF 2:00 PM LOCAL TIME

CLIMATE NORMAL PERIOD  1981 TO  2010 
CLIMATE RECORD PERIOD  1948 TO  2014 

WEATHER ITEM   OBSERVED TIME    RECORD YEAR NORMAL DEPARTURE LAST 
               VALUE    (LST)   VALUE       VALUE  FROM      YEAR 
                                                   NORMAL 
................................................................... 
TEMPERATURE 
TODAY 
 MAXIMUM            29  0159 PM    47  1987     36      -7     41 
 MINIMUM            13  0501 AM    -5  1948     25     -12     31 
 AVERAGE            21                          31     -10     36 

PRECIPITATION 
(INCHES) 
 TODAY               T           3.67  1956   0.48   -0.48   0.28 
 MONTH TO DATE    9.08                       13.49   -4.41   7.54 
 SINCE SEP 1     43.82                       56.58   -12.76  49.94 
 SINCE JAN 1    122.62                      137.88  -15.26 127.57 

SNOWFALL 
(INCHES) 
 TODAY               T            7.9  1967    0.8    -0.8    0.2 
 MONTH TO DATE       T                        16.6   -16.6    6.1
 SINCE SEP 1       0.0                        19.1   -19.1    6.1
 SINCE JUL 1         T                        19.1   -19.1    6.1
 SNOW DEPTH (IN)     0                                          0

DEGREE DAYS 
 HEATING 
  TODAY             44                          34      10     29 
  MONTH TO DATE    851                         909     -58    930
  SINCE SEP 1     1979                        2150    -171   1967
  SINCE JUL 1     2606                        2828    -222   2531

 COOLING 
  TODAY              0                           0       0      0 
  MONTH TO DATE      0                           0       0      0 
  SINCE SEP 1        0                           0       0      0 
  SINCE JAN 1        0                           0       0      0 
................................................................... 

WIND (MPH) 
 HIGHEST WIND SPEED     6     HIGHEST WIND DIRECTION     70      
 HIGHEST GUST SPEED     8     HIGHEST GUST DIRECTION     60 
 AVERAGE WIND SPEED    MM 

SKY COVER
  POSSIBLE SUNSHINE  MM            AVERAGE SKY COVER MM
 
WEATHER CONDITIONS 
 THE FOLLOWING WEATHER WAS RECORDED TODAY. 
FOG
SNOW
 

RELATIVE HUMIDITY
 HIGHEST RH     MM PERCENT       MM
 LOWEST  RH     MM PERCENT       MM
 AVERAGE RH     MM PERCENT       MM
................................................................... 

THE YAKUTAT CLIMATE NORMALS FOR TOMORROW 
                        NORMAL    RECORD   YEAR 
 MAXIMUM TEMPERATURE      36        53     2002 
 MINIMUM TEMPERATURE      25        -1     1985 

SUNRISE AND SUNSET 
 NOV 28 2014..........SUNRISE  8:45 AM      SUNSET  3:29 PM    
 NOV 29 2014..........SUNRISE  8:47 AM      SUNSET  3:28 PM    

-  INDICATES NEGATIVE NUMBERS.
R  INDICATES RECORD HAS BEEN SET OR TIED.
MM INDICATES DATA IS MISSING.
T  INDICATES TRACE OF PRECIPITATION.

&&
-------------------------------------------------------------------

AMOUNT OF DAYLIGHT TODAY  (HOUR:MIN)........6 HOURS 44 MINUTES
GAIN/LOSS SINCE YESTERDAY (HOUR:MIN:SEC)....-0:03:31

$$
*** NOV 14