CDAK47 PAYA 260017
CLIYAK

CLIMATE REPORT
NATIONAL WEATHER SERVICE YAKUTAT, AK
417 PM AKDT SAT JUN 25 2016
...................................
...THE YAKUTAT AP CLIMATE SUMMARY FOR JUNE 25 2016...
VALID TODAY AS OF 2:00 PM LOCAL TIME

CLIMATE NORMAL PERIOD  1981 TO  2010 
CLIMATE RECORD PERIOD  1948 TO  2016 

WEATHER ITEM   OBSERVED TIME    RECORD YEAR NORMAL DEPARTURE LAST 
               VALUE    (LST)   VALUE       VALUE  FROM      YEAR 
                                                   NORMAL 
................................................................... 
TEMPERATURE 
TODAY 
 MAXIMUM            57  0111 PM    72  1953     59      -2     67 
 MINIMUM            52  0131 AM    35  1988     46       6     50 
 AVERAGE            55                          52       3     59 

PRECIPITATION 
(INCHES) 
 TODAY            0.61           2.83  1943   0.19    0.42   0.02 
 MONTH TO DATE    4.70                        5.38   -0.68   6.39 
 SINCE JUN 1      4.70                        5.38   -0.68   6.39 
 SINCE JAN 1     56.26                       58.34   -2.08  56.97 

SNOWFALL 
(INCHES) 
 TODAY             0.0            0.0  2016    0.0     0.0    0.0 
 MONTH TO DATE     0.0                         0.0     0.0    0.0
 SINCE JUN 1       0.0                         0.0     0.0    0.0
 SINCE JUL 1      49.9                       140.0   -90.1   47.1
 SNOW DEPTH (IN)     0                                          0

DEGREE DAYS 
 HEATING 
  TODAY             10                          13      -3      6 
  MONTH TO DATE    274                         364     -90    285
  SINCE JUN 1      274                         364     -90    285
  SINCE JUL 1     7573                        8959   -1386   7947

 COOLING 
  TODAY              0                           0       0      0 
  MONTH TO DATE      0                           0       0      0 
  SINCE JUN 1        0                           0       0      0 
  SINCE JAN 1        0                           0       0      0 
................................................................... 

WIND (MPH) 
 HIGHEST WIND SPEED    17     HIGHEST WIND DIRECTION    140      
 HIGHEST GUST SPEED    27     HIGHEST GUST DIRECTION    120 
 AVERAGE WIND SPEED    MM 

SKY COVER
  POSSIBLE SUNSHINE  MM            AVERAGE SKY COVER MM
 
WEATHER CONDITIONS 
 THE FOLLOWING WEATHER WAS RECORDED TODAY. 
FOG
RAIN
 

RELATIVE HUMIDITY
 HIGHEST RH     MM PERCENT       MM
 LOWEST  RH     MM PERCENT       MM
 AVERAGE RH     MM PERCENT       MM
................................................................... 

THE YAKUTAT CLIMATE NORMALS FOR TOMORROW 
                        NORMAL    RECORD   YEAR 
 MAXIMUM TEMPERATURE      59        78     1953 
 MINIMUM TEMPERATURE      46        33     1956 

SUNRISE AND SUNSET 
 JUN 25 2016..........SUNRISE  4:02 AM      SUNSET 10:42 PM    
 JUN 26 2016..........SUNRISE  4:03 AM      SUNSET 10:41 PM    

-  INDICATES NEGATIVE NUMBERS.
R  INDICATES RECORD HAS BEEN SET OR TIED.
MM INDICATES DATA IS MISSING.
T  INDICATES TRACE OF PRECIPITATION.

&&
-------------------------------------------------------------------

AMOUNT OF DAYLIGHT TODAY  (HOUR:MIN)........18 HOURS 40 MINUTES
GAIN/LOSS SINCE YESTERDAY (HOUR:MIN:SEC)....-0:00:46

$$
TR/BK JUN 16