CDAK47 PAYA 050917
CLIYAK

CLIMATE REPORT 
NATIONAL WEATHER SERVICE YAKUTAT, AK
1218 AM AKST THU MAR 5 2015
...................................
...THE YAKUTAT AP CLIMATE SUMMARY FOR MARCH 4 2015... 

CLIMATE NORMAL PERIOD  1981 TO  2010 
CLIMATE RECORD PERIOD  1948 TO  2015 

WEATHER ITEM   OBSERVED TIME    RECORD YEAR NORMAL DEPARTURE LAST 
               VALUE    (LST)   VALUE       VALUE  FROM      YEAR 
                                                   NORMAL 
................................................................... 
TEMPERATURE 
YESTERDAY 
 MAXIMUM            40  0318 PM    47  1957     38       2     27 
 MINIMUM            37  0641 AM    -3  2007     24      13     24 
 AVERAGE            39                          31       8     26 

PRECIPITATION 
(INCHES) 
 YESTERDAY        0.81           3.68  1979   0.38    0.43   0.01 
 MONTH TO DATE    0.91                        1.55   -0.64   0.01 
 SINCE MAR 1      0.91                        1.55   -0.64   0.01 
 SINCE JAN 1     25.28                       26.07   -0.79  27.07 

SNOWFALL 
(INCHES) 
 YESTERDAY         0.0            6.6  1955    0.9    -0.9    0.5 
 MONTH TO DATE     0.0                         3.6    -3.6    0.5 
 SINCE MAR 1       0.0                         3.6    -3.6    0.5 
 SINCE JUL 1      12.8                       105.8   -93.0   95.9
 SNOW DEPTH (IN)     0                                         10 

DEGREE DAYS 
 HEATING 
  YESTERDAY         26                          34      -8     39 
  MONTH TO DATE    112                         136     -24    161 
  SINCE MAR 1      112                         136     -24    161 
  SINCE JUL 1     5544                        6265    -721   5974

 COOLING 
  YESTERDAY          0                           0       0      0 
  MONTH TO DATE      0                           0       0      0 
  SINCE MAR 1        0                           0       0      0 
  SINCE JAN 1        0                           0       0      0 
................................................................... 

WIND (MPH) 
 HIGHEST WIND SPEED    16     HIGHEST WIND DIRECTION    100      
 HIGHEST GUST SPEED    22     HIGHEST GUST DIRECTION     90 
 AVERAGE WIND SPEED   7.8 

SKY COVER
  POSSIBLE SUNSHINE    MM          AVERAGE SKY COVER     MM
 
WEATHER CONDITIONS 
 THE FOLLOWING WEATHER WAS RECORDED YESTERDAY. 
  FOG
DRIZZLE
RAIN
 

RELATIVE HUMIDITY
 HIGHEST RH     MM PERCENT       MM
 LOWEST  RH     MM PERCENT       MM
 AVERAGE RH     MM PERCENT       MM
................................................................... 

THE YAKUTAT CLIMATE NORMALS FOR TODAY 
                           NORMAL    RECORD   YEAR 
 MAXIMUM TEMPERATURE (F)     38        45     2008 
 MINIMUM TEMPERATURE (F)     24       -10     1966 

SUNRISE AND SUNSET 
 MAR 5 2015..........SUNRISE  7:05 AM      SUNSET  5:57 PM   
 MAR 6 2015..........SUNRISE  7:02 AM      SUNSET  6:00 PM   

-  INDICATES NEGATIVE NUMBERS.
R  INDICATES RECORD HAS BEEN SET OR TIED.
MM INDICATES DATA IS MISSING.
T  INDICATES TRACE OF PRECIPITATION.

&&
-------------------------------------------------------------------

AMOUNT OF DAYLIGHT TODAY  (HOUR:MIN)........10 HOURS 52 MINUTES
GAIN/LOSS SINCE YESTERDAY (HOUR:MIN:SEC)....+0:05:21

$$
*** MAR 15