CDAK47 PAYA 040909
CLIYAK

CLIMATE REPORT 
NATIONAL WEATHER SERVICE YAKUTAT, AK
109 AM AKDT SAT JUL 4 2015
...................................
...THE YAKUTAT AP CLIMATE SUMMARY FOR JULY 3 2015... 

CLIMATE NORMAL PERIOD  1981 TO  2010 
CLIMATE RECORD PERIOD  1948 TO  2015 

WEATHER ITEM   OBSERVED TIME    RECORD YEAR NORMAL DEPARTURE LAST 
               VALUE    (LST)   VALUE       VALUE  FROM      YEAR 
                                                   NORMAL 
................................................................... 
TEMPERATURE 
YESTERDAY 
 MAXIMUM            63  0412 PM    76  1979     59       4     62 
 MINIMUM            52  0508 AM    40  1952     47       5     51 
 AVERAGE            58                          53       5     57 

PRECIPITATION 
(INCHES) 
 YESTERDAY           T           3.25  1960   0.20   -0.20      T 
 MONTH TO DATE    0.69                        0.60    0.09   0.01 
 SINCE JUN 1      9.34                        6.99    2.35  10.11 
 SINCE JAN 1     59.92                       59.95   -0.03  49.22 

SNOWFALL 
(INCHES) 
 YESTERDAY         0.0            0.0  2015    0.0     0.0    0.0 
 MONTH TO DATE     0.0                         0.0     0.0    0.0 
 SINCE JUN 1       0.0                         0.0     0.0    0.0 
 SINCE JUL 1       0.0                         0.0     0.0    0.0
 SNOW DEPTH (IN)     0                                          0 

DEGREE DAYS 
 HEATING 
  YESTERDAY          7                          12      -5      8 
  MONTH TO DATE     28                          36      -8     21 
  SINCE JUN 1      362                         462    -100    467 
  SINCE JUL 1       28                          36      -8     21

 COOLING 
  YESTERDAY          0                           0       0      0 
  MONTH TO DATE      0                           0       0      0 
  SINCE JUN 1        0                           0       0      0 
  SINCE JAN 1        0                           0       0      0 
................................................................... 

WIND (MPH) 
 HIGHEST WIND SPEED     9     HIGHEST WIND DIRECTION    200      
 HIGHEST GUST SPEED    13     HIGHEST GUST DIRECTION    240 
 AVERAGE WIND SPEED   3.4 

SKY COVER
  POSSIBLE SUNSHINE    MM          AVERAGE SKY COVER     MM
 
WEATHER CONDITIONS 
 THE FOLLOWING WEATHER WAS RECORDED YESTERDAY. 
  FOG
RAIN
 

RELATIVE HUMIDITY
 HIGHEST RH     MM PERCENT       MM
 LOWEST  RH     MM PERCENT       MM
 AVERAGE RH     MM PERCENT       MM
................................................................... 

THE YAKUTAT CLIMATE NORMALS FOR TODAY 
                           NORMAL    RECORD   YEAR 
 MAXIMUM TEMPERATURE (F)     59        79     1951 
 MINIMUM TEMPERATURE (F)     47        37     1984 

SUNRISE AND SUNSET 
 JUL 4 2015..........SUNRISE  4:10 AM      SUNSET 10:37 PM   
 JUL 5 2015..........SUNRISE  4:11 AM      SUNSET 10:36 PM   

-  INDICATES NEGATIVE NUMBERS.
R  INDICATES RECORD HAS BEEN SET OR TIED.
MM INDICATES DATA IS MISSING.
T  INDICATES TRACE OF PRECIPITATION.

&&
-------------------------------------------------------------------

AMOUNT OF DAYLIGHT TODAY  (HOUR:MIN)........18 HOURS 27 MINUTES
GAIN/LOSS SINCE YESTERDAY (HOUR:MIN:SEC)....-0:02:06

$$
*** JUL 15