CDAK47 PAYA 030006
CLIYAK

CLIMATE REPORT
NATIONAL WEATHER SERVICE YAKUTAT, AK
406 PM AKDT TUE SEP 2 2014
...................................
...THE YAKUTAT AP CLIMATE SUMMARY FOR SEPTEMBER 2 2014...
VALID TODAY AS OF 2:00 PM LOCAL TIME

CLIMATE NORMAL PERIOD  1981 TO  2010 
CLIMATE RECORD PERIOD  1948 TO  2014 

WEATHER ITEM   OBSERVED TIME    RECORD YEAR NORMAL DEPARTURE LAST 
               VALUE    (LST)   VALUE       VALUE  FROM      YEAR 
                                                   NORMAL 
................................................................... 
TEMPERATURE 
TODAY 
 MAXIMUM            60  1234 PM    68  1996     59       1     61 
 MINIMUM            38  0350 AM    32  1994     43      -5     48 
 AVERAGE            49                          51      -2     55 

PRECIPITATION 
(INCHES) 
 TODAY            0.00           4.47  1960   0.58   -0.58   0.00 
 MONTH TO DATE    0.03                        1.15   -1.12   0.19 
 SINCE SEP 1      0.03                        1.15   -1.12   0.19 
 SINCE JAN 1     78.83                       82.45   -3.62  77.82 

SNOWFALL 
(INCHES) 
 TODAY             0.0            0.0  2014    0.0     0.0    0.0 
 MONTH TO DATE     0.0                         0.0     0.0    0.0
 SINCE SEP 1       0.0                         0.0     0.0    0.0
 SINCE JUL 1       0.0                         0.0     0.0    0.0
 SNOW DEPTH (IN)     0                                          0

DEGREE DAYS 
 HEATING 
  TODAY             16                          14       2     10 
  MONTH TO DATE     31                          28       3     21
  SINCE SEP 1       31                          28       3     21
  SINCE JUL 1      658                         706     -48    585

 COOLING 
  TODAY              0                           0       0      0 
  MONTH TO DATE      0                           0       0      0 
  SINCE SEP 1        0                           0       0      0 
  SINCE JAN 1        0                           0       0      0 
................................................................... 

WIND (MPH) 
 HIGHEST WIND SPEED    10     HIGHEST WIND DIRECTION    170      
 HIGHEST GUST SPEED    14     HIGHEST GUST DIRECTION    170 
 AVERAGE WIND SPEED    MM 

SKY COVER
  POSSIBLE SUNSHINE  MM            AVERAGE SKY COVER MM
 
WEATHER CONDITIONS 
 THE FOLLOWING WEATHER WAS RECORDED TODAY. 
FOG
 

RELATIVE HUMIDITY
 HIGHEST RH     MM PERCENT       MM
 LOWEST  RH     MM PERCENT       MM
 AVERAGE RH     MM PERCENT       MM
................................................................... 

THE YAKUTAT CLIMATE NORMALS FOR TOMORROW 
                        NORMAL    RECORD   YEAR 
 MAXIMUM TEMPERATURE      58        72     2002 
 MINIMUM TEMPERATURE      43        32     1966 

SUNRISE AND SUNSET 
 SEP 2 2014..........SUNRISE  6:18 AM      SUNSET  8:18 PM    
 SEP 3 2014..........SUNRISE  6:20 AM      SUNSET  8:15 PM    

-  INDICATES NEGATIVE NUMBERS.
R  INDICATES RECORD HAS BEEN SET OR TIED.
MM INDICATES DATA IS MISSING.
T  INDICATES TRACE OF PRECIPITATION.

&&
-------------------------------------------------------------------

AMOUNT OF DAYLIGHT TODAY  (HOUR:MIN)........14 HOURS 0 MINUTES
GAIN/LOSS SINCE YESTERDAY (HOUR:MIN:SEC)....-0:05:15

$$
DC SEP 14