CDAK47 PAYA 310006
CLIYAK

CLIMATE REPORT
NATIONAL WEATHER SERVICE YAKUTAT, AK
406 PM AKDT THU OCT 30 2014
...................................
...THE YAKUTAT AP CLIMATE SUMMARY FOR OCTOBER 30 2014...
VALID TODAY AS OF 2:00 PM LOCAL TIME

CLIMATE NORMAL PERIOD  1981 TO  2010 
CLIMATE RECORD PERIOD  1948 TO  2014 

WEATHER ITEM   OBSERVED TIME    RECORD YEAR NORMAL DEPARTURE LAST 
               VALUE    (LST)   VALUE       VALUE  FROM      YEAR 
                                                   NORMAL 
................................................................... 
TEMPERATURE 
TODAY 
 MAXIMUM            44  1023 AM    56  1970     43       1     48 
 MINIMUM            38  0222 AM     0  1992     30       8     42 
 AVERAGE            41                          36       5     45 

PRECIPITATION 
(INCHES) 
 TODAY            0.46           1.89  1974   0.57   -0.11   1.60 
 MONTH TO DATE   13.69                       21.42   -7.73  23.28 
 SINCE SEP 1     33.52                       42.53   -9.01  41.81 
 SINCE JAN 1    112.32                      123.83  -11.51 119.44 

SNOWFALL 
(INCHES) 
 TODAY             0.0            9.0  1956    0.3    -0.3    0.0 
 MONTH TO DATE     0.0                         2.3    -2.3    0.0
 SINCE SEP 1       0.0                         2.3    -2.3    0.0
 SINCE JUL 1       0.0                         2.3    -2.3    0.0
 SNOW DEPTH (IN)     0                                          0

DEGREE DAYS 
 HEATING 
  TODAY             24                          29      -5     20 
  MONTH TO DATE    687                         714     -27    609
  SINCE SEP 1     1099                        1212    -113   1015
  SINCE JUL 1     1726                        1890    -164   1579

 COOLING 
  TODAY              0                           0       0      0 
  MONTH TO DATE      0                           0       0      0 
  SINCE SEP 1        0                           0       0      0 
  SINCE JAN 1        0                           0       0      0 
................................................................... 

WIND (MPH) 
 HIGHEST WIND SPEED    25     HIGHEST WIND DIRECTION    110      
 HIGHEST GUST SPEED    41     HIGHEST GUST DIRECTION     90 
 AVERAGE WIND SPEED    MM 

SKY COVER
  POSSIBLE SUNSHINE  MM            AVERAGE SKY COVER MM
 
WEATHER CONDITIONS 
 THE FOLLOWING WEATHER WAS RECORDED TODAY. 
FOG
RAIN
 

RELATIVE HUMIDITY
 HIGHEST RH     MM PERCENT       MM
 LOWEST  RH     MM PERCENT       MM
 AVERAGE RH     MM PERCENT       MM
................................................................... 

THE YAKUTAT CLIMATE NORMALS FOR TOMORROW 
                        NORMAL    RECORD   YEAR 
 MAXIMUM TEMPERATURE      42        54     1970 
 MINIMUM TEMPERATURE      30        11     1984 

SUNRISE AND SUNSET 
 OCT 30 2014..........SUNRISE  8:35 AM      SUNSET  5:30 PM    
 OCT 31 2014..........SUNRISE  8:37 AM      SUNSET  5:27 PM    

-  INDICATES NEGATIVE NUMBERS.
R  INDICATES RECORD HAS BEEN SET OR TIED.
MM INDICATES DATA IS MISSING.
T  INDICATES TRACE OF PRECIPITATION.

&&
-------------------------------------------------------------------

AMOUNT OF DAYLIGHT TODAY  (HOUR:MIN)........8 HOURS 55 MINUTES
GAIN/LOSS SINCE YESTERDAY (HOUR:MIN:SEC)....-0:05:05

$$
*** OCT 14