CDAK47 PAYA 310916
CLIYAK

CLIMATE REPORT 
NATIONAL WEATHER SERVICE YAKUTAT, AK
116 AM AKDT TUE MAR 31 2015
...................................
...THE YAKUTAT AP CLIMATE SUMMARY FOR MARCH 30 2015... 

CLIMATE NORMAL PERIOD  1981 TO  2010 
CLIMATE RECORD PERIOD  1948 TO  2015 

WEATHER ITEM   OBSERVED TIME    RECORD YEAR NORMAL DEPARTURE LAST 
               VALUE    (LST)   VALUE       VALUE  FROM      YEAR 
                                                   NORMAL 
................................................................... 
TEMPERATURE 
YESTERDAY 
 MAXIMUM            50  0301 PM    55  1957     42       8     45 
 MINIMUM            34  1159 PM    -1  1967     27       7     17 
 AVERAGE            42                          34       8     31 

PRECIPITATION 
(INCHES) 
 YESTERDAY        0.20           2.47  1961   0.32   -0.12   0.00 
 MONTH TO DATE   10.23                       10.72   -0.49   4.05 
 SINCE MAR 1     10.23                       10.72   -0.49   4.05 
 SINCE JAN 1     34.60                       35.24   -0.64  31.11 

SNOWFALL 
(INCHES) 
 YESTERDAY         0.0           10.9  1965    0.8    -0.8    0.0 
 MONTH TO DATE    27.5                        26.5     1.0    7.8 
 SINCE MAR 1      27.5                        26.5     1.0    7.8 
 SINCE JUL 1      40.3                       128.7   -88.4  103.2
 SNOW DEPTH (IN)     T                                          3 

DEGREE DAYS 
 HEATING 
  YESTERDAY         23                          31      -8     34 
  MONTH TO DATE    895                         991     -96   1044 
  SINCE MAR 1      895                         991     -96   1044 
  SINCE JUL 1     6327                        7120    -793   6857

 COOLING 
  YESTERDAY          0                           0       0      0 
  MONTH TO DATE      0                           0       0      0 
  SINCE MAR 1        0                           0       0      0 
  SINCE JAN 1        0                           0       0      0 
................................................................... 

WIND (MPH) 
 HIGHEST WIND SPEED    14     HIGHEST WIND DIRECTION     80      
 HIGHEST GUST SPEED    17     HIGHEST GUST DIRECTION     80 
 AVERAGE WIND SPEED   4.9 

SKY COVER
  POSSIBLE SUNSHINE    MM          AVERAGE SKY COVER     MM
 
WEATHER CONDITIONS 
 THE FOLLOWING WEATHER WAS RECORDED YESTERDAY. 
  FOG
RAIN
 

RELATIVE HUMIDITY
 HIGHEST RH     MM PERCENT       MM
 LOWEST  RH     MM PERCENT       MM
 AVERAGE RH     MM PERCENT       MM
................................................................... 

THE YAKUTAT CLIMATE NORMALS FOR TODAY 
                           NORMAL    RECORD   YEAR 
 MAXIMUM TEMPERATURE (F)     42        52     1994 
 MINIMUM TEMPERATURE (F)     27         9     2007 

SUNRISE AND SUNSET 
 MAR 31 2015..........SUNRISE  6:48 AM      SUNSET  8:00 PM   
 APR 1 2015..........SUNRISE  6:45 AM      SUNSET  8:02 PM   

-  INDICATES NEGATIVE NUMBERS.
R  INDICATES RECORD HAS BEEN SET OR TIED.
MM INDICATES DATA IS MISSING.
T  INDICATES TRACE OF PRECIPITATION.

&&
-------------------------------------------------------------------

AMOUNT OF DAYLIGHT TODAY  (HOUR:MIN)........13 HOURS 12 MINUTES
GAIN/LOSS SINCE YESTERDAY (HOUR:MIN:SEC)....+0:05:21

$$
*** MAR 15