CDAK47 PAYA 020920
CLIYAK

CLIMATE REPORT 
NATIONAL WEATHER SERVICE YAKUTAT, AK
120 AM AKDT SUN AUG 2 2015
...................................
...THE YAKUTAT AP CLIMATE SUMMARY FOR AUGUST 1 2015... 

CLIMATE NORMAL PERIOD  1981 TO  2010 
CLIMATE RECORD PERIOD  1948 TO  2015 

WEATHER ITEM   OBSERVED TIME    RECORD YEAR NORMAL DEPARTURE LAST 
               VALUE    (LST)   VALUE       VALUE  FROM      YEAR 
                                                   NORMAL 
................................................................... 
TEMPERATURE 
YESTERDAY 
 MAXIMUM            65  0206 PM    71  1999     61       4     61 
 MINIMUM            48  0234 AM    37  1969     50      -2     41 
 AVERAGE            57                          55       2     51 

PRECIPITATION 
(INCHES) 
 YESTERDAY           T           2.68  1991   0.36   -0.36   0.00 
 MONTH TO DATE       T                        0.36   -0.36   0.00 
 SINCE JUN 1     20.46                       14.63    5.83  16.52 
 SINCE JAN 1     71.04                       67.59    3.45  55.63 

SNOWFALL 
(INCHES) 
 YESTERDAY         0.0            0.0  2015    0.0     0.0    0.0 
 MONTH TO DATE     0.0                         0.0     0.0    0.0 
 SINCE JUN 1       0.0                         0.0     0.0    0.0 
 SINCE JUL 1       0.0                         0.0     0.0    0.0
 SNOW DEPTH (IN)     0                                          0 

DEGREE DAYS 
 HEATING 
  YESTERDAY          8                          10      -2     14 
  MONTH TO DATE      8                          10      -2     14 
  SINCE JUN 1      610                         768    -158    773 
  SINCE JUL 1      276                         342     -66    327

 COOLING 
  YESTERDAY          0                           0       0      0 
  MONTH TO DATE      0                           0       0      0 
  SINCE JUN 1        0                           0       0      0 
  SINCE JAN 1        0                           0       0      0 
................................................................... 

WIND (MPH) 
 HIGHEST WIND SPEED     9     HIGHEST WIND DIRECTION    340      
 HIGHEST GUST SPEED    13     HIGHEST GUST DIRECTION    340 
 AVERAGE WIND SPEED    MM 

SKY COVER
  POSSIBLE SUNSHINE    MM          AVERAGE SKY COVER     MM
 
WEATHER CONDITIONS 
 THE FOLLOWING WEATHER WAS RECORDED YESTERDAY. 
  FOG
RAIN
 

RELATIVE HUMIDITY
 HIGHEST RH     MM PERCENT       MM
 LOWEST  RH     MM PERCENT       MM
 AVERAGE RH     MM PERCENT       MM
................................................................... 

THE YAKUTAT CLIMATE NORMALS FOR TODAY 
                           NORMAL    RECORD   YEAR 
 MAXIMUM TEMPERATURE (F)     61        75     1999 
 MINIMUM TEMPERATURE (F)     50        39     2002 

SUNRISE AND SUNSET 
 AUG 2 2015..........SUNRISE  5:05 AM      SUNSET  9:44 PM   
 AUG 3 2015..........SUNRISE  5:08 AM      SUNSET  9:41 PM   

-  INDICATES NEGATIVE NUMBERS.
R  INDICATES RECORD HAS BEEN SET OR TIED.
MM INDICATES DATA IS MISSING.
T  INDICATES TRACE OF PRECIPITATION.

&&
-------------------------------------------------------------------

AMOUNT OF DAYLIGHT TODAY  (HOUR:MIN)........16 HOURS 39 MINUTES
GAIN/LOSS SINCE YESTERDAY (HOUR:MIN:SEC)....-0:04:43

$$
*** AUG 15