CDAK47 PAYA 010909
CLIYAK

CLIMATE REPORT 
NATIONAL WEATHER SERVICE YAKUTAT, AK
1209 AM AKST SUN FEB 1 2015
...................................
...THE YAKUTAT AP CLIMATE SUMMARY FOR JANUARY 31 2015... 

CLIMATE NORMAL PERIOD  1981 TO  2010 
CLIMATE RECORD PERIOD  1948 TO  2015 

WEATHER ITEM   OBSERVED TIME    RECORD YEAR NORMAL DEPARTURE LAST 
               VALUE    (LST)   VALUE       VALUE  FROM      YEAR 
                                                   NORMAL 
................................................................... 
TEMPERATURE 
YESTERDAY 
 MAXIMUM            37  0214 PM    46  1998     35       2     37 
 MINIMUM            20  1146 PM   -13  1989     23      -3     20 
 AVERAGE            29                          29       0     29 

PRECIPITATION 
(INCHES) 
 YESTERDAY        0.00           2.68  1956   0.39   -0.39   0.00 
 MONTH TO DATE   14.02                       13.66    0.36  24.98 
 SINCE DEC 1     26.07                       29.94   -3.87  34.66 
 SINCE JAN 1     14.02                       13.66    0.36  24.98 

SNOWFALL 
(INCHES) 
 YESTERDAY         0.0           15.7  1999    1.1    -1.1    0.0 
 MONTH TO DATE     1.7                        31.1   -29.4   21.4 
 SINCE DEC 1       3.5                        54.3   -50.8   58.1 
 SINCE JUL 1       8.8                        75.0   -66.2   67.3
 SNOW DEPTH (IN)     T                                          0 

DEGREE DAYS 
 HEATING 
  YESTERDAY         36                          36       0     36 
  MONTH TO DATE    911                        1145    -234    891 
  SINCE DEC 1     1876                        2241    -365   2051 
  SINCE JUL 1     4556                        5139    -583   4661

 COOLING 
  YESTERDAY          0                           0       0      0 
  MONTH TO DATE      0                           0       0      0 
  SINCE DEC 1        0                           0       0      0 
  SINCE JAN 1        0                           0       0      0 
................................................................... 

WIND (MPH) 
 HIGHEST WIND SPEED     7     HIGHEST WIND DIRECTION    350      
 HIGHEST GUST SPEED     8     HIGHEST GUST DIRECTION    350 
 AVERAGE WIND SPEED   1.1 

SKY COVER
  POSSIBLE SUNSHINE    MM          AVERAGE SKY COVER     MM
 
WEATHER CONDITIONS 
 THE FOLLOWING WEATHER WAS RECORDED YESTERDAY. 
  FOG
 

RELATIVE HUMIDITY
 HIGHEST RH     MM PERCENT       MM
 LOWEST  RH     MM PERCENT       MM
 AVERAGE RH     MM PERCENT       MM
................................................................... 

THE YAKUTAT CLIMATE NORMALS FOR TODAY 
                           NORMAL    RECORD   YEAR 
 MAXIMUM TEMPERATURE (F)     35        49     1998 
 MINIMUM TEMPERATURE (F)     23       -20     1989 

SUNRISE AND SUNSET 
 FEB 1 2015..........SUNRISE  8:30 AM      SUNSET  4:36 PM   
 FEB 2 2015..........SUNRISE  8:28 AM      SUNSET  4:39 PM   

-  INDICATES NEGATIVE NUMBERS.
R  INDICATES RECORD HAS BEEN SET OR TIED.
MM INDICATES DATA IS MISSING.
T  INDICATES TRACE OF PRECIPITATION.

&&
-------------------------------------------------------------------

AMOUNT OF DAYLIGHT TODAY  (HOUR:MIN)........8 HOURS 6 MINUTES
GAIN/LOSS SINCE YESTERDAY (HOUR:MIN:SEC)....+0:04:49

$$
*** FEB 15