CDAK47 PANT 090901
CLIANN

CLIMATE REPORT 
NATIONAL WEATHER SERVICE ANNETTE, AK
1201 AM AKST TUE FEB 9 2016
...................................
...THE ANNETTE WSO AP CLIMATE SUMMARY FOR FEBRUARY 8 2016... 

CLIMATE NORMAL PERIOD  1981 TO  2010 
CLIMATE RECORD PERIOD  1948 TO  2016 

WEATHER ITEM   OBSERVED TIME    RECORD YEAR NORMAL DEPARTURE LAST 
               VALUE    (LST)   VALUE       VALUE  FROM      YEAR 
                                                   NORMAL 
................................................................... 
TEMPERATURE 
YESTERDAY 
 MAXIMUM            46  0419 PM    59  1963     43       3     45 
 MINIMUM            42  0203 AM    13  2014     33       9     29 
 AVERAGE            44                          38       6     37 

PRECIPITATION 
(INCHES) 
 YESTERDAY        2.09R          1.88  1977   0.28    1.81      T 
 MONTH TO DATE    6.77                        2.28    4.49   3.24 
 SINCE DEC 1     23.20                       23.73   -0.53  30.91 
 SINCE JAN 1     16.27                       13.01    3.26  17.95 

SNOWFALL 
(INCHES) 
 YESTERDAY         0.0            7.8  1957    0.2    -0.2    0.0 
 MONTH TO DATE       T                         2.0    -2.0    2.3 
 SINCE DEC 1       4.1                        17.7   -13.6    6.0 
 SINCE JUL 1       5.0                        21.3   -16.3   10.2
 SNOW DEPTH (IN)     0                                          0 

DEGREE DAYS 
 HEATING 
  YESTERDAY         21                          27      -6     28 
  MONTH TO DATE    201                         219     -18    217 
  SINCE DEC 1     1834                        1948    -114   1636 
  SINCE JUL 1     3607                        3998    -391     MM

 COOLING 
  YESTERDAY          0                           0       0      0 
  MONTH TO DATE      0                           0       0      0 
  SINCE DEC 1        0                           0       0      0 
  SINCE JAN 1        0                           0       0      0 
................................................................... 

WIND (MPH) 
 HIGHEST WIND SPEED    28     HIGHEST WIND DIRECTION    140      
 HIGHEST GUST SPEED    40     HIGHEST GUST DIRECTION    140 
 AVERAGE WIND SPEED  16.1 

SKY COVER
  POSSIBLE SUNSHINE    MM          AVERAGE SKY COVER     MM
 
WEATHER CONDITIONS 
 THE FOLLOWING WEATHER WAS RECORDED YESTERDAY. 
  FOG
RAIN
 

RELATIVE HUMIDITY
 HIGHEST RH     MM PERCENT       MM
 LOWEST  RH     MM PERCENT       MM
 AVERAGE RH     MM PERCENT       MM
................................................................... 

THE ANNETTE CLIMATE NORMALS FOR TODAY 
                           NORMAL    RECORD   YEAR 
 MAXIMUM TEMPERATURE (F)     43        65     1993 
 MINIMUM TEMPERATURE (F)     33        10     2014 

SUNRISE AND SUNSET 
 FEB 9 2016..........SUNRISE  7:23 AM      SUNSET  4:40 PM   
 FEB 10 2016..........SUNRISE  7:21 AM      SUNSET  4:42 PM   

-  INDICATES NEGATIVE NUMBERS.
R  INDICATES RECORD HAS BEEN SET OR TIED.
MM INDICATES DATA IS MISSING.
T  INDICATES TRACE OF PRECIPITATION.

&&
-------------------------------------------------------------------

AMOUNT OF DAYLIGHT TODAY  (HOUR:MIN)........9 HOURS 17 MINUTES
GAIN/LOSS SINCE YESTERDAY (HOUR:MIN:SEC)....+0:04:09

$$
JZ FEB 16