CDAK47 PANT 231400
CLIANN

CLIMATE REPORT 
NATIONAL WEATHER SERVICE ANNETTE, AK
600 AM AKDT WED APR 23 2014
...................................
...THE ANNETTE WSO AP CLIMATE SUMMARY FOR APRIL 22 2014... 

CLIMATE NORMAL PERIOD  1981 TO  2010 
CLIMATE RECORD PERIOD  1948 TO  2014 

WEATHER ITEM   OBSERVED TIME    RECORD YEAR NORMAL DEPARTURE LAST 
               VALUE    (LST)   VALUE       VALUE  FROM      YEAR 
                                                   NORMAL 
................................................................... 
TEMPERATURE 
YESTERDAY 
 MAXIMUM            50  1111 AM    65  1997     51      -1     53 
 MINIMUM            35  1151 PM    30  2008     39      -4     32 
 AVERAGE            43                          45      -2     43 

PRECIPITATION 
(INCHES) 
 YESTERDAY        0.00           1.64  1957   0.21   -0.21   0.00 
 MONTH TO DATE   10.40                        5.17    5.23   4.66 
 SINCE MAR 1     18.54                       13.22    5.32   9.02 
 SINCE JAN 1     30.64                       31.26   -0.62  30.58 

SNOWFALL 
(INCHES) 
 YESTERDAY         0.0            0.5  1972    0.0     0.0    0.0 
 MONTH TO DATE     0.0                         1.3    -1.3      T 
 SINCE MAR 1       0.3                         8.2    -7.9    0.9 
 SINCE JUL 1      25.4                        34.7    -9.3   12.8
 SNOW DEPTH (IN)     0                                          0 

DEGREE DAYS 
 HEATING 
  YESTERDAY         22                          20       2     22 
  MONTH TO DATE    483                         472      11    482 
  SINCE MAR 1     1350                        1256      94   1294 
  SINCE JUL 1     5839                        5794      45   5820

 COOLING 
  YESTERDAY          0                           0       0      0 
  MONTH TO DATE      0                           0       0      0 
  SINCE MAR 1        0                           0       0      0 
  SINCE JAN 1        0                           0       0      0 
................................................................... 

WIND (MPH) 
 HIGHEST WIND SPEED    12     HIGHEST WIND DIRECTION    130      
 HIGHEST GUST SPEED    14     HIGHEST GUST DIRECTION    130 
 AVERAGE WIND SPEED   4.6 

SKY COVER
  POSSIBLE SUNSHINE    MM          AVERAGE SKY COVER     MM
 
WEATHER CONDITIONS 
 THE FOLLOWING WEATHER WAS RECORDED YESTERDAY. 
  NO SIGNIFICANT WEATHER WAS OBSERVED. 

RELATIVE HUMIDITY
 HIGHEST RH     MM PERCENT       MM
 LOWEST  RH     MM PERCENT       MM
 AVERAGE RH     MM PERCENT       MM
................................................................... 

THE ANNETTE CLIMATE NORMALS FOR TODAY 
                           NORMAL    RECORD   YEAR 
 MAXIMUM TEMPERATURE (F)     52        76     2005 
 MINIMUM TEMPERATURE (F)     39        30     1984 

SUNRISE AND SUNSET 
 APR 23 2014..........SUNRISE  5:24 AM      SUNSET  8:07 PM   
 APR 24 2014..........SUNRISE  5:22 AM      SUNSET  8:09 PM   

-  INDICATES NEGATIVE NUMBERS.
R  INDICATES RECORD HAS BEEN SET OR TIED.
MM INDICATES DATA IS MISSING.
T  INDICATES TRACE OF PRECIPITATION.

&&
-------------------------------------------------------------------

AMOUNT OF DAYLIGHT TODAY  (HOUR:MIN)........14 HOURS 43 MINUTES
GAIN/LOSS SINCE YESTERDAY (HOUR:MIN:SEC)....+0:04:16

$$
JH APR 14