CDAK47 PANT 240000
CLIANN

CLIMATE REPORT
NATIONAL WEATHER SERVICE ANNETTE, AK
307 PM AKST SUN NOV 23 2014
...................................
...THE ANNETTE WSO AP CLIMATE SUMMARY FOR NOVEMBER 23 2014...
VALID TODAY AS OF 2:00 PM LOCAL TIME

CLIMATE NORMAL PERIOD  1981 TO  2010 
CLIMATE RECORD PERIOD  1948 TO  2014 

WEATHER ITEM   OBSERVED TIME    RECORD YEAR NORMAL DEPARTURE LAST 
               VALUE    (LST)   VALUE       VALUE  FROM      YEAR 
                                                   NORMAL 
................................................................... 
TEMPERATURE 
TODAY 
 MAXIMUM            49  0200 PM    53  2005     43       6     44 
 MINIMUM            38  0817 AM     0  1995     34       4     41 
 AVERAGE            44                          39       5     43 

PRECIPITATION 
(INCHES) 
 TODAY            0.35           2.67  1957   0.39   -0.04   1.03 
 MONTH TO DATE    7.49                        9.62   -2.13   8.83 
 SINCE SEP 1     31.56                       33.33   -1.77  25.04 
 SINCE JAN 1     93.64                       88.24    5.40  76.64 

SNOWFALL 
(INCHES) 
 TODAY             0.0            7.0  1973    0.2    -0.2    0.0 
 MONTH TO DATE     0.0                         2.4    -2.4    5.7
 SINCE SEP 1       0.0                         2.5    -2.5    5.7
 SINCE JUL 1       0.0                         2.5    -2.5    5.7
 SNOW DEPTH (IN)     0                                          0

DEGREE DAYS 
 HEATING 
  TODAY             21                          26      -5     22 
  MONTH TO DATE    521                         563     -42    592
  SINCE SEP 1     1222                        1462    -240   1364
  SINCE JUL 1     1791                        1863     -72   1666

 COOLING 
  TODAY              0                           0       0      0 
  MONTH TO DATE      0                           0       0      0 
  SINCE SEP 1        0                           0       0      0 
  SINCE JAN 1       MM                           0      MM     22 
................................................................... 

WIND (MPH) 
 HIGHEST WIND SPEED     8     HIGHEST WIND DIRECTION    220      
 HIGHEST GUST SPEED    12     HIGHEST GUST DIRECTION    210 
 AVERAGE WIND SPEED    MM 

SKY COVER
  POSSIBLE SUNSHINE  MM            AVERAGE SKY COVER MM
 
WEATHER CONDITIONS 
 THE FOLLOWING WEATHER WAS RECORDED TODAY. 
FOG
RAIN
 

RELATIVE HUMIDITY
 HIGHEST RH     MM PERCENT       MM
 LOWEST  RH     MM PERCENT       MM
 AVERAGE RH     MM PERCENT       MM
................................................................... 

THE ANNETTE CLIMATE NORMALS FOR TOMORROW 
                        NORMAL    RECORD   YEAR 
 MAXIMUM TEMPERATURE      43        57     1992 
 MINIMUM TEMPERATURE      34         0     1995 

SUNRISE AND SUNSET 
 NOV 23 2014..........SUNRISE  7:35 AM      SUNSET  3:31 PM    
 NOV 24 2014..........SUNRISE  7:36 AM      SUNSET  3:30 PM    

-  INDICATES NEGATIVE NUMBERS.
R  INDICATES RECORD HAS BEEN SET OR TIED.
MM INDICATES DATA IS MISSING.
T  INDICATES TRACE OF PRECIPITATION.

&&
-------------------------------------------------------------------

AMOUNT OF DAYLIGHT TODAY  (HOUR:MIN)........7 HOURS 56 MINUTES
GAIN/LOSS SINCE YESTERDAY (HOUR:MIN:SEC)....-0:03:06

$$
JZ NOV 14