CDAK47 PANT 300930
CLIANN

CLIMATE REPORT 
NATIONAL WEATHER SERVICE ANNETTE, AK
0130 AM AKDT THU OCT 30 2014
...................................
...THE ANNETTE WSO AP CLIMATE SUMMARY FOR OCTOBER 29 2014... 

CLIMATE NORMAL PERIOD  1981 TO  2010 
CLIMATE RECORD PERIOD  1948 TO  2014 

WEATHER ITEM   OBSERVED TIME    RECORD YEAR NORMAL DEPARTURE LAST 
               VALUE    (LST)   VALUE       VALUE  FROM      YEAR 
                                                   NORMAL 
................................................................... 
TEMPERATURE 
YESTERDAY 
 MAXIMUM            53  1159 PM    65  1962     48       5     49 
 MINIMUM            44  0714 AM    22  1984     39       5     40 
 AVERAGE            49                          43       6     45 

PRECIPITATION 
(INCHES) 
 YESTERDAY        0.02           3.50  1958   0.47   -0.45   0.02 
 MONTH TO DATE   13.29                       12.96    0.33   7.96 
 SINCE SEP 1     22.97                       22.75    0.22  15.47 
 SINCE JAN 1     85.05                       77.66    7.39  67.07 

SNOWFALL 
(INCHES) 
 YESTERDAY         0.0              T  2005    0.0     0.0    0.0 
 MONTH TO DATE     0.0                         0.1    -0.1    0.0 
 SINCE SEP 1       0.0                         0.1    -0.1    0.0 
 SINCE JUL 1       0.0                         0.1    -0.1    0.0
 SNOW DEPTH (IN)     0                                          0 

DEGREE DAYS 
 HEATING 
  YESTERDAY         16                          22      -6     20 
  MONTH TO DATE    426                         521     -95    473 
  SINCE SEP 1      657                         855    -198    733 
  SINCE JUL 1     1226                        1256     -30   1035

 COOLING 
  YESTERDAY          0                           0       0      0 
  MONTH TO DATE      0                           0       0      0 
  SINCE SEP 1        0                           0       0      0 
  SINCE JAN 1       MM                           0      MM     22 
................................................................... 

WIND (MPH) 
 HIGHEST WIND SPEED    20     HIGHEST WIND DIRECTION    120      
 HIGHEST GUST SPEED    31     HIGHEST GUST DIRECTION    120 
 AVERAGE WIND SPEED   9.2 

SKY COVER
  POSSIBLE SUNSHINE    MM          AVERAGE SKY COVER     MM
 
WEATHER CONDITIONS 
 THE FOLLOWING WEATHER WAS RECORDED YESTERDAY. 
  FOG
RAIN
 

RELATIVE HUMIDITY
 HIGHEST RH     MM PERCENT       MM
 LOWEST  RH     MM PERCENT       MM
 AVERAGE RH     MM PERCENT       MM
................................................................... 

THE ANNETTE CLIMATE NORMALS FOR TODAY 
                           NORMAL    RECORD   YEAR 
 MAXIMUM TEMPERATURE (F)     48        67     1970 
 MINIMUM TEMPERATURE (F)     38        18     1984 

SUNRISE AND SUNSET 
 OCT 30 2014..........SUNRISE  7:47 AM      SUNSET  5:13 PM   
 OCT 31 2014..........SUNRISE  7:49 AM      SUNSET  5:11 PM   

-  INDICATES NEGATIVE NUMBERS.
R  INDICATES RECORD HAS BEEN SET OR TIED.
MM INDICATES DATA IS MISSING.
T  INDICATES TRACE OF PRECIPITATION.

&&
-------------------------------------------------------------------

AMOUNT OF DAYLIGHT TODAY  (HOUR:MIN)........9 HOURS 26 MINUTES
GAIN/LOSS SINCE YESTERDAY (HOUR:MIN:SEC)....-0:04:10

$$
*** OCT 14