CDAK47 PANT 070930
CLIANN

CLIMATE REPORT 
NATIONAL WEATHER SERVICE ANNETTE, AK
130 AM AKDT TUE JUL 7 2015
...................................
...THE ANNETTE WSO AP CLIMATE SUMMARY FOR JULY 6 2015... 

CLIMATE NORMAL PERIOD  1981 TO  2010 
CLIMATE RECORD PERIOD  1948 TO  2015 

WEATHER ITEM   OBSERVED TIME    RECORD YEAR NORMAL DEPARTURE LAST 
               VALUE    (LST)   VALUE       VALUE  FROM      YEAR 
                                                   NORMAL 
................................................................... 
TEMPERATURE 
YESTERDAY 
 MAXIMUM            88R 0338 PM    81  1958     63      25     66 
 MINIMUM            60  0359 AM    40  1973     52       8     53 
 AVERAGE            74                          58      16     60 

PRECIPITATION 
(INCHES) 
 YESTERDAY        0.00           2.21  1956   0.15   -0.15   0.02 
 MONTH TO DATE    0.00                        0.89   -0.89   1.06 
 SINCE JUN 1      3.99                        5.77   -1.78   8.81 
 SINCE JAN 1     47.47                       44.19    3.28  49.61 

SNOWFALL 
(INCHES) 
 YESTERDAY         0.0            0.0  2015    0.0     0.0    0.0 
 MONTH TO DATE     0.0                         0.0     0.0    0.0 
 SINCE JUN 1       0.0                         0.0     0.0    0.0 
 SINCE JUL 1       0.0                         0.0     0.0    0.0
 SNOW DEPTH (IN)     0                                          0 

DEGREE DAYS 
 HEATING 
  YESTERDAY          0                           8      -8      5 
  MONTH TO DATE      7                          48     -41     46 
  SINCE JUN 1      195                         346    -151    373 
  SINCE JUL 1        7                          48     -41     46

 COOLING 
  YESTERDAY          9                           0       9      0 
  MONTH TO DATE     17                           0      17      0 
  SINCE JUN 1       19                           0      19      0 
  SINCE JAN 1       19                           0      19      0 
................................................................... 

WIND (MPH) 
 HIGHEST WIND SPEED    13     HIGHEST WIND DIRECTION    320      
 HIGHEST GUST SPEED    17     HIGHEST GUST DIRECTION    310 
 AVERAGE WIND SPEED   7.1 

SKY COVER
  POSSIBLE SUNSHINE    MM          AVERAGE SKY COVER     MM
 
WEATHER CONDITIONS 
 THE FOLLOWING WEATHER WAS RECORDED YESTERDAY. 
  NO SIGNIFICANT WEATHER WAS OBSERVED. 

RELATIVE HUMIDITY
 HIGHEST RH     MM PERCENT       MM
 LOWEST  RH     MM PERCENT       MM
 AVERAGE RH     MM PERCENT       MM
................................................................... 

THE ANNETTE CLIMATE NORMALS FOR TODAY 
                           NORMAL    RECORD   YEAR 
 MAXIMUM TEMPERATURE (F)     63        85     1975 
 MINIMUM TEMPERATURE (F)     52        45     1977 

SUNRISE AND SUNSET 
 JUL 7 2015..........SUNRISE  4:18 AM      SUNSET  9:25 PM   
 JUL 8 2015..........SUNRISE  4:19 AM      SUNSET  9:24 PM   

-  INDICATES NEGATIVE NUMBERS.
R  INDICATES RECORD HAS BEEN SET OR TIED.
MM INDICATES DATA IS MISSING.
T  INDICATES TRACE OF PRECIPITATION.

&&
-------------------------------------------------------------------

AMOUNT OF DAYLIGHT TODAY  (HOUR:MIN)........17 HOURS 7 MINUTES
GAIN/LOSS SINCE YESTERDAY (HOUR:MIN:SEC)....-0:01:50

$$
JH JUL 15