CDAK47 PANT 250905
CLIANN

CLIMATE REPORT 
NATIONAL WEATHER SERVICE ANNETTE, AK
105 AM AKDT WED MAY 25 2016
...................................
...THE ANNETTE WSO AP CLIMATE SUMMARY FOR MAY 24 2016... 

CLIMATE NORMAL PERIOD  1981 TO  2010 
CLIMATE RECORD PERIOD  1948 TO  2016 

WEATHER ITEM   OBSERVED TIME    RECORD YEAR NORMAL DEPARTURE LAST 
               VALUE    (LST)   VALUE       VALUE  FROM      YEAR 
                                                   NORMAL 
................................................................... 
TEMPERATURE 
YESTERDAY 
 MAXIMUM            64  1057 AM    78  2008     58       6     66 
 MINIMUM            48  1159 PM    36  1972     46       2     50 
 AVERAGE            56                          52       4     58 

PRECIPITATION 
(INCHES) 
 YESTERDAY           T           1.36  1970   0.17   -0.17   0.00 
 MONTH TO DATE    6.16                        4.39    1.77   0.50 
 SINCE MAR 1     24.57                       19.21    5.36  22.42 
 SINCE JAN 1     49.61                       37.25   12.36  43.48 

SNOWFALL 
(INCHES) 
 YESTERDAY         0.0              T  1951    0.0     0.0    0.0 
 MONTH TO DATE     0.0                         0.1    -0.1    0.0 
 SINCE MAR 1       0.0                         8.4    -8.4    0.0 
 SINCE JUL 1       5.0                        34.9   -29.9   10.2
 SNOW DEPTH (IN)     0                                          0 

DEGREE DAYS 
 HEATING 
  YESTERDAY          9                          13      -4      7 
  MONTH TO DATE    228                         374    -146    258 
  SINCE MAR 1     1490                        1781    -291   1494 
  SINCE JUL 1     5568                        6319    -751     MM

 COOLING 
  YESTERDAY          0                           0       0      0 
  MONTH TO DATE      2                           0       2      0 
  SINCE MAR 1        2                           0       2      0 
  SINCE JAN 1        2                           0       2      0 
................................................................... 

WIND (MPH) 
 HIGHEST WIND SPEED    15     HIGHEST WIND DIRECTION    310      
 HIGHEST GUST SPEED    22     HIGHEST GUST DIRECTION    320 
 AVERAGE WIND SPEED   7.8 

SKY COVER
  POSSIBLE SUNSHINE    MM          AVERAGE SKY COVER     MM
 
WEATHER CONDITIONS 
 THE FOLLOWING WEATHER WAS RECORDED YESTERDAY. 
  RAIN
 

RELATIVE HUMIDITY
 HIGHEST RH     MM PERCENT       MM
 LOWEST  RH     MM PERCENT       MM
 AVERAGE RH     MM PERCENT       MM
................................................................... 

THE ANNETTE CLIMATE NORMALS FOR TODAY 
                           NORMAL    RECORD   YEAR 
 MAXIMUM TEMPERATURE (F)     58        77     2008 
 MINIMUM TEMPERATURE (F)     46        37     2000 

SUNRISE AND SUNSET 
 MAY 25 2016..........SUNRISE  4:22 AM      SUNSET  9:06 PM   
 MAY 26 2016..........SUNRISE  4:21 AM      SUNSET  9:08 PM   

-  INDICATES NEGATIVE NUMBERS.
R  INDICATES RECORD HAS BEEN SET OR TIED.
MM INDICATES DATA IS MISSING.
T  INDICATES TRACE OF PRECIPITATION.

&&
-------------------------------------------------------------------

AMOUNT OF DAYLIGHT TODAY  (HOUR:MIN)........16 HOURS 44 MINUTES
GAIN/LOSS SINCE YESTERDAY (HOUR:MIN:SEC)....+0:02:51

$$
JZ MAY 16