CDAK47 PANT 201200
CLIANN

CLIMATE REPORT 
NATIONAL WEATHER SERVICE ANNETTE, AK
407 AM AKDT MON OCT 20 2014
...................................
...THE ANNETTE WSO AP CLIMATE SUMMARY FOR OCTOBER 19 2014... 

CLIMATE NORMAL PERIOD  1981 TO  2010 
CLIMATE RECORD PERIOD  1948 TO  2014 

WEATHER ITEM   OBSERVED TIME    RECORD YEAR NORMAL DEPARTURE LAST 
               VALUE    (LST)   VALUE       VALUE  FROM      YEAR 
                                                   NORMAL 
................................................................... 
TEMPERATURE 
YESTERDAY 
 MAXIMUM            57  1034 AM    58  2002     51       6     49 
 MINIMUM            50  0444 AM    31  2012     41       9     43 
 AVERAGE            54                          46       8     46 

PRECIPITATION 
(INCHES) 
 YESTERDAY        0.78           2.95  1955   0.48    0.30   0.14 
 MONTH TO DATE   11.51                        8.20    3.31   7.44 
 SINCE SEP 1     21.19                       17.99    3.20  14.95 
 SINCE JAN 1     83.27                       72.90   10.37  66.55 

SNOWFALL 
(INCHES) 
 YESTERDAY         0.0              T  1993    0.0     0.0    0.0 
 MONTH TO DATE     0.0                         0.0     0.0    0.0 
 SINCE SEP 1       0.0                         0.0     0.0    0.0 
 SINCE JUL 1       0.0                         0.0     0.0    0.0
 SNOW DEPTH (IN)     0                                          0 

DEGREE DAYS 
 HEATING 
  YESTERDAY         11                          19      -8     19 
  MONTH TO DATE    260                         316     -56    309 
  SINCE SEP 1      491                         650    -159    569 
  SINCE JUL 1     1060                        1051       9    871

 COOLING 
  YESTERDAY          0                           0       0      0 
  MONTH TO DATE      0                           0       0      0 
  SINCE SEP 1        0                           0       0      0 
  SINCE JAN 1       MM                           0      MM     22 
................................................................... 

WIND (MPH) 
 HIGHEST WIND SPEED    35     HIGHEST WIND DIRECTION    140      
 HIGHEST GUST SPEED    49     HIGHEST GUST DIRECTION    140 
 AVERAGE WIND SPEED  14.4 

SKY COVER
  POSSIBLE SUNSHINE    MM          AVERAGE SKY COVER     MM
 
WEATHER CONDITIONS 
 THE FOLLOWING WEATHER WAS RECORDED YESTERDAY. 
  FOG
RAIN
 

RELATIVE HUMIDITY
 HIGHEST RH     MM PERCENT       MM
 LOWEST  RH     MM PERCENT       MM
 AVERAGE RH     MM PERCENT       MM
................................................................... 

THE ANNETTE CLIMATE NORMALS FOR TODAY 
                           NORMAL    RECORD   YEAR 
 MAXIMUM TEMPERATURE (F)     51        61     2003 
 MINIMUM TEMPERATURE (F)     41         0     1995 

SUNRISE AND SUNSET 
 OCT 20 2014..........SUNRISE  7:27 AM      SUNSET  5:35 PM   
 OCT 21 2014..........SUNRISE  7:29 AM      SUNSET  5:33 PM   

-  INDICATES NEGATIVE NUMBERS.
R  INDICATES RECORD HAS BEEN SET OR TIED.
MM INDICATES DATA IS MISSING.
T  INDICATES TRACE OF PRECIPITATION.

&&
-------------------------------------------------------------------

AMOUNT OF DAYLIGHT TODAY  (HOUR:MIN)........10 HOURS 8 MINUTES
GAIN/LOSS SINCE YESTERDAY (HOUR:MIN:SEC)....-0:04:20

$$
JZ OCT 14