CDAK47 PANT 250006
CLIANN

CLIMATE REPORT
NATIONAL WEATHER SERVICE ANNETTE, AK
406 PM AKDT FRI OCT 24 2014
...................................
...THE ANNETTE WSO AP CLIMATE SUMMARY FOR OCTOBER 24 2014...
VALID TODAY AS OF 2:00 PM LOCAL TIME

CLIMATE NORMAL PERIOD  1981 TO  2010 
CLIMATE RECORD PERIOD  1948 TO  2014 

WEATHER ITEM   OBSERVED TIME    RECORD YEAR NORMAL DEPARTURE LAST 
               VALUE    (LST)   VALUE       VALUE  FROM      YEAR 
                                                   NORMAL 
................................................................... 
TEMPERATURE 
TODAY 
 MAXIMUM            51  0934 AM    61  2010     49       2     50 
 MINIMUM            47  0229 PM    28  2012     40       7     45 
 AVERAGE            49                          45       4     48 

PRECIPITATION 
(INCHES) 
 TODAY            0.07           3.72  1958   0.48   -0.41   0.00 
 MONTH TO DATE   12.43                       10.59    1.84   7.54 
 SINCE SEP 1     22.11                       20.38    1.73  15.05 
 SINCE JAN 1     84.19                       75.29    8.90  66.65 

SNOWFALL 
(INCHES) 
 TODAY             0.0              T  2001    0.0     0.0    0.0 
 MONTH TO DATE     0.0                         0.0     0.0    0.0
 SINCE SEP 1       0.0                         0.0     0.0    0.0
 SINCE JUL 1       0.0                         0.0     0.0    0.0
 SNOW DEPTH (IN)     0                                          0

DEGREE DAYS 
 HEATING 
  TODAY             16                          20      -4     17 
  MONTH TO DATE    334                         415     -81    384
  SINCE SEP 1      565                         749    -184    644
  SINCE JUL 1     1134                        1150     -16    946

 COOLING 
  TODAY              0                           0       0      0 
  MONTH TO DATE      0                           0       0      0 
  SINCE SEP 1        0                           0       0      0 
  SINCE JAN 1       MM                           0      MM     22 
................................................................... 

WIND (MPH) 
 HIGHEST WIND SPEED    21     HIGHEST WIND DIRECTION    130      
 HIGHEST GUST SPEED    27     HIGHEST GUST DIRECTION    130 
 AVERAGE WIND SPEED   0.0 

SKY COVER
  POSSIBLE SUNSHINE  MM            AVERAGE SKY COVER MM
 
WEATHER CONDITIONS 
 THE FOLLOWING WEATHER WAS RECORDED TODAY. 
RAIN
 

RELATIVE HUMIDITY
 HIGHEST RH     MM PERCENT       MM
 LOWEST  RH     MM PERCENT       MM
 AVERAGE RH     MM PERCENT       MM
................................................................... 

THE ANNETTE CLIMATE NORMALS FOR TOMORROW 
                        NORMAL    RECORD   YEAR 
 MAXIMUM TEMPERATURE      49        59     1979 
 MINIMUM TEMPERATURE      40        27     1991 

SUNRISE AND SUNSET 
 OCT 24 2014..........SUNRISE  7:35 AM      SUNSET  5:26 PM    
 OCT 25 2014..........SUNRISE  7:37 AM      SUNSET  5:24 PM    

-  INDICATES NEGATIVE NUMBERS.
R  INDICATES RECORD HAS BEEN SET OR TIED.
MM INDICATES DATA IS MISSING.
T  INDICATES TRACE OF PRECIPITATION.

&&
-------------------------------------------------------------------

AMOUNT OF DAYLIGHT TODAY  (HOUR:MIN)........9 HOURS 51 MINUTES
GAIN/LOSS SINCE YESTERDAY (HOUR:MIN:SEC)....-0:04:17

$$
LTB OCT 14