CDAK47 PANT 190917
CLIANN

CLIMATE REPORT 
NATIONAL WEATHER SERVICE ANNETTE, AK
117 AM AKDT SUN APR 19 2015
...................................
...THE ANNETTE WSO AP CLIMATE SUMMARY FOR APRIL 18 2015... 

CLIMATE NORMAL PERIOD  1981 TO  2010 
CLIMATE RECORD PERIOD  1948 TO  2015 

WEATHER ITEM   OBSERVED TIME    RECORD YEAR NORMAL DEPARTURE LAST 
               VALUE    (LST)   VALUE       VALUE  FROM      YEAR 
                                                   NORMAL 
................................................................... 
TEMPERATURE 
YESTERDAY 
 MAXIMUM            51  0212 PM    61  1994     51       0     49 
 MINIMUM            41  0358 AM    29  1963     39       2     38 
 AVERAGE            46                          45       1     44 

PRECIPITATION 
(INCHES) 
 YESTERDAY           T           2.11  1980   0.22   -0.22   0.05 
 MONTH TO DATE    6.71                        4.31    2.40   9.55 
 SINCE MAR 1     16.79                       12.36    4.43  17.69 
 SINCE JAN 1     37.85                       30.40    7.45  29.79 

SNOWFALL 
(INCHES) 
 YESTERDAY         0.0            3.4  1987    0.1    -0.1    0.0 
 MONTH TO DATE       T                         1.2    -1.2    0.0 
 SINCE MAR 1         T                         8.1    -8.1    0.3 
 SINCE JUL 1      10.2                        34.6   -24.4   25.4
 SNOW DEPTH (IN)     0                                          0 

DEGREE DAYS 
 HEATING 
  YESTERDAY         19                          20      -1     21 
  MONTH TO DATE    373                         392     -19    402 
  SINCE MAR 1     1022                        1176    -154   1269 
  SINCE JUL 1     5106                        5714    -608   5758

 COOLING 
  YESTERDAY          0                           0       0      0 
  MONTH TO DATE      0                           0       0      0 
  SINCE MAR 1        0                           0       0      0 
  SINCE JAN 1        0                           0       0      0 
................................................................... 

WIND (MPH) 
 HIGHEST WIND SPEED    13     HIGHEST WIND DIRECTION    130      
 HIGHEST GUST SPEED    16     HIGHEST GUST DIRECTION    130 
 AVERAGE WIND SPEED    MM 

SKY COVER
  POSSIBLE SUNSHINE    MM          AVERAGE SKY COVER     MM
 
WEATHER CONDITIONS 
 THE FOLLOWING WEATHER WAS RECORDED YESTERDAY. 
  RAIN
 

RELATIVE HUMIDITY
 HIGHEST RH     MM PERCENT       MM
 LOWEST  RH     MM PERCENT       MM
 AVERAGE RH     MM PERCENT       MM
................................................................... 

THE ANNETTE CLIMATE NORMALS FOR TODAY 
                           NORMAL    RECORD   YEAR 
 MAXIMUM TEMPERATURE (F)     51        62     1991 
 MINIMUM TEMPERATURE (F)     39        29     1965 

SUNRISE AND SUNSET 
 APR 19 2015..........SUNRISE  5:34 AM      SUNSET  7:59 PM   
 APR 20 2015..........SUNRISE  5:32 AM      SUNSET  8:01 PM   

-  INDICATES NEGATIVE NUMBERS.
R  INDICATES RECORD HAS BEEN SET OR TIED.
MM INDICATES DATA IS MISSING.
T  INDICATES TRACE OF PRECIPITATION.

&&
-------------------------------------------------------------------

AMOUNT OF DAYLIGHT TODAY  (HOUR:MIN)........14 HOURS 25 MINUTES
GAIN/LOSS SINCE YESTERDAY (HOUR:MIN:SEC)....+0:04:20

$$
MM APR 15