CDAK47 PANT 310015
CLIANN

CLIMATE REPORT
NATIONAL WEATHER SERVICE ANNETTE, AK
415 PM AKDT SAT AUG 30 2014
...................................
...THE ANNETTE WSO AP CLIMATE SUMMARY FOR AUGUST 30 2014...
VALID TODAY AS OF 2:00 PM LOCAL TIME

CLIMATE NORMAL PERIOD  1981 TO  2010 
CLIMATE RECORD PERIOD  1948 TO  2014 

WEATHER ITEM   OBSERVED TIME    RECORD YEAR NORMAL DEPARTURE LAST 
               VALUE    (LST)   VALUE       VALUE  FROM      YEAR 
                                                   NORMAL 
................................................................... 
TEMPERATURE 
TODAY 
 MAXIMUM            62  1202 PM    83  1974     63      -1     66 
 MINIMUM            50  0522 AM    41  1960     51      -1     58 
 AVERAGE            56                          57      -1     62 

PRECIPITATION 
(INCHES) 
 TODAY               T           3.82  1956   0.28   -0.28   0.84 
 MONTH TO DATE    5.19                        6.68   -1.49   4.71 
 SINCE JUN 1     20.54                       16.21    4.33  12.29 
 SINCE JAN 1     61.34                       54.63    6.71  51.60 

SNOWFALL 
(INCHES) 
 TODAY             0.0            0.0  2014    0.0     0.0    0.0 
 MONTH TO DATE     0.0                         0.0     0.0    0.0
 SINCE JUN 1       0.0                         0.0     0.0    0.0
 SINCE JUL 1       0.0                         0.0     0.0    0.0
 SNOW DEPTH (IN)     0                                          0

DEGREE DAYS 
 HEATING 
  TODAY              9                           8       1      3 
  MONTH TO DATE     MM                         187      MM    147
  SINCE JUN 1      888                         691     197    518
  SINCE JUL 1      561                         393     168    298

 COOLING 
  TODAY              0                           0       0      0 
  MONTH TO DATE     MM                           0      MM      2 
  SINCE JUN 1       14                           0      14     22 
  SINCE JAN 1       MM                           0      MM     22 
................................................................... 

WIND (MPH) 
 HIGHEST WIND SPEED    10     HIGHEST WIND DIRECTION    200      
 HIGHEST GUST SPEED    14     HIGHEST GUST DIRECTION    200 
 AVERAGE WIND SPEED   0.0 

WEATHER CONDITIONS 
 THE FOLLOWING WEATHER WAS RECORDED TODAY. 
FOG
RAIN
................................................................... 

THE ANNETTE CLIMATE NORMALS FOR TOMORROW 
                        NORMAL    RECORD   YEAR 
 MAXIMUM TEMPERATURE      63        79     1974 
 MINIMUM TEMPERATURE      51        40     1973 

SUNRISE AND SUNSET 
 AUG 30 2014..........SUNRISE  5:50 AM      SUNSET  7:44 PM    
 AUG 31 2014..........SUNRISE  5:51 AM      SUNSET  7:41 PM    

-  INDICATES NEGATIVE NUMBERS.
R  INDICATES RECORD HAS BEEN SET OR TIED.
MM INDICATES DATA IS MISSING.
T  INDICATES TRACE OF PRECIPITATION.

&&
-------------------------------------------------------------------

AMOUNT OF DAYLIGHT TODAY  (HOUR:MIN)........13 HOURS 54 MINUTES
GAIN/LOSS SINCE YESTERDAY (HOUR:MIN:SEC)....-0:04:21

$$
TR AUG 14