CDAK47 PANT 191016
CLIANN

CLIMATE REPORT 
NATIONAL WEATHER SERVICE ANNETTE, AK
116 AM AKST FRI DEC 19 2014
...................................
...THE ANNETTE WSO AP CLIMATE SUMMARY FOR DECEMBER 18 2014... 

CLIMATE NORMAL PERIOD  1981 TO  2010 
CLIMATE RECORD PERIOD  1948 TO  2014 

WEATHER ITEM   OBSERVED TIME    RECORD YEAR NORMAL DEPARTURE LAST 
               VALUE    (LST)   VALUE       VALUE  FROM      YEAR 
                                                   NORMAL 
................................................................... 
TEMPERATURE 
YESTERDAY 
 MAXIMUM            46  0551 AM    55  2003     41       5     33 
 MINIMUM            41  1159 PM    14  2008     33       8     23 
 AVERAGE            44                          37       7     28 

PRECIPITATION 
(INCHES) 
 YESTERDAY        0.27           1.89  2004   0.33   -0.06      T 
 MONTH TO DATE    7.24                        6.41    0.83   7.97 
 SINCE DEC 1      7.24                        6.41    0.83   7.97 
 SINCE JAN 1    103.22                       97.32    5.90  89.18 

SNOWFALL 
(INCHES) 
 YESTERDAY         0.0           14.5  2001    0.3    -0.3      T 
 MONTH TO DATE     0.4                         4.3    -3.9    0.1 
 SINCE DEC 1       0.4                         4.3    -3.9    0.1 
 SINCE JUL 1       4.6                         7.9    -3.3    5.8
 SNOW DEPTH (IN)     0                                          T 

DEGREE DAYS 
 HEATING 
  YESTERDAY         21                          28      -7     37 
  MONTH TO DATE    385                         497    -112    557 
  SINCE DEC 1      385                         497    -112    557 
  SINCE JUL 1     2390                        2547    -157   2371

 COOLING 
  YESTERDAY          0                           0       0      0 
  MONTH TO DATE      0                           0       0      0 
  SINCE DEC 1        0                           0       0      0 
  SINCE JAN 1       MM                           0      MM     22 
................................................................... 

WIND (MPH) 
 HIGHEST WIND SPEED    25     HIGHEST WIND DIRECTION    120      
 HIGHEST GUST SPEED    35     HIGHEST GUST DIRECTION    100 
 AVERAGE WIND SPEED  12.7 
 
WEATHER CONDITIONS 
 THE FOLLOWING WEATHER WAS RECORDED YESTERDAY. 
  FOG
RAIN
................................................................... 

THE ANNETTE CLIMATE NORMALS FOR TODAY 
                           NORMAL    RECORD   YEAR 
 MAXIMUM TEMPERATURE (F)     41        57     1985 
 MINIMUM TEMPERATURE (F)     33        10     2008 

SUNRISE AND SUNSET 
 DEC 19 2014..........SUNRISE  8:09 AM      SUNSET  3:19 PM   
 DEC 20 2014..........SUNRISE  8:10 AM      SUNSET  3:19 PM   

-  INDICATES NEGATIVE NUMBERS.
R  INDICATES RECORD HAS BEEN SET OR TIED.
MM INDICATES DATA IS MISSING.
T  INDICATES TRACE OF PRECIPITATION.

&&
-------------------------------------------------------------------

AMOUNT OF DAYLIGHT TODAY  (HOUR:MIN)........7 HOURS 10 MINUTES
LOSS SINCE YESTERDAY (HOUR:MIN:SEC)....-0:00:20