CDAK47 PANT 020906
CLIANN

CLIMATE REPORT 
NATIONAL WEATHER SERVICE ANNETTE, AK
1206 AM AKST MON MAR 2 2015
...................................
...THE ANNETTE WSO AP CLIMATE SUMMARY FOR MARCH 1 2015... 

CLIMATE NORMAL PERIOD  1981 TO  2010 
CLIMATE RECORD PERIOD  1948 TO  2015 

WEATHER ITEM   OBSERVED TIME    RECORD YEAR NORMAL DEPARTURE LAST 
               VALUE    (LST)   VALUE       VALUE  FROM      YEAR 
                                                   NORMAL 
................................................................... 
TEMPERATURE 
YESTERDAY 
 MAXIMUM            47  0249 PM    54  1990     43       4     33 
 MINIMUM            39  0935 PM    14  2011     33       6     25 
 AVERAGE            43                          38       5     29 

PRECIPITATION 
(INCHES) 
 YESTERDAY        0.14           0.74  1965   0.25   -0.11   0.00 
 MONTH TO DATE    0.14                        0.25   -0.11   0.00 
 SINCE MAR 1      0.14                        0.25   -0.11   0.00 
 SINCE JAN 1     21.20                       18.29    2.91  12.10 

SNOWFALL 
(INCHES) 
 YESTERDAY         0.0            4.7  1979    0.3    -0.3    0.0 
 MONTH TO DATE     0.0                         0.3    -0.3    0.0 
 SINCE MAR 1       0.0                         0.3    -0.3    0.0 
 SINCE JUL 1      10.2                        26.8   -16.6   25.1
 SNOW DEPTH (IN)     0                                          0 

DEGREE DAYS 
 HEATING 
  YESTERDAY         22                          27      -5     36 
  MONTH TO DATE     22                          27      -5     36 
  SINCE MAR 1       22                          27      -5     36 
  SINCE JUL 1     4106                        4565    -459   4525

 COOLING 
  YESTERDAY          0                           0       0      0 
  MONTH TO DATE      0                           0       0      0 
  SINCE MAR 1        0                           0       0      0 
  SINCE JAN 1        0                           0       0      0 
................................................................... 

WIND (MPH) 
 HIGHEST WIND SPEED    21     HIGHEST WIND DIRECTION    330      
 HIGHEST GUST SPEED    28     HIGHEST GUST DIRECTION    320 
 AVERAGE WIND SPEED   5.9 

SKY COVER
  POSSIBLE SUNSHINE    MM          AVERAGE SKY COVER     MM
 
WEATHER CONDITIONS 
 THE FOLLOWING WEATHER WAS RECORDED YESTERDAY. 
  FOG
RAIN
 

RELATIVE HUMIDITY
 HIGHEST RH     MM PERCENT       MM
 LOWEST  RH     MM PERCENT       MM
 AVERAGE RH     MM PERCENT       MM
................................................................... 

THE ANNETTE CLIMATE NORMALS FOR TODAY 
                           NORMAL    RECORD   YEAR 
 MAXIMUM TEMPERATURE (F)     43        50     2003 
 MINIMUM TEMPERATURE (F)     33         4     1955 

SUNRISE AND SUNSET 
 MAR 2 2015..........SUNRISE  6:34 AM      SUNSET  5:24 PM   
 MAR 3 2015..........SUNRISE  6:32 AM      SUNSET  5:26 PM   

-  INDICATES NEGATIVE NUMBERS.
R  INDICATES RECORD HAS BEEN SET OR TIED.
MM INDICATES DATA IS MISSING.
T  INDICATES TRACE OF PRECIPITATION.

&&
-------------------------------------------------------------------

AMOUNT OF DAYLIGHT TODAY  (HOUR:MIN)........10 HOURS 50 MINUTES
GAIN/LOSS SINCE YESTERDAY (HOUR:MIN:SEC)....+0:04:28

$$
JZ MAR 15