CDAK47 PANT 020909
CLIANN

CLIMATE REPORT 
NATIONAL WEATHER SERVICE ANNETTE, AK
109 AM AKDT SAT JUL 2 2016
...................................
...THE ANNETTE WSO AP CLIMATE SUMMARY FOR JULY 1 2016... 

CLIMATE NORMAL PERIOD  1981 TO  2010 
CLIMATE RECORD PERIOD  1948 TO  2016 

WEATHER ITEM   OBSERVED TIME    RECORD YEAR NORMAL DEPARTURE LAST 
               VALUE    (LST)   VALUE       VALUE  FROM      YEAR 
                                                   NORMAL 
................................................................... 
TEMPERATURE 
YESTERDAY 
 MAXIMUM            62  1209 AM    79  1951     63      -1     69 
 MINIMUM            55  1159 PM    43  1972     51       4     52 
 AVERAGE            59                          57       2     61 

PRECIPITATION 
(INCHES) 
 YESTERDAY        0.74           1.52  2011   0.15    0.59   0.00 
 MONTH TO DATE    0.74                        0.15    0.59   0.00 
 SINCE JUN 1      4.99                        5.03   -0.04   3.99 
 SINCE JAN 1     54.73                       43.45   11.28  47.47 

SNOWFALL 
(INCHES) 
 YESTERDAY         0.0            0.0  2016    0.0     0.0    0.0 
 MONTH TO DATE     0.0                         0.0     0.0    0.0 
 SINCE JUN 1       0.0                         0.0     0.0    0.0 
 SINCE JUL 1       0.0                         0.0     0.0    0.0
 SNOW DEPTH (IN)     0                                          0 

DEGREE DAYS 
 HEATING 
  YESTERDAY          6                           8      -2      4 
  MONTH TO DATE      6                           8      -2      4 
  SINCE JUN 1      275                         306     -31    192 
  SINCE JUL 1        6                           8      -2      4

 COOLING 
  YESTERDAY          0                           0       0      0 
  MONTH TO DATE      0                           0       0      0 
  SINCE JUN 1        0                           0       0      2 
  SINCE JAN 1        2                           0       2      2 
................................................................... 

WIND (MPH) 
 HIGHEST WIND SPEED    21     HIGHEST WIND DIRECTION    130      
 HIGHEST GUST SPEED    32     HIGHEST GUST DIRECTION    150 
 AVERAGE WIND SPEED  12.8 

SKY COVER
  POSSIBLE SUNSHINE    MM          AVERAGE SKY COVER     MM
 
WEATHER CONDITIONS 
 THE FOLLOWING WEATHER WAS RECORDED YESTERDAY. 
  FOG
RAIN
 

RELATIVE HUMIDITY
 HIGHEST RH     MM PERCENT       MM
 LOWEST  RH     MM PERCENT       MM
 AVERAGE RH     MM PERCENT       MM
................................................................... 

THE ANNETTE CLIMATE NORMALS FOR TODAY 
                           NORMAL    RECORD   YEAR 
 MAXIMUM TEMPERATURE (F)     63        79     1998 
 MINIMUM TEMPERATURE (F)     51        44     1978 

SUNRISE AND SUNSET 
 JUL 2 2016..........SUNRISE  4:14 AM      SUNSET  9:28 PM   
 JUL 3 2016..........SUNRISE  4:14 AM      SUNSET  9:27 PM   

-  INDICATES NEGATIVE NUMBERS.
R  INDICATES RECORD HAS BEEN SET OR TIED.
MM INDICATES DATA IS MISSING.
T  INDICATES TRACE OF PRECIPITATION.

&&
-------------------------------------------------------------------

AMOUNT OF DAYLIGHT TODAY  (HOUR:MIN)........17 HOURS 14 MINUTES
GAIN/LOSS SINCE YESTERDAY (HOUR:MIN:SEC)....-0:01:22

$$
MJM JUL 16