CDAK47 PANT 290930
CLIANN

CLIMATE REPORT 
NATIONAL WEATHER SERVICE ANNETTE, AK
130 AM AKDT SAT AUG 29 2015
...................................
...THE ANNETTE WSO AP CLIMATE SUMMARY FOR AUGUST 28 2015... 

CLIMATE NORMAL PERIOD  1981 TO  2010 
CLIMATE RECORD PERIOD  1948 TO  2015 

WEATHER ITEM   OBSERVED TIME    RECORD YEAR NORMAL DEPARTURE LAST 
               VALUE    (LST)   VALUE       VALUE  FROM      YEAR 
                                                   NORMAL 
................................................................... 
TEMPERATURE 
YESTERDAY 
 MAXIMUM            59  0733 PM    83  1967     63      -4     61 
 MINIMUM            57  1147 PM    44  1971     52       5     48 
 AVERAGE            58                          57       1     55 

PRECIPITATION 
(INCHES) 
 YESTERDAY        2.60           2.77  1998   0.28    2.32   0.16 
 MONTH TO DATE    8.23                        6.13    2.10   4.64 
 SINCE JUN 1     19.86                       15.66    4.20  19.99 
 SINCE JAN 1     63.34                       54.08    9.26  60.79 

SNOWFALL 
(INCHES) 
 YESTERDAY         0.0            0.0  2015    0.0     0.0    0.0 
 MONTH TO DATE     0.0                         0.0     0.0    0.0 
 SINCE JUN 1       0.0                         0.0     0.0    0.0 
 SINCE JUL 1       0.0                         0.0     0.0    0.0
 SNOW DEPTH (IN)     0                                          0 

DEGREE DAYS 
 HEATING 
  YESTERDAY          7                           8      -1     10 
  MONTH TO DATE    142                         171     -29     MM 
  SINCE JUN 1      449                         675    -226    870 
  SINCE JUL 1      261                         377    -116     MM

 COOLING 
  YESTERDAY          0                           0       0      0 
  MONTH TO DATE      0                           0       0     MM 
  SINCE JUN 1       37                           0      37     14 
  SINCE JAN 1       37                           0      37     MM 
................................................................... 

WIND (MPH) 
 HIGHEST WIND SPEED    26     HIGHEST WIND DIRECTION    140      
 HIGHEST GUST SPEED    40     HIGHEST GUST DIRECTION    140 
 AVERAGE WIND SPEED  18.5 

SKY COVER
  POSSIBLE SUNSHINE    MM          AVERAGE SKY COVER     MM
 
WEATHER CONDITIONS 
 THE FOLLOWING WEATHER WAS RECORDED YESTERDAY. 
  FOG
RAIN
 

RELATIVE HUMIDITY
 HIGHEST RH     MM PERCENT       MM
 LOWEST  RH     MM PERCENT       MM
 AVERAGE RH     MM PERCENT       MM
................................................................... 

THE ANNETTE CLIMATE NORMALS FOR TODAY 
                           NORMAL    RECORD   YEAR 
 MAXIMUM TEMPERATURE (F)     63        82     1974 
 MINIMUM TEMPERATURE (F)     52        42     1960 

SUNRISE AND SUNSET 
 AUG 29 2015..........SUNRISE  5:47 AM      SUNSET  7:47 PM   
 AUG 30 2015..........SUNRISE  5:49 AM      SUNSET  7:44 PM   

-  INDICATES NEGATIVE NUMBERS.
R  INDICATES RECORD HAS BEEN SET OR TIED.
MM INDICATES DATA IS MISSING.
T  INDICATES TRACE OF PRECIPITATION.

&&
-------------------------------------------------------------------

AMOUNT OF DAYLIGHT TODAY  (HOUR:MIN)........14 HOURS 0 MINUTES
GAIN/LOSS SINCE YESTERDAY (HOUR:MIN:SEC)....-0:04:20

$$
JH AUG 15