CDAK47 PANT 280930
CLIANN

CLIMATE REPORT 
NATIONAL WEATHER SERVICE ANNETTE, AK
1230 AM AKST FRI NOV 28 2014
...................................
...THE ANNETTE WSO AP CLIMATE SUMMARY FOR NOVEMBER 27 2014... 

CLIMATE NORMAL PERIOD  1981 TO  2010 
CLIMATE RECORD PERIOD  1948 TO  2014 

WEATHER ITEM   OBSERVED TIME    RECORD YEAR NORMAL DEPARTURE LAST 
               VALUE    (LST)   VALUE       VALUE  FROM      YEAR 
                                                   NORMAL 
................................................................... 
TEMPERATURE 
YESTERDAY 
 MAXIMUM            43  0107 PM    55  1959     43       0     51 
 MINIMUM            31  1159 PM     3  1985     34      -3     45 
 AVERAGE            37                          38      -1     48 

PRECIPITATION 
(INCHES) 
 YESTERDAY        0.00           2.66  1989   0.37   -0.37   1.66 
 MONTH TO DATE    8.81                       11.16   -2.35  11.58 
 SINCE SEP 1     32.88                       34.87   -1.99  27.79 
 SINCE JAN 1     94.96                       89.78    5.18  79.39 

SNOWFALL 
(INCHES) 
 YESTERDAY         0.0            3.6  1948    0.2    -0.2    0.0 
 MONTH TO DATE     0.0                         3.0    -3.0    5.7 
 SINCE SEP 1       0.0                         3.1    -3.1    5.7 
 SINCE JUL 1       0.0                         3.1    -3.1    5.7
 SNOW DEPTH (IN)     0                                          0 

DEGREE DAYS 
 HEATING 
  YESTERDAY         28                          27       1     17 
  MONTH TO DATE    624                         669     -45    667 
  SINCE SEP 1     1325                        1568    -243   1439 
  SINCE JUL 1     1894                        1969     -75   1741

 COOLING 
  YESTERDAY          0                           0       0      0 
  MONTH TO DATE      0                           0       0      0 
  SINCE SEP 1        0                           0       0      0 
  SINCE JAN 1       MM                           0      MM     22 
................................................................... 

WIND (MPH) 
 HIGHEST WIND SPEED    13     HIGHEST WIND DIRECTION    320      
 HIGHEST GUST SPEED    17     HIGHEST GUST DIRECTION     50 
 AVERAGE WIND SPEED   6.4 

SKY COVER
  POSSIBLE SUNSHINE    MM          AVERAGE SKY COVER     MM
 
WEATHER CONDITIONS 
 THE FOLLOWING WEATHER WAS RECORDED YESTERDAY. 
  NO SIGNIFICANT WEATHER WAS OBSERVED. 

RELATIVE HUMIDITY
 HIGHEST RH     MM PERCENT       MM
 LOWEST  RH     MM PERCENT       MM
 AVERAGE RH     MM PERCENT       MM
................................................................... 

THE ANNETTE CLIMATE NORMALS FOR TODAY 
                           NORMAL    RECORD   YEAR 
 MAXIMUM TEMPERATURE (F)     43        58     1979 
 MINIMUM TEMPERATURE (F)     34        10     2006 

SUNRISE AND SUNSET 
 NOV 28 2014..........SUNRISE  7:43 AM      SUNSET  3:26 PM   
 NOV 29 2014..........SUNRISE  7:45 AM      SUNSET  3:25 PM   

-  INDICATES NEGATIVE NUMBERS.
R  INDICATES RECORD HAS BEEN SET OR TIED.
MM INDICATES DATA IS MISSING.
T  INDICATES TRACE OF PRECIPITATION.

&&
-------------------------------------------------------------------

AMOUNT OF DAYLIGHT TODAY  (HOUR:MIN)........7 HOURS 43 MINUTES
GAIN/LOSS SINCE YESTERDAY (HOUR:MIN:SEC)....-0:02:42

$$
JH NOV 14