CDAK47 PANT 221400
CLIANN

CLIMATE REPORT 
NATIONAL WEATHER SERVICE ANNETTE, AK
600 AM AKDT TUE JUL 22 2014
...................................
...THE ANNETTE WSO AP CLIMATE SUMMARY FOR JULY 21 2014... 

CLIMATE NORMAL PERIOD  1981 TO  2010 
CLIMATE RECORD PERIOD  1948 TO  2014 

WEATHER ITEM   OBSERVED TIME    RECORD YEAR NORMAL DEPARTURE LAST 
               VALUE    (LST)   VALUE       VALUE  FROM      YEAR 
                                                   NORMAL 
................................................................... 
TEMPERATURE 
YESTERDAY 
 MAXIMUM            59  0448 PM    88  1990     65      -6     64 
 MINIMUM            49  1159 PM    45  1970     54      -5     56 
 AVERAGE            54                          59      -5     60 

PRECIPITATION 
(INCHES) 
 YESTERDAY        1.12           1.15  1956   0.15    0.97   0.00 
 MONTH TO DATE    3.50                        3.08    0.42   1.85 
 SINCE JUN 1     11.25                        7.96    3.29   5.83 
 SINCE JAN 1     52.05                       46.38    5.67  45.14 

SNOWFALL 
(INCHES) 
 YESTERDAY         0.0            0.0  2014    0.0     0.0    0.0 
 MONTH TO DATE     0.0                         0.0     0.0    0.0 
 SINCE JUN 1       0.0                         0.0     0.0    0.0 
 SINCE JUL 1       0.0                         0.0     0.0    0.0
 SNOW DEPTH (IN)     0                                          0 

DEGREE DAYS 
 HEATING 
  YESTERDAY         11                           6       5      5 
  MONTH TO DATE    121                         148     -27    115 
  SINCE JUN 1      448                         446       2    335 
  SINCE JUL 1      121                         148     -27    115

 COOLING 
  YESTERDAY          0                           0       0      0 
  MONTH TO DATE      8                           0       8      4 
  SINCE JUN 1        8                           0       8     10 
  SINCE JAN 1        8                           0       8     10 
................................................................... 

WIND (MPH) 
 HIGHEST WIND SPEED    15     HIGHEST WIND DIRECTION    130      
 HIGHEST GUST SPEED    20     HIGHEST GUST DIRECTION    120 
 AVERAGE WIND SPEED   6.5 

SKY COVER
  POSSIBLE SUNSHINE    MM          AVERAGE SKY COVER     MM
 
WEATHER CONDITIONS 
 THE FOLLOWING WEATHER WAS RECORDED YESTERDAY. 
  FOG
RAIN
 

RELATIVE HUMIDITY
 HIGHEST RH     MM PERCENT       MM
 LOWEST  RH     MM PERCENT       MM
 AVERAGE RH     MM PERCENT       MM
................................................................... 

THE ANNETTE CLIMATE NORMALS FOR TODAY 
                           NORMAL    RECORD   YEAR 
 MAXIMUM TEMPERATURE (F)     65        83     1952 
 MINIMUM TEMPERATURE (F)     54        46     1973 

SUNRISE AND SUNSET 
 JUL 22 2014..........SUNRISE  4:39 AM      SUNSET  9:07 PM   
 JUL 23 2014..........SUNRISE  4:40 AM      SUNSET  9:05 PM   

-  INDICATES NEGATIVE NUMBERS.
R  INDICATES RECORD HAS BEEN SET OR TIED.
MM INDICATES DATA IS MISSING.
T  INDICATES TRACE OF PRECIPITATION.

&&
-------------------------------------------------------------------

AMOUNT OF DAYLIGHT TODAY  (HOUR:MIN)........16 HOURS 28 MINUTES
GAIN/LOSS SINCE YESTERDAY (HOUR:MIN:SEC)....-0:03:08

$$
JH JUL 14