CDAK47 PANT 310917
CLIANN

CLIMATE REPORT 
NATIONAL WEATHER SERVICE ANNETTE, AK
117 AM AKDT THU JUL 31 2014
...................................
...THE ANNETTE WSO AP CLIMATE SUMMARY FOR JULY 30 2014... 

CLIMATE NORMAL PERIOD  1981 TO  2010 
CLIMATE RECORD PERIOD  1948 TO  2014 

WEATHER ITEM   OBSERVED TIME    RECORD YEAR NORMAL DEPARTURE LAST 
               VALUE    (LST)   VALUE       VALUE  FROM      YEAR 
                                                   NORMAL 
................................................................... 
TEMPERATURE 
YESTERDAY 
 MAXIMUM            63  0253 PM    89  1976     66      -3     76 
 MINIMUM            MM    MM       46  1986     54      MM     57 
 AVERAGE            MM                          60      MM     67 

PRECIPITATION 
(INCHES) 
 YESTERDAY           T           1.89  1983   0.16   -0.16   0.00 
 MONTH TO DATE    7.60                        4.49    3.11   3.60 
 SINCE JUN 1     15.35                        9.37    5.98   7.58 
 SINCE JAN 1     56.15                       47.79    8.36  46.89 

SNOWFALL 
(INCHES) 
 YESTERDAY         0.0            0.0  2014    0.0     0.0    0.0 
 MONTH TO DATE     0.0                         0.0     0.0    0.0 
 SINCE JUN 1       0.0                         0.0     0.0    0.0 
 SINCE JUL 1       0.0                         0.0     0.0    0.0
 SNOW DEPTH (IN)     0                                          0 

DEGREE DAYS 
 HEATING 
  YESTERDAY         MM                           5      MM      0 
  MONTH TO DATE     MM                         201      MM    150 
  SINCE JUN 1      604                         499     105    370 
  SINCE JUL 1      277                         201      76    150

 COOLING 
  YESTERDAY         MM                           0      MM      2 
  MONTH TO DATE     MM                           0      MM     14 
  SINCE JUN 1        8                           0       8     20 
  SINCE JAN 1       MM                           0      MM     20 
................................................................... 

WIND (MPH) 
 HIGHEST WIND SPEED     9     HIGHEST WIND DIRECTION    140      
 HIGHEST GUST SPEED    12     HIGHEST GUST DIRECTION    160 
 AVERAGE WIND SPEED   5.1 

SKY COVER
  POSSIBLE SUNSHINE    MM          AVERAGE SKY COVER     MM
 
WEATHER CONDITIONS 
 THE FOLLOWING WEATHER WAS RECORDED YESTERDAY. 
  RAIN
 

RELATIVE HUMIDITY
 HIGHEST RH     MM PERCENT       MM
 LOWEST  RH     MM PERCENT       MM
 AVERAGE RH     MM PERCENT       MM
................................................................... 

THE ANNETTE CLIMATE NORMALS FOR TODAY 
                           NORMAL    RECORD   YEAR 
 MAXIMUM TEMPERATURE (F)     66        86     2009 
 MINIMUM TEMPERATURE (F)     54        47     1972 

SUNRISE AND SUNSET 
 JUL 31 2014..........SUNRISE  4:54 AM      SUNSET  8:51 PM   
 AUG 1 2014..........SUNRISE  4:56 AM      SUNSET  8:49 PM   

-  INDICATES NEGATIVE NUMBERS.
R  INDICATES RECORD HAS BEEN SET OR TIED.
MM INDICATES DATA IS MISSING.
T  INDICATES TRACE OF PRECIPITATION.

&&
-------------------------------------------------------------------

AMOUNT OF DAYLIGHT TODAY  (HOUR:MIN)........15 HOURS 57 MINUTES
GAIN/LOSS SINCE YESTERDAY (HOUR:MIN:SEC)....-0:03:38

$$
LTB JUL 14