CDAK47 PANT 200930
CLIANN

CLIMATE REPORT 
NATIONAL WEATHER SERVICE ANNETTE, AK
130 AM AKDT SAT SEP 20 2014
...................................
...THE ANNETTE WSO AP CLIMATE SUMMARY FOR SEPTEMBER 19 2014... 

CLIMATE NORMAL PERIOD  1981 TO  2010 
CLIMATE RECORD PERIOD  1948 TO  2014 

WEATHER ITEM   OBSERVED TIME    RECORD YEAR NORMAL DEPARTURE LAST 
               VALUE    (LST)   VALUE       VALUE  FROM      YEAR 
                                                   NORMAL 
................................................................... 
TEMPERATURE 
YESTERDAY 
 MAXIMUM            61  0136 PM    72  1976     59       2     59 
 MINIMUM            52  0608 AM    39  1986     48       4     53 
 AVERAGE            57                          53       4     56 

PRECIPITATION 
(INCHES) 
 YESTERDAY        0.57           2.31  1997   0.32    0.25   1.69 
 MONTH TO DATE    1.44                        5.88   -4.44   2.69 
 SINCE SEP 1      1.44                        5.88   -4.44   2.69 
 SINCE JAN 1     63.52                       60.79    2.73  54.29 

SNOWFALL 
(INCHES) 
 YESTERDAY         0.0            0.0  2014    0.0     0.0    0.0 
 MONTH TO DATE     0.0                         0.0     0.0    0.0 
 SINCE SEP 1       0.0                         0.0     0.0    0.0 
 SINCE JUL 1       0.0                         0.0     0.0    0.0
 SNOW DEPTH (IN)     0                                          0 

DEGREE DAYS 
 HEATING 
  YESTERDAY          8                          12      -4      9 
  MONTH TO DATE    135                         191     -56    100 
  SINCE SEP 1      135                         191     -56    100 
  SINCE JUL 1      704                         592     112    402

 COOLING 
  YESTERDAY          0                           0       0      0 
  MONTH TO DATE      0                           0       0      0 
  SINCE SEP 1        0                           0       0      0 
  SINCE JAN 1       MM                           0      MM     22 
................................................................... 

WIND (MPH) 
 HIGHEST WIND SPEED    14     HIGHEST WIND DIRECTION    180      
 HIGHEST GUST SPEED    23     HIGHEST GUST DIRECTION    190 
 AVERAGE WIND SPEED   9.6 

SKY COVER
  POSSIBLE SUNSHINE    MM          AVERAGE SKY COVER     MM
 
WEATHER CONDITIONS 
 THE FOLLOWING WEATHER WAS RECORDED YESTERDAY. 
  FOG
RAIN
 

RELATIVE HUMIDITY
 HIGHEST RH     MM PERCENT       MM
 LOWEST  RH     MM PERCENT       MM
 AVERAGE RH     MM PERCENT       MM
................................................................... 

THE ANNETTE CLIMATE NORMALS FOR TODAY 
                           NORMAL    RECORD   YEAR 
 MAXIMUM TEMPERATURE (F)     58        79     1976 
 MINIMUM TEMPERATURE (F)     48        38     1996 

SUNRISE AND SUNSET 
 SEP 20 2014..........SUNRISE  6:29 AM      SUNSET  6:50 PM   
 SEP 21 2014..........SUNRISE  6:31 AM      SUNSET  6:48 PM   

-  INDICATES NEGATIVE NUMBERS.
R  INDICATES RECORD HAS BEEN SET OR TIED.
MM INDICATES DATA IS MISSING.
T  INDICATES TRACE OF PRECIPITATION.

&&
-------------------------------------------------------------------

AMOUNT OF DAYLIGHT TODAY  (HOUR:MIN)........12 HOURS 21 MINUTES
GAIN/LOSS SINCE YESTERDAY (HOUR:MIN:SEC)....-0:04:26

$$
JH SEP 14