CDAK47 PANT 280914
CLIANN

CLIMATE REPORT 
NATIONAL WEATHER SERVICE ANNETTE, AK
115 AM AKDT TUE JUL 28 2015
...................................
...THE ANNETTE WSO AP CLIMATE SUMMARY FOR JULY 27 2015... 

CLIMATE NORMAL PERIOD  1981 TO  2010 
CLIMATE RECORD PERIOD  1948 TO  2015 

WEATHER ITEM   OBSERVED TIME    RECORD YEAR NORMAL DEPARTURE LAST 
               VALUE    (LST)   VALUE       VALUE  FROM      YEAR 
                                                   NORMAL 
................................................................... 
TEMPERATURE 
YESTERDAY 
 MAXIMUM            59  0157 PM    86  1971     65      -6     57 
 MINIMUM            56  0452 AM    46  1949     54       2     54 
 AVERAGE            58                          60      -2     56 

PRECIPITATION 
(INCHES) 
 YESTERDAY        0.74           2.60  1967   0.15    0.59   0.63 
 MONTH TO DATE    5.76                        4.02    1.74   5.23 
 SINCE JUN 1      9.75                        8.90    0.85  12.98 
 SINCE JAN 1     53.23                       47.32    5.91  53.78 

SNOWFALL 
(INCHES) 
 YESTERDAY         0.0                         0.0     0.0    0.0 
 MONTH TO DATE     0.0                         0.0     0.0    0.0 
 SINCE JUN 1       0.0                         0.0     0.0    0.0 
 SINCE JUL 1       0.0                         0.0     0.0    0.0
 SNOW DEPTH (IN)     0                                          0 

DEGREE DAYS 
 HEATING 
  YESTERDAY          7                           6       1      9 
  MONTH TO DATE     91                         184     -93    172 
  SINCE JUN 1      279                         482    -203    499 
  SINCE JUL 1       91                         184     -93    172

 COOLING 
  YESTERDAY          0                           0       0      0 
  MONTH TO DATE     35                           0      35      8 
  SINCE JUN 1       37                           0      37      8 
  SINCE JAN 1       37                           0      37      8 
................................................................... 

WIND (MPH) 
 HIGHEST WIND SPEED    13     HIGHEST WIND DIRECTION    180      
 HIGHEST GUST SPEED    22     HIGHEST GUST DIRECTION    170 
 AVERAGE WIND SPEED   7.5 

SKY COVER
  POSSIBLE SUNSHINE    MM          AVERAGE SKY COVER     MM
 
WEATHER CONDITIONS 
 THE FOLLOWING WEATHER WAS RECORDED YESTERDAY. 
  FOG
RAIN
 

RELATIVE HUMIDITY
 HIGHEST RH     MM PERCENT       MM
 LOWEST  RH     MM PERCENT       MM
 AVERAGE RH     MM PERCENT       MM
................................................................... 

THE ANNETTE CLIMATE NORMALS FOR TODAY 
                           NORMAL    RECORD   YEAR 
 MAXIMUM TEMPERATURE (F)     66        84     1971 
 MINIMUM TEMPERATURE (F)     54        46     1974 

SUNRISE AND SUNSET 
 JUL 28 2015..........SUNRISE  4:48 AM      SUNSET  8:57 PM   
 JUL 29 2015..........SUNRISE  4:50 AM      SUNSET  8:55 PM   

-  INDICATES NEGATIVE NUMBERS.
R  INDICATES RECORD HAS BEEN SET OR TIED.
MM INDICATES DATA IS MISSING.
T  INDICATES TRACE OF PRECIPITATION.

&&
-------------------------------------------------------------------

AMOUNT OF DAYLIGHT TODAY  (HOUR:MIN)........16 HOURS 9 MINUTES
GAIN/LOSS SINCE YESTERDAY (HOUR:MIN:SEC)....-0:03:28

$$
MM JUL 15