CDAK47 PANT 030030
CLIANN

CLIMATE REPORT
NATIONAL WEATHER SERVICE ANNETTE, AK
430 PM AKDT TUE SEP 2 2014
...................................
...THE ANNETTE WSO AP CLIMATE SUMMARY FOR SEPTEMBER 2 2014...
VALID TODAY AS OF 2:00 PM LOCAL TIME

CLIMATE NORMAL PERIOD  1981 TO  2010 
CLIMATE RECORD PERIOD  1948 TO  2014 

WEATHER ITEM   OBSERVED TIME    RECORD YEAR NORMAL DEPARTURE LAST 
               VALUE    (LST)   VALUE       VALUE  FROM      YEAR 
                                                   NORMAL 
................................................................... 
TEMPERATURE 
TODAY 
 MAXIMUM            67  0148 PM    79  1974     62       5     71 
 MINIMUM            48  0506 AM    45  1999     51      -3     50 
 AVERAGE            58                          57       1     61 

PRECIPITATION 
(INCHES) 
 TODAY            0.00           4.36  2010   0.28   -0.28   0.00 
 MONTH TO DATE    0.04                        0.56   -0.52   0.00 
 SINCE SEP 1      0.04                        0.56   -0.52   0.00 
 SINCE JAN 1     62.12                       55.47    6.65  51.60 

SNOWFALL 
(INCHES) 
 TODAY             0.0            0.0  2014    0.0     0.0    0.0 
 MONTH TO DATE     0.0                         0.0     0.0    0.0
 SINCE SEP 1       0.0                         0.0     0.0    0.0
 SINCE JUL 1       0.0                         0.0     0.0    0.0
 SNOW DEPTH (IN)     0                                          0

DEGREE DAYS 
 HEATING 
  TODAY              7                           9      -2      4 
  MONTH TO DATE     15                          17      -2      8
  SINCE SEP 1       15                          17      -2      8
  SINCE JUL 1      584                         418     166    310

 COOLING 
  TODAY              0                           0       0      0 
  MONTH TO DATE      0                           0       0      0 
  SINCE SEP 1        0                           0       0      0 
  SINCE JAN 1       MM                           0      MM     22 
................................................................... 

WIND (MPH) 
 HIGHEST WIND SPEED    15     HIGHEST WIND DIRECTION    320      
 HIGHEST GUST SPEED    21     HIGHEST GUST DIRECTION    320 
 AVERAGE WIND SPEED   0.0 

SKY COVER
  POSSIBLE SUNSHINE  MM            AVERAGE SKY COVER MM
 
WEATHER CONDITIONS 
 THE FOLLOWING WEATHER WAS RECORDED TODAY. 
NO SIGNIFICANT WEATHER WAS OBSERVED. 

RELATIVE HUMIDITY
 HIGHEST RH     MM PERCENT       MM
 LOWEST  RH     MM PERCENT       MM
 AVERAGE RH     MM PERCENT       MM
................................................................... 

THE ANNETTE CLIMATE NORMALS FOR TOMORROW 
                        NORMAL    RECORD   YEAR 
 MAXIMUM TEMPERATURE      62        78     1988 
 MINIMUM TEMPERATURE      51        43     1956 

SUNRISE AND SUNSET 
 SEP 2 2014..........SUNRISE  5:55 AM      SUNSET  7:36 PM    
 SEP 3 2014..........SUNRISE  5:57 AM      SUNSET  7:34 PM    

-  INDICATES NEGATIVE NUMBERS.
R  INDICATES RECORD HAS BEEN SET OR TIED.
MM INDICATES DATA IS MISSING.
T  INDICATES TRACE OF PRECIPITATION.

&&
-------------------------------------------------------------------

AMOUNT OF DAYLIGHT TODAY  (HOUR:MIN)........13 HOURS 41 MINUTES
GAIN/LOSS SINCE YESTERDAY (HOUR:MIN:SEC)....-0:04:22

$$
TR SEP 14