CDAK47 PANT 220911
CLIANN

CLIMATE REPORT 
NATIONAL WEATHER SERVICE ANNETTE, AK
111 AM AKDT FRI MAY 22 2015
...................................
...THE ANNETTE WSO AP CLIMATE SUMMARY FOR MAY 21 2015... 

CLIMATE NORMAL PERIOD  1981 TO  2010 
CLIMATE RECORD PERIOD  1948 TO  2015 

WEATHER ITEM   OBSERVED TIME    RECORD YEAR NORMAL DEPARTURE LAST 
               VALUE    (LST)   VALUE       VALUE  FROM      YEAR 
                                                   NORMAL 
................................................................... 
TEMPERATURE 
YESTERDAY 
 MAXIMUM            70  0217 PM    88  1963     57      13     50 
 MINIMUM            51  1122 PM    35  1966     45       6     41 
 AVERAGE            61                          51      10     46 

PRECIPITATION 
(INCHES) 
 YESTERDAY        0.09           1.93  1988   0.17   -0.08   0.68 
 MONTH TO DATE    0.37                        3.88   -3.51   2.06 
 SINCE MAR 1     22.29                       18.70    3.59  25.80 
 SINCE JAN 1     43.35                       36.74    6.61  37.90 

SNOWFALL 
(INCHES) 
 YESTERDAY         0.0            0.0  2015    0.0     0.0    0.0 
 MONTH TO DATE     0.0                         0.1    -0.1    0.0 
 SINCE MAR 1         T                         8.4    -8.4    0.3 
 SINCE JUL 1      10.2                        34.9   -24.7   25.4
 SNOW DEPTH (IN)     0                                          0 

DEGREE DAYS 
 HEATING 
  YESTERDAY          4                          14     -10     19 
  MONTH TO DATE    234                         334    -100    284 
  SINCE MAR 1     1470                        1741    -271   1790 
  SINCE JUL 1     5554                        6279    -725   6279

 COOLING 
  YESTERDAY          0                           0       0      0 
  MONTH TO DATE      0                           0       0      0 
  SINCE MAR 1        0                           0       0      0 
  SINCE JAN 1        0                           0       0      0 
................................................................... 

WIND (MPH) 
 HIGHEST WIND SPEED     9     HIGHEST WIND DIRECTION    320      
 HIGHEST GUST SPEED    12     HIGHEST GUST DIRECTION    320 
 AVERAGE WIND SPEED   3.0 

SKY COVER
  POSSIBLE SUNSHINE    MM          AVERAGE SKY COVER     MM
 
WEATHER CONDITIONS 
 THE FOLLOWING WEATHER WAS RECORDED YESTERDAY: 
  FOG
  THUNDER
  RAIN
 

RELATIVE HUMIDITY
 HIGHEST RH     MM PERCENT       MM
 LOWEST  RH     MM PERCENT       MM
 AVERAGE RH     MM PERCENT       MM
................................................................... 

THE ANNETTE CLIMATE NORMALS FOR TODAY 
                           NORMAL    RECORD   YEAR 
 MAXIMUM TEMPERATURE (F)     58        75     1960 
 MINIMUM TEMPERATURE (F)     45        38     1991 

SUNRISE AND SUNSET 
 MAY 22 2015..........SUNRISE  4:28 AM      SUNSET  9:00 PM   
 MAY 23 2015..........SUNRISE  4:26 AM      SUNSET  9:02 PM   

-  INDICATES NEGATIVE NUMBERS.
R  INDICATES RECORD HAS BEEN SET OR TIED.
MM INDICATES DATA IS MISSING.
T  INDICATES TRACE OF PRECIPITATION.

&&
-------------------------------------------------------------------

AMOUNT OF DAYLIGHT TODAY  (HOUR:MIN)........16 HOURS 32 MINUTES
GAIN/LOSS SINCE YESTERDAY (HOUR:MIN:SEC)....+0:03:07

$$
MM MAY 15