CXAK59 PAOT 020809
CLMOTZ

CLIMATE REPORT 
NATIONAL WEATHER SERVICE KOTZEBUE, AK
1209 AM AKDT THU JUN 2 2016
...................................

...THE KOTZEBUE WSO AP CLIMATE SUMMARY FOR THE MONTH OF MAY 2016...

CLIMATE NORMAL PERIOD 1981 TO 2010
CLIMATE RECORD PERIOD 1898 TO 2016

WEATHER         OBSERVED          NORMAL  DEPART  LAST YEAR\'S
                 VALUE   DATE(S)  VALUE   FROM    VALUE  DATE(S)
                                          NORMAL
................................................................
TEMPERATURE (F)
RECORD
 HIGH              72   5/29/2016 
 LOW              -15   5/01/1898 
HIGHEST            72   5/29         49      23      66  5/31  
LOWEST             20                 8      12      11  5/01  
AVG. MAXIMUM       46.9              37.8     9.1    47.1    
AVG. MINIMUM       34.3              25.9     8.4    33.6   
MEAN               40.6              31.9     8.7    40.3
DAYS MAX >= 90      0                 0.0     0.0     0
DAYS MAX <= 32      3                 8.0    -5.0     4
DAYS MAX >= 80      0                 0.0     0.0     0
DAYS MAX >= 70      2                 0.1     1.9     0
DAYS MIN <= 32     11                22.0   -11.0    11
DAYS MIN <= 0       0                 0.8    -0.8     0

PRECIPITATION (INCHES)
RECORD
 MAXIMUM            1.37   2004   
 MINIMUM            0.00   1978
TOTALS              0.65              0.41    0.24    0.58
DAILY AVG.          0.02              0.01    0.01    0.02
DAYS >= .01         8                 4.9     3.1     9
DAYS >= .10         4                 0.9     3.1     3
DAYS >= .50         0                 0.0     0.0     0
DAYS >= 1.0         0                 0.0     0.0     0
GREATEST
 24 HR TOTAL        0.18   5/10                       0.19  5/17        

SNOWFALL (INCHES)
RECORDS
 TOTAL             12.0   1964
 24 HR TOTAL        3.5   5-06-1984
 SNOW DEPTH       138     5-02-1944    
TOTALS              0.0               1.2    -1.2     0.0   
SINCE 7/1          59.7              53.0     6.7    24.7   
SNOWDEPTH AVG.      0                 4      -4       0
DAYS >= TRACE       1                 6.6    -5.6     2
DAYS >= 1.0         0                 0.3    -0.3     0
DAYS >= 6.0         0                 0.0     0.0     0
GREATEST
 SNOW DEPTH         0   MM                            3  5/03  
 24 HR TOTAL        T   5/05                          T  5/08  

DEGREE_DAYS
HEATING TOTAL     751              1026    -275     758 
 SINCE 7/1      12828             14806   -1978   13136
COOLING TOTAL       0                 0       0       0
 SINCE 1/1          0                 0       0       0
................................................................

WIND (MPH)                        
AVERAGE WIND SPEED                9.6
HIGHEST WIND SPEED/DIRECTION     28/150    DATE   05/23
HIGHEST GUST SPEED/DIRECTION     32/160    DATE   05/23

SKY COVER
POSSIBLE SUNSHINE (PERCENT)   MM                                      
AVERAGE SKY COVER             MM
NUMBER OF DAYS FAIR           MM
NUMBER OF DAYS PC             MM
NUMBER OF DAYS CLOUDY         MM

AVERAGE RH (PERCENT)     MM

WEATHER CONDITIONS. NUMBER OF DAYS WITH
THUNDERSTORM              0     ICE PELLETS                 0
RAIN                     12     GLAZE                       0
DRIZZLE                   0     HAIL                        0
SNOW                      1     HAZE                        0
FOG                       8     FOG W/VIS <= 1/4 MILE       2
BLOWING SNOW              0


-  INDICATES NEGATIVE NUMBERS.
R  INDICATES RECORD WAS SET OR TIED.
MM INDICATES DATA IS MISSING.
T  INDICATES TRACE AMOUNT.

&&

DURING THE MONTH OF MAY THERE WAS HIGHER THAN AVERAGE TEMPERATURES WITH THE DAILY 
HIGH TEMPERATURES BEING 9.1 DEGREES WARMER THAN NORMAL. ASSOCIATED WITH THE WARMER 
TEMPERATURES SEVERAL RECORDS WERE BROKEN THIS MONTH FOR DAILY HIGH TEMPERATURES AS 
WELL AS DAILY HIGH MINIMUM TEMPERATURES. AS FAR AS PRECIPITATION IS CONCERNED IT 
WAS A SLIGHTLY WETTER MONTH RECEIVING .24 MORE RAIN THAN NORMAL. IN ADDITION WE HAD 
0.0 SNOWFALL FOR THIS MONTH , LOWER THAN THE NORMAL 1.2 INCHES , PARTIALLY DUE TO 
THE ABOVE AVERAGE TEMPERATURES.


$$
SV JUN 16


Alaska Region Headquarters
222 West 7th Avenue #23
Anchorage, AK 99513-7575
Voice: 1-907-271-5088
Fax: 1-907-271-3711
Recorded Forecast: 1-800-472-0391
Webmaster Email: ARH Webauthors
Page Modified: 03 Feb 2008 18:00 UTC
About Us
Career Opportunities
Glossary
Credits
Disclaimer
Privacy Policy