CXAK59 PAOT 031330
CLMOTZ

CLIMATE REPORT 
NATIONAL WEATHER SERVICE KOTZEBUE, AK
430 AM AKST SAT JAN 3 2015
...................................

...THE KOTZEBUE WSO AP CLIMATE SUMMARY FOR THE MONTH OF DECEMBER 2014...

CLIMATE NORMAL PERIOD 1981 TO 2010
CLIMATE RECORD PERIOD 1897 TO 2014

WEATHER         OBSERVED          NORMAL  DEPART  LAST YEAR\'S
                 VALUE   DATE(S)  VALUE   FROM    VALUE  DATE(S)
                                          NORMAL
................................................................
TEMPERATURE (F)
RECORD
 HIGH              42   12/11/1898
 LOW              -49   12/13/1935
HIGHEST            35   12/31        28       7      37  12/06 
LOWEST            -15               -25      10     -26  12/26 
AVG. MAXIMUM       13.3               8.7     4.6    10.8    
AVG. MINIMUM        2.4              -4.1     6.5     0.9   
MEAN                7.8               2.3     5.5     5.9
DAYS MAX >= 90      0                 0.0     0.0     0
DAYS MAX <= 32     29                30.2    -1.2    29
DAYS MAX >= 80      0                 0.0     0.0     0
DAYS MAX >= 70      0                 0.0     0.0     0
DAYS MIN <= 32     31                31.0     0.0    31
DAYS MIN <= 0      16                20.0    -4.0    17

PRECIPITATION (INCHES)
RECORD
 MAXIMUM            2.16   2004   
 MINIMUM            0.00   1995
TOTALS              0.35              0.76   -0.41    0.77
DAILY AVG.          0.01              0.03   -0.02    0.02
DAYS >= .01         7                10.1    -3.1    12
DAYS >= .10         1                 2.4    -1.4     2
DAYS >= .50         0                 0.1    -0.1     0
DAYS >= 1.0         0                 0.0    -0.0     0
GREATEST
 24 HR TOTAL        0.17   12/28                      0.34  12/06       

SNOWFALL (INCHES)
RECORDS
 TOTAL             34.9   2011
 24 HR TOTAL        8.9   12-25-2004
 SNOW DEPTH       127     12-19-1944   
TOTALS              3.0              11.5    -8.5     7.2   
SINCE 7/1           7.7              24.6   -16.9    18.9   
SNOWDEPTH AVG.      2                11      -9       4
DAYS >= TRACE      15                15.7    -0.7    13
DAYS >= 1.0         1                 3.6    -2.6     4
DAYS >= 6.0         0                 0.1    -0.1     0
GREATEST
 SNOW DEPTH         2   12/31                         7  12/31 
 24 HR TOTAL      1.1   12/28                       2.0  12/22 

DEGREE_DAYS
HEATING TOTAL    1763              1943    -180    1825 
 SINCE 7/1       5438              6302    -864    5703
COOLING TOTAL       0                 0       0       0
 SINCE 1/1         19                 0      19      13
................................................................

WIND (MPH)                        
AVERAGE WIND SPEED               10.9
HIGHEST WIND SPEED/DIRECTION     52/110    DATE   12/28
HIGHEST GUST SPEED/DIRECTION     60/110    DATE   12/28

SKY COVER
POSSIBLE SUNSHINE (PERCENT)   MM                                      
AVERAGE SKY COVER             MM
NUMBER OF DAYS FAIR           MM
NUMBER OF DAYS PC             MM
NUMBER OF DAYS CLOUDY         MM

AVERAGE RH (PERCENT)     MM

WEATHER CONDITIONS. NUMBER OF DAYS WITH
THUNDERSTORM              0     ICE PELLETS                 0
RAIN                      3     GLAZE                       0
DRIZZLE                   0     HAIL                        0
SNOW                     15     HAZE                        1
FOG                      10     FOG W/VIS <= 1/4 MILE       0
BLOWING SNOW              4


-  INDICATES NEGATIVE NUMBERS.
R  INDICATES RECORD WAS SET OR TIED.
MM INDICATES DATA IS MISSING.
T  INDICATES TRACE AMOUNT.

&&
...WARM AND DRIER DECEMBER FOR KOTZEBUE...

DECEMBER 2014 WAS WARMER THAN NORMAL BUT BELOW NORMAL WITH RESPECT TO PRECIPITATION 
FOR THE MONTH. THE CLIMATE WAS DRIVEN BY A RIDGE OF HIGH PRESSURE IN THE HIGH 
RUSSIAN ARCTIC AND BROAD TROUGH THAT SET UP OVER THE BERING SEA... ALONG WITH THE 
ALEUTIAN LOW AND A SERIES OF LOWS THAT ROTATING WITHIN THE TROUGH IN THE CENTRAL  
BERING SEA.


TEMPERATURES...THE AVERAGE DAILY MAXIMUM TEMPERATURE WAS THE 12TH WARMEST...THE 
AVERAGE MINIMUM TEMPERATURE WAS THE 8TH WARMEST...THE AVERAGE DAILY TEMPERATURE WAS 
THE 10TH WARMEST. THERE WERE THREE TEMPERATURE RECORDS SET...TWO HIGH MINIMUM AND 
ONE DAILY HIGH MAXIMUM TEMPERATURE:

DATE        NEW RECORD        PREVIOUS RECORD
12/30           28*             25 IN 1979
12/31           35              32 IN 1987
12/31           31*             23 IN 1967  

*-DESIGNATES NEW HIGH MINIMUM TEMPERATURE


PRECIPITATION...THERE WERE NO DAILY PRECIPITATION RECORDS SET DURING THE MONTH. THE 
VILLAGE RECEIVED FIFTY THREE PERCENT OF THE NORMAL PRECIPITATION FOR THE MONTH. THE 
VILLAGE RECEIVED FORTY THREE PERCENT OF THE TOTAL PRECIPITATION ON THE 28TH OF THE 
MONTH. THE MONTH DID NOT RANK IN THE TOP TWENTY FIVE IN ANY CATEGORY.



$$

KELLY JAN 15


Alaska Region Headquarters
222 West 7th Avenue #23
Anchorage, AK 99513-7575
Voice: 1-907-271-5088
Fax: 1-907-271-3711
Recorded Forecast: 1-800-472-0391
Webmaster Email: ARH Webauthors
Page Modified: 03 Feb 2008 18:00 UTC
About Us
Career Opportunities
Glossary
Credits
Disclaimer
Privacy Policy