CXAK59 PAOM 021628
CLMOME

CLIMATE REPORT 
NATIONAL WEATHER SERVICE NOME, AK
828 AM AKDT SUN AUG 2 2015
...................................

...THE NOME WSO AP CLIMATE SUMMARY FOR THE MONTH OF JULY 2015...

CLIMATE NORMAL PERIOD 1981 TO 2010
CLIMATE RECORD PERIOD 1906 TO 2015

WEATHER         OBSERVED          NORMAL  DEPART  LAST YEAR\'S
                 VALUE   DATE(S)  VALUE   FROM    VALUE  DATE(S)
                                          NORMAL
................................................................
TEMPERATURE (F)
RECORD
 HIGH              86   7/31/1977 
 LOW               28   7/11/1934 
HIGHEST            71   7/04         74      -3      84  7/07  
LOWEST             42                36       6      33  7/25  
AVG. MAXIMUM       60.6              58.2     2.4    57.1    
AVG. MINIMUM       49.2              46.2     3.0    45.2   
MEAN               54.9              52.2     2.7    51.1
DAYS MAX >= 90      0                 0.0     0.0     0
DAYS MAX <= 32      0                 0.0     0.0     0
DAYS MAX >= 80      0                 0.2    -0.2     1
DAYS MAX >= 70      2                 3.1    -1.1     2
DAYS MIN <= 32      0                 0.1    -0.1     0
DAYS MIN <= 0       0                 0.0     0.0     0

PRECIPITATION (INCHES)
RECORD
 MAXIMUM            8.43   1920   
 MINIMUM            0.25   1964
TOTALS              1.44              2.11   -0.67    2.62
DAILY AVG.          0.05              0.07   -0.02    0.08
DAYS >= .01        12                12.2    -0.2    17
DAYS >= .10         5                 5.9    -0.9    10
DAYS >= .50         1                 1.1    -0.1     1
DAYS >= 1.0         0                 0.1    -0.1     0
GREATEST
 24 HR TOTAL        0.66   7/17                       0.51  7/15        

SNOWFALL (INCHES)
RECORDS
 TOTAL              0.0   1906
 24 HR TOTAL        0.0   7-31-2015
 SNOW DEPTH         0     7-16-2009    
TOTALS              0.0               0.0     0.0     0.0   
SINCE 7/1           0.0               0.0     0.0     0.0   
SNOWDEPTH AVG.      0                 0       0       0
DAYS >= TRACE       0                 0.0     0.0     0
DAYS >= 1.0         0                 0.0     0.0     0
DAYS >= 6.0         0                 0.0     0.0     0
GREATEST
 SNOW DEPTH         0   MM                            0  MM    
 24 HR TOTAL      0.0   MM                          0.0  MM    

DEGREE_DAYS
HEATING TOTAL     307               400     -93     423 
 SINCE 7/1        307               400     -93     423
COOLING TOTAL       0                 0       0       2
 SINCE 1/1          5                 0       5       2
................................................................

WIND (MPH)                        
AVERAGE WIND SPEED                8.4
HIGHEST WIND SPEED/DIRECTION     30/260    DATE   07/23
HIGHEST GUST SPEED/DIRECTION     35/260    DATE   07/23

SKY COVER
POSSIBLE SUNSHINE (PERCENT)   MM                                      
AVERAGE SKY COVER             MM
NUMBER OF DAYS FAIR           MM
NUMBER OF DAYS PC             MM
NUMBER OF DAYS CLOUDY         MM

AVERAGE RH (PERCENT)     MM

WEATHER CONDITIONS. NUMBER OF DAYS WITH
THUNDERSTORM              4     ICE PELLETS                 0
RAIN                     19     GLAZE                       0
DRIZZLE                   1     HAIL                        1
SNOW                      0     HAZE                        8
FOG                      20     FOG W/VIS <= 1/4 MILE       2
BLOWING SNOW              0


-  INDICATES NEGATIVE NUMBERS.
R  INDICATES RECORD WAS SET OR TIED.
MM INDICATES DATA IS MISSING.
T  INDICATES TRACE AMOUNT.

&&


$$
RWM AUG 15


Alaska Region Headquarters
222 West 7th Avenue #23
Anchorage, AK 99513-7575
Voice: 1-907-271-5088
Fax: 1-907-271-3711
Recorded Forecast: 1-800-472-0391
Webmaster Email: ARH Webauthors
Page Modified: 03 Feb 2008 18:00 UTC
About Us
Career Opportunities
Glossary
Credits
Disclaimer
Privacy Policy