CXAK59 PAOM 010922
CLMOME

CLIMATE REPORT 
NATIONAL WEATHER SERVICE NOME, AK
1222 AM AKST SUN MAR 1 2015
...................................

...THE NOME WSO AP CLIMATE SUMMARY FOR THE MONTH OF FEBRUARY 2015...

CLIMATE NORMAL PERIOD 1981 TO 2010
CLIMATE RECORD PERIOD 1907 TO 2015

WEATHER         OBSERVED          NORMAL  DEPART  LAST YEAR\'S
                 VALUE   DATE(S)  VALUE   FROM    VALUE  DATE(S)
                                          NORMAL
................................................................
TEMPERATURE (F)
RECORD
 HIGH              48   2/13/1986 
 LOW              -42   2/08/1978 
HIGHEST            40   2/21         35       5      37  2/27  
LOWEST            -12               -27      15     -17  2/13  
AVG. MAXIMUM       22.4              15.4     7.0    20.3    
AVG. MINIMUM        9.1              -0.5     9.6     6.8   
MEAN               15.7               7.4     8.3    13.6
DAYS MAX >= 90      0                 0.0     0.0     0
DAYS MAX <= 32     22                24.6    -2.6    23
DAYS MAX >= 80      0                 0.0     0.0     0
DAYS MAX >= 70      0                 0.0     0.0     0
DAYS MIN <= 32     27                28.1    -1.1    28
DAYS MIN <= 0      10                14.5    -4.5     9

PRECIPITATION (INCHES)
RECORD
 MAXIMUM            4.44   1920   
 MINIMUM            0.00   1961
TOTALS              0.93              0.93    0.00    0.60
DAILY AVG.          0.03              0.03    0.00    0.02
DAYS >= .01        11                 9.5     1.5     9
DAYS >= .10         5                 3.6     1.4     1
DAYS >= .50         0                 0.1    -0.1     0
DAYS >= 1.0         0                 0.0     0.0     0
GREATEST
 24 HR TOTAL        0.25   2/21                       0.34  2/22        

SNOWFALL (INCHES)
RECORDS
 TOTAL             36.0   1920
 24 HR TOTAL       14.0   2-19-1920
 SNOW DEPTH        67     2-28-1949    
TOTALS             10.2              12.2    -2.0     9.1   
SINCE 7/1          43.3              57.5   -14.2    54.3   
SNOWDEPTH AVG.     10                16      -5       5
DAYS >= TRACE      14                15.9    -1.9    12
DAYS >= 1.0         6                 4.3     1.7     2
DAYS >= 6.0         0                 0.3    -0.3     0
GREATEST
 SNOW DEPTH        14   2/20                         10  2/26  
 24 HR TOTAL      1.8   2/17                        5.0  2/22  

DEGREE_DAYS
HEATING TOTAL    1439              1611    -172    1498 
 SINCE 7/1       8229              9282   -1053    8211
COOLING TOTAL       0                 0       0       0
 SINCE 1/1          0                 0       0       0
................................................................

WIND (MPH)                        
AVERAGE WIND SPEED                9.6
HIGHEST WIND SPEED/DIRECTION     37/270    DATE   02/28
HIGHEST GUST SPEED/DIRECTION     43/280    DATE   02/28

SKY COVER
POSSIBLE SUNSHINE (PERCENT)   MM                                      
AVERAGE SKY COVER             MM
NUMBER OF DAYS FAIR           MM
NUMBER OF DAYS PC             MM
NUMBER OF DAYS CLOUDY         MM

AVERAGE RH (PERCENT)     MM

WEATHER CONDITIONS. NUMBER OF DAYS WITH
THUNDERSTORM              1     ICE PELLETS                 0
RAIN                      5     GLAZE                       0
DRIZZLE                   0     HAIL                        0
SNOW                     13     HAZE                        2
FOG                      15     FOG W/VIS <= 1/4 MILE       2
BLOWING SNOW              5


-  INDICATES NEGATIVE NUMBERS.
R  INDICATES RECORD WAS SET OR TIED.
MM INDICATES DATA IS MISSING.
T  INDICATES TRACE AMOUNT.

&&


$$
RWM MAR 15


Alaska Region Headquarters
222 West 7th Avenue #23
Anchorage, AK 99513-7575
Voice: 1-907-271-5088
Fax: 1-907-271-3711
Recorded Forecast: 1-800-472-0391
Webmaster Email: ARH Webauthors
Page Modified: 03 Feb 2008 18:00 UTC
About Us
Career Opportunities
Glossary
Credits
Disclaimer
Privacy Policy