CXAK59 PAOM 010905
CLMOME

CLIMATE REPORT 
NATIONAL WEATHER SERVICE NOME, AK
105 AM AKDT MON SEP 1 2014
...................................

...THE NOME WSO AP CLIMATE SUMMARY FOR THE MONTH OF AUGUST 2014...

CLIMATE NORMAL PERIOD 1981 TO 2010
CLIMATE RECORD PERIOD 1906 TO 2014

WEATHER         OBSERVED          NORMAL  DEPART  LAST YEAR\'S
                 VALUE   DATE(S)  VALUE   FROM    VALUE  DATE(S)
                                          NORMAL
................................................................
TEMPERATURE (F)
RECORD
 HIGH              83   8/08/1966 
 LOW               23   8/30/1913 
HIGHEST            77   8/11         68       9      72  8/07  
LOWEST             30                32      -2      33  8/29  
AVG. MAXIMUM       62.7              55.9     6.8    58.9    
AVG. MINIMUM       48.7              44.3     4.4    47.1   
MEAN               55.7              50.1     5.6    53.0
DAYS MAX >= 90      0                 0.0     0.0     0
DAYS MAX <= 32      0                 0.0     0.0     0
DAYS MAX >= 80      0                 0.1    -0.1     0
DAYS MAX >= 70      5                 1.0     4.0     1
DAYS MIN <= 32      1                 1.4    -0.4     0
DAYS MIN <= 0       0                 0.0     0.0     0

PRECIPITATION (INCHES)
RECORD
 MAXIMUM            8.58   1998   
 MINIMUM            0.40   1971
TOTALS              1.71              3.22   -1.51    4.21
DAILY AVG.          0.06              0.11   -0.05    0.14
DAYS >= .01        11                15.6    -4.6    21
DAYS >= .10         5                 8.3    -3.3    12
DAYS >= .50         1                 1.8    -0.8     2
DAYS >= 1.0         0                 0.3    -0.3     0
GREATEST
 24 HR TOTAL        0.50   8/20                       0.70  8/08        

SNOWFALL (INCHES)
RECORDS
 TOTAL              0.1   1965
 24 HR TOTAL        0.1   8-11-1965
 SNOW DEPTH         0     8-31-2014    
TOTALS              0.0               0.0     0.0     0.0   
SINCE 7/1           0.0               0.0     0.0     0.0   
SNOWDEPTH AVG.      0                 0       0       0
DAYS >= TRACE       0                 0.1    -0.1     0
DAYS >= 1.0         0                 0.0     0.0     0
DAYS >= 6.0         0                 0.0     0.0     0
GREATEST
 SNOW DEPTH         0   MM                            0  MM    
 24 HR TOTAL      0.0   MM                          0.0  MM    

DEGREE_DAYS
HEATING TOTAL     280               464    -184     367 
 SINCE 7/1        703               864    -161     774
COOLING TOTAL       1                 0       1       0
 SINCE 1/1          3                 0       3       7
................................................................

WIND (MPH)                        
AVERAGE WIND SPEED                7.2
HIGHEST WIND SPEED/DIRECTION     28/210    DATE   08/31
HIGHEST GUST SPEED/DIRECTION     32/210    DATE   08/31

SKY COVER
POSSIBLE SUNSHINE (PERCENT)   MM                                      
AVERAGE SKY COVER             MM
NUMBER OF DAYS FAIR           MM
NUMBER OF DAYS PC             MM
NUMBER OF DAYS CLOUDY         MM

AVERAGE RH (PERCENT)     MM

WEATHER CONDITIONS. NUMBER OF DAYS WITH
THUNDERSTORM              1     ICE PELLETS                 0
RAIN                     14     GLAZE                       0
DRIZZLE                   3     HAIL                        0
SNOW                      0     HAZE                        1
FOG                      11     FOG W/VIS <= 1/4 MILE       1
BLOWING SNOW              0


-  INDICATES NEGATIVE NUMBERS.
R  INDICATES RECORD WAS SET OR TIED.
MM INDICATES DATA IS MISSING.
T  INDICATES TRACE AMOUNT.

&&


$$
RWM SEP 14


Alaska Region Headquarters
222 West 7th Avenue #23
Anchorage, AK 99513-7575
Voice: 1-907-271-5088
Fax: 1-907-271-3711
Recorded Forecast: 1-800-472-0391
Webmaster Email: ARH Webauthors
Page Modified: 03 Feb 2008 18:00 UTC
About Us
Career Opportunities
Glossary
Credits
Disclaimer
Privacy Policy