CXAK59 PAOM 031644
CLMOME

CLIMATE REPORT 
NATIONAL WEATHER SERVICE NOME, AK
844 AM AKDT TUE MAY 3 2016
...................................

...THE NOME WSO AP CLIMATE SUMMARY FOR THE MONTH OF APRIL 2016...

CLIMATE NORMAL PERIOD 1981 TO 2010
CLIMATE RECORD PERIOD 1907 TO 2016

WEATHER         OBSERVED          NORMAL  DEPART  LAST YEAR\'S
                 VALUE   DATE(S)  VALUE   FROM    VALUE  DATE(S)
                                          NORMAL
................................................................
TEMPERATURE (F)
RECORD
 HIGH              60   4/27/1940 
 LOW              -30   4/07/1968 
HIGHEST            52   4/26         41      11      45  4/25  
LOWEST             10               -10      20      -8  4/01  
AVG. MAXIMUM       41.1              27.5    13.6    28.9    
AVG. MINIMUM       27.6              13.5    14.1    14.0   
MEAN               34.3              20.5    13.8    21.5
DAYS MAX >= 90      0                 0.0     0.0     0
DAYS MAX <= 32      5                18.9   -13.9    17
DAYS MAX >= 80      0                 0.0     0.0     0
DAYS MAX >= 70      0                 0.0     0.0     0
DAYS MIN <= 32     22                28.5    -6.5    30
DAYS MIN <= 0       0                 6.6    -6.6     9

PRECIPITATION (INCHES)
RECORD
 MAXIMUM            2.15   1961   
 MINIMUM            0.00   1928
TOTALS              0.80              0.76    0.04    0.61
DAILY AVG.          0.03              0.02    0.01    0.02
DAYS >= .01         8                 8.5    -0.5    10
DAYS >= .10         4                 2.6     1.4     3
DAYS >= .50         0                 0.0     0.0     0
DAYS >= 1.0         0                 0.0     0.0     0
GREATEST
 24 HR TOTAL        0.30   4/02                       0.14  4/05        

SNOWFALL (INCHES)
RECORDS
 TOTAL             23.3   1961
 24 HR TOTAL        6.7   4-07-2011
 SNOW DEPTH        72     4-02-2009    
TOTALS              6.1               7.5    -1.4     7.6   
SINCE 7/1          48.9              74.0   -25.1    59.7   
SNOWDEPTH AVG.      3                12      -8       9
DAYS >= TRACE       8                15.6    -7.6    15
DAYS >= 1.0         2                 2.8    -0.8     4
DAYS >= 6.0         0                 0.0     0.0     0
GREATEST
 SNOW DEPTH        11   4/03                         13  4/09  
 24 HR TOTAL      3.4   4/02                        1.8  4/20  

DEGREE_DAYS
HEATING TOTAL     911              1335    -424    1300 
 SINCE 7/1      10794             12313   -1519   11271
COOLING TOTAL       0                 0       0       0
 SINCE 1/1          0                 0       0       0
................................................................

WIND (MPH)                        
AVERAGE WIND SPEED                8.2
HIGHEST WIND SPEED/DIRECTION     36/030    DATE    04/1
HIGHEST GUST SPEED/DIRECTION     44/030    DATE    04/1

SKY COVER
POSSIBLE SUNSHINE (PERCENT)   MM                                      
AVERAGE SKY COVER             MM
NUMBER OF DAYS FAIR           MM
NUMBER OF DAYS PC             MM
NUMBER OF DAYS CLOUDY         MM

AVERAGE RH (PERCENT)     MM

WEATHER CONDITIONS. NUMBER OF DAYS WITH
THUNDERSTORM              0     ICE PELLETS                 0
RAIN                      7     GLAZE                       0
DRIZZLE                   0     HAIL                        0
SNOW                      8     HAZE                        0
FOG                       7     FOG W/VIS <= 1/4 MILE       2
BLOWING SNOW              2


-  INDICATES NEGATIVE NUMBERS.
R  INDICATES RECORD WAS SET OR TIED.
MM INDICATES DATA IS MISSING.
T  INDICATES TRACE AMOUNT.

&&


$$
KH MAY 16


Alaska Region Headquarters
222 West 7th Avenue #23
Anchorage, AK 99513-7575
Voice: 1-907-271-5088
Fax: 1-907-271-3711
Recorded Forecast: 1-800-472-0391
Webmaster Email: ARH Webauthors
Page Modified: 03 Feb 2008 18:00 UTC
About Us
Career Opportunities
Glossary
Credits
Disclaimer
Privacy Policy