CXAK59 PAOM 011330
CLMOME

CLIMATE REPORT 
NATIONAL WEATHER SERVICE NOME, AK
530 AM AKDT TUE APR 1 2014
...................................

...THE NOME WSO AP CLIMATE SUMMARY FOR THE MONTH OF MARCH 2014...

CLIMATE NORMAL PERIOD 1981 TO 2010
CLIMATE RECORD PERIOD 1907 TO 2014

WEATHER         OBSERVED          NORMAL  DEPART  LAST YEAR\'S
                 VALUE   DATE(S)  VALUE   FROM    VALUE  DATE(S)
                                          NORMAL
................................................................
TEMPERATURE (F)
RECORD
 HIGH              44   3/02/1938 
 LOW              -46   3/11/1971 
HIGHEST            34   3/22         35      -1      33  3/05  
LOWEST             -9               -21      12     -21  3/27  
AVG. MAXIMUM       20.3              18.5     1.8    16.6    
AVG. MINIMUM        4.2               2.1     2.1     0.3   
MEAN               12.3              10.3     2.0     8.5
DAYS MAX >= 90      0                 0.0     0.0     0
DAYS MAX <= 32     30                27.3     2.7    30
DAYS MAX >= 80      0                 0.0     0.0     0
DAYS MAX >= 70      0                 0.0     0.0     0
DAYS MIN <= 32     31                30.9     0.1    31
DAYS MIN <= 0      12                14.5    -2.5    17

PRECIPITATION (INCHES)
RECORD
 MAXIMUM            3.37   1907   
 MINIMUM            0.00   1960
TOTALS              0.53              0.65   -0.12    0.64
DAILY AVG.          0.02              0.02    0.00    0.02
DAYS >= .01         8                 8.6    -0.6     9
DAYS >= .10         2                 1.9     0.1     1
DAYS >= .50         0                 0.1    -0.1     0
DAYS >= 1.0         0                 0.0     0.0     0
GREATEST
 24 HR TOTAL        0.29   3/14                       0.28  3/07        

SNOWFALL (INCHES)
RECORDS
 TOTAL             35.0   1935
 24 HR TOTAL       15.5   3-08-2009
 SNOW DEPTH        78     3-12-2009    
TOTALS             12.3               8.9     3.4     9.1   
SINCE 7/1          66.6              66.2     0.4    50.4   
SNOWDEPTH AVG.     10                18      -7      26
DAYS >= TRACE      11                14.2    -3.2    17
DAYS >= 1.0         3                 2.6     0.4     3
DAYS >= 6.0         1                 0.1     0.9     0
GREATEST
 SNOW DEPTH        18   3/20                         30  3/20  
 24 HR TOTAL      7.1   3/14                        2.8  3/07  

DEGREE_DAYS
HEATING TOTAL    1627              1696     -69    1748 
 SINCE 7/1       9773             10978   -1205   11289
COOLING TOTAL       0                 0       0       0
 SINCE 1/1          0                 0       0       0
................................................................

WIND (MPH)                        
AVERAGE WIND SPEED                7.3
HIGHEST WIND SPEED/DIRECTION     32/030    DATE    03/6
HIGHEST GUST SPEED/DIRECTION     38/040    DATE    03/6

SKY COVER
POSSIBLE SUNSHINE (PERCENT)   MM                                      
AVERAGE SKY COVER             MM
NUMBER OF DAYS FAIR           MM
NUMBER OF DAYS PC             MM
NUMBER OF DAYS CLOUDY         MM

AVERAGE RH (PERCENT)     MM

WEATHER CONDITIONS. NUMBER OF DAYS WITH
THUNDERSTORM              0     ICE PELLETS                 0
RAIN                      0     GLAZE                       2
DRIZZLE                   2     HAIL                        0
SNOW                     11     HAZE                        0
FOG                      10     FOG W/VIS <= 1/4 MILE       0
BLOWING SNOW              4


-  INDICATES NEGATIVE NUMBERS.
R  INDICATES RECORD WAS SET OR TIED.
MM INDICATES DATA IS MISSING.
T  INDICATES TRACE AMOUNT.

&&


$$
JAS APR 14


Alaska Region Headquarters
222 West 7th Avenue #23
Anchorage, AK 99513-7575
Voice: 1-907-271-5088
Fax: 1-907-271-3711
Recorded Forecast: 1-800-472-0391
Webmaster Email: ARH Webauthors
Page Modified: 03 Feb 2008 18:00 UTC
About Us
Career Opportunities
Glossary
Credits
Disclaimer
Privacy Policy