CXAK59 PAOM 012357
CLMOME

CLIMATE REPORT 
NATIONAL WEATHER SERVICE NOME, AK
257 PM AKST THU JAN 1 2015
...................................

...THE NOME WSO AP CLIMATE SUMMARY FOR THE MONTH OF DECEMBER 2014...

CLIMATE NORMAL PERIOD 1981 TO 2010
CLIMATE RECORD PERIOD 1906 TO 2014

WEATHER         OBSERVED          NORMAL  DEPART  LAST YEAR\'S
                 VALUE   DATE(S)  VALUE   FROM    VALUE  DATE(S)
                                          NORMAL
................................................................
TEMPERATURE (F)
RECORD
 HIGH              43   12/20/1969
 LOW              -42   12/29/1929
HIGHEST            35   12/30        34       1      37  12/07 
LOWEST            -16   12/26       -21       5     -20  12/29 
AVG. MAXIMUM       21.5              16.8     4.7    20.4    
AVG. MINIMUM        9.7               2.2     7.5     8.2   
MEAN               15.6               9.5     6.1    14.3
DAYS MAX >= 90      0                 0.0     0.0     0
DAYS MAX <= 32     28                27.2     0.8    27
DAYS MAX >= 80      0                 0.0     0.0     0
DAYS MAX >= 70      0                 0.0     0.0     0
DAYS MIN <= 32     31                30.8     0.2    31
DAYS MIN <= 0       7                14.3    -7.3     9

PRECIPITATION (INCHES)
RECORD
 MAXIMUM            3.84   1931   
 MINIMUM            0.00   1917
TOTALS              0.54              1.08   -0.54    2.01
DAILY AVG.          0.02              0.04   -0.02    0.06
DAYS >= .01         9                11.9    -2.9    13
DAYS >= .10         1                 3.8    -2.8     7
DAYS >= .50         0                 0.1    -0.1     0
DAYS >= 1.0         0                 0.0     0.0     0
GREATEST
 24 HR TOTAL        0.19   12/30                      0.39  12/06       

SNOWFALL (INCHES)
RECORDS
 TOTAL             31.0   1931
 24 HR TOTAL       14.0   12-31-1997
 SNOW DEPTH        46     12-31-1994   
TOTALS              5.1              14.5    -9.4    18.4   
SINCE 7/1          22.7              31.4    -8.7    33.0   
SNOWDEPTH AVG.     10                 9       1       7
DAYS >= TRACE      14                18.6    -4.6    18
DAYS >= 1.0         0                 4.9    -4.9     5
DAYS >= 6.0         0                 0.2    -0.2     1
GREATEST
 SNOW DEPTH        12   12/14                        16  12/27 
 24 HR TOTAL      0.9   12/13                       6.5  12/20 

DEGREE_DAYS
HEATING TOTAL    1525              1720    -195    1562 
 SINCE 7/1       5067              5818    -751    5364
COOLING TOTAL       0                 0       0       0
 SINCE 1/1          3                 0       3       7
................................................................

WIND (MPH)                        
AVERAGE WIND SPEED               10.9
HIGHEST WIND SPEED/DIRECTION     37/020    DATE   12/14
HIGHEST GUST SPEED/DIRECTION     44/110    DATE   12/27

SKY COVER
POSSIBLE SUNSHINE (PERCENT)   MM                                      
AVERAGE SKY COVER             MM
NUMBER OF DAYS FAIR           MM
NUMBER OF DAYS PC             MM
NUMBER OF DAYS CLOUDY         MM

AVERAGE RH (PERCENT)     MM

WEATHER CONDITIONS. NUMBER OF DAYS WITH
THUNDERSTORM              0     ICE PELLETS                 0
RAIN                      2     GLAZE                       0
DRIZZLE                   0     HAIL                        0
SNOW                     14     HAZE                        1
FOG                      12     FOG W/VIS <= 1/4 MILE       0
BLOWING SNOW              8


-  INDICATES NEGATIVE NUMBERS.
R  INDICATES RECORD WAS SET OR TIED.
MM INDICATES DATA IS MISSING.
T  INDICATES TRACE AMOUNT.

&&


$$
JAS JAN 15


Alaska Region Headquarters
222 West 7th Avenue #23
Anchorage, AK 99513-7575
Voice: 1-907-271-5088
Fax: 1-907-271-3711
Recorded Forecast: 1-800-472-0391
Webmaster Email: ARH Webauthors
Page Modified: 03 Feb 2008 18:00 UTC
About Us
Career Opportunities
Glossary
Credits
Disclaimer
Privacy Policy