CXAK59 PAMC 011641
CLMMCG

CLIMATE REPORT 
NATIONAL WEATHER SERVICE MCGRATH, AK
841 AM AKDT WED JUL 1 2015
...................................

...THE MCGRATH AIRPORT CLIMATE SUMMARY FOR THE MONTH OF JUNE 2015...

CLIMATE NORMAL PERIOD 1981 TO 2010
CLIMATE RECORD PERIOD 1940 TO 2015

WEATHER         OBSERVED          NORMAL  DEPART  LAST YEAR\'S
                 VALUE   DATE(S)  VALUE   FROM    VALUE  DATE(S)
                                          NORMAL
................................................................
TEMPERATURE (F)
RECORD
 HIGH              94   6/17/2013 
 LOW               27   6/04/2006 
HIGHEST            87   6/19         81       6      74  6/28  
LOWEST             39                36       3      35  6/02  
AVG. MAXIMUM       70.5              68.1     2.4    63.5    
AVG. MINIMUM       48.0              46.7     1.3    45.7   
MEAN               59.3              57.4     1.9    54.6
DAYS MAX >= 90      0                 0.0     0.0     0
DAYS MAX <= 32      0                 0.0     0.0     0
DAYS MAX >= 80      9                 2.0     7.0     0
DAYS MAX >= 70     15                12.6     2.4     5
DAYS MIN <= 32      0                 0.1    -0.1     0
DAYS MIN <= 0       0                 0.0     0.0     0

PRECIPITATION (INCHES)
RECORD
 MAXIMUM            4.36   1950   
 MINIMUM            0.15   2000
TOTALS              1.08              1.52   -0.44    1.52
DAILY AVG.          0.04              0.05   -0.01    0.05
DAYS >= .01        12                12.3    -0.3    17
DAYS >= .10         3                 4.4    -1.4     5
DAYS >= .50         0                 0.5    -0.5     0
DAYS >= 1.0         0                 0.1    -0.1     0
GREATEST
 24 HR TOTAL        0.38   6/27                       0.26  6/26        

SNOWFALL (INCHES)
RECORDS
 TOTAL              0.1   1975
 24 HR TOTAL        0.1   6-14-1975
 SNOW DEPTH        13     6-22-2004    
TOTALS              0.0               0.0     0.0     0.0   
SINCE 7/1          41.6              95.7   -54.1    47.1   
SNOWDEPTH AVG.      0                 0       0       0
DAYS >= TRACE       0                 0.1    -0.1     0
DAYS >= 1.0         0                 0.0     0.0     0
DAYS >= 6.0         0                 0.0     0.0     0
GREATEST
 SNOW DEPTH         0                                 0      
 24 HR TOTAL      0.0                               0.0      

DEGREE_DAYS
HEATING TOTAL     193               234     -41     305 
 SINCE 7/1      11986             13755   -1769   12176
COOLING TOTAL      26                 5      21       0
 SINCE 1/1         26                 5      21       0
................................................................

WIND (MPH)                        
AVERAGE WIND SPEED                5.1
HIGHEST WIND SPEED/DIRECTION     23/200    DATE   06/19
HIGHEST GUST SPEED/DIRECTION     32/270    DATE    06/7

WEATHER CONDITIONS. NUMBER OF DAYS WITH
THUNDERSTORM              0     ICE PELLETS                 0
RAIN                     13     GLAZE                       0
DRIZZLE                   0     HAIL                        0
SNOW                      0     HAZE                        8
FOG                      12     FOG W/VIS <= 1/4 MILE       1
BLOWING SNOW              0


-  INDICATES NEGATIVE NUMBERS.
R  INDICATES RECORD WAS SET OR TIED.
MM INDICATES DATA IS MISSING.
T  INDICATES TRACE AMOUNT.

&&

WITH ABOVE AVERAGE TEMPERATURES AND BELOW AVERAGE PRECIPITATION THE MONTH OF JUNE 
FOR MCGRATH WAS WARM AND DRY. WITH AN AVERAGE TEMPERATURE OF 59.3 IT WAS THE 7TH 
HIGHEST AVERAGE ON RECORD. MCGRATH SET 1 DAILY TEMPERATURE RECORD ON THE 19TH WITH 
A TEMPERATURE OF 87 DEGREES AND TIED A HIGH MINIMUM ON THE 22ND WITH A TEMPERATURE 
OF 58 DEGREES. THERE WAS ONE DAILY PRECIPITATION RECORD SET ON THE 27TH OF 0.38 
INCHES OF RAIN. OVERALL MCGRATH FELL 0.44 INCHES OF PRECIPITATION BELOW NORMAL WITH 
A TOTAL OF 1.08 INCHES FOR THE MONTH.

$$
ADJ JUL 15

Alaska Region Headquarters
222 West 7th Avenue #23
Anchorage, AK 99513-7575
Voice: 1-907-271-5088
Fax: 1-907-271-3711
Recorded Forecast: 1-800-472-0391
Webmaster Email: ARH Webauthors
Page Modified: 03 Feb 2008 18:00 UTC
About Us
Career Opportunities
Glossary
Credits
Disclaimer
Privacy Policy