CXAK59 PAFG 011313
CLMFAI


CLIMATE REPORT
NATIONAL WEATHER SERVICE FAIRBANKS, AK                               
505 AM AKDT WED JUL 1 2015
................................... 

...THE FAIRBANKS CLIMATE SUMMARY FOR THE MONTH OF JUNE 2015...

CLIMATE NORMAL PERIOD 1981 TO 2010
CLIMATE RECORD PERIOD 1904 TO 2015

WEATHER         OBSERVED          NORMAL  DEPART  LAST YEAR'S         
                 VALUE   DATE(S)  VALUE   FROM    VALUE  DATE(S)      
                                          NORMAL                      
................................................................
TEMPERATURE (F)
RECORD
 HIGH              96   06/15/1969                                    
 LOW               28   06/29/1918                                    
HIGHEST            85   06/19        84       1       81  06/29       
                        06/15                                         
LOWEST             37   06/13        38      -1       38  06/12       
                        06/01                                         
AVG. MAXIMUM     70.6              71.6    -1.0     67.2              
AVG. MINIMUM     48.9              49.3    -0.4     49.6              
MEAN             59.8              60.4    -0.6     58.4              
DAYS MAX >= 90      0               0.2    -0.2        0              
DAYS MAX <= 32      0               0.0     0.0        0              
DAYS MIN <= 32      0               0.1    -0.1        0              
DAYS MIN <= 0       0               0.0     0.0        0              

PRECIPITATION (INCHES)
RECORD
 MAXIMUM         3.56   2014                                          
 MINIMUM         0.19   1966                                          
TOTALS           1.03              1.37   -0.34     3.56              
DAILY AVG.       0.03              0.05   -0.02     0.12              
DAYS >= .01        10              10.9    -0.9       13              
DAYS >= .10         5               4.1     0.9        8              
DAYS >= .50         0               0.4    -0.4        3              
DAYS >= 1.00        0               0.1    -0.1        0              
GREATEST
 24 HR. TOTAL    0.22   06/30 TO 06/30           

SNOWFALL (INCHES)
RECORDS
 TOTAL            1.2   1931                                             
 24 HR TOTAL      1.2   06/02/1931 TO 06/02/1931                      
 SNOW DEPTH         0                                                
TOTALS            0.0               0.0     0.0      0.0              
SINCE 7/1        43.8              65.0   -21.2     48.9              
SNOWDEPTH AVG.      0               0.0     0.0        0              
DAYS >= TRACE       0               0.0     0.0        0              
DAYS >= 1.0         0               0.0     0.0        0              
GREATEST
 SNOW DEPTH         0                                                
 24 HR TOTAL      0.0   

DEGREE_DAYS
HEATING TOTAL     181               160      21      192              
 SINCE 7/1      12312             13669   -1357    12501              
COOLING TOTAL      31                23       8        1              
 SINCE 1/1         33                24       9        1              
.................................................

WIND (MPH)
AVERAGE WIND SPEED              4.8
HIGHEST WIND SPEED/DIRECTION    22/290    DATE  06/11
HIGHEST GUST SPEED/DIRECTION    29/190    DATE  06/05

SKY COVER
AVERAGE SKY COVER           0.70


WEATHER CONDITIONS. NUMBER OF DAYS WITH 
THUNDERSTORM              0     MIXED PRECIP               0
HEAVY RAIN                0     RAIN                       2
LIGHT RAIN               15     FREEZING RAIN              0
LT FREEZING RAIN          0     HAIL                       0
HEAVY SNOW                0     SNOW                       0
LIGHT SNOW                0     SLEET                      0
FOG                       5     FOG W/VIS <= 1/4 MILE      0
HAZE                     11                                           
                                                                    
-  INDICATES NEGATIVE NUMBERS.                                      
R  INDICATES RECORD WAS SET OR TIED.                                
MM INDICATES DATA IS MISSING.                                       
T  INDICATES TRACE AMOUNT.                                          

$$


Alaska Region Headquarters
222 West 7th Avenue #23
Anchorage, AK 99513-7575
Voice: 1-907-271-5088
Fax: 1-907-271-3711
Recorded Forecast: 1-800-472-0391
Webmaster Email: ARH Webauthors
Page Modified: 03 Feb 2008 18:00 UTC
About Us
Career Opportunities
Glossary
Credits
Disclaimer
Privacy Policy