CXAK59 PAFG 011634
CLMFAI


CLIMATE REPORT
NATIONAL WEATHER SERVICE FAIRBANKS, AK                               
822 AM AKDT FRI AUG 1 2014
................................... 

...THE FAIRBANKS CLIMATE SUMMARY FOR THE MONTH OF JULY 2014...

CLIMATE NORMAL PERIOD 1981 TO 2010
CLIMATE RECORD PERIOD 1904 TO 2014

WEATHER         OBSERVED          NORMAL  DEPART  LAST YEAR'S         
                 VALUE   DATE(S)  VALUE   FROM    VALUE  DATE(S)      
                                          NORMAL                      
................................................................
TEMPERATURE (F)
RECORD
 HIGH              99   07/28/1919                                    
 LOW               30   07/11/1905                                    
HIGHEST            87   07/06        85       2       88  07/28       
LOWEST             39   07/26        43      -4       47  07/06       
                                                          07/05       
AVG. MAXIMUM     69.5              72.7    -3.2     74.1              
AVG. MINIMUM     52.5              52.3     0.2     54.5              
MEAN             61.0              62.5    -1.5     64.3              
DAYS MAX >= 90      0               0.1    -0.1        0              
DAYS MAX <= 32      0               0.0     0.0        0              
DAYS MIN <= 32      0               0.0     0.0        0              
DAYS MIN <= 0       0               0.0     0.0        0              

PRECIPITATION (INCHES)
RECORD
 MAXIMUM         5.96   2003                                          
 MINIMUM         0.06   2009                                          
TOTALS           5.78              2.16    3.62     1.01              
DAILY AVG.       0.19              0.07    0.12     0.03              
DAYS >= .01        13              12.9     0.1        9              
DAYS >= .10         7               5.3     1.7        3              
DAYS >= .50         3               1.0     2.0        1              
DAYS >= 1.00        3               0.3     2.7        0              
GREATEST
 24 HR. TOTAL    2.83   07/01 TO 07/02           

SNOWFALL (INCHES)
RECORDS
 TOTAL            0.0                                           
 24 HR TOTAL      0.0                                                 
 SNOW DEPTH         0                                                 
TOTALS            0.0               0.0     0.0      0.0              
SINCE 7/1         0.0               0.0     0.0      0.0              
SNOWDEPTH AVG.      0               0.0     0.0        0              
DAYS >= TRACE       0               0.0     0.0        0              
DAYS >= 1.0         0               0.0     0.0        0              
GREATEST
 SNOW DEPTH         0                                         
 24 HR TOTAL      0.0   

DEGREE_DAYS
HEATING TOTAL     137               108      29       69              
 SINCE 7/1        137               108      29       69              
COOLING TOTAL      19                31     -12       54              
 SINCE 1/1         20                55     -35      202              
..................................................

WIND (MPH)
AVERAGE WIND SPEED              4.6
HIGHEST WIND SPEED/DIRECTION    28/250    DATE  07/14
HIGHEST GUST SPEED/DIRECTION    38/250    DATE  07/14

SKY COVER
AVERAGE SKY COVER           0.80


WEATHER CONDITIONS. NUMBER OF DAYS WITH 
THUNDERSTORM              0     MIXED PRECIP               0
HEAVY RAIN                2     RAIN                       4
LIGHT RAIN               17     FREEZING RAIN              0
LT FREEZING RAIN          0     HAIL                       0
HEAVY SNOW                0     SNOW                       0
LIGHT SNOW                0     SLEET                      0
FOG                       9     FOG W/VIS <= 1/4 MILE      0
HAZE                      0                                           
                                                                    
-  INDICATES NEGATIVE NUMBERS.                                      
R  INDICATES RECORD WAS SET OR TIED.                                
MM INDICATES DATA IS MISSING.                                       
T  INDICATES TRACE AMOUNT.                                          

$$



Alaska Region Headquarters
222 West 7th Avenue #23
Anchorage, AK 99513-7575
Voice: 1-907-271-5088
Fax: 1-907-271-3711
Recorded Forecast: 1-800-472-0391
Webmaster Email: ARH Webauthors
Page Modified: 03 Feb 2008 18:00 UTC
About Us
Career Opportunities
Glossary
Credits
Disclaimer
Privacy Policy