CXAK59 PAFG 012017
CLMFAI


CLIMATE REPORT
NATIONAL WEATHER SERVICE FAIRBANKS, AK                               
1114 AM AKST SAT MAR 1 2014
................................... 

...THE FAIRBANKS CLIMATE SUMMARY FOR THE MONTH OF FEBRUARY 2014...

CLIMATE NORMAL PERIOD 1981 TO 2010
CLIMATE RECORD PERIOD 1904 TO 2014

WEATHER         OBSERVED          NORMAL  DEPART  LAST YEAR'S         
                 VALUE   DATE(S)  VALUE   FROM    VALUE  DATE(S)      
                                          NORMAL                      
................................................................
TEMPERATURE (F)
RECORD
 HIGH              50   02/24/1943                                    
 LOW              -58   02/02/1993                                    
                        02/03/1947                                    
HIGHEST            35   02/27        33       2       29  02/09       
LOWEST            -34   02/10       -39       5      -43  02/19       
AVG. MAXIMUM      8.4              10.0    -1.6     10.4              
AVG. MINIMUM    -17.1             -12.7    -4.4    -13.2              
MEAN             -4.4              -1.3    -3.1     -1.4              
DAYS MAX >= 90      0               0.0     0.0        0              
DAYS MAX <= 32     27              25.8     1.2       28              
DAYS MIN <= 32     28              28.0     0.0       28              
DAYS MIN <= 0      26              21.6     4.4       26              

PRECIPITATION (INCHES)
RECORD
 MAXIMUM         2.10   1944                                          
 MINIMUM         0.00   1919                                          
TOTALS           0.40              0.42   -0.02     0.48              
DAILY AVG.       0.01              0.01    0.00     0.02              
DAYS >= .01         3               6.6    -3.6       10              
DAYS >= .10         2               1.2     0.8        1              
DAYS >= .50         0               0.0     0.0        0              
DAYS >= 1.00        0               0.0     0.0        0              
GREATEST
 24 HR. TOTAL    0.21   02/16 TO 02/16           02/04 TO 02/04       

SNOWFALL (INCHES)
RECORDS
 TOTAL           43.1   1966                                             
 24 HR TOTAL     20.1   02/11/1966 TO 02/12/1966                      
 SNOW DEPTH        57   02/11/1937                                    
TOTALS            7.1               8.1    -1.0     10.7              
SINCE 7/1        42.9              56.3   -13.4     50.5              
SNOWDEPTH AVG.     19                18       1       22              
DAYS >= TRACE      10               7.9     2.1       16              
DAYS >= 1.0         2               2.4    -0.4        5              
GREATEST
 SNOW DEPTH        21   02/24                         24  02/22       
                        02/23                                         
                        02/22                                         
 24 HR TOTAL      4.3   02/06                     02/04 TO 02/04       

DEGREE_DAYS
HEATING TOTAL    1937              1858      79     1853              
 SINCE 7/1       9392             10390    -998    10971              
COOLING TOTAL       0                 0       0        0              
 SINCE 1/1          0                 0       0        0              
.....................................................

WIND (MPH)
AVERAGE WIND SPEED              2.1
HIGHEST WIND SPEED/DIRECTION    18/350    DATE  02/06
HIGHEST GUST SPEED/DIRECTION    23/350    DATE  02/06

SKY COVER
AVERAGE SKY COVER           0.40


WEATHER CONDITIONS. NUMBER OF DAYS WITH 
THUNDERSTORM              0     MIXED PRECIP               0
HEAVY RAIN                0     RAIN                       0
LIGHT RAIN                0     FREEZING RAIN              0
LT FREEZING RAIN          2     HAIL                       0
HEAVY SNOW                0     SNOW                       2
LIGHT SNOW                9     SLEET                      0
FOG                      12     FOG W/VIS <= 1/4 MILE      0
HAZE                      1                                           
                                                                    
-  INDICATES NEGATIVE NUMBERS.                                      
R  INDICATES RECORD WAS SET OR TIED.                                
MM INDICATES DATA IS MISSING.                                       
T  INDICATES TRACE AMOUNT.                                          

$$


Alaska Region Headquarters
222 West 7th Avenue #23
Anchorage, AK 99513-7575
Voice: 1-907-271-5088
Fax: 1-907-271-3711
Recorded Forecast: 1-800-472-0391
Webmaster Email: ARH Webauthors
Page Modified: 03 Feb 2008 18:00 UTC
About Us
Career Opportunities
Glossary
Credits
Disclaimer
Privacy Policy