CXAK59 PAFG 011752
CLMFAI


CLIMATE REPORT
NATIONAL WEATHER SERVICE FAIRBANKS, AK                               
935 AM AKDT TUE JUL 1 2014
................................... 

...THE FAIRBANKS CLIMATE SUMMARY FOR THE MONTH OF JUNE 2014...

CLIMATE NORMAL PERIOD 1981 TO 2010
CLIMATE RECORD PERIOD 1904 TO 2014

WEATHER         OBSERVED          NORMAL  DEPART  LAST YEAR'S         
                 VALUE   DATE(S)  VALUE   FROM    VALUE  DATE(S)      
                                          NORMAL                      
................................................................
TEMPERATURE (F)
RECORD
 HIGH              96   06/15/1969                                    
 LOW               28   06/29/1918                                    
HIGHEST            81   06/29        84      -3       92  06/26       
                                                          06/25       
LOWEST             38   06/12        38       0       42  06/11       
AVG. MAXIMUM     67.2              71.6    -4.4     78.3              
AVG. MINIMUM     49.6              49.3     0.3     55.3              
MEAN             58.4              60.4    -2.0     66.8              
DAYS MAX >= 90      0               0.2    -0.2        2              
DAYS MAX <= 32      0               0.0     0.0        0              
DAYS MIN <= 32      0               0.1    -0.1        0              
DAYS MIN <= 0       0               0.0     0.0        0              

PRECIPITATION (INCHES)
RECORD
 MAXIMUM         3.56   2014                                          
 MINIMUM         0.19   1966                                          
TOTALS           3.56R             1.37    2.19     0.43              
DAILY AVG.       0.12              0.05    0.07     0.01              
DAYS >= .01        13              10.9     2.1        5              
DAYS >= .10         8               4.1     3.9        2              
DAYS >= .50         3               0.4     2.6        0              
DAYS >= 1.00        0               0.1    -0.1        0              
GREATEST
 24 HR. TOTAL    1.10   06/18 TO 06/19                 
                                                          

SNOWFALL (INCHES)
RECORDS
 TOTAL            1.2   1931                                             
 24 HR TOTAL      1.2   06/02/1931 TO 06/02/1931                      
 SNOW DEPTH         0                                               
TOTALS            0.0               0.0     0.0      0.0              
SINCE 7/1        48.9              65.0   -16.1     68.6              
SNOWDEPTH AVG.      0               0.0     0.0        0              
DAYS >= TRACE       0               0.0     0.0        0              
DAYS >= 1.0         0               0.0     0.0        0              
GREATEST
 SNOW DEPTH         0                                         
 24 HR TOTAL      0.0         
 

DEGREE_DAYS
HEATING TOTAL     192               160      32       71              
 SINCE 7/1      12501             13669   -1168    14876              
COOLING TOTAL       1                23     -22      135              
 SINCE 1/1          1                24     -23      148              
.................................................

WIND (MPH)
AVERAGE WIND SPEED              5.0
HIGHEST WIND SPEED/DIRECTION    25/360    DATE  06/08
HIGHEST GUST SPEED/DIRECTION    32/240    DATE  06/11

SKY COVER
AVERAGE SKY COVER           0.80


WEATHER CONDITIONS. NUMBER OF DAYS WITH 
THUNDERSTORM              0     MIXED PRECIP               0
HEAVY RAIN                2     RAIN                       4
LIGHT RAIN               21     FREEZING RAIN              0
LT FREEZING RAIN          0     HAIL                       0
HEAVY SNOW                0     SNOW                       0
LIGHT SNOW                0     SLEET                      0
FOG                      12     FOG W/VIS <= 1/4 MILE      0
HAZE                      1                                           
                                                                    
-  INDICATES NEGATIVE NUMBERS.                                      
R  INDICATES RECORD WAS SET OR TIED.                                
MM INDICATES DATA IS MISSING.                                       
T  INDICATES TRACE AMOUNT.                                          

$$


Alaska Region Headquarters
222 West 7th Avenue #23
Anchorage, AK 99513-7575
Voice: 1-907-271-5088
Fax: 1-907-271-3711
Recorded Forecast: 1-800-472-0391
Webmaster Email: ARH Webauthors
Page Modified: 03 Feb 2008 18:00 UTC
About Us
Career Opportunities
Glossary
Credits
Disclaimer
Privacy Policy