CXAK59 PABR 031932
CLMBRW

CLIMATE REPORT 
NATIONAL WEATHER SERVICE BARROW, AK
1132 AM AKDT MON AUG 3 2015
...................................

...THE BARROW WSO AP CLIMATE SUMMARY FOR THE MONTH OF JULY 2015...

CLIMATE NORMAL PERIOD 1981 TO 2010
CLIMATE RECORD PERIOD 1915 TO 2015

WEATHER         OBSERVED          NORMAL  DEPART  LAST YEAR\'S
                 VALUE   DATE(S)  VALUE   FROM    VALUE  DATE(S)
                                          NORMAL
................................................................
TEMPERATURE (F)
RECORD
 HIGH              79   7/13/1993 
 LOW               22   7/05/1936 
HIGHEST            64   7/05         65      -1      58  7/16  
LOWEST             31                28       3      29  7/15  
AVG. MAXIMUM       45.4              46.9    -1.5    43.1    
AVG. MINIMUM       35.6              34.8     0.8    32.9   
MEAN               40.5              40.9    -0.4    38.0
DAYS MAX >= 90      0                 0.0     0.0     0
DAYS MAX <= 32      0                 0.0    -0.0     0
DAYS MAX >= 80      0                 0.0     0.0     0
DAYS MAX >= 70      0                 0.4    -0.4     0
DAYS MIN <= 32      4                10.6    -6.6    18
DAYS MIN <= 0       0                 0.0     0.0     0

PRECIPITATION (INCHES)
RECORD
 MAXIMUM            3.19   1989   
 MINIMUM            0.00   1937
TOTALS              0.22              0.98   -0.76    1.01
DAILY AVG.          0.01              0.03   -0.02    0.03
DAYS >= .01         5                 9.1    -4.1    11
DAYS >= .10         1                 3.2    -2.2     5
DAYS >= .50         0                 0.1    -0.1     0
DAYS >= 1.0         0                 0.1    -0.1     0
GREATEST
 24 HR TOTAL        0.12   7/31                       0.24  7/21        

SNOWFALL (INCHES)
RECORDS
 TOTAL              9.0   1922
 24 HR TOTAL        6.0   7-29-1922
 SNOW DEPTH         9     7-03-2015    
TOTALS              0.0               0.2    -0.2     0.9   
SINCE 7/1           0.0               0.2    -0.2     0.9   
SNOWDEPTH AVG.      0                 0       0       0
DAYS >= TRACE       1                 3.3    -2.3     8
DAYS >= 1.0         0                 0.0    -0.0     0
DAYS >= 6.0         0                 0.0     0.0     0
GREATEST
 SNOW DEPTH         9   7/03                          0  7/24  
 24 HR TOTAL        T   7/28                        0.7  7/24  

DEGREE_DAYS
HEATING TOTAL     751               747       4     828 
 SINCE 7/1        751               747       4     828
COOLING TOTAL       0                 0       0       0
 SINCE 1/1          0                 0       0       0
................................................................

WIND (MPH)                        
AVERAGE WIND SPEED               11.6
HIGHEST WIND SPEED/DIRECTION     31/080    DATE    07/7
HIGHEST GUST SPEED/DIRECTION     36/080    DATE    07/7

SKY COVER
POSSIBLE SUNSHINE (PERCENT)   MM                                      
AVERAGE SKY COVER             MM
NUMBER OF DAYS FAIR           MM
NUMBER OF DAYS PC             MM
NUMBER OF DAYS CLOUDY         MM

AVERAGE RH (PERCENT)     MM

WEATHER CONDITIONS. NUMBER OF DAYS WITH
THUNDERSTORM              0     ICE PELLETS                 0
RAIN                      7     GLAZE                       0
DRIZZLE                  13     HAIL                        0
SNOW                      1     HAZE                        1
FOG                      12     FOG W/VIS <= 1/4 MILE      19
BLOWING SNOW              0


-  INDICATES NEGATIVE NUMBERS.
R  INDICATES RECORD WAS SET OR TIED.
MM INDICATES DATA IS MISSING.
T  INDICATES TRACE AMOUNT.

&&


$$
DPA AUG 15


Alaska Region Headquarters
222 West 7th Avenue #23
Anchorage, AK 99513-7575
Voice: 1-907-271-5088
Fax: 1-907-271-3711
Recorded Forecast: 1-800-472-0391
Webmaster Email: ARH Webauthors
Page Modified: 03 Feb 2008 18:00 UTC
About Us
Career Opportunities
Glossary
Credits
Disclaimer
Privacy Policy