CXAK59 PABR 031747
CLMBRW

CLIMATE REPORT 
NATIONAL WEATHER SERVICE BARROW, AK
947 AM AKDT THU JUL 3 2014
...................................

...THE BARROW WSO AP CLIMATE SUMMARY FOR THE MONTH OF JUNE 2014...

CLIMATE NORMAL PERIOD 1981 TO 2010
CLIMATE RECORD PERIOD 1915 TO 2014

WEATHER         OBSERVED          NORMAL  DEPART  LAST YEAR\'S
                 VALUE   DATE(S)  VALUE   FROM    VALUE  DATE(S)
                                          NORMAL
................................................................
TEMPERATURE (F)
RECORD
 HIGH              72   6/18/1996 
 LOW                4   6/06/1969 
HIGHEST            47   6/30         57     -10      66  6/13  
LOWEST             22                23      -1      22  6/04  
AVG. MAXIMUM       36.8              40.5    -3.7    44.9    
AVG. MINIMUM       30.5              30.8    -0.3    33.0   
MEAN               33.7              35.6    -1.9    39.0
DAYS MAX >= 90      0                 0.0     0.0     0
DAYS MAX <= 32      3                 2.7     0.3     3
DAYS MAX >= 80      0                 0.0     0.0     0
DAYS MAX >= 70      0                 0.1    -0.1     0
DAYS MIN <= 32     25                21.5     3.5    11
DAYS MIN <= 0       0                 0.0     0.0     0

PRECIPITATION (INCHES)
RECORD
 MAXIMUM            1.47   2014   
 MINIMUM            0.00   1927
TOTALS              1.47              0.32    1.15    0.77
DAILY AVG.          0.05              0.01    0.04    0.03
DAYS >= .01        13                 5.6     7.4    10
DAYS >= .10         4                 0.9     3.1     3
DAYS >= .50         0                 0.0     0.0     0
DAYS >= 1.0         0                 0.0     0.0     0
GREATEST
 24 HR TOTAL        0.50   6/22-23                    0.18  6/15        

SNOWFALL (INCHES)
RECORDS
 TOTAL              6.6   1933
 24 HR TOTAL        3.2   6-07-1981
 SNOW DEPTH        25     6-02-1923    
TOTALS              0.9               0.7     0.2     0.3   
SINCE 7/1          54.2              37.5    16.7    62.8   
SNOWDEPTH AVG.      0                 0       0       0
DAYS >= TRACE      13                 8.8     4.2     7
DAYS >= 1.0         0                 0.2    -0.2     0
DAYS >= 6.0         0                 0.0     0.0     0
GREATEST
 SNOW DEPTH         2   6/02                          0  6/25  
 24 HR TOTAL      0.4   6/01                        0.2  6/03  

DEGREE_DAYS
HEATING TOTAL     933               880      52     778 
 SINCE 7/1      17781             19387   -1618   18213
COOLING TOTAL       0                 0       0       0
 SINCE 1/1          0                 0       0       0
................................................................

WIND (MPH)                        
AVERAGE WIND SPEED               10.5
HIGHEST WIND SPEED/DIRECTION     29/060    DATE    06/1
HIGHEST GUST SPEED/DIRECTION     33/070    DATE    06/1

SKY COVER
POSSIBLE SUNSHINE (PERCENT)   MM                                      
AVERAGE SKY COVER             MM
NUMBER OF DAYS FAIR           MM
NUMBER OF DAYS PC             MM
NUMBER OF DAYS CLOUDY         MM

AVERAGE RH (PERCENT)     MM

WEATHER CONDITIONS. NUMBER OF DAYS WITH
THUNDERSTORM              0     ICE PELLETS                 1
RAIN                     18     GLAZE                       6
DRIZZLE                  11     HAIL                        0
SNOW                     13     HAZE                        0
FOG                      14     FOG W/VIS <= 1/4 MILE      12
BLOWING SNOW              1


-  INDICATES NEGATIVE NUMBERS.
R  INDICATES RECORD WAS SET OR TIED.
MM INDICATES DATA IS MISSING.
T  INDICATES TRACE AMOUNT.

&&


$$
RFL JUL 14


Alaska Region Headquarters
222 West 7th Avenue #23
Anchorage, AK 99513-7575
Voice: 1-907-271-5088
Fax: 1-907-271-3711
Recorded Forecast: 1-800-472-0391
Webmaster Email: ARH Webauthors
Page Modified: 03 Feb 2008 18:00 UTC
About Us
Career Opportunities
Glossary
Credits
Disclaimer
Privacy Policy