CXAK59 PABR 022227
CLMBRW

CLIMATE REPORT 
NATIONAL WEATHER SERVICE BARROW, AK
127 PM AKST TUE DEC 2 2014
...................................

...THE BARROW WSO AP CLIMATE SUMMARY FOR THE MONTH OF NOVEMBER 2014...

CLIMATE NORMAL PERIOD 1981 TO 2010
CLIMATE RECORD PERIOD 1915 TO 2014

WEATHER         OBSERVED          NORMAL  DEPART  LAST YEAR\'S
                 VALUE   DATE(S)  VALUE   FROM    VALUE  DATE(S)
                                          NORMAL
................................................................
TEMPERATURE (F)
RECORD
 HIGH              39   11/11/1937
 LOW              -40   11/25/1948
HIGHEST            35   11/13        24      11      35  11/10 
LOWEST            -11               -23      12     -19  11/21 
AVG. MAXIMUM       15.0               6.2     8.8    14.3    
AVG. MINIMUM        4.4              -4.8     9.2     0.8   
MEAN                9.7               0.7     9.0     7.5
DAYS MAX >= 90      0                 0.0     0.0     0
DAYS MAX <= 32     28                29.8    -1.8    28
DAYS MAX >= 80      0                 0.0     0.0     0
DAYS MAX >= 70      0                 0.0     0.0     0
DAYS MIN <= 32     30                30.0     0.0    30
DAYS MIN <= 0      13                19.6    -6.6    14

PRECIPITATION (INCHES)
RECORD
 MAXIMUM            1.15   1965   
 MINIMUM            0.00   1989
TOTALS              0.49              0.21    0.28    0.42
DAILY AVG.          0.02              0.01    0.01    0.01
DAYS >= .01         9                 7.0     2.0    18
DAYS >= .10         1                 0.2     0.8     0
DAYS >= .50         0                 0.0     0.0     0
DAYS >= 1.0         0                 0.0     0.0     0
GREATEST
 24 HR TOTAL        0.28   11/20                      0.07  11/09       

SNOWFALL (INCHES)
RECORDS
 TOTAL             20.0   2010
 24 HR TOTAL        6.4   11-17-2010
 SNOW DEPTH        18     11-22-2007   
TOTALS              6.2               5.7     0.5     7.6   
SINCE 7/1          31.1              20.6    10.5    23.9   
SNOWDEPTH AVG.      4                 7      -3       4
DAYS >= TRACE      19                21.7    -2.7    28
DAYS >= 1.0         2                 1.7     0.3     0
DAYS >= 6.0         0                 0.0    -0.0     0
GREATEST
 SNOW DEPTH         6   11/21                         5  11/30 
 24 HR TOTAL      3.1   11/20                       0.9  11/23 

DEGREE_DAYS
HEATING TOTAL    1650              1928    -278    1716 
 SINCE 7/1       5602              5950    -348    5370
COOLING TOTAL       0                 0       0       0
 SINCE 1/1          0                 0       0       0
................................................................

WIND (MPH)                        
AVERAGE WIND SPEED               13.6
HIGHEST WIND SPEED/DIRECTION     37/070    DATE   11/20
HIGHEST GUST SPEED/DIRECTION     44/070    DATE   11/20

SKY COVER
POSSIBLE SUNSHINE (PERCENT)   MM                                      
AVERAGE SKY COVER             MM
NUMBER OF DAYS FAIR           MM
NUMBER OF DAYS PC             MM
NUMBER OF DAYS CLOUDY         MM

AVERAGE RH (PERCENT)     MM

WEATHER CONDITIONS. NUMBER OF DAYS WITH
THUNDERSTORM              0     ICE PELLETS                 0
RAIN                      2     GLAZE                       3
DRIZZLE                   1     HAIL                        0
SNOW                     18     HAZE                        0
FOG                      15     FOG W/VIS <= 1/4 MILE       3
BLOWING SNOW              8


-  INDICATES NEGATIVE NUMBERS.
R  INDICATES RECORD WAS SET OR TIED.
MM INDICATES DATA IS MISSING.
T  INDICATES TRACE AMOUNT.

&&
RECORDS.... ON 13TH  DAILY MAX TEMP OF 35 AND DAILY HIGH MINIMUM OF 23 ARE BOTH NEW RECORDS.  ON 20TH DAILY PRECIP OF 0.32 IN AND SNOWFALL OF 3.1 IN ARE BOTH RECORDS.  

$$
DPA DEC 14


Alaska Region Headquarters
222 West 7th Avenue #23
Anchorage, AK 99513-7575
Voice: 1-907-271-5088
Fax: 1-907-271-3711
Recorded Forecast: 1-800-472-0391
Webmaster Email: ARH Webauthors
Page Modified: 03 Feb 2008 18:00 UTC
About Us
Career Opportunities
Glossary
Credits
Disclaimer
Privacy Policy