CXAK59 PABR 012100
CLMBRW

CLIMATE REPORT 
NATIONAL WEATHER SERVICE BARROW, AK
1252 PM AKDT FRI AUG 1 2014
...................................

...THE BARROW WSO AP CLIMATE SUMMARY FOR THE MONTH OF JULY 2014...

CLIMATE NORMAL PERIOD 1981 TO 2010
CLIMATE RECORD PERIOD 1915 TO 2014

WEATHER         OBSERVED          NORMAL  DEPART  LAST YEAR\'S
                 VALUE   DATE(S)  VALUE   FROM    VALUE  DATE(S)
                                          NORMAL
................................................................
TEMPERATURE (F)
RECORD
 HIGH              79   7/13/1993 
 LOW               22   7/05/1936 
HIGHEST            58   7/16         65      -7      64  7/21  
LOWEST             29   7/15         28       1      30  7/10  
AVG. MAXIMUM       43.1              46.9    -3.8    50.8    
AVG. MINIMUM       32.9              34.8    -1.9    38.1   
MEAN               38.0              40.9    -2.9    44.4
DAYS MAX >= 90      0                 0.0     0.0     0
DAYS MAX <= 32      0                 0.0    -0.0     0
DAYS MAX >= 80      0                 0.0     0.0     0
DAYS MAX >= 70      0                 0.4    -0.4     0
DAYS MIN <= 32     18                10.6     7.4     2
DAYS MIN <= 0       0                 0.0     0.0     0

PRECIPITATION (INCHES)
RECORD
 MAXIMUM            3.19   1989   
 MINIMUM            0.00   1937
TOTALS              1.01              0.98    0.03    1.68
DAILY AVG.          0.03              0.03    0.00    0.05
DAYS >= .01        11                 9.1     1.9    14
DAYS >= .10         5                 3.2     1.8     5
DAYS >= .50         0                 0.1    -0.1     1
DAYS >= 1.0         0                 0.1    -0.1     0
GREATEST
 24 HR TOTAL        0.35   7/20-21                    0.55  7/27        

SNOWFALL (INCHES)
RECORDS
 TOTAL              9.0   1922
 24 HR TOTAL        6.0   7-29-1922
 SNOW DEPTH         3     7-16-1930    
TOTALS              0.9   7/23-24     0.2     0.7     0.0   
SINCE 7/1           0.9               0.2     0.7     0.0   
SNOWDEPTH AVG.      0                 0       0       0
DAYS >= TRACE       8                 3.3     4.7     0
DAYS >= 1.0         0                 0.0    -0.0     0
DAYS >= 6.0         0                 0.0     0.0     0
GREATEST
 SNOW DEPTH         T   7/23-24                       0  MM    
 24 HR TOTAL      0.9   7/23-24                     0.0  MM    

DEGREE_DAYS
HEATING TOTAL     828               749      79     629 
 SINCE 7/1        828               749      79     629
COOLING TOTAL       0                 0       0       0
 SINCE 1/1          0                 0       0       0
................................................................

WIND (MPH)                        
AVERAGE WIND SPEED               11.4
HIGHEST WIND SPEED/DIRECTION     32/240    DATE   07/21
HIGHEST GUST SPEED/DIRECTION     40/240    DATE   07/21

SKY COVER
POSSIBLE SUNSHINE (PERCENT)   MM                                      
AVERAGE SKY COVER             MM
NUMBER OF DAYS FAIR           MM
NUMBER OF DAYS PC             MM
NUMBER OF DAYS CLOUDY         MM

AVERAGE RH (PERCENT)     MM

WEATHER CONDITIONS. NUMBER OF DAYS WITH
THUNDERSTORM              0     ICE PELLETS                 0
RAIN                     19     GLAZE                       3
DRIZZLE                  11     HAIL                        0
SNOW                      9     HAZE                        0
FOG                      15     FOG W/VIS <= 1/4 MILE      19
BLOWING SNOW              0


-  INDICATES NEGATIVE NUMBERS.
R  INDICATES RECORD WAS SET OR TIED.
MM INDICATES DATA IS MISSING.
T  INDICATES TRACE AMOUNT.
&&


$$
RFL AUG 14


Alaska Region Headquarters
222 West 7th Avenue #23
Anchorage, AK 99513-7575
Voice: 1-907-271-5088
Fax: 1-907-271-3711
Recorded Forecast: 1-800-472-0391
Webmaster Email: ARH Webauthors
Page Modified: 03 Feb 2008 18:00 UTC
About Us
Career Opportunities
Glossary
Credits
Disclaimer
Privacy Policy