CXAK58 PASN 011251
CLMSNP

CLIMATE REPORT 
NATIONAL WEATHER SERVICE ST PAUL, AK
451 AM AKDT WED JUL 1 2015
...................................

...THE ST PAUL AIRPORT CLIMATE SUMMARY FOR THE MONTH OF JUNE 2015...

CLIMATE NORMAL PERIOD 1981 TO 2010
CLIMATE RECORD PERIOD 1892 TO 2015

WEATHER         OBSERVED          NORMAL  DEPART  LAST YEAR\'S
                 VALUE   DATE(S)  VALUE   FROM    VALUE  DATE(S)
                                          NORMAL
................................................................
TEMPERATURE (F)
RECORD
 HIGH              62   6/25/2000 
 LOW               16   6/03/1985 
HIGHEST            59   6/18         51       8      56  6/05  
LOWEST             28   6/06         28       0      30  6/14  
AVG. MAXIMUM       49.2              46.8     2.4    48.7    
AVG. MINIMUM       39.0              37.9     1.1    39.1   
MEAN               44.1              42.4     1.7    43.9
DAYS MAX >= 90      0                 0.0     0.0     0
DAYS MAX <= 32      0                 0.1    -0.1     0
DAYS MAX >= 80      0                 0.0     0.0     0
DAYS MAX >= 70      0                 0.0     0.0     0
DAYS MIN <= 32      3                 2.4     0.6     2
DAYS MIN <= 0       0                 0.0     0.0     0

PRECIPITATION (INCHES)
RECORD
 MAXIMUM            3.59   1958   
 MINIMUM            0.01   1995
TOTALS              0.92              1.35   -0.43    1.02
DAILY AVG.          0.03              0.04   -0.01    0.03
DAYS >= .01         7                10.7    -3.7    13
DAYS >= .10         3                 3.9    -0.9     4
DAYS >= .50         0                 0.3    -0.3     0
DAYS >= 1.0         0                 0.0    -0.0     0
GREATEST
 24 HR TOTAL        0.40   6/23                       0.33  6/11        

SNOWFALL (INCHES)
RECORDS
 TOTAL              1.6   1965
 24 HR TOTAL        1.0   6-05-1965
 SNOW DEPTH         2     6-06-1975    
TOTALS              0.0               0.0     0.0     0.0   
SINCE 7/1          48.6              52.6    -4.0    43.7   
SNOWDEPTH AVG.      0                 0       0       0
DAYS >= TRACE       0                 0.5    -0.5     0
DAYS >= 1.0         0                 0.0     0.0     0
DAYS >= 6.0         0                 0.0     0.0     0
GREATEST
 SNOW DEPTH         0   MM                            0  MM    
 24 HR TOTAL      0.0   MM                          0.0  MM    

DEGREE_DAYS
HEATING TOTAL     620               679     -59     628 
 SINCE 7/1       9574             10800   -1226   10052
COOLING TOTAL       0                 0       0       0
 SINCE 1/1          0                 0       0       0
................................................................

WIND (MPH)                        
AVERAGE WIND SPEED               12.0
HIGHEST WIND SPEED/DIRECTION     30/350    DATE    06/4
HIGHEST GUST SPEED/DIRECTION     36/350    DATE    06/4

SKY COVER
POSSIBLE SUNSHINE (PERCENT)   MM                                      
AVERAGE SKY COVER             MM
NUMBER OF DAYS FAIR           MM
NUMBER OF DAYS PC             MM
NUMBER OF DAYS CLOUDY         MM

AVERAGE RH (PERCENT)     MM

WEATHER CONDITIONS. NUMBER OF DAYS WITH
THUNDERSTORM              1     ICE PELLETS                 0
RAIN                     10     GLAZE                       0
DRIZZLE                   4     HAIL                        0
SNOW                      0     HAZE                        1
FOG                      26     FOG W/VIS <= 1/4 MILE      10
BLOWING SNOW              0


-  INDICATES NEGATIVE NUMBERS.
R  INDICATES RECORD WAS SET OR TIED.
MM INDICATES DATA IS MISSING.
T  INDICATES TRACE AMOUNT.

&&
            ...A RARE THUNDERSTORM FOR SAINT PAUL ISLAND...
JUNE 2015 FOR SAINT PAUL WAS SIGNIFICANTLY WARMER AND DRIER THAN NORMAL AS HIGH 
PRESSURE PREDOMINANTLY CENTERED IN THE CENTRAL BEARING  DOMINATED THE PRIBILOFS. 
THIS WEATHER PATTERN PRODUCED NORTHERLY WINDS AND DRIER THAN NORMAL CONDITIONS...AS 
WELL AS PRODUCED LESS THAN AVERAGE AMOUNTS OF CLOUD COVERAGE WHICH ACCOUNTED FOR 
THE HIGHER THAN AVERAGE TEMPERATURES. 

ON THE MORNING OF THE 23RD AN UNUSUALLY STRONG INVERTED TROUGH PRODUCED A RARE 
OCCURRENCE OF THUNDERSTORMS...WITH ONLY TWO OTHERS FOUND WITHIN THE ARCHIVES. THE 
LAST CONFIRMED OCCURRENCE WAS MORE THAN 63 YEARS AGO. 

TWO MONTHLY TEMPERATURE AVERAGES WERE AMONG THE TOP TEN ON RECORD FOR THE MONTH OF 
JUNE. THE HIGHEST AVERAGE MAXIMUM TEMPERATURE WAS THE FOURTH WARMEST...THE OVERALL 
AVERAGE MONTHLY TEMPERATURE WAS THE EIGHTH WARMEST...ON AVERAGE THE DAILY 
TEMPERATURE WAS ALMOST TWO DEGREES WARMER THAN NORMAL. SAINT PAUL TIED ONE RECORD 
TEMPERATURE...AND SET ONE NEW TEMPERATURE RECORD.

6/18/15- TIED HIGH MAXIMUM OF 59 SET LAST IN 1988
6/19/15- NEW RECORD HIGH MAXIMUM OF 56 BREAKING OLD RECORD OF 54 SET IN 2014
 
PRECIPITATION FOR JUNE 2015 WAS BELOW NORMAL AS WELL...WITH TOTAL ACCUMULATION 
ALMOST A HALF INCH BELOW OF THE MONTHLY AVERAGE. SEVEN DAYS HAD PRECIPITATION 
GREATER THAN 0.01... WITH A MAJORITY OF THE RAINFALL SPREAD BETWEEN THREE DAYS 
THROUGHOUT THE MONTH.

$$
HCH JUL 15

Alaska Region Headquarters
222 West 7th Avenue #23
Anchorage, AK 99513-7575
Voice: 1-907-271-5088
Fax: 1-907-271-3711
Recorded Forecast: 1-800-472-0391
Webmaster Email: ARH Webauthors
Page Modified: 03 Feb 2008 18:00 UTC
About Us
Career Opportunities
Glossary
Credits
Disclaimer
Privacy Policy