CXAK58 PAKN 012319
CLMAKN

CLIMATE REPORT - CORRECTION
NATIONAL WEATHER SERVICE KING SALMON, AK
319 PM AKDT FRI MAY 1 2015
...................................

...THE KING SALMON AP CLIMATE SUMMARY FOR THE MONTH OF APRIL 2015...

CLIMATE NORMAL PERIOD 1981 TO 2010
CLIMATE RECORD PERIOD 1917 TO 2015

WEATHER         OBSERVED          NORMAL  DEPART  LAST YEAR\'S
                 VALUE   DATE(S)  VALUE   FROM    VALUE  DATE(S)
                                          NORMAL
................................................................
TEMPERATURE (F)
RECORD
 HIGH              69   4/30/2005 
 LOW              -19   4/06/1956 
HIGHEST            60   4/26         55       5      61  4/30  
LOWEST             16                 6      10       7  4/09  
AVG. MAXIMUM       44.5              42.4     2.1    48.3    
AVG. MINIMUM       27.6              24.9     2.7    27.9   
MEAN               36.1              33.7     2.4    38.1
DAYS MAX >= 90      0                 0.0     0.0     0
DAYS MAX <= 32      1                 3.7    -2.7     2
DAYS MAX >= 80      0                 0.0     0.0     0
DAYS MAX >= 70      0                 0.0     0.0     0
DAYS MIN <= 32     25                21.6     3.4    20
DAYS MIN <= 0       0                 0.7    -0.7     0

PRECIPITATION (INCHES)
RECORD
 MAXIMUM            2.99   1963   
 MINIMUM            0.19   1992
TOTALS              2.18              0.97    1.21    0.52
DAILY AVG.          0.07              0.03    0.04    0.02
DAYS >= .01        15                 9.7     5.3    11
DAYS >= .10         6                 3.0     3.0     2
DAYS >= .50         2                 0.1     1.9     0
DAYS >= 1.0         0                 0.0     0.0     0
GREATEST
 24 HR TOTAL        0.63   4/06                       0.14  4/06        

SNOWFALL (INCHES)
RECORDS
 TOTAL             16.0   1968
 24 HR TOTAL        7.2   4-10-1999
 SNOW DEPTH        13     4-02-1966    
TOTALS             12.1               3.9     8.2     0.5   
SINCE 7/1          26.1              47.3   -21.2    36.0   
SNOWDEPTH AVG.      0                 0       0       0
DAYS >= TRACE      14                11.5     2.5     5
DAYS >= 1.0         3                 1.5     1.5     0
DAYS >= 6.0         0                 0.1    -0.1     0
GREATEST
 SNOW DEPTH         6   4/09                          0  MM    
 24 HR TOTAL      4.5   4/08                        0.5  4/06  

DEGREE_DAYS
HEATING TOTAL     862               940     -78     798 
 SINCE 7/1       8122              9823   -1701    8402
COOLING TOTAL       0                 0       0       0
 SINCE 1/1          0                 0       0       0
................................................................

WIND (MPH)                        
AVERAGE WIND SPEED               10.4
HIGHEST WIND SPEED/DIRECTION     35/160    DATE   04/18
HIGHEST GUST SPEED/DIRECTION     42/160    DATE   04/18

SKY COVER
POSSIBLE SUNSHINE (PERCENT)   MM                                      
AVERAGE SKY COVER             MM
NUMBER OF DAYS FAIR           MM
NUMBER OF DAYS PC             MM
NUMBER OF DAYS CLOUDY         MM

AVERAGE RH (PERCENT)     MM

WEATHER CONDITIONS. NUMBER OF DAYS WITH
THUNDERSTORM              0     ICE PELLETS                 0
RAIN                     22     GLAZE                       0
DRIZZLE                   0     HAIL                        0
SNOW                     14     HAZE                        0
FOG                      15     FOG W/VIS <= 1/4 MILE       1
BLOWING SNOW              0


-  INDICATES NEGATIVE NUMBERS.
R  INDICATES RECORD WAS SET OR TIED.
MM INDICATES DATA IS MISSING.
T  INDICATES TRACE AMOUNT.

&&

...WARM APRIL AT KING SALMON ALASKA...

THE BRISTOL BAY AREA EXPERIENCED ABOVE NORMAL TEMPERATURES FOR MOST OF THE 
MONTH OF APRIL. THE MAIN DOMINANT WEATHER FACTOR INFLUENCING THE WEATHER 
OVER KING SALMON WAS A SERIES OF LOW PRESSURE CENTERS PASS THROUGH SOUTH OF 
THE ALASKA PENINSULA SETTING UP A PERSISTENT EASTERLY TO SOUTHEASTERLY 
FLOW. THIS WARM FLOW KEPT TEMPERATURES ABOVE NORMAL FOR MOST OF THE MONTH. 
PRECIPITATION TRANSITIONED FROM SNOW AND RAIN THE FIRST PART OF THE MONTH 
TO LIGHT RAIN FROM MID MONTH TO THE END OF THE MONTH. HIGHEST TEMPERATURE 
FOR THE MONTH WAS 60 DEGREES FAHRENHEIT ON 26 APRIL AND THE LOWEST 
TEMPERATURE WAS 16 DEGREES FAHRENHEIT ON 12 APRIL. THE AVERAGE MONTHLY WIND 
SPEED WAS 10 MPH. THE HIGHEST SUSTAINED WIND WAS ON THE 18TH WITH A 
SOUTHEASTERLY WIND OF 35 MPH. THE HIGHEST SINGLE GUST OF 42 MPH ALSO 
OCCURRED ON THE 18TH.  

NEW RECORDS...
A DAILY PRECIPITATION RECORD ON THE 6TH OF APRIL OF 0.63 INCHES BREAKS THE 
OLD MARK OF 0.24 INCHES SET IN 1935.

RECORD SNOWFALL AMOUNTS WERE ALSO SET ON THE 7TH OF 2.5 INCHES BREAKING THE 
OLD RECORD OF 2.0 INCHES SET IN 1931...THE 8TH OF 4.5 INCHES BREAKING THE 
OLD RECORD OF 2.7 INCHES SET IN 1975...AND THE 9TH OF OF 3.8 INCHES 
BREAKING THE OLD RECORD OF 2.2 INCHES SET IN 1974.

$$
AM MAY 15

Alaska Region Headquarters
222 West 7th Avenue #23
Anchorage, AK 99513-7575
Voice: 1-907-271-5088
Fax: 1-907-271-3711
Recorded Forecast: 1-800-472-0391
Webmaster Email: ARH Webauthors
Page Modified: 03 Feb 2008 18:00 UTC
About Us
Career Opportunities
Glossary
Credits
Disclaimer
Privacy Policy