CXAK58 PAKN 040002
CLMAKN

CLIMATE REPORT 
NATIONAL WEATHER SERVICE KING SALMON, AK
402 PM AKDT FRI JUL 3 2015
...................................

...THE KING SALMON AP CLIMATE SUMMARY FOR THE MONTH OF JUNE 2015...

CLIMATE NORMAL PERIOD 1981 TO 2010
CLIMATE RECORD PERIOD 1917 TO 2015

WEATHER         OBSERVED          NORMAL  DEPART  LAST YEAR\'S
                 VALUE   DATE(S)  VALUE   FROM    VALUE  DATE(S)
                                          NORMAL
................................................................
TEMPERATURE (F)
RECORD
 HIGH              88   6/27/1953 
 LOW               27   6/05/2006 
HIGHEST            86   6/16         74      12      75  6/25  
LOWEST             40                30      10      28  6/03  
AVG. MAXIMUM       67.6              60.9     6.7    59.5    
AVG. MINIMUM       45.2              41.9     3.3    41.2   
MEAN               56.4              51.5     4.9    50.4
DAYS MAX >= 90      0                 0.0     0.0     0
DAYS MAX <= 32      0                 0.0     0.0     0
DAYS MAX >= 80      4                 0.2     3.8     0
DAYS MAX >= 70     13                 2.7    10.3     4
DAYS MIN <= 32      0                 0.6    -0.6     2
DAYS MIN <= 0       0                 0.0     0.0     0

PRECIPITATION (INCHES)
RECORD
 MAXIMUM            3.77   1950   
 MINIMUM            0.26   1959
TOTALS              0.84              1.65   -0.81    3.25
DAILY AVG.          0.03              0.06   -0.03    0.11
DAYS >= .01        11                12.6    -1.6    19
DAYS >= .10         1                 4.9    -3.9    12
DAYS >= .50         0                 0.4    -0.4     1
DAYS >= 1.0         0                 0.0    -0.0     0
GREATEST
 24 HR TOTAL        0.33   6/04                       0.64  6/17        

SNOWFALL (INCHES)
RECORDS
 TOTAL              1.3   1972
 24 HR TOTAL        1.2   6-02-1972
 SNOW DEPTH         0     6-02-1971    
TOTALS              0.0               0.0     0.0     0.0   
SINCE 7/1          26.1              48.0   -21.9    36.0   
SNOWDEPTH AVG.      0                 0       0       0
DAYS >= TRACE       0                 0.3    -0.3     0
DAYS >= 1.0         0                 0.0     0.0     0
DAYS >= 6.0         0                 0.0     0.0     0
GREATEST
 SNOW DEPTH         0   MM                            0  MM    
 24 HR TOTAL      0.0   MM                          0.0  MM    

DEGREE_DAYS
HEATING TOTAL     249               407    -158     431 
 SINCE 7/1       8894             10876   -1982    9324
COOLING TOTAL       2                 0       2       0
 SINCE 1/1          2                 0       2       0
................................................................

WIND (MPH)                        
AVERAGE WIND SPEED                7.5
HIGHEST WIND SPEED/DIRECTION     28/270    DATE   06/10
HIGHEST GUST SPEED/DIRECTION     34/250    DATE   06/10

SKY COVER
POSSIBLE SUNSHINE (PERCENT)   MM                                      
AVERAGE SKY COVER             MM
NUMBER OF DAYS FAIR           MM
NUMBER OF DAYS PC             MM
NUMBER OF DAYS CLOUDY         MM

AVERAGE RH (PERCENT)     MM

WEATHER CONDITIONS. NUMBER OF DAYS WITH
THUNDERSTORM              0     ICE PELLETS                 0
RAIN                     17     GLAZE                       0
DRIZZLE                   0     HAIL                        0
SNOW                      0     HAZE                        3
FOG                      10     FOG W/VIS <= 1/4 MILE       2
BLOWING SNOW              0


-  INDICATES NEGATIVE NUMBERS.
R  INDICATES RECORD WAS SET OR TIED.
MM INDICATES DATA IS MISSING.
T  INDICATES TRACE AMOUNT.

&&

...A WARM AND DRY JUNE FOR THE KING SALMON AREA...

JUNE 2015 WAS A VERY WARM AND DRY MONTH FOR THE KING SALMON AREA. NO 
THUNDERSTORMS WERE RECORDED ON STATION FOR THE MONTH BUT THERE WERE A FEW DAYS 
OF LIGHTNING THAT WERE OBSERVED OUTSIDE OF 10 MILES FROM THE STATION.  THERE
WERE MANY CLOUD TO GROUND STRIKES THAT EVENTUALLY CAUSED A FIRE APPROXIMATELY 
12 MILES TO THE NORTHEAST OF THE STATION.

THE AVERAGE TEMPERATURE WAS 56.4, MAKING IT THE SECOND WARMEST JUNE ON RECORD.
THE HIGHEST DAILY TEMPERATURE WAS SET ON THE 15TH AND 16TH AT 86 DEGREES.
THE LOWEST TEMPERATURE FOR THE MONTH WAS 40 DEGREES ON THE 8TH.

TOTAL PRECIPITATION FOR THE MONTH WAS 0.84 INCHES.  THE WETTEST DAY OF THE 
MONTH WAS ON THE 4TH AT 0.33 INCHES, ALMOST HALF OF THE TOTAL PRECIPITATION
FOR THE MONTH. ELEVEN DAYS HAD MORE THAN A TRACE OF PRECIPITATION, SIX DAYS
WITH A TRACE OF PRECIPITATION, AND THIRTEEN DAYS OF NO PRECIPITATION.

RECORDS:
JUNE 2015 - SECOND WARMEST JUNE ON RECORD
JUNE 14 - HIGH TEMPERATURE WAS 82 DEGREES, BREAKING THE PREVIOUS RECORD OF 80 
DEGREES SET IN 1969
JUNE 15 - HIGH TEMPERATURE WAS 86 DEGREES, BREAKING THE PREVIOUS RECORD OF 83 
DEGREES SET IN 1936
JUNE 16 - HIGH TEMPERATURE WAS 86 DEGREES, BREAKING THE PREVIOUS RECORD OF 84 
DEGREES SET IN 1936
JUNE 17 - HIGH TEMPERATURE WAS 85 DEGREES, BREAKING THE PREVIOUS RECORD OF 82 
DEGREES SET IN 1962
JUNE 19 - HIGH TEMPERATURE WAS 77 DEGREES, BREAKING THE PREVIOUS RECORD OF 76 
DEGREES SET IN 1932

$$
JML JUL 15


Alaska Region Headquarters
222 West 7th Avenue #23
Anchorage, AK 99513-7575
Voice: 1-907-271-5088
Fax: 1-907-271-3711
Recorded Forecast: 1-800-472-0391
Webmaster Email: ARH Webauthors
Page Modified: 03 Feb 2008 18:00 UTC
About Us
Career Opportunities
Glossary
Credits
Disclaimer
Privacy Policy