CXAK58 PAKN 022342
CLMAKN

CLIMATE REPORT 
NATIONAL WEATHER SERVICE KING SALMON, AK
342 PM AKDT TUE JUN 2 2015
...................................

...THE KING SALMON AP CLIMATE SUMMARY FOR THE MONTH OF MAY 2015...

CLIMATE NORMAL PERIOD 1981 TO 2010
CLIMATE RECORD PERIOD 1917 TO 2015

WEATHER         OBSERVED          NORMAL  DEPART  LAST YEAR\'S
                 VALUE   DATE(S)  VALUE   FROM    VALUE  DATE(S)
                                          NORMAL
................................................................
TEMPERATURE (F)
RECORD
 HIGH              85   5/26/2006 
 LOW                5   5/03/1949 
HIGHEST            73   5/30         67       6      78  5/16  
LOWEST             31                21      10      26  5/02  
AVG. MAXIMUM       56.1              53.8     2.3    62.0    
AVG. MINIMUM       39.7              34.5     5.2    35.8   
MEAN               47.9              44.2     3.7    48.9
DAYS MAX >= 90      0                 0.0     0.0     0
DAYS MAX <= 32      0                 0.1    -0.1     0
DAYS MAX >= 80      0                 0.1    -0.1     0
DAYS MAX >= 70      2                 1.1     0.9     6
DAYS MIN <= 32      2                10.2    -8.2     6
DAYS MIN <= 0       0                 0.0     0.0     0

PRECIPITATION (INCHES)
RECORD
 MAXIMUM            3.32   2015   
 MINIMUM            0.22   1967
TOTALS              3.32              1.25    2.07    2.04
DAILY AVG.          0.11              0.05    0.06    0.07
DAYS >= .01        17                11.3     5.7     8
DAYS >= .10         8                 4.5     3.5     6
DAYS >= .50         3                 0.2     2.8     1
DAYS >= 1.0         0                 0.0     0.0     0
GREATEST
 24 HR TOTAL        0.61   5/03                       0.83  5/29        

SNOWFALL (INCHES)
RECORDS
 TOTAL              6.1   1985
 24 HR TOTAL        4.7   5-13-2003
 SNOW DEPTH         3     5-12-1985    
TOTALS              0.0               0.8    -0.8     0.0   
SINCE 7/1          26.1              48.0   -21.9    36.0   
SNOWDEPTH AVG.      0                 0       0       0
DAYS >= TRACE       0                 4.4    -4.4     0
DAYS >= 1.0         0                 0.2    -0.2     0
DAYS >= 6.0         0                 0.0     0.0     0
GREATEST
 SNOW DEPTH         0   MM                            0  MM    
 24 HR TOTAL      0.0   MM                          0.0  MM    

DEGREE_DAYS
HEATING TOTAL     523               646    -123     491 
 SINCE 7/1       8645             10469   -1824    8893
COOLING TOTAL       0                 0       0       0
 SINCE 1/1          0                 0       0       0
................................................................

WIND (MPH)                        
AVERAGE WIND SPEED                9.6
HIGHEST WIND SPEED/DIRECTION     37/160    DATE   05/13
HIGHEST GUST SPEED/DIRECTION     44/170    DATE   05/16

SKY COVER
POSSIBLE SUNSHINE (PERCENT)   MM                                      
AVERAGE SKY COVER             MM
NUMBER OF DAYS FAIR           MM
NUMBER OF DAYS PC             MM
NUMBER OF DAYS CLOUDY         MM

AVERAGE RH (PERCENT)     MM

WEATHER CONDITIONS. NUMBER OF DAYS WITH
THUNDERSTORM              0     ICE PELLETS                 0
RAIN                     22     GLAZE                       0
DRIZZLE                   0     HAIL                        0
SNOW                      0     HAZE                        0
FOG                      12     FOG W/VIS <= 1/4 MILE       2
BLOWING SNOW              0


-  INDICATES NEGATIVE NUMBERS.
R  INDICATES RECORD WAS SET OR TIED.
MM INDICATES DATA IS MISSING.
T  INDICATES TRACE AMOUNT.

&&

...A RECORD SMASHING MONTH FOR THE KING SALMON AREA...
 
MAY 2015 WAS A VERY WARM AND WET MONTH FOR THE UPPER ALASKAN PENINSULA. STRONG HIGH 
PRESSURE DOMINATED THE INTERIOR AND SOUTHEASTERN REGIONS OF THE STATE WHICH 
PROVIDED A MUCH DRYER WEATHER PATTERN FOR THOSE AREAS. SOUTHWESTERN ALASKA WAS 
INUNDATED WITH PRECIPITATION DUE TO A CONSTANT SOUTHERLY FLOW CONSISTING MAINLY OF 
LOW PRESSURE SYSTEMS.
 
THE AVERAGE DAILY HIGH TEMPERATURE FOR THE MONTH WAS 56.1 THE DAILY AVERAGE LOW WAS 
39.7 DEGREES WHICH SET A NEW RECORD FOR THE HIGHEST MONTHLY MINIMUM TEMPERATURE FOR 
THE MONTH OF MAY.  THE DAILY AVERAGE TEMPERATURE WAS 47.9 WHICH IS 3.7 DEGREES 
HIGHER THAN NORMAL. THE HIGHEST DAILY TEMPERATURE FOR THE MONTH WAS RECORDED ON THE 
30TH WITH A WONDERFUL 73 DEGREES. THE LOW OF 31 DEGREES WAS RECORDED ON THE 2ND.  
 
IT WAS THE WETTEST MAY ON RECORD FOR THE KING SALMON AREA. A TOTAL AMOUNT OF 3.32 
INCHES OF RAIN WAS MEASURED AT THE KING SALMON NATIONAL WEATHER SERVICE OFFICE. THE 
AVERAGE MAY PRECIPITATION IS A MERE 1.25 INCHES. THE PREVIOUS RECORD FOR KING 
SALMON OCCURRED WAY BACK IN 1919 WITH A TOTAL AMOUNT OF 1.60 INCHES. THE NEW RECORD 
BEATS THE PREVIOUS RECORD BY 1.72 INCHES. 0.61 INCHES OF RAIN FELL ON THE 3RD FOR 
THE HIGHEST DAILY AMOUNT MEASURED. THIS ALSO SET A NEW RECORD FOR THAT DATE WHICH 
REPLACES THE PREVIOUS RECORD OF 0.58 INCHES SET IN 1919. 0.55 INCHES OF RAIN FELL 
ON THE 14TH TO REPLACE THE OLD RECORD OF 0.46 INCHES THAT FELL IN 1989. A TRACE OR 
MORE WAS MEASURED ON 22 DAYS OF THE MONTH.  NO SNOW FELL AT KING SALMON DURING THE 
MONTH OF MAY.
 
WITH THE RAIN CAME THE WIND...LOTS OF WIND. THE MONTHLY AVERAGE WIND SPEED WAS 9.6 
MPH. A SUSTAINED WIND SPEED OF 37 MPH WAS RECORDED ON THE 13TH. THE HIGHEST WIND 
GUST FOR THE MONTH OCCURRED ON THE 16TH WITH A SPEED OF 44 MPH.
 
RECORDS:
MAY 2015-4TH WARMEST MAY ON RECORD.
MAY 2015-RECORD AMOUNT OF MONTHLY PRECIPITATION. 3.32 INCHES!
MAY 3RD-0.61 REPLACES THE PREVIOUS RECORD OF 0.58 INCHES SET IN 1919.
MAY 14TH-0.55 INCHES REPLACES THE PREVIOUS RECORD OF 0.46 INCHES SET IN 1989.
MAY-HIGHEST MONTHLY MINIMUM TEMPERATURE OF 39.7 DEGREES. 

$$
FS JUN 15

Alaska Region Headquarters
222 West 7th Avenue #23
Anchorage, AK 99513-7575
Voice: 1-907-271-5088
Fax: 1-907-271-3711
Recorded Forecast: 1-800-472-0391
Webmaster Email: ARH Webauthors
Page Modified: 03 Feb 2008 18:00 UTC
About Us
Career Opportunities
Glossary
Credits
Disclaimer
Privacy Policy