CXAK58 PAFC 011841
CLMANC


CLIMATE REPORT
NATIONAL WEATHER SERVICE ANCHORAGE, AK                               
1041 AM AKDT SUN MAY 1 2016
................................... 

...THE ANCHORAGE AK CLIMATE SUMMARY FOR THE MONTH OF APRIL 2016...

CLIMATE NORMAL PERIOD 1981 TO 2010
CLIMATE RECORD PERIOD 1952 TO 2016

WEATHER         OBSERVED          NORMAL  DEPART  LAST YEAR'S         
                 VALUE   DATE(S)  VALUE   FROM    VALUE  DATE(S)      
                                          NORMAL                      
................................................................
TEMPERATURE (F)
RECORD
 HIGH              69   04/29/2005                                    
 LOW              -21   04/02/1985                                    
HIGHEST            58                MM      MM       58              
LOWEST             29                MM      MM       25              
AVG. MAXIMUM     51.5              44.5     7.0     47.8              
AVG. MINIMUM     35.4              29.1     6.3     33.5              
MEAN             43.4              36.8     6.6     40.7              
DAYS MAX >= 90      0               0.0     0.0        0              
DAYS MAX <= 32      0               1.6    -1.6        0              
DAYS MIN <= 32      8              19.6   -11.6       13              
DAYS MIN <= 0       0               0.0     0.0        0              

PRECIPITATION (INCHES)
RECORD
 MAXIMUM         1.91   1977                                          
 MINIMUM            T   1969                                          
                        1955                                          
TOTALS           0.02              0.47   -0.45     0.66              
DAILY AVG.       0.00              0.02   -0.02     0.02              
DAYS >= .01         1               5.0    -4.0       10              
DAYS >= .10         0               1.4    -1.4        3              
DAYS >= .50         0               0.1    -0.1        0              
DAYS >= 1.00        0               0.0     0.0        0              
GREATEST
 24 HR. TOTAL    0.02   04/16 TO 04/16           04/10 TO 04/10       
                                                          04/10 TO 04/10
                                                          04/10 TO 04/10
 STORM TOTAL       MM                                 MM              
 (MM/DD(HH))            MM                    04/10(00) TO 04/10(00)  
                                                 04/10(00) TO 04/10(00)0
                                                 04/10(00) TO 04/10(00)0

SNOWFALL (INCHES)
RECORDS
 TOTAL           30.8   2008                                          
 24 HR TOTAL     15.5   04/25/2008 TO 04/25/2008                      
 SNOW DEPTH        30   04/02/2004                                    
                        04/01/2004                                    
TOTALS            0.0               4.0    -4.0      4.4              
SINCE 7/1        38.3              74.2   -35.9     25.1              
SNOWDEPTH AVG.      0                MM      MM        0              
DAYS >= TRACE       0               2.9    -2.9       11              
DAYS >= 1.0         0               1.2    -1.2        2              
GREATEST
 SNOW DEPTH         0   MM                             2  04/20       
 24 HR TOTAL      0.0   04/30 TO 04/30           04/10 TO 04/10       
                                                          04/10 TO 04/10
                                                          04/10 TO 04/10
 STORM TOTAL       MM                                 MM              
 (MM/DD(HH))            MM                    04/10(00) TO 04/10(00)  
                                                 04/10(00) TO 04/10(00)0
                                                 04/10(00) TO 04/10(00)0

DEGREE_DAYS
HEATING TOTAL     639               846    -207      722              
 SINCE 7/1       7945              9367   -1422     8164              
COOLING TOTAL       0                 0       0        0              
 SINCE 1/1          0                 0       0        0              

FREEZE DATES
RECORD
 EARLIEST     08/28/1984                                              
 LATEST       05/22/1964                                              
EARLIEST                        09/23                                 
LATEST                          05/08                                 
.................................................

WIND (MPH)
AVERAGE WIND SPEED              7.3
RESULTANT WIND SPEED/DIRECTION   4/155
HIGHEST WIND SPEED/DIRECTION    23/160    DATE  04/10
HIGHEST GUST SPEED/DIRECTION    40/MM     DATE   MM                   

SKY COVER
POSSIBLE SUNSHINE (PERCENT)   MM                                      
AVERAGE SKY COVER           0.70
NUMBER OF DAYS FAIR            2
NUMBER OF DAYS PC             13
NUMBER OF DAYS CLOUDY         15

AVERAGE RH (PERCENT)     65

WEATHER CONDITIONS. NUMBER OF DAYS WITH 
THUNDERSTORM              0     MIXED PRECIP               0
HEAVY RAIN                0     RAIN                       0
LIGHT RAIN               10     FREEZING RAIN              0
LT FREEZING RAIN          0     HAIL                       0
HEAVY SNOW                0     SNOW                       0
LIGHT SNOW                0     SLEET                      0
FOG                       0     FOG W/VIS <= 1/4 MILE      0
HAZE                      0                                           
                                                                    
-  INDICATES NEGATIVE NUMBERS.                                      
R  INDICATES RECORD WAS SET OR TIED.                                
MM INDICATES DATA IS MISSING.                                       
T  INDICATES TRACE AMOUNT.                                          

$$

Alaska Region Headquarters
222 West 7th Avenue #23
Anchorage, AK 99513-7575
Voice: 1-907-271-5088
Fax: 1-907-271-3711
Recorded Forecast: 1-800-472-0391
Webmaster Email: ARH Webauthors
Page Modified: 03 Feb 2008 18:00 UTC
About Us
Career Opportunities
Glossary
Credits
Disclaimer
Privacy Policy