CXAK58 PAFC 011239
CLMANC


CLIMATE REPORT
NATIONAL WEATHER SERVICE ANCHORAGE, AK                               
439 AM AKDT FRI AUG 1 2014
................................... 

...THE ANCHORAGE AK CLIMATE SUMMARY FOR THE MONTH OF JULY 2014...

CLIMATE NORMAL PERIOD 1981 TO 2010
CLIMATE RECORD PERIOD 1915 TO 2014

WEATHER         OBSERVED          NORMAL  DEPART  LAST YEAR'S         
                 VALUE   DATE(S)  VALUE   FROM    VALUE  DATE(S)      
                                          NORMAL                      
................................................................
TEMPERATURE (F)
RECORD
 HIGH              84   07/08/2003                                    
 LOW               34   07/01/1922                                    
HIGHEST            76                MM      MM       79              
LOWEST             47                MM      MM       49              
AVG. MAXIMUM     67.4              65.4     2.0     69.2              
AVG. MINIMUM     52.2              52.2     0.0     53.9              
MEAN             59.8              58.8     1.0     61.5              
DAYS MAX >= 90      0               0.0     0.0        0              
DAYS MAX <= 32      0               0.0     0.0        0              
DAYS MIN <= 32      0               0.0     0.0        0              
DAYS MIN <= 0       0               0.0     0.0        0              

PRECIPITATION (INCHES)
RECORD
 MAXIMUM         4.57   2001                                          
 MINIMUM         0.19   1933                                          
TOTALS           3.23              1.83    1.40     1.10              
DAILY AVG.       0.10              0.06    0.04     0.04              
DAYS >= .01        10              12.0    -2.0       11              
DAYS >= .10         9               5.3     3.7        3              
DAYS >= .50         3               0.8     2.2        0              
DAYS >= 1.00        0               0.1    -0.1        0              
GREATEST
 24 HR. TOTAL    0.98   07/24 TO 07/24           07/01 TO 07/01       
                                                          07/31 TO 07/31
                                                          07/31 TO 07/31
 STORM TOTAL       MM                                 MM              
 (MM/DD(HH))            MM                    07/01(00) TO 07/01(00)  
                                                 07/31(00) TO 07/31(00)1
                                                 07/31(00) TO 07/31(00)1

SNOWFALL (INCHES)
RECORDS
 TOTAL            0.0   5                                             
                        0                                             
                        -26215                                        
 24 HR TOTAL      0.0   MM                                            
 SNOW DEPTH        MM   MM                                            
TOTALS            0.0               0.0     0.0      0.0              
SINCE 7/1         0.0               0.0     0.0      0.0              
SNOWDEPTH AVG.      0                MM      MM        0              
DAYS >= TRACE       0               0.0     0.0        0              
DAYS >= 1.0         0               0.0     0.0        0              
GREATEST
 SNOW DEPTH         0   MM                             0  MM          
 24 HR TOTAL      0.0   07/31 TO 07/31           07/31 TO 07/31       
                                                          07/31 TO 07/31
                                                          07/31 TO 07/31
 STORM TOTAL       MM                                 MM              
 (MM/DD(HH))            MM                    07/31(00) TO 07/31(00)  
                                                 07/31(00) TO 07/31(00)1
                                                 07/31(00) TO 07/31(00)1

DEGREE_DAYS
HEATING TOTAL     154               194     -40      111              
 SINCE 7/1        154               194     -40      111              
COOLING TOTAL       3                 2       1       14              
 SINCE 1/1          3                 2       1       21              

FREEZE DATES
RECORD
 EARLIEST     08/14/1946                                              
 LATEST       06/08/1919                                              
EARLIEST                        09/23                                 
LATEST                          05/08                                 
..................................................

WIND (MPH)
AVERAGE WIND SPEED              6.3
RESULTANT WIND SPEED/DIRECTION   2/201
HIGHEST WIND SPEED/DIRECTION    18/MM     DATE   MM                   
HIGHEST GUST SPEED/DIRECTION    39/MM     DATE   MM                   

SKY COVER
POSSIBLE SUNSHINE (PERCENT)   MM                                      
AVERAGE SKY COVER           0.70
NUMBER OF DAYS FAIR            1
NUMBER OF DAYS PC             16
NUMBER OF DAYS CLOUDY         14

AVERAGE RH (PERCENT)     68

WEATHER CONDITIONS. NUMBER OF DAYS WITH 
THUNDERSTORM              0     MIXED PRECIP               0
HEAVY RAIN                2     RAIN                       3
LIGHT RAIN               18     FREEZING RAIN              0
LT FREEZING RAIN          0     HAIL                       0
HEAVY SNOW                0     SNOW                       0
LIGHT SNOW                0     SLEET                      0
FOG                       7     FOG W/VIS <= 1/4 MILE      1
HAZE                      0                                           
                                                                    
-  INDICATES NEGATIVE NUMBERS.                                      
R  INDICATES RECORD WAS SET OR TIED.                                
MM INDICATES DATA IS MISSING.                                       
T  INDICATES TRACE AMOUNT.                                          

$$

Alaska Region Headquarters
222 West 7th Avenue #23
Anchorage, AK 99513-7575
Voice: 1-907-271-5088
Fax: 1-907-271-3711
Recorded Forecast: 1-800-472-0391
Webmaster Email: ARH Webauthors
Page Modified: 03 Feb 2008 18:00 UTC
About Us
Career Opportunities
Glossary
Credits
Disclaimer
Privacy Policy