CXAK58 PAFC 011422
CLMANC

CLIMATE REPORT
NATIONAL WEATHER SERVICE ANCHORAGE, AK                               
621 AM AKDT WED JUL 1 2015
................................... 

...THE ANCHORAGE AK CLIMATE SUMMARY FOR THE MONTH OF JUNE 2015...

CLIMATE NORMAL PERIOD 1981 TO 2010
CLIMATE RECORD PERIOD 1952 TO 2015

WEATHER         OBSERVED          NORMAL  DEPART  LAST YEAR'S         
                 VALUE   DATE(S)  VALUE   FROM    VALUE  DATE(S)      
                                          NORMAL                      
................................................................
TEMPERATURE (F)
RECORD
 HIGH              85   06/14/1969                                    
 LOW               31   06/04/1961                                    
HIGHEST            83                MM      MM       72              
LOWEST             46                MM      MM       39              
AVG. MAXIMUM     67.1              62.8     4.3     61.5              
AVG. MINIMUM     51.9              47.7     4.2     46.1              
MEAN             59.5              55.2     4.3     53.8              
DAYS MAX >= 90      0               0.0     0.0        0              
DAYS MAX <= 32      0               0.0     0.0        0              
DAYS MIN <= 32      0               0.0     0.0        0              
DAYS MIN <= 0       0               0.0     0.0        0              

PRECIPITATION (INCHES)
RECORD
 MAXIMUM         3.40   1962                                          
 MINIMUM         0.02   1952                                          
TOTALS           0.93              0.97   -0.04     3.33              
DAILY AVG.       0.03              0.03    0.00     0.11              
DAYS >= .01        10               8.5     1.5       15              
DAYS >= .10         2               3.1    -1.1        7              
DAYS >= .50         0               0.3    -0.3        3              
DAYS >= 1.00        0               0.0     0.0        0              
GREATEST
 24 HR. TOTAL    0.40   06/02 TO 06/02           06/25 TO 06/25       
                                                          06/30 TO 06/30
                                                          06/30 TO 06/30
 STORM TOTAL       MM                                 MM              
 (MM/DD(HH))            MM                    06/25(00) TO 06/25(00)  
                                                 06/30(00) TO 06/30(00)0
                                                 06/30(00) TO 06/30(00)0

SNOWFALL (INCHES)
RECORDS
 TOTAL            0.0   MM                                            
 24 HR TOTAL      0.0   MM                                            
 SNOW DEPTH         0   MM                                            
TOTALS            0.0               0.0     0.0      0.0              
SINCE 7/1        25.1              74.5   -49.4     64.7              
SNOWDEPTH AVG.      0                MM      MM        0              
DAYS >= TRACE       0               0.0     0.0        0              
DAYS >= 1.0         0               0.0     0.0        0              
GREATEST
 SNOW DEPTH         0   MM                             0  MM          
 24 HR TOTAL      0.0   06/30 TO 06/30           06/30 TO 06/30       
                                                          06/30 TO 06/30
                                                          06/30 TO 06/30
 STORM TOTAL       MM                                 MM              
 (MM/DD(HH))            MM                    06/30(00) TO 06/30(00)  
                                                 06/30(00) TO 06/30(00)0
                                                 06/30(00) TO 06/30(00)0

DEGREE_DAYS
HEATING TOTAL     173               293    -120      328              
 SINCE 7/1       8787             10193   -1406     9432              
COOLING TOTAL      16                 0      16        0              
 SINCE 1/1         16                 0      16        0              

FREEZE DATES
RECORD
 EARLIEST     08/28/1984                                              
 LATEST       05/22/1964                                              
EARLIEST      10/01             09/23                                 
LATEST        01/31             05/08                                 
.................................................

WIND (MPH)
AVERAGE WIND SPEED              7.7
RESULTANT WIND SPEED/DIRECTION   4/175
HIGHEST WIND SPEED/DIRECTION    25/MM     DATE   MM                   
HIGHEST GUST SPEED/DIRECTION    38/150    DATE  06/30

SKY COVER
POSSIBLE SUNSHINE (PERCENT)   MM                                      
AVERAGE SKY COVER           0.70
NUMBER OF DAYS FAIR            1
NUMBER OF DAYS PC             13
NUMBER OF DAYS CLOUDY         16

AVERAGE RH (PERCENT)     62

WEATHER CONDITIONS. NUMBER OF DAYS WITH 
THUNDERSTORM              0     MIXED PRECIP               0
HEAVY RAIN                0     RAIN                       0
LIGHT RAIN               15     FREEZING RAIN              0
LT FREEZING RAIN          0     HAIL                       0
HEAVY SNOW                0     SNOW                       0
LIGHT SNOW                0     SLEET                      0
FOG                       1     FOG W/VIS <= 1/4 MILE      0
HAZE                      0                                           
                                                                    
-  INDICATES NEGATIVE NUMBERS.                                      
R  INDICATES RECORD WAS SET OR TIED.                                
MM INDICATES DATA IS MISSING.                                       
T  INDICATES TRACE AMOUNT.                                          

$$

Alaska Region Headquarters
222 West 7th Avenue #23
Anchorage, AK 99513-7575
Voice: 1-907-271-5088
Fax: 1-907-271-3711
Recorded Forecast: 1-800-472-0391
Webmaster Email: ARH Webauthors
Page Modified: 03 Feb 2008 18:00 UTC
About Us
Career Opportunities
Glossary
Credits
Disclaimer
Privacy Policy