CXAK58 PAFC 011404
CLMANC


CLIMATE REPORT
NATIONAL WEATHER SERVICE ANCHORAGE, AK                               
604 AM AKDT TUE JUL 1 2014
................................... 

...THE ANCHORAGE AK CLIMATE SUMMARY FOR THE MONTH OF JUNE 2014...

CLIMATE NORMAL PERIOD 1981 TO 2010
CLIMATE RECORD PERIOD 1915 TO 2014

WEATHER         OBSERVED          NORMAL  DEPART  LAST YEAR'S         
                 VALUE   DATE(S)  VALUE   FROM    VALUE  DATE(S)      
                                          NORMAL                      
................................................................
TEMPERATURE (F)
RECORD
 HIGH              85   06/14/1969                                    
 LOW               31   06/02/1919                                    
                        06/15/1916                                    
                        06/09/1916                                    
HIGHEST            72                MM      MM       81              
LOWEST             39                MM      MM       44              
AVG. MAXIMUM     61.5              62.8    -1.3     68.3              
AVG. MINIMUM     46.1              47.7    -1.6     49.3              
MEAN             53.8              55.2    -1.4     58.8              
DAYS MAX >= 90      0               0.0     0.0        0              
DAYS MAX <= 32      0               0.0     0.0        0              
DAYS MIN <= 32      0               0.0     0.0        0              
DAYS MIN <= 0       0               0.0     0.0        0              

PRECIPITATION (INCHES)
RECORD
 MAXIMUM         3.40   1962                                          
 MINIMUM         0.03   1926                                          
TOTALS           3.33              0.97    2.36     0.46              
DAILY AVG.       0.11              0.03    0.08     0.02              
DAYS >= .01        15               8.5     6.5        3              
DAYS >= .10         7               3.1     3.9        1              
DAYS >= .50         3               0.3     2.7        0              
DAYS >= 1.00        0               0.0     0.0        0              
GREATEST
 24 HR. TOTAL    0.78   06/25 TO 06/25           06/02 TO 06/02       
                                                          06/29 TO 06/29
                                                          06/29 TO 06/29
 STORM TOTAL       MM                                 MM              
 (MM/DD(HH))            MM                    06/02(00) TO 06/02(00)  
                                                 06/29(00) TO 06/29(00)9
                                                 06/29(00) TO 06/29(00)9

SNOWFALL (INCHES)
RECORDS
 TOTAL            0.0   5                                             
                        0                                             
                        -26215                                        
 24 HR TOTAL      0.0   MM                                            
 SNOW DEPTH        MM   MM                                            
TOTALS            0.0               0.0     0.0      0.0              
SINCE 7/1        64.7              74.5    -9.8     94.0              
SNOWDEPTH AVG.      0                MM      MM        0              
DAYS >= TRACE       0               0.0     0.0        0              
DAYS >= 1.0         0               0.0     0.0        0              
GREATEST
 SNOW DEPTH         0   MM                             0  MM          
 24 HR TOTAL      0.0   06/30 TO 06/30           06/29 TO 06/29       
                                                          06/29 TO 06/29
                                                          06/29 TO 06/29
 STORM TOTAL       MM                                 MM              
 (MM/DD(HH))            MM                    06/29(00) TO 06/29(00)  
                                                 06/29(00) TO 06/29(00)9
                                                 06/29(00) TO 06/29(00)9

DEGREE_DAYS
HEATING TOTAL     328               293      35      185              
 SINCE 7/1       9432             10193    -761    10544              
COOLING TOTAL       0                 0       0        7              
 SINCE 1/1          0                 0       0        7              

FREEZE DATES
RECORD
 EARLIEST     08/14/1946                                              
 LATEST       06/08/1919                                              
EARLIEST                        09/23                                 
LATEST                          05/08                                 
..........................................................

WIND (MPH)
AVERAGE WIND SPEED              7.3
RESULTANT WIND SPEED/DIRECTION   4/175
HIGHEST WIND SPEED/DIRECTION    23/150    DATE  06/06
HIGHEST GUST SPEED/DIRECTION    41/MM     DATE   MM                   

SKY COVER
POSSIBLE SUNSHINE (PERCENT)   MM                                      
AVERAGE SKY COVER           0.80
NUMBER OF DAYS FAIR            0
NUMBER OF DAYS PC             12
NUMBER OF DAYS CLOUDY         18

AVERAGE RH (PERCENT)     66

WEATHER CONDITIONS. NUMBER OF DAYS WITH 
THUNDERSTORM              0     MIXED PRECIP               0
HEAVY RAIN                1     RAIN                       4
LIGHT RAIN               21     FREEZING RAIN              0
LT FREEZING RAIN          0     HAIL                       0
HEAVY SNOW                0     SNOW                       0
LIGHT SNOW                0     SLEET                      0
FOG                       7     FOG W/VIS <= 1/4 MILE      0
HAZE                      1                                           
                                                                    
-  INDICATES NEGATIVE NUMBERS.                                      
R  INDICATES RECORD WAS SET OR TIED.                                
MM INDICATES DATA IS MISSING.                                       
T  INDICATES TRACE AMOUNT.                                          

$$

Alaska Region Headquarters
222 West 7th Avenue #23
Anchorage, AK 99513-7575
Voice: 1-907-271-5088
Fax: 1-907-271-3711
Recorded Forecast: 1-800-472-0391
Webmaster Email: ARH Webauthors
Page Modified: 03 Feb 2008 18:00 UTC
About Us
Career Opportunities
Glossary
Credits
Disclaimer
Privacy Policy