CXAK58 PADQ 011450
CLMADQ

CLIMATE REPORT 
NATIONAL WEATHER SERVICE KODIAK, AK
650 AM AKDT TUE JUL 1 2014
...................................

...THE KODIAK AP CLIMATE SUMMARY FOR THE MONTH OF JUNE 2014...

CLIMATE NORMAL PERIOD 1981 TO 2010
CLIMATE RECORD PERIOD 1949 TO 2014

WEATHER         OBSERVED          NORMAL  DEPART  LAST YEAR\'S
                 VALUE   DATE(S)  VALUE   FROM    VALUE  DATE(S)
                                          NORMAL
................................................................
TEMPERATURE (F)
RECORD
 HIGH              86   6/28/1953 
 LOW               30   6/02/1968 
HIGHEST            72   6/28         67       5      81  6/26  
LOWEST             39                35       4      41  6/08  
AVG. MAXIMUM       56.5              54.8     1.7    60.5    
AVG. MINIMUM       44.9              44.5     0.4    47.2   
MEAN               50.7              49.7     1.0    53.8
DAYS MAX >= 90      0                 0.0     0.0     0
DAYS MAX <= 32      0                 0.0     0.0     0
DAYS MAX >= 80      0                 0.1    -0.1     1
DAYS MAX >= 70      1                 1.1    -0.1     8
DAYS MIN <= 32      0                 0.0     0.0     0
DAYS MIN <= 0       0                 0.0     0.0     0

PRECIPITATION (INCHES)
RECORD
 MAXIMUM           16.88   1987   
 MINIMUM            0.67   1997
TOTALS              6.22              5.91    0.31    4.11
DAILY AVG.          0.21              0.19    0.02    0.14
DAYS >= .01        12                16.0    -4.0    12
DAYS >= .10         9                10.4    -1.4     7
DAYS >= .50         3                 3.5    -0.5     3
DAYS >= 1.0         1                 1.4    -0.4     1
GREATEST
 24 HR TOTAL        2.98   6/06                       1.10  6/03        

SNOWFALL (INCHES)
RECORDS
 TOTAL              0.0   1955
 24 HR TOTAL        0.0   6-19-1965
 SNOW DEPTH         0     6-30-2014    
TOTALS              0.0               0.0     0.0     0.0   
SINCE 7/1           0.0              75.1   -75.1    65.6   
SNOWDEPTH AVG.      0                 0       0       0
DAYS >= TRACE       0                 0.0     0.0     0
DAYS >= 1.0         0                 0.0     0.0     0
DAYS >= 6.0         0                 0.0     0.0     0
GREATEST
 SNOW DEPTH         0   MM                            0  MM    
 24 HR TOTAL      0.0   MM                          0.0  MM    

DEGREE_DAYS
HEATING TOTAL     422               461     -39     331 
 SINCE 7/1       7899              8795    -896    8876
COOLING TOTAL       0                 0       0       3
 SINCE 1/1          4                 0       4       3
................................................................

WIND (MPH)                        
AVERAGE WIND SPEED                7.5
HIGHEST WIND SPEED/DIRECTION     29/280    DATE   06/17
HIGHEST GUST SPEED/DIRECTION     43/290    DATE   06/17

SKY COVER
POSSIBLE SUNSHINE (PERCENT)   MM                                      
AVERAGE SKY COVER             MM
NUMBER OF DAYS FAIR           MM
NUMBER OF DAYS PC             MM
NUMBER OF DAYS CLOUDY         MM

AVERAGE RH (PERCENT)     MM

WEATHER CONDITIONS. NUMBER OF DAYS WITH
THUNDERSTORM              0     ICE PELLETS                 0
RAIN                     19     GLAZE                       0
DRIZZLE                   0     HAIL                        0
SNOW                      0     HAZE                        1
FOG                      11     FOG W/VIS <= 1/4 MILE       0
BLOWING SNOW              0


-  INDICATES NEGATIVE NUMBERS.
R  INDICATES RECORD WAS SET OR TIED.
MM INDICATES DATA IS MISSING.
T  INDICATES TRACE AMOUNT.

&&


$$
*** JUL 14



Alaska Region Headquarters
222 West 7th Avenue #23
Anchorage, AK 99513-7575
Voice: 1-907-271-5088
Fax: 1-907-271-3711
Recorded Forecast: 1-800-472-0391
Webmaster Email: ARH Webauthors
Page Modified: 03 Feb 2008 18:00 UTC
About Us
Career Opportunities
Glossary
Credits
Disclaimer
Privacy Policy