CXAK58 PADQ 011457
CLMADQ

CLIMATE REPORT 
NATIONAL WEATHER SERVICE KODIAK, AK
657 AM AKDT FRI AUG 1 2014
...................................

...THE KODIAK AP CLIMATE SUMMARY FOR THE MONTH OF JULY 2014...

CLIMATE NORMAL PERIOD 1981 TO 2010
CLIMATE RECORD PERIOD 1949 TO 2014

WEATHER         OBSERVED          NORMAL  DEPART  LAST YEAR\'S
                 VALUE   DATE(S)  VALUE   FROM    VALUE  DATE(S)
                                          NORMAL
................................................................
TEMPERATURE (F)
RECORD
 HIGH              82   7/12/2004 
 LOW               37   7/08/2007 
HIGHEST            74   7/02         73       1      78  7/22  
LOWEST             45                42       3      44  7/03  
AVG. MAXIMUM       63.5              59.8     3.7    64.9    
AVG. MINIMUM       50.5              49.2     1.3    51.1   
MEAN               57.0              54.5     2.5    58.0
DAYS MAX >= 90      0                 0.0     0.0     0
DAYS MAX <= 32      0                 0.0     0.0     0
DAYS MAX >= 80      0                 0.3    -0.3     0
DAYS MAX >= 70      5                 2.4     2.6    10
DAYS MIN <= 32      0                 0.0     0.0     0
DAYS MIN <= 0       0                 0.0     0.0     0

PRECIPITATION (INCHES)
RECORD
 MAXIMUM           10.21   1985   
 MINIMUM            0.84   1980
TOTALS              2.58              4.93   -2.35    1.06
DAILY AVG.          0.08              0.15   -0.07    0.03
DAYS >= .01        13                14.4    -1.4     7
DAYS >= .10         5                 8.6    -3.6     4
DAYS >= .50         2                 2.9    -0.9     0
DAYS >= 1.0         0                 1.4    -1.4     0
GREATEST
 24 HR TOTAL        0.74   7/09                       0.36  7/06        

SNOWFALL (INCHES)
RECORDS
 TOTAL              0.0   1949
 24 HR TOTAL        0.0   7-31-2014
 SNOW DEPTH         0     7-31-2014    
TOTALS              0.0               0.0     0.0     0.0   
SINCE 7/1           0.0               0.0     0.0     0.0   
SNOWDEPTH AVG.      0                 0       0       0
DAYS >= TRACE       0                 0.0     0.0     0
DAYS >= 1.0         0                 0.0     0.0     0
DAYS >= 6.0         0                 0.0     0.0     0
GREATEST
 SNOW DEPTH         0   MM                            0  MM    
 24 HR TOTAL      0.0   MM                          0.0  MM    

DEGREE_DAYS
HEATING TOTAL     240               326     -86     211 
 SINCE 7/1        240               326     -86     211
COOLING TOTAL       0                 0       0       3
 SINCE 1/1          4                 0       4       6
................................................................

WIND (MPH)                        
AVERAGE WIND SPEED                6.6
HIGHEST WIND SPEED/DIRECTION     29/270    DATE   07/19
HIGHEST GUST SPEED/DIRECTION     36/280    DATE   07/19

SKY COVER
POSSIBLE SUNSHINE (PERCENT)   MM                                      
AVERAGE SKY COVER             MM
NUMBER OF DAYS FAIR           MM
NUMBER OF DAYS PC             MM
NUMBER OF DAYS CLOUDY         MM

AVERAGE RH (PERCENT)     MM

WEATHER CONDITIONS. NUMBER OF DAYS WITH
THUNDERSTORM              0     ICE PELLETS                 0
RAIN                     19     GLAZE                       0
DRIZZLE                   0     HAIL                        0
SNOW                      0     HAZE                        1
FOG                      17     FOG W/VIS <= 1/4 MILE       1
BLOWING SNOW              0


-  INDICATES NEGATIVE NUMBERS.
R  INDICATES RECORD WAS SET OR TIED.
MM INDICATES DATA IS MISSING.
T  INDICATES TRACE AMOUNT.

&&


$$
*** AUG 14



Alaska Region Headquarters
222 West 7th Avenue #23
Anchorage, AK 99513-7575
Voice: 1-907-271-5088
Fax: 1-907-271-3711
Recorded Forecast: 1-800-472-0391
Webmaster Email: ARH Webauthors
Page Modified: 03 Feb 2008 18:00 UTC
About Us
Career Opportunities
Glossary
Credits
Disclaimer
Privacy Policy