CXAK58 PADQ 011528
CLMADQ

CLIMATE REPORT 
NATIONAL WEATHER SERVICE KODIAK, AK
728 AM AKDT SUN MAY 1 2016
...................................

...THE KODIAK AP CLIMATE SUMMARY FOR THE MONTH OF APRIL 2016...

CLIMATE NORMAL PERIOD 1981 TO 2010
CLIMATE RECORD PERIOD 1949 TO 2016

WEATHER         OBSERVED          NORMAL  DEPART  LAST YEAR\'S
                 VALUE   DATE(S)  VALUE   FROM    VALUE  DATE(S)
                                          NORMAL
................................................................
TEMPERATURE (F)
RECORD
 HIGH              69   4/28/2005 
 LOW                7   4/13/1977 
HIGHEST            50   4/24         53      -3      58  4/28  
LOWEST             29                21       8      23  4/12  
AVG. MAXIMUM       46.7              42.9     3.8    44.7    
AVG. MINIMUM       37.7              32.3     5.4    33.3   
MEAN               42.2              37.6     4.6    39.0
DAYS MAX >= 90      0                 0.0     0.0     0
DAYS MAX <= 32      0                 0.6    -0.6     0
DAYS MAX >= 80      0                 0.0     0.0     0
DAYS MAX >= 70      0                 0.0     0.0     0
DAYS MIN <= 32      3                13.4   -10.4    15
DAYS MIN <= 0       0                 0.0     0.0     0

PRECIPITATION (INCHES)
RECORD
 MAXIMUM           12.57   2007   
 MINIMUM            0.29   2002
TOTALS              8.90              5.81    3.09    6.64
DAILY AVG.          0.30              0.19    0.11    0.22
DAYS >= .01        26                17.5     8.5    22
DAYS >= .10        20                11.8     8.2    17
DAYS >= .50         6                 4.5     1.5     4
DAYS >= 1.0         2                 1.0     1.0     1
GREATEST
 24 HR TOTAL        1.34   4/23                       1.08  4/06        

SNOWFALL (INCHES)
RECORDS
 TOTAL             34.8   1985
 24 HR TOTAL       11.2   4-07-1985
 SNOW DEPTH        25     4-02-1956    
TOTALS              0.0               7.9    -7.9     3.2   
SINCE 7/1           0.0              74.7   -74.7    20.1   
SNOWDEPTH AVG.      0                 0       0       0
DAYS >= TRACE       0                11.4   -11.4    13
DAYS >= 1.0         0                 2.5    -2.5     0
DAYS >= 6.0         0                 0.3    -0.3     0
GREATEST
 SNOW DEPTH         0   MM                            0  4/20  
 24 HR TOTAL      0.0   MM                          0.9  4/16  

DEGREE_DAYS
HEATING TOTAL     677               821    -144     773 
 SINCE 7/1       6404              7692   -1288    6567
COOLING TOTAL       0                 0       0       0
 SINCE 1/1          0                 0       0       0
................................................................

WIND (MPH)                        
AVERAGE WIND SPEED               12.0
HIGHEST WIND SPEED/DIRECTION     41/080    DATE   04/25
HIGHEST GUST SPEED/DIRECTION     48/080    DATE   04/25

SKY COVER
POSSIBLE SUNSHINE (PERCENT)   MM                                      
AVERAGE SKY COVER             MM
NUMBER OF DAYS FAIR           MM
NUMBER OF DAYS PC             MM
NUMBER OF DAYS CLOUDY         MM

AVERAGE RH (PERCENT)     MM

WEATHER CONDITIONS. NUMBER OF DAYS WITH
THUNDERSTORM              0     ICE PELLETS                 0
RAIN                     29     GLAZE                       0
DRIZZLE                   0     HAIL                        0
SNOW                      0     HAZE                        2
FOG                      26     FOG W/VIS <= 1/4 MILE       0
BLOWING SNOW              0


-  INDICATES NEGATIVE NUMBERS.
R  INDICATES RECORD WAS SET OR TIED.
MM INDICATES DATA IS MISSING.
T  INDICATES TRACE AMOUNT.

&&
...APRIL HAD WARMER TEMPERATURES AND ABOVE NORMAL PRECIPITATION...

TEMPERATURES...TEMPERATURES FOR APRIL WERE 4.6 DEGREES ABOVE NORMAL. 

PRECIPITATION...APRIL PRECIPITATION OF 8.90 INCHES WAS ALSO ABOVE NORMAL.
THE 21ST WAS THE ONLY DAY IN APRIL WITHOUT PRECIPITATION. ALSO
PRECIPITATION TOTAL MEASURED 1.34 INCHES ON THE 23TH 
SETTING A NEW DAILY RECORD. THE OLD RECORD WAS 0.97 
INCHES SET IN 1940.

SNOWFALL...NO SNOW WAS RECORDED IN APRIL.
$$
JTS MAY 16


Alaska Region Headquarters
222 West 7th Avenue #23
Anchorage, AK 99513-7575
Voice: 1-907-271-5088
Fax: 1-907-271-3711
Recorded Forecast: 1-800-472-0391
Webmaster Email: ARH Webauthors
Page Modified: 03 Feb 2008 18:00 UTC
About Us
Career Opportunities
Glossary
Credits
Disclaimer
Privacy Policy