CXAK58 PADQ 011442
CLMADQ

CLIMATE REPORT 
NATIONAL WEATHER SERVICE KODIAK, AK
642 AM AKDT WED OCT 1 2014
...................................

...THE KODIAK AP CLIMATE SUMMARY FOR THE MONTH OF SEPTEMBER 2014...

CLIMATE NORMAL PERIOD 1981 TO 2010
CLIMATE RECORD PERIOD 1949 TO 2014

WEATHER         OBSERVED          NORMAL  DEPART  LAST YEAR\'S
                 VALUE   DATE(S)  VALUE   FROM    VALUE  DATE(S)
                                          NORMAL
................................................................
TEMPERATURE (F)
RECORD
 HIGH              73   9/14/1985 
 LOW               26   9/26/1992 
HIGHEST            67   9/08         63       4      67  9/01  
LOWEST             34                31       3      31  9/24  
AVG. MAXIMUM       59.3              55.6     3.7    55.5    
AVG. MINIMUM       45.6              43.2     2.4    44.7   
MEAN               52.4              49.4     3.0    50.1
DAYS MAX >= 90      0                 0.0     0.0     0
DAYS MAX <= 32      0                 0.0     0.0     0
DAYS MAX >= 80      0                 0.0     0.0     0
DAYS MAX >= 70      0                 0.2    -0.2     0
DAYS MIN <= 32      0                 1.1    -1.1     1
DAYS MIN <= 0       0                 0.0     0.0     0

PRECIPITATION (INCHES)
RECORD
 MAXIMUM           19.44   1995   
 MINIMUM            1.20   1977
TOTALS              7.52              7.35    0.17    7.54
DAILY AVG.          0.25              0.25    0.00    0.25
DAYS >= .01        17                16.2     0.8    17
DAYS >= .10        12                10.9     1.1    12
DAYS >= .50         7                 4.5     2.5     6
DAYS >= 1.0         3                 2.1     0.9     1
GREATEST
 24 HR TOTAL        1.99   9/14                       1.64  9/06        

SNOWFALL (INCHES)
RECORDS
 TOTAL             18.0   1996
 24 HR TOTAL        7.0   9-06-1996
 SNOW DEPTH         0     9-30-2014    
TOTALS              0.0               0.0     0.0     0.0   
SINCE 7/1           0.0               0.6    -0.6     0.0   
SNOWDEPTH AVG.      0                 0       0       0
DAYS >= TRACE       0                 0.2    -0.2     0
DAYS >= 1.0         0                 0.2    -0.2     0
DAYS >= 6.0         0                 0.0    -0.0     0
GREATEST
 SNOW DEPTH         0   MM                            0  MM    
 24 HR TOTAL      0.0   MM                          0.0  MM    

DEGREE_DAYS
HEATING TOTAL     370               468     -98     440 
 SINCE 7/1        871              1098    -227     919
COOLING TOTAL       0                 0       0       0
 SINCE 1/1          4                 0       4       6
................................................................

WIND (MPH)                        
AVERAGE WIND SPEED                7.3
HIGHEST WIND SPEED/DIRECTION     36/280    DATE   09/28
HIGHEST GUST SPEED/DIRECTION     47/290    DATE   09/28

SKY COVER
POSSIBLE SUNSHINE (PERCENT)   MM                                      
AVERAGE SKY COVER             MM
NUMBER OF DAYS FAIR           MM
NUMBER OF DAYS PC             MM
NUMBER OF DAYS CLOUDY         MM

AVERAGE RH (PERCENT)     MM

WEATHER CONDITIONS. NUMBER OF DAYS WITH
THUNDERSTORM              0     ICE PELLETS                 0
RAIN                     20     GLAZE                       0
DRIZZLE                   0     HAIL                        0
SNOW                      0     HAZE                        2
FOG                      13     FOG W/VIS <= 1/4 MILE       2
BLOWING SNOW              0


-  INDICATES NEGATIVE NUMBERS.
R  INDICATES RECORD WAS SET OR TIED.
MM INDICATES DATA IS MISSING.
T  INDICATES TRACE AMOUNT.

&&


$$
*** OCT 14



Alaska Region Headquarters
222 West 7th Avenue #23
Anchorage, AK 99513-7575
Voice: 1-907-271-5088
Fax: 1-907-271-3711
Recorded Forecast: 1-800-472-0391
Webmaster Email: ARH Webauthors
Page Modified: 03 Feb 2008 18:00 UTC
About Us
Career Opportunities
Glossary
Credits
Disclaimer
Privacy Policy