CXAK58 PADQ 011206
CLMADQ

CLIMATE REPORT 
NATIONAL WEATHER SERVICE KODIAK, AK
406 AM AKDT WED JUN 1 2016
...................................

...THE KODIAK AP CLIMATE SUMMARY FOR THE MONTH OF MAY 2016...

CLIMATE NORMAL PERIOD 1981 TO 2010
CLIMATE RECORD PERIOD 1913 TO 2016

WEATHER         OBSERVED          NORMAL  DEPART  LAST YEAR\'S
                 VALUE   DATE(S)  VALUE   FROM    VALUE  DATE(S)
                                          NORMAL
................................................................
TEMPERATURE (F)
RECORD
 HIGH              80   5/12/1968 
 LOW               20   5/03/1949 
HIGHEST            67   5/15         63       4      67  5/30  
LOWEST             36                30       6      32  5/02  
AVG. MAXIMUM       54.0              49.9     4.1    51.5    
AVG. MINIMUM       42.3              38.7     3.6    42.4   
MEAN               48.2              44.3     3.9    47.0
DAYS MAX >= 90      0                 0.0     0.0     0
DAYS MAX <= 32      0                 0.0     0.0     0
DAYS MAX >= 80      0                 0.0     0.0     0
DAYS MAX >= 70      0                 0.2    -0.2     0
DAYS MIN <= 32      0                 3.2    -3.2     1
DAYS MIN <= 0       0                 0.0     0.0     0

PRECIPITATION (INCHES)
RECORD
 MAXIMUM           14.05   2008   
 MINIMUM            1.00   1964
TOTALS              3.25              5.62   -2.37    6.03
DAILY AVG.          0.10              0.17   -0.07    0.19
DAYS >= .01        13                16.4    -3.4    16
DAYS >= .10         8                 9.9    -1.9     9
DAYS >= .50         4                 3.8     0.2     4
DAYS >= 1.0         0                 1.5    -1.5     3
GREATEST
 24 HR TOTAL        0.79   5/05                       1.48  5/14        

SNOWFALL (INCHES)
RECORDS
 TOTAL              6.0   1971
 24 HR TOTAL        4.0   5-01-1968
 SNOW DEPTH         4     5-01-1968    
TOTALS              0.0               0.2    -0.2     0.0   
SINCE 7/1           0.0              75.1   -75.1    20.1   
SNOWDEPTH AVG.      0                 0       0       0
DAYS >= TRACE       0                 2.1    -2.1     0
DAYS >= 1.0         0                 0.1    -0.1     0
DAYS >= 6.0         0                 0.0     0.0     0
GREATEST
 SNOW DEPTH         0   MM                            0  MM    
 24 HR TOTAL      0.0   MM                          0.0  MM    

DEGREE_DAYS
HEATING TOTAL     513               642    -129     552 
 SINCE 7/1       6917              8334   -1417    7119
COOLING TOTAL       0                 0       0       0
 SINCE 1/1          0                 0       0       0
................................................................

WIND (MPH)                        
AVERAGE WIND SPEED                8.5
HIGHEST WIND SPEED/DIRECTION     33/030    DATE   05/31
HIGHEST GUST SPEED/DIRECTION     42/010    DATE   05/31

SKY COVER
POSSIBLE SUNSHINE (PERCENT)   MM                                      
AVERAGE SKY COVER             MM
NUMBER OF DAYS FAIR           MM
NUMBER OF DAYS PC             MM
NUMBER OF DAYS CLOUDY         MM

AVERAGE RH (PERCENT)     MM

WEATHER CONDITIONS. NUMBER OF DAYS WITH
THUNDERSTORM              0     ICE PELLETS                 0
RAIN                     16     GLAZE                       0
DRIZZLE                   0     HAIL                        0
SNOW                      0     HAZE                        1
FOG                      15     FOG W/VIS <= 1/4 MILE       0
BLOWING SNOW              0


-  INDICATES NEGATIVE NUMBERS.
R  INDICATES RECORD WAS SET OR TIED.
MM INDICATES DATA IS MISSING.
T  INDICATES TRACE AMOUNT.

&&
...MAY WARMER WITH LESS THAN NORMAL PRECIPITATION...

TEMPERATURES...THE MAXIMUM TEMPERATURE FOR MAY WAS FOUR DEGREES WARMER THAN THE 
AVERAGE. THE MINIMUM TEMPERATURE WAS SIX DEGREES WARMER THAN AVERAGE. THE MAXIMUM 
TEMPERATURE AVERAGE WAS FOUR DEGREES ABOVE AND THE MINIMUM TEMPERATURE AVERAGE WAS 
ALSO FOUR DEGREES ABOVE THE NORMAL TEMPERATURE AVERAGE.

PRECIPITATION...MAY PRECIPITATION TOTALS OF 3.25 INCHES WERE 2.37 INCHES BELOW THE 
NORMAL.

RECORDS...NONE WERE SET IN THE MONTH OF MAY.

$$
CSB JUN 16


Alaska Region Headquarters
222 West 7th Avenue #23
Anchorage, AK 99513-7575
Voice: 1-907-271-5088
Fax: 1-907-271-3711
Recorded Forecast: 1-800-472-0391
Webmaster Email: ARH Webauthors
Page Modified: 03 Feb 2008 18:00 UTC
About Us
Career Opportunities
Glossary
Credits
Disclaimer
Privacy Policy