CXAK58 PADQ 011500
CLMADQ

CLIMATE REPORT 
NATIONAL WEATHER SERVICE KODIAK, AK
600 AM AKST THU JAN 1 2015
...................................

...THE KODIAK AP CLIMATE SUMMARY FOR THE MONTH OF DECEMBER 2014...

CLIMATE NORMAL PERIOD 1981 TO 2010
CLIMATE RECORD PERIOD 1949 TO 2014

WEATHER         OBSERVED          NORMAL  DEPART  LAST YEAR\'S
                 VALUE   DATE(S)  VALUE   FROM    VALUE  DATE(S)
                                          NORMAL
................................................................
TEMPERATURE (F)
RECORD
 HIGH              56   12/22/1984
 LOW               -3   12/31/2011
HIGHEST            47   12/07        44       3      47  12/10 
LOWEST             23                10      13      10  12/18 
AVG. MAXIMUM       42.5              36.1     6.4    36.6    
AVG. MINIMUM       33.9              26.3     7.6    25.7   
MEAN               38.2              31.2     7.0    31.2
DAYS MAX >= 90      0                 0.0     0.0     0
DAYS MAX <= 32      0                 6.6    -6.6    10
DAYS MAX >= 80      0                 0.0     0.0     0
DAYS MAX >= 70      0                 0.0     0.0     0
DAYS MIN <= 32     16                21.5    -5.5    23
DAYS MIN <= 0       0                 0.1    -0.1     0

PRECIPITATION (INCHES)
RECORD
 MAXIMUM           19.82   1985   
 MINIMUM            1.15   1972
TOTALS             13.79              8.73    5.06    4.45
DAILY AVG.          0.44              0.28    0.16    0.14
DAYS >= .01        23                19.5     3.5    16
DAYS >= .10        18                13.4     4.6    11
DAYS >= .50         8                 6.5     1.5     4
DAYS >= 1.0         3                 2.7     0.3     0
GREATEST
 24 HR TOTAL        3.03   12/28                      0.93  12/18       

SNOWFALL (INCHES)
RECORDS
 TOTAL             46.4   1990
 24 HR TOTAL       14.7   12-24-2007
 SNOW DEPTH       110     12-14-1998   
TOTALS              0.3              13.8   -13.5    11.6   
SINCE 7/1           1.0              23.6   -22.6    18.9   
SNOWDEPTH AVG.      0                 1      -1       0
DAYS >= TRACE       4                15.7   -11.7    11
DAYS >= 1.0         0                 3.9    -3.9     2
DAYS >= 6.0         0                 0.7    -0.7     1
GREATEST
 SNOW DEPTH         0   MM                            3  12/26 
 24 HR TOTAL      0.2   12/17                       8.0  12/18 

DEGREE_DAYS
HEATING TOTAL     822              1049    -227    1040 
 SINCE 7/1       3218              3841    -623    3447
COOLING TOTAL       0                 0       0       0
 SINCE 1/1          4                 0       4       6
................................................................

WIND (MPH)                        
AVERAGE WIND SPEED               10.7
HIGHEST WIND SPEED/DIRECTION     46/100    DATE    12/7
HIGHEST GUST SPEED/DIRECTION     59/050    DATE    12/7

SKY COVER
POSSIBLE SUNSHINE (PERCENT)   MM                                      
AVERAGE SKY COVER             MM
NUMBER OF DAYS FAIR           MM
NUMBER OF DAYS PC             MM
NUMBER OF DAYS CLOUDY         MM

AVERAGE RH (PERCENT)     MM

WEATHER CONDITIONS. NUMBER OF DAYS WITH
THUNDERSTORM              0     ICE PELLETS                 1
RAIN                     25     GLAZE                       0
DRIZZLE                   0     HAIL                        0
SNOW                      4     HAZE                        1
FOG                      21     FOG W/VIS <= 1/4 MILE       0
BLOWING SNOW              0


-  INDICATES NEGATIVE NUMBERS.
R  INDICATES RECORD WAS SET OR TIED.
MM INDICATES DATA IS MISSING.
T  INDICATES TRACE AMOUNT.

&&


$$
*** JAN 15



Alaska Region Headquarters
222 West 7th Avenue #23
Anchorage, AK 99513-7575
Voice: 1-907-271-5088
Fax: 1-907-271-3711
Recorded Forecast: 1-800-472-0391
Webmaster Email: ARH Webauthors
Page Modified: 03 Feb 2008 18:00 UTC
About Us
Career Opportunities
Glossary
Credits
Disclaimer
Privacy Policy