CXAK58 PADQ 011443
CLMADQ

CLIMATE REPORT 
NATIONAL WEATHER SERVICE KODIAK, AK
543 AM AKST MON FEB 1 2016
...................................

...THE KODIAK AP CLIMATE SUMMARY FOR THE MONTH OF JANUARY 2016...

CLIMATE NORMAL PERIOD 1981 TO 2010
CLIMATE RECORD PERIOD 1913 TO 2016

WEATHER         OBSERVED          NORMAL  DEPART  LAST YEAR\'S
                 VALUE   DATE(S)  VALUE   FROM    VALUE  DATE(S)
                                          NORMAL
................................................................
TEMPERATURE (F)
RECORD
 HIGH              54   1/31/1963 
 LOW              -16   1/28/1989 
HIGHEST            44   1/28         43       1      45  1/12  
LOWEST             18                 8      10      17  1/25  
AVG. MAXIMUM       40.1              34.9     5.2    39.6    
AVG. MINIMUM       32.7              25.9     6.8    33.0   
MEAN               36.4              30.5     5.9    36.3
DAYS MAX >= 90      0                 0.0     0.0     0
DAYS MAX <= 32      0                 7.3    -7.3     1
DAYS MAX >= 80      0                 0.0     0.0     0
DAYS MAX >= 70      0                 0.0     0.0     0
DAYS MIN <= 32     13                21.2    -8.2    16
DAYS MIN <= 0       0                 0.2    -0.2     0

PRECIPITATION (INCHES)
RECORD
 MAXIMUM           17.18   2003   
 MINIMUM            0.24   1969
TOTALS             10.41              8.29    2.12   10.13
DAILY AVG.          0.34              0.29    0.05    0.33
DAYS >= .01        24                19.4     4.6    23
DAYS >= .10        21                13.5     7.5    15
DAYS >= .50        10                 6.7     3.3     8
DAYS >= 1.0         1                 2.5    -1.5     4
GREATEST
 24 HR TOTAL        1.30   1/21                       1.66  1/14        

SNOWFALL (INCHES)
RECORDS
 TOTAL             53.4   2012
 24 HR TOTAL       12.0   1-09-1976
 SNOW DEPTH        28     1-30-2012    
TOTALS              0.1              12.9   -12.8     4.2   
SINCE 7/1           0.0              38.1   -38.1     5.2   
SNOWDEPTH AVG.      0                 1      -1       0
DAYS >= TRACE       8                15.7    -7.7    11
DAYS >= 1.0         0                 3.9    -3.9     1
DAYS >= 6.0         0                 0.4    -0.4     0
GREATEST
 SNOW DEPTH         0   MM                            2  1/26  
 24 HR TOTAL      0.1   1/22                        2.0  1/26  

DEGREE_DAYS
HEATING TOTAL     877              1073    -196     881 
 SINCE 7/1       4102              4914    -812    4099
COOLING TOTAL       0                 0       0       0
 SINCE 1/1          0                 0       0       0
................................................................

WIND (MPH)                        
AVERAGE WIND SPEED               15.3
HIGHEST WIND SPEED/DIRECTION     52/090    DATE    01/1
HIGHEST GUST SPEED/DIRECTION     65/090    DATE    01/1

SKY COVER
POSSIBLE SUNSHINE (PERCENT)   MM                                      
AVERAGE SKY COVER             MM
NUMBER OF DAYS FAIR           MM
NUMBER OF DAYS PC             MM
NUMBER OF DAYS CLOUDY         MM

AVERAGE RH (PERCENT)     MM

WEATHER CONDITIONS. NUMBER OF DAYS WITH
THUNDERSTORM              0     ICE PELLETS                 0
RAIN                     25     GLAZE                       0
DRIZZLE                   0     HAIL                        0
SNOW                      6     HAZE                        1
FOG                      26     FOG W/VIS <= 1/4 MILE       0
BLOWING SNOW              0


-  INDICATES NEGATIVE NUMBERS.
R  INDICATES RECORD WAS SET OR TIED.
MM INDICATES DATA IS MISSING.
T  INDICATES TRACE AMOUNT.

&&
...JANUARY HAD WARMER TEMPERATURES WITH GREATER THAN NORMAL PRECIPITATION...

TEMPERATURES...TEMPERATURES FOR JANUARY WERE 6 DEGREES WARMER THAN NORMAL DUE TO 
WARM AND MOIST PREDOMINATELY SOUTHEASTERLY WIND FLOW OVER THE ISLAND. 

PRECIPITATION...JANUARY PRECIPITATION WAS 2 INCHES OR ROUGHLY 20 PERCENT GREATER 
THAN NORMAL AGAIN DUE TO THE SOUTHEASTERLY WIND FLOW.

SNOWFALL...JANUARY SNOWFALL WAS VIRTUALLY NON EXISTENT WITH ONLY A TENTH OF AN INCH 
BEING RECORDED. 

RECORDS...NO RECORDS WERE SET DURING THE MONTH.

$$
LRM FEB 16


Alaska Region Headquarters
222 West 7th Avenue #23
Anchorage, AK 99513-7575
Voice: 1-907-271-5088
Fax: 1-907-271-3711
Recorded Forecast: 1-800-472-0391
Webmaster Email: ARH Webauthors
Page Modified: 03 Feb 2008 18:00 UTC
About Us
Career Opportunities
Glossary
Credits
Disclaimer
Privacy Policy