CXAK58 PADQ 011422
CLMADQ

CLIMATE REPORT 
NATIONAL WEATHER SERVICE KODIAK, AK
522 AM AKST MON DEC 1 2014
...................................

...THE KODIAK AP CLIMATE SUMMARY FOR THE MONTH OF NOVEMBER 2014...

CLIMATE NORMAL PERIOD 1981 TO 2010
CLIMATE RECORD PERIOD 1949 TO 2014

WEATHER         OBSERVED          NORMAL  DEPART  LAST YEAR\'S
                 VALUE   DATE(S)  VALUE   FROM    VALUE  DATE(S)
                                          NORMAL
................................................................
TEMPERATURE (F)
RECORD
 HIGH              59   11/14/2013
 LOW                0   11/29/1971
HIGHEST            49   11/11        48       1      59  11/14 
LOWEST             25                15      10      16  11/19 
AVG. MAXIMUM       44.5              39.1     5.4    42.1    
AVG. MINIMUM       35.3              28.7     6.6    30.1   
MEAN               39.9              33.9     6.0    36.1
DAYS MAX >= 90      0                 0.0     0.0     0
DAYS MAX <= 32      0                 4.0    -4.0     5
DAYS MAX >= 80      0                 0.0     0.0     0
DAYS MAX >= 70      0                 0.0     0.0     0
DAYS MIN <= 32     15                20.0    -5.0    17
DAYS MIN <= 0       0                 0.0     0.0     0

PRECIPITATION (INCHES)
RECORD
 MAXIMUM           15.92   2002   
 MINIMUM            0.19   1950
TOTALS             13.00              6.87    6.13    3.60
DAILY AVG.          0.43              0.22    0.21    0.12
DAYS >= .01        24                16.2     7.8    13
DAYS >= .10        15                10.6     4.4     6
DAYS >= .50        10                 4.9     5.1     1
DAYS >= 1.0         4                 1.7     2.3     1
GREATEST
 24 HR TOTAL        2.42   11/11                      1.45  11/21       

SNOWFALL (INCHES)
RECORDS
 TOTAL             30.0   1989
 24 HR TOTAL       14.0   11-01-1965
 SNOW DEPTH        11     11-29-1963   
TOTALS              0.0               6.4    -6.4     7.3   
SINCE 7/1           0.7               8.1    -7.4     7.3   
SNOWDEPTH AVG.      0                 0       0       0
DAYS >= TRACE       0                11.6   -11.6     8
DAYS >= 1.0         0                 2.1    -2.1     2
DAYS >= 6.0         0                 0.1    -0.1     0
GREATEST
 SNOW DEPTH         0   MM                            6  11/21 
 24 HR TOTAL      0.0   MM                          4.9  11/20 

DEGREE_DAYS
HEATING TOTAL     747               934    -187     859 
 SINCE 7/1       2396              2792    -396    2407
COOLING TOTAL       0                 0       0       0
 SINCE 1/1          4                 0       4       6
................................................................

WIND (MPH)                        
AVERAGE WIND SPEED               10.2
HIGHEST WIND SPEED/DIRECTION     46/090    DATE   11/20
HIGHEST GUST SPEED/DIRECTION     58/090    DATE   11/20

SKY COVER
POSSIBLE SUNSHINE (PERCENT)   MM                                      
AVERAGE SKY COVER             MM
NUMBER OF DAYS FAIR           MM
NUMBER OF DAYS PC             MM
NUMBER OF DAYS CLOUDY         MM

AVERAGE RH (PERCENT)     MM

WEATHER CONDITIONS. NUMBER OF DAYS WITH
THUNDERSTORM              0     ICE PELLETS                 0
RAIN                     27     GLAZE                       0
DRIZZLE                   0     HAIL                        0
SNOW                      0     HAZE                        0
FOG                      22     FOG W/VIS <= 1/4 MILE       0
BLOWING SNOW              0


-  INDICATES NEGATIVE NUMBERS.
R  INDICATES RECORD WAS SET OR TIED.
MM INDICATES DATA IS MISSING.
T  INDICATES TRACE AMOUNT.

&&


$$
LRM DEC 14


Alaska Region Headquarters
222 West 7th Avenue #23
Anchorage, AK 99513-7575
Voice: 1-907-271-5088
Fax: 1-907-271-3711
Recorded Forecast: 1-800-472-0391
Webmaster Email: ARH Webauthors
Page Modified: 03 Feb 2008 18:00 UTC
About Us
Career Opportunities
Glossary
Credits
Disclaimer
Privacy Policy