CXAK58 PADQ 011439
CLMADQ

CLIMATE REPORT 
NATIONAL WEATHER SERVICE KODIAK, AK
639 AM AKDT TUE APR 1 2014
...................................

...THE KODIAK AP CLIMATE SUMMARY FOR THE MONTH OF MARCH 2014...

CLIMATE NORMAL PERIOD 1981 TO 2010
CLIMATE RECORD PERIOD 1949 TO 2014

WEATHER         OBSERVED          NORMAL  DEPART  LAST YEAR\'S
                 VALUE   DATE(S)  VALUE   FROM    VALUE  DATE(S)
                                          NORMAL
................................................................
TEMPERATURE (F)
RECORD
 HIGH              57   3/24/1963 
 LOW               -6   3/06/1971 
HIGHEST            46   3/30         47      -1      44  3/30  
LOWEST              9                13      -4      12  3/26  
AVG. MAXIMUM       40.4              37.9     2.5    37.6    
AVG. MINIMUM       26.6              27.7    -1.1    26.2   
MEAN               33.5              32.8     0.7    31.9
DAYS MAX >= 90      0                 0.0     0.0     0
DAYS MAX <= 32      2                 4.2    -2.2     3
DAYS MAX >= 80      0                 0.0     0.0     0
DAYS MAX >= 70      0                 0.0     0.0     0
DAYS MIN <= 32     26                21.7     4.3    23
DAYS MIN <= 0       0                 0.0     0.0     0

PRECIPITATION (INCHES)
RECORD
 MAXIMUM           12.73   1998   
 MINIMUM            0.67   1991
TOTALS              3.96              5.53   -1.57    4.47
DAILY AVG.          0.13              0.17   -0.04    0.14
DAYS >= .01        12                17.6    -5.6    15
DAYS >= .10         7                11.4    -4.4     7
DAYS >= .50         3                 3.9    -0.9     3
DAYS >= 1.0         2                 1.0     1.0     2
GREATEST
 24 HR TOTAL        1.13   3/12                       1.23  3/07        

SNOWFALL (INCHES)
RECORDS
 TOTAL             74.5   1956
 24 HR TOTAL       17.8   3-22-1956
 SNOW DEPTH        35     3-24-1956    
TOTALS             11.5              11.3     0.2    11.7   
SINCE 7/1          42.5              65.8   -23.3    60.1   
SNOWDEPTH AVG.      0                 0       0       0
DAYS >= TRACE      15                17.1    -2.1    16
DAYS >= 1.0         3                 3.6    -0.6     3
DAYS >= 6.0         0                 0.4    -0.4     0
GREATEST
 SNOW DEPTH         4   3/15                          2  3/27  
 24 HR TOTAL      5.2   3/10                        4.2  3/24  

DEGREE_DAYS
HEATING TOTAL     970               998     -28    1018 
 SINCE 7/1       6256              6871    -615    6939
COOLING TOTAL       0                 0       0       0
 SINCE 1/1          0                 0       0       0
................................................................

WIND (MPH)                        
AVERAGE WIND SPEED                8.8
HIGHEST WIND SPEED/DIRECTION     41/320    DATE   03/14
HIGHEST GUST SPEED/DIRECTION     53/320    DATE   03/14

SKY COVER
POSSIBLE SUNSHINE (PERCENT)   MM                                      
AVERAGE SKY COVER             MM
NUMBER OF DAYS FAIR           MM
NUMBER OF DAYS PC             MM
NUMBER OF DAYS CLOUDY         MM

AVERAGE RH (PERCENT)     MM

WEATHER CONDITIONS. NUMBER OF DAYS WITH
THUNDERSTORM              0     ICE PELLETS                 0
RAIN                     14     GLAZE                       0
DRIZZLE                   0     HAIL                        0
SNOW                     14     HAZE                        7
FOG                      16     FOG W/VIS <= 1/4 MILE       1
BLOWING SNOW              0


-  INDICATES NEGATIVE NUMBERS.
R  INDICATES RECORD WAS SET OR TIED.
MM INDICATES DATA IS MISSING.
T  INDICATES TRACE AMOUNT.

&&


$$
*** APR 14



Alaska Region Headquarters
222 West 7th Avenue #23
Anchorage, AK 99513-7575
Voice: 1-907-271-5088
Fax: 1-907-271-3711
Recorded Forecast: 1-800-472-0391
Webmaster Email: ARH Webauthors
Page Modified: 03 Feb 2008 18:00 UTC
About Us
Career Opportunities
Glossary
Credits
Disclaimer
Privacy Policy