CXAK58 PACD 011856
CLMCDB

CLIMATE REPORT 
NATIONAL WEATHER SERVICE COLD BAY, AK
1056 AM AKDT SAT NOV 1 2014
...................................

...THE COLD BAY AP CLIMATE SUMMARY FOR THE MONTH OF OCTOBER 2014...

CLIMATE NORMAL PERIOD 1981 TO 2010
CLIMATE RECORD PERIOD 1942 TO 2014

WEATHER         OBSERVED          NORMAL  DEPART  LAST YEAR\'S
                 VALUE   DATE(S)  VALUE   FROM    VALUE  DATE(S)
                                          NORMAL
................................................................
TEMPERATURE (F)
RECORD
 HIGH              69   10/26/1964
 LOW                6   10/31/1999
HIGHEST            55   10/02        54       1      60  10/07 
LOWEST             26                25       1      33  10/20 
AVG. MAXIMUM       45.3              45.5    -0.2    50.7    
AVG. MINIMUM       35.0              35.4    -0.4    41.2   
MEAN               40.2              40.4    -0.2    46.0
DAYS MAX >= 90      0                 0.0     0.0     0
DAYS MAX <= 32      0                 0.2    -0.2     0
DAYS MAX >= 80      0                 0.0     0.0     0
DAYS MAX >= 70      0                 0.0     0.0     0
DAYS MIN <= 32      8                 8.5    -0.5     0
DAYS MIN <= 0       0                 0.0     0.0     0

PRECIPITATION (INCHES)
RECORD
 MAXIMUM           10.17   2000   
 MINIMUM            1.43   1997
TOTALS              2.08              4.76   -2.68    5.79
DAILY AVG.          0.07              0.15   -0.08    0.19
DAYS >= .01        21                24.7    -3.7    28
DAYS >= .10         8                12.8    -4.8    18
DAYS >= .50         0                 2.3    -2.3     4
DAYS >= 1.0         0                 0.5    -0.5     0
GREATEST
 24 HR TOTAL        0.43   10/27                      0.70  10/11       

SNOWFALL (INCHES)
RECORDS
 TOTAL             15.6   1968
 24 HR TOTAL       11.4   10-22-1968
 SNOW DEPTH        13     10-23-1968   
TOTALS              2.4               2.4     0.0     0.0   
SINCE 7/1           2.4               2.6    -0.2     0.0   
SNOWDEPTH AVG.      0                 0       0       0
DAYS >= TRACE      15                 9.3     5.7     0
DAYS >= 1.0         1                 0.6     0.4     0
DAYS >= 6.0         0                 0.0    -0.0     0
GREATEST
 SNOW DEPTH         1   10/20                         0  MM    
 24 HR TOTAL      1.5   10/20                       0.0  MM    

DEGREE_DAYS
HEATING TOTAL     764               762       2     581 
 SINCE 7/1       1726              2113    -387    1710
COOLING TOTAL       0                 0       0       0
 SINCE 1/1          0                 0       0       0
................................................................

WIND (MPH)                        
AVERAGE WIND SPEED               15.9
HIGHEST WIND SPEED/DIRECTION     44/250    DATE   10/31
HIGHEST GUST SPEED/DIRECTION     53/080    DATE    10/8

SKY COVER
POSSIBLE SUNSHINE (PERCENT)   MM                                      
AVERAGE SKY COVER             MM
NUMBER OF DAYS FAIR           MM
NUMBER OF DAYS PC             MM
NUMBER OF DAYS CLOUDY         MM

AVERAGE RH (PERCENT)     MM

WEATHER CONDITIONS. NUMBER OF DAYS WITH
THUNDERSTORM              0     ICE PELLETS                 0
RAIN                     28     GLAZE                       0
DRIZZLE                   0     HAIL                        2
SNOW                     15     HAZE                        0
FOG                      20     FOG W/VIS <= 1/4 MILE       0
BLOWING SNOW              0


-  INDICATES NEGATIVE NUMBERS.
R  INDICATES RECORD WAS SET OR TIED.
MM INDICATES DATA IS MISSING.
T  INDICATES TRACE AMOUNT.

&&
...A DRY AND WINDY OCTOBER 2014 FOR COLD BAY ALASKA...  

OCTOBER 2014 FOR COLD BAY BEGAN WITH A HIGH PRESSURE OVER THE BERING SEA SLOWLY 
RETREATING TO THE NORTH ALLOWING FOR A SERIES OF FRONTS...TROUGHS...AND LOW 
PRESSURE SYSTEMS TO BEGIN TO TRANSITION OVER THE ALEUTIAN PENINSULA.  THUS 
TRANSITIONING INTO AUTUMN. 

THE SERIES OF FRONTS...TROUGHS...AND LOWS MOVING THROUGH THE AREA BROUGHT ABOUT 
STRONG WINDS THROUGHOUT THE MONTH. THE AVERAGE PEAK WIND DURING THE MONTH WAS THE 
5TH STRONGEST ON RECORD...AND THE MONTHLY AVERAGE WIND SPEED WAS 6TH STRONGEST ON 
RECORD. 

MONTHLY TEMPERATURE AVERAGES WERE ALL ON PAR WITH THE CLIMATIC NORMALS. NO 
TEMPERATURE RECORDS WERE SET THIS MONTH.

PRECIPITATION FOR OCTOBER 2014 WAS WELL BELOW NORMAL AND THE THIRD DRIEST ON 
RECORD. COLD BAY FINISHED THE MONTH WITH A DEFICIT OF OVER 2.50 INCHES.  

$$
STACY


Alaska Region Headquarters
222 West 7th Avenue #23
Anchorage, AK 99513-7575
Voice: 1-907-271-5088
Fax: 1-907-271-3711
Recorded Forecast: 1-800-472-0391
Webmaster Email: ARH Webauthors
Page Modified: 03 Feb 2008 18:00 UTC
About Us
Career Opportunities
Glossary
Credits
Disclaimer
Privacy Policy