CXAK58 PACD 011936
CLMCDB

CLIMATE REPORT 
NATIONAL WEATHER SERVICE COLD BAY, AK
1136 AM AKDT TUE JUL 1 2014
...................................

...THE COLD BAY AP CLIMATE SUMMARY FOR THE MONTH OF JUNE 2014...

CLIMATE NORMAL PERIOD 1981 TO 2010
CLIMATE RECORD PERIOD 1955 TO 2014

WEATHER         OBSERVED          NORMAL  DEPART  LAST YEAR\'S
                 VALUE   DATE(S)  VALUE   FROM    VALUE  DATE(S)
                                          NORMAL
................................................................
TEMPERATURE (F)
RECORD
 HIGH              72   6/28/2001 
 LOW               27   6/04/2007 
HIGHEST            62   6/24         61       1      60  6/18  
LOWEST             32                33      -1      37  6/17  
AVG. MAXIMUM       55.6              51.2     4.4    53.0    
AVG. MINIMUM       44.4              41.4     3.0    42.5   
MEAN               50.0              46.3     3.7    47.8
DAYS MAX >= 90      0                 0.0     0.0     0
DAYS MAX <= 32      0                 0.0     0.0     0
DAYS MAX >= 80      0                 0.0     0.0     0
DAYS MAX >= 70      0                 0.1    -0.1     0
DAYS MIN <= 32      1                 0.5     0.5     0
DAYS MIN <= 0       0                 0.0     0.0     0

PRECIPITATION (INCHES)
RECORD
 MAXIMUM            8.35   2000   
 MINIMUM            0.12   1961
TOTALS              1.05              2.72   -1.67    2.82
DAILY AVG.          0.04              0.09   -0.05    0.09
DAYS >= .01        16                17.4    -1.4    17
DAYS >= .10         4                 7.2    -3.2     9
DAYS >= .50         0                 0.8    -0.8     2
DAYS >= 1.0         0                 0.2    -0.2     0
GREATEST
 24 HR TOTAL        0.28   6/12                       0.73  6/21        

SNOWFALL (INCHES)
RECORDS
 TOTAL              0.5   1971
 24 HR TOTAL        0.5   6-01-1971
 SNOW DEPTH         0     6-02-1985    
TOTALS              0.0               0.0     0.0     0.0   
SINCE 7/1          37.3              74.6   -37.3    64.5   
SNOWDEPTH AVG.      0                 0       0       0
DAYS >= TRACE       0                 0.6    -0.6     0
DAYS >= 1.0         0                 0.0     0.0     0
DAYS >= 6.0         0                 0.0     0.0     0
GREATEST
 SNOW DEPTH         0   MM                            0  MM    
 24 HR TOTAL      0.0   MM                          0.0  MM    

DEGREE_DAYS
HEATING TOTAL     445               562    -117     509 
 SINCE 7/1       7946              9560   -1614    9693
COOLING TOTAL       0                 0       0       0
 SINCE 1/1          0                 0       0       0
................................................................

WIND (MPH)                        
AVERAGE WIND SPEED               12.5
HIGHEST WIND SPEED/DIRECTION     41/260    DATE   06/18
HIGHEST GUST SPEED/DIRECTION     54/250    DATE   06/18

WEATHER CONDITIONS. NUMBER OF DAYS WITH
THUNDERSTORM              0     ICE PELLETS                 0
RAIN                     20     GLAZE                       0
DRIZZLE                   1     HAIL                        0
SNOW                      0     HAZE                        0
FOG                      16     FOG W/VIS <= 1/4 MILE       2
BLOWING SNOW              0


-  INDICATES NEGATIVE NUMBERS.
R  INDICATES RECORD WAS SET OR TIED.
MM INDICATES DATA IS MISSING.
T  INDICATES TRACE AMOUNT.

&&
...WARM AND DRY CONTINUES INTO THE SUMMER FOR COLD BAY...

JUNE 2014 FOR COLD BAY WAS WARMER AND DRIER THAN NORMAL AS A HIGH PRESSURE 
CENTERED OVER THE CENTRAL ALEUTIAN ISLANDS CONTRIBUTED IN MAINLY SOUTHERLY TO 
WESTERLY WINDS...DELIVERING TEMPERATURES ABOVE NORMAL. 

MONTHLY TEMPERATURE AVERAGES WERE ALL IN THE TOP TEN ON RECORD FOR THE MONTH OF 
JUNE. THE HIGHEST AVERAGE MAXIMUM TEMPERATURE WAS THE 6TH WARMEST ON RECORD. THE 
AVERAGE MONTHLY TEMPERATURE WAS THE 2ND WARMEST ON RECORD AND ONLY 0.5 DEGREES 
BEHIND TYING THE ALL TIME RECORD.  COLD BAY SET 6 NEW TEMPERATURE RECORDS AND 
TIED 2 TEMPERATURE RECORDS.

6/2/2014- TIED RECORD HIGH TEMPERATURE OF 60 DEGREES LAST SET IN 1990. ALSO TIED 
MAX-MIN TEMPERATURE OF 32 DEGREES SET IN 1987.

6/3/2014- NEW RECORD MAXIMUM TEMPERATURE RECORD OF 61 DEGREES BREAKING THE 
PREVIOUS RECORD OF 59 DEGREES SET BACK IN 1996.

6/4/2014- NEW RECORD HIGH MINIMUM TEMPERATURE OF 48 DEGREES BREAKING THE OLD 
RECORD OF 46 IN 1979.

6/5/2014- NEW RECORD HIGH MINIMUM TEMPERATURE OF 50 DEGREES BREAKING THE OLD 
RECORD OF 46 IN 1979.

6/6/2014- NEW RECORD HIGH MINIMUM TEMPERATURE OF 48 DEGREES BREAKING THE OLD 
RECORD OF 47 IN 1970.

6/25/2014- NEW RECORD HIGH MINIMUM TEMPERATURE OF 50 DEGREES BREAKING THE OLD 
RECORD OF 47 IN 2005.

6/25/2014- NEW RECORD HIGH MINIMUM TEMPERATURE OF 48 DEGREES BREAKING THE OLD 
RECORD OF 47 IN 2002.

MONTHLY PRECIPITATION WAS OVER AN INCH BELOW AVERAGE FOR THE MONTH OF JUNE WITH 
5 DAYS ACCOUNTING FOR 0.88 INCHES OF THE MONTHLY TOTAL. 
$$
STACY

Alaska Region Headquarters
222 West 7th Avenue #23
Anchorage, AK 99513-7575
Voice: 1-907-271-5088
Fax: 1-907-271-3711
Recorded Forecast: 1-800-472-0391
Webmaster Email: ARH Webauthors
Page Modified: 03 Feb 2008 18:00 UTC
About Us
Career Opportunities
Glossary
Credits
Disclaimer
Privacy Policy