CXAK58 PABE 031142
CLMBET

CLIMATE REPORT 
NATIONAL WEATHER SERVICE BETHEL, AK
342 AM AKDT WED SEP 3 2014
...................................

...THE BETHEL AP CLIMATE SUMMARY FOR THE MONTH OF AUGUST 2014...

CLIMATE NORMAL PERIOD 1981 TO 2010
CLIMATE RECORD PERIOD 1923 TO 2014

WEATHER         OBSERVED          NORMAL  DEPART  LAST YEAR\'S
                 VALUE   DATE(S)  VALUE   FROM    VALUE  DATE(S)
                                          NORMAL
................................................................
TEMPERATURE (F)
RECORD
 HIGH              87   8/09/2003 
 LOW               28   8/26/1984 
HIGHEST            74   8/10         72       2      69  8/13  
LOWEST             35                37      -2      40  8/24  
AVG. MAXIMUM       64.2              59.9     4.3    60.4    
AVG. MINIMUM       49.3              46.9     2.4    48.6   
MEAN               56.8              53.5     3.3    54.5
DAYS MAX >= 90      0                 0.0     0.0     0
DAYS MAX <= 32      0                 0.0     0.0     0
DAYS MAX >= 80      0                 0.2    -0.2     0
DAYS MAX >= 70      4                 2.6     1.4     0
DAYS MIN <= 32      0                 0.1    -0.1     0
DAYS MIN <= 0       0                 0.0     0.0     0

PRECIPITATION (INCHES)
RECORD
 MAXIMUM           12.37   1951   
 MINIMUM            0.99   1976
TOTALS              2.02              3.25   -1.23    3.28
DAILY AVG.          0.07              0.10   -0.03    0.11
DAYS >= .01        13                18.0    -5.0    24
DAYS >= .10         7                 9.3    -2.3    11
DAYS >= .50         1                 1.6    -0.6     0
DAYS >= 1.0         0                 0.1    -0.1     0
GREATEST
 24 HR TOTAL        0.53   8/01                       0.43  8/21        

SNOWFALL (INCHES)
RECORDS
 TOTAL              0.0   1948
 24 HR TOTAL        0.0   8-31-2014
 SNOW DEPTH         0     8-31-2014    
TOTALS              0.0               0.0     0.0     0.0   
SINCE 7/1           0.0               0.0     0.0     0.0   
SNOWDEPTH AVG.      0                 0       0       0
DAYS >= TRACE       0                 0.0     0.0     0
DAYS >= 1.0         0                 0.0     0.0     0
DAYS >= 6.0         0                 0.0     0.0     0
GREATEST
 SNOW DEPTH         0   MM                            0  MM    
 24 HR TOTAL      0.0   MM                          0.0  MM    

DEGREE_DAYS
HEATING TOTAL     248               358    -110     319 
 SINCE 7/1        521               642    -121     584
COOLING TOTAL       0                 0       0       0
 SINCE 1/1          0                 0       0      18
................................................................

WIND (MPH)                        
AVERAGE WIND SPEED                6.9
HIGHEST WIND SPEED/DIRECTION     24/240    DATE   08/28
HIGHEST GUST SPEED/DIRECTION     29/250    DATE   08/28

SKY COVER
POSSIBLE SUNSHINE (PERCENT)   MM                                      
AVERAGE SKY COVER             MM
NUMBER OF DAYS FAIR           MM
NUMBER OF DAYS PC             MM
NUMBER OF DAYS CLOUDY         MM

AVERAGE RH (PERCENT)     MM

WEATHER CONDITIONS. NUMBER OF DAYS WITH
THUNDERSTORM              0     ICE PELLETS                 0
RAIN                     23     GLAZE                       0
DRIZZLE                   3     HAIL                        0
SNOW                      0     HAZE                        0
FOG                      20     FOG W/VIS <= 1/4 MILE       8
BLOWING SNOW              0


-  INDICATES NEGATIVE NUMBERS.
R  INDICATES RECORD WAS SET OR TIED.
MM INDICATES DATA IS MISSING.
T  INDICATES TRACE AMOUNT.

&&
...AUGUST WAS WARMER AND DRIER THAN NORMAL IN BETHEL...

DURING THE FIRST PART OF THE MONTH OF AUGUST BETHEL WAS UNDER THE INFLUENCE OF
HIGH PRESSURE. AS THE HIGH PRESSURE MOVED SOUTH A SERIES OF LOW PRESSURE SYSTEMS
WITH THEIR ASSOCIATED FRONTS THAT TRACK EASTWARD ACROSS THE BERING SEAS OVER
SOUTHWESTERN ALASKA INTO CENTRAL ALASKA.

TEMPERATURES WERE ABOVE NORMAL AND PRECIPITATION WERE BELOW NORMAL FOR AUGUST.

BETHEL SET NEW RECORDS IN JULY:

NEW RECORD PRECIPITATION    PREVIOUS
AUG 1ST… 0.53               0.40 (1958)

$$
BDW SEP 14


Alaska Region Headquarters
222 West 7th Avenue #23
Anchorage, AK 99513-7575
Voice: 1-907-271-5088
Fax: 1-907-271-3711
Recorded Forecast: 1-800-472-0391
Webmaster Email: ARH Webauthors
Page Modified: 03 Feb 2008 18:00 UTC
About Us
Career Opportunities
Glossary
Credits
Disclaimer
Privacy Policy