CXAK58 PABE 132145
CLMBET


CLIMATE REPORT
NATIONAL WEATHER SERVICE ANCHORAGE, AK                               
1230 PM AKST TUE FEB 13 2018
................................... 

...THE BETHEL CLIMATE SUMMARY FOR THE MONTH OF JANUARY 2018...

CLIMATE NORMAL PERIOD 1981 TO 2010
CLIMATE RECORD PERIOD 1948 TO 2018

WEATHER         OBSERVED          NORMAL  DEPART  LAST YEAR'S         
                 VALUE   DATE(S)  VALUE   FROM    VALUE  DATE(S)      
                                          NORMAL                      
................................................................
TEMPERATURE (F)
RECORD
 HIGH              49   01/06/1942                                    
 LOW              -99   01/27/2018                                    
HIGHEST            38                MM      MM       39              
LOWEST            -14                MM      MM      -31              
AVG. MAXIMUM     16.1              12.4     3.7     14.5              
AVG. MINIMUM      6.6               0.8     5.8      2.3              
MEAN             11.3               6.6     4.7      8.4              
DAYS MAX >= 90      0               0.0     0.0        0              
DAYS MAX <= 32     26              25.5     0.5       26              
DAYS MIN <= 32     31              30.3     0.7       29              
DAYS MIN <= 0       9              14.7    -5.7       15              

PRECIPITATION (INCHES)
RECORD
 MAXIMUM           MM   MM                                            
 MINIMUM           MM   MM                                            
TOTALS           0.30              0.78   -0.48     1.21              
DAILY AVG.       0.01              0.03   -0.02     0.04              
DAYS >= .01         8               9.1    -1.1        8              
DAYS >= .10         1               2.2    -1.2        4              
DAYS >= .50         0               0.2    -0.2        0              
DAYS >= 1.00        0               0.0     0.0        0              
GREATEST
 24 HR. TOTAL    0.11   01/01 TO 01/01           01/02 TO 01/03       
                        12/31 TO 01/01                    01/03 TO 01/03
                        01/01 TO 01/01                    01/03 TO 01/03
 STORM TOTAL       MM                                 MM              
 (MM/DD(HH))            MM                    01/03(00) TO 01/03(00)  
                                                 01/03(00) TO 01/03(00)3
                                                 01/03(00) TO 01/03(00)3

SNOWFALL (INCHES)
RECORDS
 TOTAL             MM   MM                                            
 24 HR TOTAL       MM                                                 
 SNOW DEPTH        MM   MM                                            
TOTALS            1.3               9.6    -8.3      9.8              
SINCE 7/1        19.7              38.9   -19.2     20.9              
SNOWDEPTH AVG.      2                 7      -5        3              
DAYS >= TRACE       7               9.4    -2.4       15              
DAYS >= 1.0         1               2.9    -1.9                       
GREATEST
 SNOW DEPTH         4   01/04                          6  01/31       
                                                          01/30       
                                                          01/29       
 24 HR TOTAL      1.1   01/01 TO 01/01           01/03 TO 01/03       
                                                          01/03 TO 01/03
                                                          01/03 TO 01/03
 STORM TOTAL       MM                                 MM              
 (MM/DD(HH))            MM                                            

DEGREE_DAYS
HEATING TOTAL    1654              1810    -156     1748              
 SINCE 7/1       6056              7227   -1171     6565              
COOLING TOTAL       0                 0       0        0              
 SINCE 1/1          0                 0       0        0              

FREEZE DATES
RECORD
 EARLIEST     MM                                                      
 LATEST       MM                                                      
EARLIEST      01/01             MM                                    
LATEST                          MM                                    
....................................................

WIND (MPH)
AVERAGE WIND SPEED              14.6
RESULTANT WIND SPEED/DIRECTION  11/014
HIGHEST WIND SPEED/DIRECTION    35/020    DATE  01/31
HIGHEST GUST SPEED/DIRECTION    44/010    DATE  01/31

SKY COVER
POSSIBLE SUNSHINE (PERCENT)   MM                                      
AVERAGE SKY COVER           0.40
NUMBER OF DAYS FAIR           14
NUMBER OF DAYS PC              9
NUMBER OF DAYS CLOUDY          8

AVERAGE RH (PERCENT)     82

WEATHER CONDITIONS. NUMBER OF DAYS WITH 
THUNDERSTORM              0     MIXED PRECIP               0
HEAVY RAIN                0     RAIN                       0
LIGHT RAIN                4     FREEZING RAIN              0
LT FREEZING RAIN          0     HAIL                       0
HEAVY SNOW                0     SNOW                       0
LIGHT SNOW                7     SLEET                      0
FOG                       9     FOG W/VIS <= 1/4 MILE      1
HAZE                      3                                           
                                                                    
-  INDICATES NEGATIVE NUMBERS.                                      
R  INDICATES RECORD WAS SET OR TIED.                                
MM INDICATES DATA IS MISSING.                                       
T  INDICATES TRACE AMOUNT.                                          

$$


Alaska Region Headquarters
222 West 7th Avenue #23
Anchorage, AK 99513-7575
Voice: 1-907-271-5088
Fax: 1-907-271-3711
Recorded Forecast: 1-800-472-0391
Webmaster Email: ARH Webauthors
Page Modified: 03 Feb 2008 18:00 UTC
About Us
Career Opportunities
Glossary
Credits
Disclaimer
Privacy Policy