CXAK58 PABE 011359
CLMBET

CLIMATE REPORT 
NATIONAL WEATHER SERVICE BETHEL, AK
559 AM AKDT SAT NOV 1 2014
...................................

...THE BETHEL AP CLIMATE SUMMARY FOR THE MONTH OF OCTOBER 2014...

CLIMATE NORMAL PERIOD 1981 TO 2010
CLIMATE RECORD PERIOD 1948 TO 2014

WEATHER         OBSERVED          NORMAL  DEPART  LAST YEAR\'S
                 VALUE   DATE(S)  VALUE   FROM    VALUE  DATE(S)
                                          NORMAL
................................................................
TEMPERATURE (F)
RECORD
 HIGH              65   10/02/1954
 LOW               -6   10/30/2001
HIGHEST            51   10/01        49       2      54  10/12 
LOWEST             11                 8       3      21  10/01 
AVG. MAXIMUM       34.2              35.8    -1.6    43.3    
AVG. MINIMUM       22.4              24.7    -2.3    33.1   
MEAN               28.3              30.3    -2.0    38.2
DAYS MAX >= 90      0                 0.0     0.0     0
DAYS MAX <= 32     14                10.3     3.7     2
DAYS MAX >= 80      0                 0.0     0.0     0
DAYS MAX >= 70      0                 0.0     0.0     0
DAYS MIN <= 32     30                24.8     5.2    15
DAYS MIN <= 0       0                 0.5    -0.5     0

PRECIPITATION (INCHES)
RECORD
 MAXIMUM            4.48   2006   
 MINIMUM            0.11   1965
TOTALS              2.09              1.65    0.44    4.22
DAILY AVG.          0.07              0.06    0.01    0.14
DAYS >= .01        10                12.9    -2.9    21
DAYS >= .10         6                 5.0     1.0    13
DAYS >= .50         1                 0.6     0.4     3
DAYS >= 1.0         1                 0.0     1.0     0
GREATEST
 24 HR TOTAL        1.16   10/27                      0.63  10/07       

SNOWFALL (INCHES)
RECORDS
 TOTAL             12.8   1978
 24 HR TOTAL        6.0   10-22-2005
 SNOW DEPTH         7     10-26-1998   
TOTALS              6.8               4.4     2.4     0.0   
SINCE 7/1           6.8               4.9     1.9     0.0   
SNOWDEPTH AVG.      0                 0       0       0
DAYS >= TRACE      12                13.1    -1.1     3
DAYS >= 1.0         3                 1.5     1.5     0
DAYS >= 6.0         0                 0.0    -0.0     0
GREATEST
 SNOW DEPTH         4   10/26                         0  MM    
 24 HR TOTAL      2.4   10/20                         T  10/31 

DEGREE_DAYS
HEATING TOTAL    1130              1076      54     821 
 SINCE 7/1       2154              2302    -148    2016
COOLING TOTAL       0                 0       0       0
 SINCE 1/1          0                 0       0      18
................................................................

WIND (MPH)                        
AVERAGE WIND SPEED               11.7
HIGHEST WIND SPEED/DIRECTION     38/030    DATE    10/9
HIGHEST GUST SPEED/DIRECTION     46/030    DATE    10/9

SKY COVER
POSSIBLE SUNSHINE (PERCENT)   MM                                      
AVERAGE SKY COVER             MM
NUMBER OF DAYS FAIR           MM
NUMBER OF DAYS PC             MM
NUMBER OF DAYS CLOUDY         MM

AVERAGE RH (PERCENT)     MM

WEATHER CONDITIONS. NUMBER OF DAYS WITH
THUNDERSTORM              0     ICE PELLETS                 0
RAIN                      5     GLAZE                       0
DRIZZLE                   0     HAIL                        0
SNOW                     12     HAZE                        0
FOG                      11     FOG W/VIS <= 1/4 MILE       2
BLOWING SNOW              0


-  INDICATES NEGATIVE NUMBERS.
R  INDICATES RECORD WAS SET OR TIED.
MM INDICATES DATA IS MISSING.
T  INDICATES TRACE AMOUNT.

&&

...COOL AND WET OCTOBER FOR BETHEL...

OVERALL...OCTOBER 2014 WAS GENERALLY A COOLER AND WETTER MONTH THAN
NORMAL FOR BETHEL. FOR MOST OF THE MONTH AN ABNORMALLY STRONG AREA OF
HIGH PRESSURE CENTERED OVER THE WEST-CENTRAL BERING SEA COMBINED WITH 
AN EQUALLY ABNORMAL STRONG AREA OF LOW PRESSURE OVER THE NORTHEAST
PACIFIC OCEAN KEPT THE KUSKOKWIM DELTA IN MOSTLY NORTHERLY FLOW...
ALLOWING COOLER CONDITIONS TO PREVAIL.

WITH RESPECT TO TEMPERATURE...WHILE NOT IN THE TOP 25 COLDEST MONTHS...
BETHEL WAS ABNORMALLY COOL WITH THE AVERAGE MAXIMUM TEMPERATURE COMING
IN AS THE 26TH COOLEST ON RECORD. THE AVERAGE MINIMUM AND THE AVERAGE
MEAN TEMPERATURES BOTH CAME IN AS THE 27TH COOLEST ON RECORD. THERE 
WERE NO TEMPERATURE RECORDS SET IN OCTOBER.

LOOKING JUST AT PRECIPITATION TOTALS...OCTOBER 2014 COMES IN SLIGHTLY
ABOVE NORMAL AS THE 20TH WETTEST OCTOBER ON RECORD WITH REGARDS TO LIQUID 
PRECIPITATION AND THE 19TH SNOWIEST OCTOBER ON RECORD. HOWEVER...A CLOSER 
LOOK AT THE DATA SHOWS THAT OVER HALF OF THE TOTAL AMOUNT OF PRECIPITATION 
FOR THE MONTH FELL IN A 24 HOUR PERIOD ON THE 27TH. THIS TOTAL OF 1.16 
INCHES SET A NEW DAILY RECORD AS WELL AS BEING THE 4TH WETTEST DAY ON 
RECORD IN OCTOBER. THIS RAINFALL WAS DUE TO A STRONG LOW PRESSURE SYSTEM 
NEAR THE BERING STRAIT THAT BROUGHT DEEP WARM MOISTURE TO THE REGION. 
THE STRONG AND OFTEN DRY NORTHERLY FLOW ACTUALLY PRODUCED DRIER THAN 
NORMAL CONDITIONS IN THE ATMOSPHERE WHICH LEAD TO GENERALLY DRY...LOW 
WATER EQUIVALENT SNOWFALL EVENTS FOR THE FIRST 20 DAYS OF THE MONTH.

$$
FONTENOT


Alaska Region Headquarters
222 West 7th Avenue #23
Anchorage, AK 99513-7575
Voice: 1-907-271-5088
Fax: 1-907-271-3711
Recorded Forecast: 1-800-472-0391
Webmaster Email: ARH Webauthors
Page Modified: 03 Feb 2008 18:00 UTC
About Us
Career Opportunities
Glossary
Credits
Disclaimer
Privacy Policy