CXAK57 PAYA 011705
CLMYAK

CLIMATE REPORT 
NATIONAL WEATHER SERVICE YAKUTAT, AK
905 AM AKDT TUE JUL 1 2014
...................................

...THE YAKUTAT AP CLIMATE SUMMARY FOR THE MONTH OF JUNE 2014...

CLIMATE NORMAL PERIOD 1981 TO 2010
CLIMATE RECORD PERIOD 1948 TO 2014

WEATHER         OBSERVED          NORMAL  DEPART  LAST YEAR\'S
                 VALUE   DATE(S)  VALUE   FROM    VALUE  DATE(S)
                                          NORMAL
................................................................
TEMPERATURE (F)
RECORD
 HIGH              87   6/10/1995 
 LOW               29   6/04/1971 
HIGHEST            68   6/27         71      -3      81  6/16  
LOWEST             35                34       1      37  6/08  
AVG. MAXIMUM       56.2              57.3    -1.1    60.7    
AVG. MINIMUM       43.6              44.3    -0.7    46.1   
MEAN               49.9              50.8    -0.9    53.4
DAYS MAX >= 90      0                 0.0     0.0     0
DAYS MAX <= 32      0                 0.0     0.0     0
DAYS MAX >= 80      0                 0.1    -0.1     1
DAYS MAX >= 70      0                 1.0    -1.0     6
DAYS MIN <= 32      0                 0.3    -0.3     0
DAYS MIN <= 0       0                 0.0     0.0     0

PRECIPITATION (INCHES)
RECORD
 MAXIMUM           18.34   1987   
 MINIMUM            0.68   1959
TOTALS             10.10              6.39    3.71    3.38
DAILY AVG.          0.34              0.21    0.13    0.11
DAYS >= .01        20                17.0     3.0    10
DAYS >= .10        17                10.7     6.3     5
DAYS >= .50         6                 4.1     1.9     4
DAYS >= 1.0         1                 1.5    -0.5     1
GREATEST
 24 HR TOTAL        2.93   6/17                       1.08  6/01        

SNOWFALL (INCHES)
RECORDS
 TOTAL             37.2   1993
 24 HR TOTAL        9.3   6-29-1993
 SNOW DEPTH         9     6-30-2006    
TOTALS              0.0               0.0     0.0     0.0   
SINCE 7/1         109.0             156.2   -47.2   179.2   
SNOWDEPTH AVG.      0                 0       0       0
DAYS >= TRACE       0                 0.2    -0.2     0
DAYS >= 1.0         0                 0.1    -0.1     0
DAYS >= 6.0         0                 0.1    -0.1     0
GREATEST
 SNOW DEPTH         0   MM                            0  MM    
 24 HR TOTAL      0.0   MM                          0.0  MM    

DEGREE_DAYS
HEATING TOTAL     446               426      20     342 
 SINCE 7/1       8710              9021    -311    9320
COOLING TOTAL       0                 0       0       0
 SINCE 1/1          0                 0       0       0
................................................................

WIND (MPH)                        
AVERAGE WIND SPEED                4.4
HIGHEST WIND SPEED/DIRECTION     21/110    DATE   06/17
HIGHEST GUST SPEED/DIRECTION     33/110    DATE   06/17

SKY COVER
POSSIBLE SUNSHINE (PERCENT)   MM                                      
AVERAGE SKY COVER             MM
NUMBER OF DAYS FAIR           MM
NUMBER OF DAYS PC             MM
NUMBER OF DAYS CLOUDY         MM

AVERAGE RH (PERCENT)     MM

WEATHER CONDITIONS. NUMBER OF DAYS WITH
THUNDERSTORM              0     ICE PELLETS                 0
RAIN                     22     GLAZE                       0
DRIZZLE                   0     HAIL                        0
SNOW                      0     HAZE                        1
FOG                      27     FOG W/VIS <= 1/4 MILE       2
BLOWING SNOW              0


-  INDICATES NEGATIVE NUMBERS.
R  INDICATES RECORD WAS SET OR TIED.
MM INDICATES DATA IS MISSING.
T  INDICATES TRACE AMOUNT.

&&
WE HAD A LOT MORE PRECIPITATION FOR THE MONTH OF JUNE WITH WELL OVER THREE 
INCHES OF RAIN ABOVE NORMAL. THIS UNUSUALLY WET MONTH WAS VERY HELPFUL FOR THE 
FISHERMEN AS IT INCREASED THE FLOW OF THE RIVERS. IT WAS ALSO A VERY WARM MONTH 
WITH TEMPERATURES AVERAGING IN THE MID 50S DURING THE DAYS AND MID 40\'S DURING 
THE NIGHTS. WE HAD FIVE SMALL CRAFT WIND EVENTS WITH THE STRONGEST WIND OUT OF 
THE EAST AT 33 MPH. OVER ALL IT WAS A VERY MILD MONTH.

$$
DC JUL 14


Alaska Region Headquarters
222 West 7th Avenue #23
Anchorage, AK 99513-7575
Voice: 1-907-271-5088
Fax: 1-907-271-3711
Recorded Forecast: 1-800-472-0391
Webmaster Email: ARH Webauthors
Page Modified: 03 Feb 2008 18:00 UTC
About Us
Career Opportunities
Glossary
Credits
Disclaimer
Privacy Policy