CXAK57 PAYA 011806
CLMYAK

CLIMATE REPORT 
NATIONAL WEATHER SERVICE YAKUTAT, AK
906 AM AKST MON FEB 1 2016
...................................

...THE YAKUTAT AP CLIMATE SUMMARY FOR THE MONTH OF JANUARY 2016...

CLIMATE NORMAL PERIOD 1981 TO 2010
CLIMATE RECORD PERIOD 1948 TO 2016

WEATHER         OBSERVED          NORMAL  DEPART  LAST YEAR\'S
                 VALUE   DATE(S)  VALUE   FROM    VALUE  DATE(S)
                                          NORMAL
................................................................
TEMPERATURE (F)
RECORD
 HIGH              55   1/14/1981 
 LOW              -22   1/22/1952 
HIGHEST            49   1/27         43       6      47  1/13  
LOWEST             16                 1      15      11  1/06  
AVG. MAXIMUM       40.8              33.8     7.0    40.1    
AVG. MINIMUM       30.9              22.4     8.5    30.5   
MEAN               35.9              28.1     7.8    35.3
DAYS MAX >= 90      0                 0.0     0.0     0
DAYS MAX <= 32      0                11.8   -11.8     4
DAYS MAX >= 80      0                 0.0     0.0     0
DAYS MAX >= 70      0                 0.0     0.0     0
DAYS MIN <= 32     15                23.7    -8.7    19
DAYS MIN <= 0       0                 2.0    -2.0     0

PRECIPITATION (INCHES)
RECORD
 MAXIMUM           31.81   1985   
 MINIMUM            1.59   1950
TOTALS             14.42             13.66    0.76   14.02
DAILY AVG.          0.47              0.44    0.03    0.45
DAYS >= .01        24                21.9     2.1    20
DAYS >= .10        17                17.8    -0.8    17
DAYS >= .50        12                 8.8     3.2    10
DAYS >= 1.0         7                 4.5     2.5     6
GREATEST
 24 HR TOTAL        1.56   1/01                       1.78  1/16        

SNOWFALL (INCHES)
RECORDS
 TOTAL            116.2   1989
 24 HR TOTAL       23.5   1-03-1971
 SNOW DEPTH        91     1-28-2012    
TOTALS              0.0              31.9   -31.9     1.7   
SINCE 7/1          47.0              86.1   -39.1     8.8   
SNOWDEPTH AVG.      0                10     -10       0
DAYS >= TRACE       1                16.2   -15.2     7
DAYS >= 1.0         0                 8.0    -8.0     1
DAYS >= 6.0         0                 1.7    -1.7     0
GREATEST
 SNOW DEPTH         2   1/02                          1  1/30  
 24 HR TOTAL        T   1/07                        1.3  1/25  

DEGREE_DAYS
HEATING TOTAL     896              1145    -249     911 
 SINCE 7/1       4535              5139    -604    4556
COOLING TOTAL       0                 0       0       0
 SINCE 1/1          0                 0       0       0
................................................................

WIND (MPH)                        
AVERAGE WIND SPEED                5.1
HIGHEST WIND SPEED/DIRECTION     28/170    DATE    01/2
HIGHEST GUST SPEED/DIRECTION     44/140    DATE    01/2

SKY COVER
POSSIBLE SUNSHINE (PERCENT)   MM                                      
AVERAGE SKY COVER             MM
NUMBER OF DAYS FAIR           MM
NUMBER OF DAYS PC             MM
NUMBER OF DAYS CLOUDY         MM

AVERAGE RH (PERCENT)     MM

WEATHER CONDITIONS. NUMBER OF DAYS WITH
THUNDERSTORM              0     ICE PELLETS                 0
RAIN                     25     GLAZE                       0
DRIZZLE                   0     HAIL                        0
SNOW                      1     HAZE                        1
FOG                      27     FOG W/VIS <= 1/4 MILE       1
BLOWING SNOW              0


-  INDICATES NEGATIVE NUMBERS.
R  INDICATES RECORD WAS SET OR TIED.
MM INDICATES DATA IS MISSING.
T  INDICATES TRACE AMOUNT.

&&
WHILE IT WAS A VERY WARM MONTH, WE MANAGED TO FINISH THE MONTH OUT WITHOUT BREAKING 
ANY TEMPERATURES RECORDS. WE DID MANAGE TO GET JUST ABOVE OUR NORMAL VALUES FOR 
RAINFALL AND FINISHED WELL BELOW OUR NORMAL VALE OF SNOW FALL. WE HAD TWO 
SIGNIFICANT LOWS MOVE THROUGH OUR AREA DURING THE MONTH, ONE AT THE BEGINNING AND 
ONE TOWARDS THE END WITH A PEAK WIND OF 44 MPH OUT OF THE SOUTHEAST.

$$
DC FEB 16


Alaska Region Headquarters
222 West 7th Avenue #23
Anchorage, AK 99513-7575
Voice: 1-907-271-5088
Fax: 1-907-271-3711
Recorded Forecast: 1-800-472-0391
Webmaster Email: ARH Webauthors
Page Modified: 03 Feb 2008 18:00 UTC
About Us
Career Opportunities
Glossary
Credits
Disclaimer
Privacy Policy