CXAK57 PAYA 012038
CLMYAK

CLIMATE REPORT 
NATIONAL WEATHER SERVICE YAKUTAT, AK
1238 PM AKDT MON SEP 1 2014
...................................

...THE YAKUTAT AP CLIMATE SUMMARY FOR THE MONTH OF AUGUST 2014...

CLIMATE NORMAL PERIOD 1981 TO 2010
CLIMATE RECORD PERIOD 1948 TO 2014

WEATHER         OBSERVED          NORMAL  DEPART  LAST YEAR\'S
                 VALUE   DATE(S)  VALUE   FROM    VALUE  DATE(S)
                                          NORMAL
................................................................
TEMPERATURE (F)
RECORD
 HIGH              88   8/15/2004 
 LOW               29   8/24/1974 
HIGHEST            64   8/21         72      -8      68  8/30  
LOWEST             40                36       4      42  8/13  
AVG. MAXIMUM       59.7              60.5    -0.8    62.1    
AVG. MINIMUM       49.6              47.2     2.4    50.1   
MEAN               54.6              53.8     0.8    56.1
DAYS MAX >= 90      0                 0.0     0.0     0
DAYS MAX <= 32      0                 0.0     0.0     0
DAYS MAX >= 80      0                 0.1    -0.1     0
DAYS MAX >= 70      0                 1.6    -1.6     0
DAYS MIN <= 32      0                 0.0    -0.0     0
DAYS MIN <= 0       0                 0.0     0.0     0

PRECIPITATION (INCHES)
RECORD
 MAXIMUM           27.74   1991   
 MINIMUM            2.26   2007
TOTALS             23.17             14.07    9.10    9.55
DAILY AVG.          0.75              0.45    0.30    0.31
DAYS >= .01        23                19.1     3.9    19
DAYS >= .10        22                14.0     8.0    13
DAYS >= .50        15                 8.2     6.8     8
DAYS >= 1.0         9                 5.2     3.8     3
GREATEST
 24 HR TOTAL        4.07   8/14                       2.34  8/23        

SNOWFALL (INCHES)
RECORDS
 TOTAL              0.0   1999
 24 HR TOTAL        0.0   8-21-2003
 SNOW DEPTH       190     8-05-2011    
TOTALS              0.0               0.0     0.0     0.0   
SINCE 7/1           0.0               0.0     0.0     0.0   
SNOWDEPTH AVG.      0                 0       0       0
DAYS >= TRACE       0                 0.1    -0.1     0
DAYS >= 1.0         0                 0.0     0.0     0
DAYS >= 6.0         0                 0.0     0.0     0
GREATEST
 SNOW DEPTH         0   MM                            0  MM    
 24 HR TOTAL      0.0   MM                          0.0  MM    

DEGREE_DAYS
HEATING TOTAL     314               346     -32     267 
 SINCE 7/1        627               678     -51     564
COOLING TOTAL       0                 0       0       0
 SINCE 1/1          0                 0       0       0
................................................................

WIND (MPH)                        
AVERAGE WIND SPEED                5.1
HIGHEST WIND SPEED/DIRECTION     23/130    DATE    08/4
HIGHEST GUST SPEED/DIRECTION     41/120    DATE    08/4

SKY COVER
POSSIBLE SUNSHINE (PERCENT)   MM                                      
AVERAGE SKY COVER             MM
NUMBER OF DAYS FAIR           MM
NUMBER OF DAYS PC             MM
NUMBER OF DAYS CLOUDY         MM

AVERAGE RH (PERCENT)     MM

WEATHER CONDITIONS. NUMBER OF DAYS WITH
THUNDERSTORM              0     ICE PELLETS                 0
RAIN                     23     GLAZE                       0
DRIZZLE                   0     HAIL                        0
SNOW                      0     HAZE                        0
FOG                      25     FOG W/VIS <= 1/4 MILE       4
BLOWING SNOW              0


-  INDICATES NEGATIVE NUMBERS.
R  INDICATES RECORD WAS SET OR TIED.
MM INDICATES DATA IS MISSING.
T  INDICATES TRACE AMOUNT.

&&
THIS AUGUST HAS SEEN A SERIES OF SUBTROPICAL LOWS MOVING THROUGH, BRINGING 
PERSISTENT RAINFALL WITH ONLY A FEW DAYS OF RESPITE. WITH 23 INCHES OF RAINFALL, 
THIS MONTH HAS BROUGHT IN OVER A QUARTER OF ANNUAL ACCUMULATION TOTALS THUS FAR. 
AUGUST 14TH EVEN SET A NEW DAILY RECORD WITH OVER FOUR INCHES RECORDED. STRONGER 
WINDS ACCOMPANIED THE INCLEMENT WEATHER AND THREE DAYS OF WINDS PEAKING ABOVE 35KTS 
WERE OBSERVED. TEMPERATURES WERE WITHIN AVERAGE VALUES AND CONSISTENT WITH RECENT 
YEARS.
$$
*** SEP 14

Alaska Region Headquarters
222 West 7th Avenue #23
Anchorage, AK 99513-7575
Voice: 1-907-271-5088
Fax: 1-907-271-3711
Recorded Forecast: 1-800-472-0391
Webmaster Email: ARH Webauthors
Page Modified: 03 Feb 2008 18:00 UTC
About Us
Career Opportunities
Glossary
Credits
Disclaimer
Privacy Policy