CXAK57 PAYA 020953
CLMYAK

CLIMATE REPORT 
NATIONAL WEATHER SERVICE YAKUTAT, AK
153 AM AKDT THU JUL 2 2015
...................................

...THE YAKUTAT AP CLIMATE SUMMARY FOR THE MONTH OF JUNE 2015...

CLIMATE NORMAL PERIOD 1981 TO 2010
CLIMATE RECORD PERIOD 1948 TO 2015

WEATHER         OBSERVED          NORMAL  DEPART  LAST YEAR\'S
                 VALUE   DATE(S)  VALUE   FROM    VALUE  DATE(S)
                                          NORMAL
................................................................
TEMPERATURE (F)
RECORD
 HIGH              87   6/10/1995 
 LOW               29   6/04/1971 
HIGHEST            82   6/15         71      11      68  6/27  
LOWEST             40                34       6      35  6/04  
AVG. MAXIMUM       60.5              57.3     3.2    56.2    
AVG. MINIMUM       46.7              44.3     2.4    43.6   
MEAN               53.6              50.8     2.8    49.9
DAYS MAX >= 90      0                 0.0     0.0     0
DAYS MAX <= 32      0                 0.0     0.0     0
DAYS MAX >= 80      3                 0.1     2.9     0
DAYS MAX >= 70      5                 1.0     4.0     0
DAYS MIN <= 32      0                 0.3    -0.3     0
DAYS MIN <= 0       0                 0.0     0.0     0

PRECIPITATION (INCHES)
RECORD
 MAXIMUM           18.34   1987   
 MINIMUM            0.68   1959
TOTALS              8.65              6.39    2.26   10.10
DAILY AVG.          0.29              0.21    0.08    0.34
DAYS >= .01        16                17.0    -1.0    20
DAYS >= .10        12                10.7     1.3    17
DAYS >= .50         8                 4.1     3.9     6
DAYS >= 1.0         2                 1.5     0.5     1
GREATEST
 24 HR TOTAL        2.10   6/04                       2.93  6/17        

SNOWFALL (INCHES)
RECORDS
 TOTAL              0.0   1955
 24 HR TOTAL        0.0   6-20-2005
 SNOW DEPTH         9     6-30-2006    
TOTALS              0.0               0.0     0.0     0.0   
SINCE 7/1          47.1             155.0  -107.9   109.0   
SNOWDEPTH AVG.      0                 0       0       0
DAYS >= TRACE       0                 0.1    -0.1     0
DAYS >= 1.0         0                 0.0     0.0     0
DAYS >= 6.0         0                 0.0     0.0     0
GREATEST
 SNOW DEPTH         0   MM                            0  MM    
 24 HR TOTAL      0.0   MM                          0.0  MM    

DEGREE_DAYS
HEATING TOTAL     334               426     -92     446 
 SINCE 7/1       7996              9021   -1025    8710
COOLING TOTAL       0                 0       0       0
 SINCE 1/1          0                 0       0       0
................................................................

WIND (MPH)                        
AVERAGE WIND SPEED                4.9
HIGHEST WIND SPEED/DIRECTION     25/140    DATE    06/4
HIGHEST GUST SPEED/DIRECTION     44/140    DATE    06/4

SKY COVER
POSSIBLE SUNSHINE (PERCENT)   MM                                      
AVERAGE SKY COVER             MM
NUMBER OF DAYS FAIR           MM
NUMBER OF DAYS PC             MM
NUMBER OF DAYS CLOUDY         MM

AVERAGE RH (PERCENT)     MM

WEATHER CONDITIONS. NUMBER OF DAYS WITH
THUNDERSTORM              0     ICE PELLETS                 0
RAIN                     19     GLAZE                       0
DRIZZLE                   0     HAIL                        0
SNOW                      0     HAZE                        0
FOG                      20     FOG W/VIS <= 1/4 MILE       1
BLOWING SNOW              0


-  INDICATES NEGATIVE NUMBERS.
R  INDICATES RECORD WAS SET OR TIED.
MM INDICATES DATA IS MISSING.
T  INDICATES TRACE AMOUNT.

&&
JUNE WAS AN ABNORMAL MONTH FOR YAKUTAT AS WE SAW A SERIES OF FRONTS COME THROUGH 
THE EARLY PART OF THE MONTH FOLLOWED BY RECORD BREAKING HEAT DURING THE MIDDLE 
WEEKS.
HEAVY PRECIPITATION AND STRONG WINDS BROUGHT ON BY A GALE FORCE LOW ON THE FOURTH 
SET A NEW DAILY RAINFALL RECORD AT 2.1 INCHES. A SERIES OF TROUGHS CONTINUED TO 
AVERAGE HALF AN INCH OF DAILY RAIN THE WEEK FOLLOWING. 

HIGH PRESSURE AND CLEAR SKIES TRAILED BEHIND TO BRING US A RECORD HEAT WAVE. RECORD 
DAILY HIGH TEMPS AND HIGH MINIMUM TEMPS WERE BROKEN ON THE 14TH, 15TH, 21ST, 24TH, 
AND 25TH OF THE MONTH WITH LOW STRATUS, LIGHT RAIN, AND FOG BRINGING THE ONLY 
RELIEF ON THE INTERVENING DAYS. 

THE END OF THE MONTH SAW A RETURN TO CLOUDY WEATHER WITH MILD TEMPS AND LIGHT 
RAINFALL TO FOLLOW OUR AVERAGES.
$$
NJM JUL 15


Alaska Region Headquarters
222 West 7th Avenue #23
Anchorage, AK 99513-7575
Voice: 1-907-271-5088
Fax: 1-907-271-3711
Recorded Forecast: 1-800-472-0391
Webmaster Email: ARH Webauthors
Page Modified: 03 Feb 2008 18:00 UTC
About Us
Career Opportunities
Glossary
Credits
Disclaimer
Privacy Policy