CXAK57 PAYA 011759
CLMYAK

CLIMATE REPORT 
NATIONAL WEATHER SERVICE YAKUTAT, AK
959 AM AKDT FRI MAY 1 2015
...................................

...THE YAKUTAT AP CLIMATE SUMMARY FOR THE MONTH OF APRIL 2015...

CLIMATE NORMAL PERIOD 1981 TO 2010
CLIMATE RECORD PERIOD 1948 TO 2015

WEATHER         OBSERVED          NORMAL  DEPART  LAST YEAR\'S
                 VALUE   DATE(S)  VALUE   FROM    VALUE  DATE(S)
                                          NORMAL
................................................................
TEMPERATURE (F)
RECORD
 HIGH              71   4/30/1995 
 LOW                0   4/27/1995 
HIGHEST            57   4/25         59      -2      56  4/21  
LOWEST             24   4/13            17       7      18  4/11  
AVG. MAXIMUM       46.1              45.7     0.4    45.9    
AVG. MINIMUM       31.9              29.9     2.0    28.5   
MEAN               39.0              37.8     1.2    37.2
DAYS MAX >= 90      0                 0.0     0.0     0
DAYS MAX <= 32      0                 0.1    -0.1     0
DAYS MAX >= 80      0                 0.0     0.0     0
DAYS MAX >= 70      0                 0.1    -0.1     0
DAYS MIN <= 32     16                19.1    -3.1    25
DAYS MIN <= 0       0                 0.0    -0.0     0

PRECIPITATION (INCHES)
RECORD
 MAXIMUM           19.12   1977   
 MINIMUM            1.92   1979
TOTALS             14.17              9.19    4.98    3.87
DAILY AVG.          0.47              0.29    0.18    0.13
DAYS >= .01        23                18.5     4.5    13
DAYS >= .10        19                13.9     5.1     9
DAYS >= .50        10                 6.0     4.0     1
DAYS >= 1.0         5                 2.7     2.3     1
GREATEST
 24 HR TOTAL        2.28   4/18                       1.66  4/07        

SNOWFALL (INCHES)
RECORDS
 TOTAL             55.6   1985
 24 HR TOTAL       15.5   4-07-1986
 SNOW DEPTH        86     4-20-1972    
TOTALS             6.8              10.2    -3.4     5.8   
SINCE 7/1          47.1             154.5  -107.4   109.0   
SNOWDEPTH AVG.      0                 7      -7       0
DAYS >= TRACE      13                 9.2     3.8     5
DAYS >= 1.0         2                 3.0    -1.0     1
DAYS >= 6.0         0                 0.4    -0.4     0
GREATEST
 SNOW DEPTH         2   4/15                          5  4/10  
 24 HR TOTAL      3.2   4/14                        5.7  4/09  

DEGREE_DAYS
HEATING TOTAL     773               816     -43     827 
 SINCE 7/1       7128              7967    -839    7719
COOLING TOTAL       0                 0       0       0
 SINCE 1/1          0                 0       0       0
................................................................

WIND (MPH)                        
AVERAGE WIND SPEED                5.7
HIGHEST WIND SPEED/DIRECTION     23/130    DATE   04/14
HIGHEST GUST SPEED/DIRECTION     35/100    DATE   04/18

SKY COVER
POSSIBLE SUNSHINE (PERCENT)   MM                                      
AVERAGE SKY COVER             MM
NUMBER OF DAYS FAIR           MM
NUMBER OF DAYS PC             MM
NUMBER OF DAYS CLOUDY         MM

AVERAGE RH (PERCENT)     MM

WEATHER CONDITIONS. NUMBER OF DAYS WITH
THUNDERSTORM              0     ICE PELLETS                 7
RAIN                     25     GLAZE                       0
DRIZZLE                   0     HAIL                        1
SNOW                      8     HAZE                        0
FOG                      24     FOG W/VIS <= 1/4 MILE       0
BLOWING SNOW              0


-  INDICATES NEGATIVE NUMBERS.
R  INDICATES RECORD WAS SET OR TIED.
MM INDICATES DATA IS MISSING.
T  INDICATES TRACE AMOUNT.

&&
APRIL WAS A VERY MILD MONTH WITH TEMPERATURES AVERAGING IN THE MID 40\'S AND VERY 
LITTLE SNOWFALL (6.8 IN). PRECIPITATION WAS A LITTLE HIGHER THEN AVERAGE AT 14.17 
INCHES, HOWEVER WE STILL DID MANAGE TO HAVE A FEW PERIODS OF SUNNY SKIES. A FEW 
LOWS CIRCULATED THROUGH THE AREA BRING BRINGING SMALL CRAFT AND GALE FORCE WINDS 
INTO OUR BAY. 

$$
DC MAY 15


Alaska Region Headquarters
222 West 7th Avenue #23
Anchorage, AK 99513-7575
Voice: 1-907-271-5088
Fax: 1-907-271-3711
Recorded Forecast: 1-800-472-0391
Webmaster Email: ARH Webauthors
Page Modified: 03 Feb 2008 18:00 UTC
About Us
Career Opportunities
Glossary
Credits
Disclaimer
Privacy Policy