CXAK57 PAYA 012355
CLMYAK

CLIMATE REPORT 
NATIONAL WEATHER SERVICE YAKUTAT, AK
355 PM AKDT WED APR 1 2015
...................................

...THE YAKUTAT AP CLIMATE SUMMARY FOR THE MONTH OF MARCH 2015...

CLIMATE NORMAL PERIOD 1981 TO 2010
CLIMATE RECORD PERIOD 1948 TO 2015

WEATHER         OBSERVED          NORMAL  DEPART  LAST YEAR\'S
                 VALUE   DATE(S)  VALUE   FROM    VALUE  DATE(S)
                                          NORMAL
................................................................
TEMPERATURE (F)
RECORD
 HIGH              59   3/22/1998 
 LOW              -20   3/08/1972 
HIGHEST            53   3/25         48       5      47  3/29  
LOWEST              4   3/11          8      -4       2  3/06  
AVG. MAXIMUM       41.8              39.4     2.4    39.7    
AVG. MINIMUM       28.1              24.6     3.5    20.2   
MEAN               35.0              31.9     3.1    30.0
DAYS MAX >= 90      0                 0.0     0.0     0
DAYS MAX <= 32      3                 2.9     0.1     2
DAYS MAX >= 80      0                 0.0     0.0     0
DAYS MAX >= 70      0                 0.0     0.0     0
DAYS MIN <= 32     18                24.1    -6.1    29
DAYS MIN <= 0       0                 0.5    -0.5     0

PRECIPITATION (INCHES)
RECORD
 MAXIMUM           37.28   1992   
 MINIMUM            2.06   1958
TOTALS             10.42             11.04   -0.62    4.05
DAILY AVG.          0.34              0.33    0.01    0.13
DAYS >= .01        25                19.3     5.7    13
DAYS >= .10        23                15.8     7.2     6
DAYS >= .50        10                 7.4     2.6     2
DAYS >= 1.0         2                 3.0    -1.0     2
GREATEST
 24 HR TOTAL        1.23   3/26                       1.42  3/08        

SNOWFALL (INCHES)
RECORDS
 TOTAL            111.0   1959
 24 HR TOTAL       30.0   3-11-1960
 SNOW DEPTH        96     3-10-2012    
TOTALS             27.5              28.4    -0.9     7.8   
SINCE 7/1          40.3             144.0  -103.7   103.2   
SNOWDEPTH AVG.      4                13      -8       8
DAYS >= TRACE       8                16.0    -8.0    12
DAYS >= 1.0         6                 7.4    -1.4     3
DAYS >= 6.0         1                 1.1    -0.1     0
GREATEST
 SNOW DEPTH        16   3/16                         12  3/09  
 24 HR TOTAL      9.2   3/12                        2.5  3/08  

DEGREE_DAYS
HEATING TOTAL     923              1022     -99    1079 
 SINCE 7/1       6355              7151    -796    6892
COOLING TOTAL       0                 0       0       0
 SINCE 1/1          0                 0       0       0
................................................................

WIND (MPH)                        
AVERAGE WIND SPEED                4.7
HIGHEST WIND SPEED/DIRECTION     23/200    DATE   03/13
HIGHEST GUST SPEED/DIRECTION     33/200    DATE   03/13

SKY COVER
POSSIBLE SUNSHINE (PERCENT)   MM                                      
AVERAGE SKY COVER             MM
NUMBER OF DAYS FAIR           MM
NUMBER OF DAYS PC             MM
NUMBER OF DAYS CLOUDY         MM

AVERAGE RH (PERCENT)     MM

WEATHER CONDITIONS. NUMBER OF DAYS WITH
THUNDERSTORM              0     ICE PELLETS                 2
RAIN                     23     GLAZE                       0
DRIZZLE                   0     HAIL                        2
SNOW                      7     HAZE                        0
FOG                      26     FOG W/VIS <= 1/4 MILE       1
BLOWING SNOW              0


-  INDICATES NEGATIVE NUMBERS.
R  INDICATES RECORD WAS SET OR TIED.
MM INDICATES DATA IS MISSING.
T  INDICATES TRACE AMOUNT.

&&
IN TERMS OF WEATHER FOR YAKUTAT, MARCH WAS A VERY ERRATIC MONTH THAT SHOWCASED THE 
TRANSITION INTO SPRING. WHILE OUR PRECIPITATION AND SNOWFALL TOTALS WERE NEAR 
AVERAGE, THE MAJORITY OF SNOWFALL OCCURRED WITHIN A ONE WEEK PERIOD. SNOW DEPTH 
REACHED 20 INCHES ON THE LAST WEEK OF WINTER THEN DISAPPEARED RAPIDLY AS RECORD-
SETTING HEAT FOLLOWED. A SERIES OF LOWS OFF THE COAST ENDED THE MONTH WITH NUMEROUS 
RAIN SHOWERS AND A RESUMED THE TYPICAL OFF-SHORE FLOW TO START US WITH A RAINY 
SPRING.

$$
NJM APR 15


Alaska Region Headquarters
222 West 7th Avenue #23
Anchorage, AK 99513-7575
Voice: 1-907-271-5088
Fax: 1-907-271-3711
Recorded Forecast: 1-800-472-0391
Webmaster Email: ARH Webauthors
Page Modified: 03 Feb 2008 18:00 UTC
About Us
Career Opportunities
Glossary
Credits
Disclaimer
Privacy Policy