CXAK57 PAYA 011532
CLMYAK

CLIMATE REPORT 
NATIONAL WEATHER SERVICE YAKUTAT, AK
732 AM AKDT WED JUN 1 2016
...................................

...THE YAKUTAT AP CLIMATE SUMMARY FOR THE MONTH OF MAY 2016...

CLIMATE NORMAL PERIOD 1981 TO 2010
CLIMATE RECORD PERIOD 1948 TO 2016

WEATHER         OBSERVED          NORMAL  DEPART  LAST YEAR\'S
                 VALUE   DATE(S)  VALUE   FROM    VALUE  DATE(S)
                                          NORMAL
................................................................
TEMPERATURE (F)
RECORD
 HIGH              80   5/12/1942 
 LOW                9   5/05/1945 
HIGHEST            75   5/13         67       8      67  5/13  
LOWEST             32                27       5      28  5/03  
AVG. MAXIMUM       56.7              52.3     4.4    54.6    
AVG. MINIMUM       40.8              37.2     3.6    40.3   
MEAN               48.7              44.7     4.0    47.5
DAYS MAX >= 90      0                 0.0     0.0     0
DAYS MAX <= 32      0                 0.0     0.0     0
DAYS MAX >= 80      0                 0.0     0.0     0
DAYS MAX >= 70      5                 0.7     4.3     0
DAYS MIN <= 32      1                 7.8    -6.8     5
DAYS MIN <= 0       0                 0.0     0.0     0

PRECIPITATION (INCHES)
RECORD
 MAXIMUM           18.95   1965   
 MINIMUM            1.62   2015
TOTALS              6.74              8.21   -1.47    1.62
DAILY AVG.          0.22              0.26   -0.04    0.05
DAYS >= .01        16                17.5    -1.5     8
DAYS >= .10        10                12.4    -2.4     4
DAYS >= .50         4                 5.3    -1.3     1
DAYS >= 1.0         2                 2.6    -0.6     0
GREATEST
 24 HR TOTAL        1.99   5/06                       0.62  5/08        

SNOWFALL (INCHES)
RECORDS
 TOTAL             15.0   1965
 24 HR TOTAL        7.0   5-06-1965
 SNOW DEPTH        62     5-01-1972    
TOTALS              0.0               0.4    -0.4     0.0   
SINCE 7/1          49.9             155.0  -105.1    47.1   
SNOWDEPTH AVG.      0                 0       0       0
DAYS >= TRACE       0                 1.3    -1.3     0
DAYS >= 1.0         0                 0.2    -0.2     0
DAYS >= 6.0         0                 0.0     0.0     0
GREATEST
 SNOW DEPTH         0   MM                            0  MM    
 24 HR TOTAL      0.0   MM                          0.0  MM    

DEGREE_DAYS
HEATING TOTAL     496               628    -132     534 
 SINCE 7/1       7299              8595   -1296    7662
COOLING TOTAL       0                 0       0       0
 SINCE 1/1          0                 0       0       0
................................................................

WIND (MPH)                        
AVERAGE WIND SPEED                4.9
HIGHEST WIND SPEED/DIRECTION     22/130    DATE    05/6
HIGHEST GUST SPEED/DIRECTION     36/120    DATE    05/5

SKY COVER
POSSIBLE SUNSHINE (PERCENT)   MM                                      
AVERAGE SKY COVER             MM
NUMBER OF DAYS FAIR           MM
NUMBER OF DAYS PC             MM
NUMBER OF DAYS CLOUDY         MM

AVERAGE RH (PERCENT)     MM

WEATHER CONDITIONS. NUMBER OF DAYS WITH
THUNDERSTORM              0     ICE PELLETS                 1
RAIN                     19     GLAZE                       0
DRIZZLE                   0     HAIL                        0
SNOW                      0     HAZE                        3
FOG                      21     FOG W/VIS <= 1/4 MILE       3
BLOWING SNOW              0


-  INDICATES NEGATIVE NUMBERS.
R  INDICATES RECORD WAS SET OR TIED.
MM INDICATES DATA IS MISSING.
T  INDICATES TRACE AMOUNT.

&&


$$
*** JUN 16


Alaska Region Headquarters
222 West 7th Avenue #23
Anchorage, AK 99513-7575
Voice: 1-907-271-5088
Fax: 1-907-271-3711
Recorded Forecast: 1-800-472-0391
Webmaster Email: ARH Webauthors
Page Modified: 03 Feb 2008 18:00 UTC
About Us
Career Opportunities
Glossary
Credits
Disclaimer
Privacy Policy