CXAK57 PAYA 011554
CLMYAK

CLIMATE REPORT 
NATIONAL WEATHER SERVICE YAKUTAT, AK
754 AM AKDT FRI AUG 1 2014
...................................

...THE YAKUTAT AP CLIMATE SUMMARY FOR THE MONTH OF JULY 2014...

CLIMATE NORMAL PERIOD 1981 TO 2010
CLIMATE RECORD PERIOD 1948 TO 2014

WEATHER         OBSERVED          NORMAL  DEPART  LAST YEAR\'S
                 VALUE   DATE(S)  VALUE   FROM    VALUE  DATE(S)
                                          NORMAL
................................................................
TEMPERATURE (F)
RECORD
 HIGH              85   7/07/2009 
 LOW               35   7/14/1968 
HIGHEST            69   7/02         69       0      71  7/23  
LOWEST             39                40      -1      40  7/11  
AVG. MAXIMUM       61.2              60.1     1.1    60.5    
AVG. MINIMUM       48.2              48.6    -0.4    49.9   
MEAN               54.7              54.3     0.4    55.2
DAYS MAX >= 90      0                 0.0     0.0     0
DAYS MAX <= 32      0                 0.0     0.0     0
DAYS MAX >= 80      0                 0.1    -0.1     0
DAYS MAX >= 70      0                 0.9    -0.9     1
DAYS MIN <= 32      0                 0.0     0.0     0
DAYS MIN <= 0       0                 0.0     0.0     0

PRECIPITATION (INCHES)
RECORD
 MAXIMUM           21.49   1959   
 MINIMUM            1.70   1957
TOTALS              6.42              7.88   -1.46    6.51
DAILY AVG.          0.21              0.24   -0.03    0.21
DAYS >= .01        21                18.5     2.5    14
DAYS >= .10        12                11.9     0.1     9
DAYS >= .50         6                 4.6     1.4     2
DAYS >= 1.0         1                 2.2    -1.2     2
GREATEST
 24 HR TOTAL        1.45   7/11                       2.46  7/07        

SNOWFALL (INCHES)
RECORDS
 TOTAL              0.0   1949
 24 HR TOTAL        0.0   7-31-2014
 SNOW DEPTH         0     7-31-2014    
TOTALS              0.0               0.0     0.0     0.0   
SINCE 7/1           0.0               0.0     0.0     0.0   
SNOWDEPTH AVG.      0                 0       0       0
DAYS >= TRACE       0                 0.0     0.0     0
DAYS >= 1.0         0                 0.0     0.0     0
DAYS >= 6.0         0                 0.0     0.0     0
GREATEST
 SNOW DEPTH         0   MM                            0  MM    
 24 HR TOTAL      0.0   MM                          0.0  MM    

DEGREE_DAYS
HEATING TOTAL     313               332     -19     297 
 SINCE 7/1        313               332     -19     297
COOLING TOTAL       0                 0       0       0
 SINCE 1/1          0                 0       0       0
................................................................

WIND (MPH)                        
AVERAGE WIND SPEED                3.8
HIGHEST WIND SPEED/DIRECTION     21/130    DATE    07/6
HIGHEST GUST SPEED/DIRECTION     31/110    DATE    07/6

SKY COVER
POSSIBLE SUNSHINE (PERCENT)   MM                                      
AVERAGE SKY COVER             MM
NUMBER OF DAYS FAIR           MM
NUMBER OF DAYS PC             MM
NUMBER OF DAYS CLOUDY         MM

AVERAGE RH (PERCENT)     MM

WEATHER CONDITIONS. NUMBER OF DAYS WITH
THUNDERSTORM              0     ICE PELLETS                 0
RAIN                     25     GLAZE                       0
DRIZZLE                   0     HAIL                        0
SNOW                      0     HAZE                        0
FOG                      24     FOG W/VIS <= 1/4 MILE       2
BLOWING SNOW              0


-  INDICATES NEGATIVE NUMBERS.
R  INDICATES RECORD WAS SET OR TIED.
MM INDICATES DATA IS MISSING.
T  INDICATES TRACE AMOUNT.

&&
THIS JULY HAS TRANSITIONED FROM WET AND COOL IN THE EARLY PART OF THE MONTH INTO 
A DRIER AND MORE MILD \'SUMMER\' REGIME. IT HAS BEEN UNREMARKABLE IN TERMS OF 
TEMPERATURE AS WE HAVE BEEN NEAR CLIMATE AVERAGES QUITE CONSISTENTLY. IT IS A 
DEPARTURE FROM THE WARMING TREND OF RECENT YEARS HOWEVER. THERE WERE 25 DAYS OF 
RAINFALL THIS MONTH BUT ACCUMULATION TOTALS WERE LESS THAN AVERAGE. FOG WAS 
EQUALLY PREVALENT AND INDICATIVE OF THE HIGHER PRESSURE TREND TOWARD THE END OF 
THE MONTH.
$$
*** NJM AUG 14



Alaska Region Headquarters
222 West 7th Avenue #23
Anchorage, AK 99513-7575
Voice: 1-907-271-5088
Fax: 1-907-271-3711
Recorded Forecast: 1-800-472-0391
Webmaster Email: ARH Webauthors
Page Modified: 03 Feb 2008 18:00 UTC
About Us
Career Opportunities
Glossary
Credits
Disclaimer
Privacy Policy