CXAK57 PAYA 021734
CLMYAK

CLIMATE REPORT 
NATIONAL WEATHER SERVICE YAKUTAT, AK
834 AM AKST SUN NOV 2 2014
...................................

...THE YAKUTAT AP CLIMATE SUMMARY FOR THE MONTH OF OCTOBER 2014...

CLIMATE NORMAL PERIOD 1981 TO 2010
CLIMATE RECORD PERIOD 1948 TO 2014

WEATHER         OBSERVED          NORMAL  DEPART  LAST YEAR\'S
                 VALUE   DATE(S)  VALUE   FROM    VALUE  DATE(S)
                                          NORMAL
................................................................
TEMPERATURE (F)
RECORD
 HIGH              63   10/21/2006
 LOW                0   10/30/1992
HIGHEST            56   10/19        55       1      56  10/01 
LOWEST             24                20       4      27  10/22 
AVG. MAXIMUM       49.7              47.4     2.3    49.6    
AVG. MINIMUM       33.6              34.7    -1.1    39.1   
MEAN               41.7              40.9     0.8    44.3
DAYS MAX >= 90      0                 0.0     0.0     0
DAYS MAX <= 32      0                 0.1    -0.1     0
DAYS MAX >= 80      0                 0.0     0.0     0
DAYS MAX >= 70      0                 0.0     0.0     0
DAYS MIN <= 32     17                11.5     5.5     2
DAYS MIN <= 0       0                 0.0    -0.0     0

PRECIPITATION (INCHES)
RECORD
 MAXIMUM           48.81   1987   
 MINIMUM            6.68   1950
TOTALS             14.91             21.98   -7.07   23.87
DAILY AVG.          0.48              0.67   -0.19    0.77
DAYS >= .01        22                23.9    -1.9    29
DAYS >= .10        17                20.5    -3.5    23
DAYS >= .50         9                13.4    -4.4    12
DAYS >= 1.0         6                 8.1    -2.1    10
GREATEST
 24 HR TOTAL        2.96   10/09                      4.06  10/08       

SNOWFALL (INCHES)
RECORDS
 TOTAL             36.0   1966
 24 HR TOTAL       12.9   10-16-1996
 SNOW DEPTH        26     10-27-1966   
TOTALS              0.0               2.5    -2.5     0.0   
SINCE 7/1           0.0               3.5    -3.5     0.0   
SNOWDEPTH AVG.      0                 0       0       0
DAYS >= TRACE       4                 5.3    -1.3     0
DAYS >= 1.0         0                 1.1    -1.1     0
DAYS >= 6.0         0                 0.1    -0.1     0
GREATEST
 SNOW DEPTH         0   MM                            0  MM    
 24 HR TOTAL        T   10/31                       0.0  MM    

DEGREE_DAYS
HEATING TOTAL     716               743     -27     631 
 SINCE 7/1       1755              1919    -164    1601
COOLING TOTAL       0                 0       0       0
 SINCE 1/1          0                 0       0       0
................................................................

WIND (MPH)                        
AVERAGE WIND SPEED                4.7
HIGHEST WIND SPEED/DIRECTION     31/130    DATE    10/5
HIGHEST GUST SPEED/DIRECTION     50/130    DATE    10/5

SKY COVER
POSSIBLE SUNSHINE (PERCENT)   MM                                      
AVERAGE SKY COVER             MM
NUMBER OF DAYS FAIR           MM
NUMBER OF DAYS PC             MM
NUMBER OF DAYS CLOUDY         MM

AVERAGE RH (PERCENT)     MM

WEATHER CONDITIONS. NUMBER OF DAYS WITH
THUNDERSTORM              0     ICE PELLETS                 4
RAIN                     26     GLAZE                       0
DRIZZLE                   0     HAIL                        1
SNOW                      0     HAZE                        0
FOG                      17     FOG W/VIS <= 1/4 MILE       1
BLOWING SNOW              0


-  INDICATES NEGATIVE NUMBERS.
R  INDICATES RECORD WAS SET OR TIED.
MM INDICATES DATA IS MISSING.
T  INDICATES TRACE AMOUNT.

&&
THE MONTH OF OCTOBER WAS VERY MILD COMPARED TO PREVIOUS YEARS WE CAME IN BELOW 
AVERAGE ON PRECIPITATION AND SNOWFALL. THE ONLY SOLID PRECIP. WE RECEIVED WAS ICE 
PELLETS AND HAIL WITH NO SNOW ACCUMULATION AT ALL.WE HAD ONE SIGNIFICANT WIND EVENT 
AT THE END OF THE MONTH WITH 41 MPH WINDS OUT OF THE EAST.AND WE BROKE THE 
TEMPERATURE RECORD ONE ON THE 19TH WITH A MAX TEMPERATURE OF 56 DEGREES. ALL IN ALL 
IT WAS A VERY MILD OCTOBER.


$$
DC NOV 14


Alaska Region Headquarters
222 West 7th Avenue #23
Anchorage, AK 99513-7575
Voice: 1-907-271-5088
Fax: 1-907-271-3711
Recorded Forecast: 1-800-472-0391
Webmaster Email: ARH Webauthors
Page Modified: 03 Feb 2008 18:00 UTC
About Us
Career Opportunities
Glossary
Credits
Disclaimer
Privacy Policy