CXAK57 PAYA 011525
CLMYAK

CLIMATE REPORT 
NATIONAL WEATHER SERVICE YAKUTAT, AK
725 AM AKDT SUN MAY 1 2016
...................................

...THE YAKUTAT AP CLIMATE SUMMARY FOR THE MONTH OF APRIL 2016...

CLIMATE NORMAL PERIOD 1981 TO 2010
CLIMATE RECORD PERIOD 1948 TO 2016

WEATHER         OBSERVED          NORMAL  DEPART  LAST YEAR\'S
                 VALUE   DATE(S)  VALUE   FROM    VALUE  DATE(S)
                                          NORMAL
................................................................
TEMPERATURE (F)
RECORD
 HIGH              71   4/30/1995 
 LOW                3   4/02/1948 
HIGHEST            64   4/21         59       5      57  4/25  
LOWEST             28                17      11      24  4/13  
AVG. MAXIMUM       48.9              45.7     3.2    46.1    
AVG. MINIMUM       36.2              29.9     6.3    31.9   
MEAN               42.5              37.8     4.7    39.0
DAYS MAX >= 90      0                 0.0     0.0     0
DAYS MAX <= 32      0                 0.1    -0.1     0
DAYS MAX >= 80      0                 0.0     0.0     0
DAYS MAX >= 70      0                 0.1    -0.1     0
DAYS MIN <= 32      8                19.1   -11.1    16
DAYS MIN <= 0       0                 0.0    -0.0     0

PRECIPITATION (INCHES)
RECORD
 MAXIMUM           19.12   1977   
 MINIMUM            1.92   1979
TOTALS              9.90              9.19    0.71   14.17
DAILY AVG.          0.33              0.29    0.04    0.47
DAYS >= .01        27                18.5     8.5    23
DAYS >= .10        22                13.9     8.1    19
DAYS >= .50         6                 6.0     0.0    10
DAYS >= 1.0         1                 2.7    -1.7     5
GREATEST
 24 HR TOTAL        1.48   4/07                       2.28  4/18        

SNOWFALL (INCHES)
RECORDS
 TOTAL             55.6   1985
 24 HR TOTAL       15.5   4-07-1986
 SNOW DEPTH        86     4-20-1972    
TOTALS              0.0              10.2   -10.2     6.8   
SINCE 7/1          49.9             154.5  -104.6    47.1   
SNOWDEPTH AVG.      0                 7      -7       0
DAYS >= TRACE       0                 9.2    -9.2    13
DAYS >= 1.0         0                 3.0    -3.0     2
DAYS >= 6.0         0                 0.4    -0.4     0
GREATEST
 SNOW DEPTH         0   MM                            2  4/15  
 24 HR TOTAL      0.0   MM                          3.2  4/14  

DEGREE_DAYS
HEATING TOTAL     665               816    -151     773 
 SINCE 7/1       6803              7967   -1164    7128
COOLING TOTAL       0                 0       0       0
 SINCE 1/1          0                 0       0       0
................................................................

WIND (MPH)                        
AVERAGE WIND SPEED                5.5
HIGHEST WIND SPEED/DIRECTION     29/130    DATE   04/30
HIGHEST GUST SPEED/DIRECTION     49/130    DATE   04/30

SKY COVER
POSSIBLE SUNSHINE (PERCENT)   MM                                      
AVERAGE SKY COVER             MM
NUMBER OF DAYS FAIR           MM
NUMBER OF DAYS PC             MM
NUMBER OF DAYS CLOUDY         MM

AVERAGE RH (PERCENT)     MM

WEATHER CONDITIONS. NUMBER OF DAYS WITH
THUNDERSTORM              0     ICE PELLETS                 0
RAIN                     28     GLAZE                       0
DRIZZLE                   0     HAIL                        0
SNOW                      0     HAZE                        2
FOG                      23     FOG W/VIS <= 1/4 MILE       3
BLOWING SNOW              0


-  INDICATES NEGATIVE NUMBERS.
R  INDICATES RECORD WAS SET OR TIED.
MM INDICATES DATA IS MISSING.
T  INDICATES TRACE AMOUNT.

&&


$$
*** MAY 16


Alaska Region Headquarters
222 West 7th Avenue #23
Anchorage, AK 99513-7575
Voice: 1-907-271-5088
Fax: 1-907-271-3711
Recorded Forecast: 1-800-472-0391
Webmaster Email: ARH Webauthors
Page Modified: 03 Feb 2008 18:00 UTC
About Us
Career Opportunities
Glossary
Credits
Disclaimer
Privacy Policy