CXAK57 PANT 011849
CLMANN

CLIMATE REPORT...CORRECTION 
NATIONAL WEATHER SERVICE ANNETTE, AK
1049 AM AKDT FRI AUG 1 2014
...................................

...THE ANNETTE WSO AP CLIMATE SUMMARY FOR THE MONTH OF JULY 2014...

CLIMATE NORMAL PERIOD 1981 TO 2010
CLIMATE RECORD PERIOD 1948 TO 2014

WEATHER         OBSERVED          NORMAL  DEPART  LAST YEAR\'S
                 VALUE   DATE(S)  VALUE   FROM    VALUE  DATE(S)
                                          NORMAL
................................................................
TEMPERATURE (F)
RECORD
 HIGH              89   7/30/1976 
 LOW               40   7/06/1973 
HIGHEST            83   7/14         77       6      85  7/29  
LOWEST             47                47       0      48  7/14  
AVG. MAXIMUM       65.3              64.3     1.0    67.5    
AVG. MINIMUM       51.9              52.9    -1.0    53.2   
MEAN               58.6              58.6     0.0    60.4
DAYS MAX >= 90      0                 0.0     0.0     0
DAYS MAX <= 32      0                 0.0     0.0     0
DAYS MAX >= 80      1                 0.6     0.4     2
DAYS MAX >= 70      9                 5.9     3.1    12
DAYS MIN <= 32      0                 0.0     0.0     0
DAYS MIN <= 0       0                 0.0     0.0     0

PRECIPITATION (INCHES)
RECORD
 MAXIMUM           10.85   1959   
 MINIMUM            0.56   1971
TOTALS              7.60              4.65    2.95    3.60
DAILY AVG.          0.25              0.16    0.09    0.12
DAYS >= .01        20                14.6     5.4    12
DAYS >= .10        15                 8.8     6.2     8
DAYS >= .50         7                 3.4     3.6     2
DAYS >= 1.0         2                 1.0     1.0     0
GREATEST
 24 HR TOTAL        1.72   7/28                       0.93  7/10        

SNOWFALL (INCHES)
RECORDS
 TOTAL              0.0   
 24 HR TOTAL        0.0   
 SNOW DEPTH         0         
TOTALS              0.0               0.0     0.0     0.0   
SINCE 7/1           0.0               0.3    -0.3     0.0   
SNOWDEPTH AVG.      0                 0       0       0
DAYS >= TRACE       0                 0.0    -0.0     0
DAYS >= 1.0         0                 0.0    -0.0     0
DAYS >= 6.0         0                 0.0    -0.0     0
GREATEST
 SNOW DEPTH         0   MM                            0  MM    
 24 HR TOTAL      0.0   MM                          0.0  MM    

DEGREE_DAYS
HEATING TOTAL     374               206     168     151 
 SINCE 7/1        374               206     168     151
COOLING TOTAL       8                 0       8      14
 SINCE 1/1          8                 0       8      20
................................................................

WIND (MPH)                        
AVERAGE WIND SPEED                6.3
HIGHEST WIND SPEED/DIRECTION     25/150    DATE    07/5
HIGHEST GUST SPEED/DIRECTION     42/120    DATE    07/5

SKY COVER
POSSIBLE SUNSHINE (PERCENT)   MM                                      
AVERAGE SKY COVER             MM
NUMBER OF DAYS FAIR           MM
NUMBER OF DAYS PC             MM
NUMBER OF DAYS CLOUDY         MM

AVERAGE RH (PERCENT)     MM

WEATHER CONDITIONS. NUMBER OF DAYS WITH
THUNDERSTORM              0     ICE PELLETS                 0
RAIN                     21     GLAZE                       0
DRIZZLE                   0     HAIL                        0
SNOW                      0     HAZE                        0
FOG                      19     FOG W/VIS <= 1/4 MILE       0
BLOWING SNOW              0


-  INDICATES NEGATIVE NUMBERS.
R  INDICATES RECORD WAS SET OR TIED.
MM INDICATES DATA IS MISSING.
T  INDICATES TRACE AMOUNT.

&&

THE MONTH WAS NEAR NORMAL WITH REGARDS TO TEMPERATURES...WHILE ANNETTE WAS WELL 
ABOVE NORMAL FOR PRECIPITATION. A RECORD DAILY PRECIPITATION OF 1.72 INCHES FELL 
ON THE 28TH.  THERE WERE NO SIGNIFICANT WIND EVENTS DURING THE MONTH.

THE PRIMARY TEMPERATURE SENSOR FAILED ON JULY 29TH. THE BACKUP TEMPERATURE 
EQUIPMENT ONLY PROVIDES INSTANTANEOUS TEMPERATURE READINGS AT THE TIMES THE 
OBSERVER IS OUTSIDE. THEREFORE...NO ACCURATE HIGH AND LOW TEMPERATURE 
INFORMATION IS AVAILABLE FROM THE 29TH THROUGH THE 31ST.

$$
FB/MC AUG 14

Alaska Region Headquarters
222 West 7th Avenue #23
Anchorage, AK 99513-7575
Voice: 1-907-271-5088
Fax: 1-907-271-3711
Recorded Forecast: 1-800-472-0391
Webmaster Email: ARH Webauthors
Page Modified: 03 Feb 2008 18:00 UTC
About Us
Career Opportunities
Glossary
Credits
Disclaimer
Privacy Policy