CXAK57 PANT 031850
CLMANN

CLIMATE REPORT 
NATIONAL WEATHER SERVICE ANNETTE, AK
1050 AM AKDT WED MAR 03 2014
...................................

...THE ANNETTE WSO AP CLIMATE SUMMARY FOR THE MONTH OF FEBRUARY 2014...

CLIMATE NORMAL PERIOD 1981 TO 2010
CLIMATE RECORD PERIOD 1948 TO 2014

WEATHER         OBSERVED          NORMAL  DEPART  LAST YEAR\'S
                 VALUE   DATE(S)  VALUE   FROM    VALUE  DATE(S)
                                          NORMAL
................................................................
TEMPERATURE (F)
RECORD
 HIGH              65   2/09/1993 
 LOW                0   2/01/1995 
HIGHEST            47   2/26         51      -4      47  2/16  
LOWEST             10                19      -9      29  2/25  
AVG. MAXIMUM       36.9              42.7    -5.8    43.8    
AVG. MINIMUM       24.1              32.7    -8.6    35.6   
MEAN               30.5              37.7    -7.2    39.7
DAYS MAX >= 90      0                 0.0     0.0     0
DAYS MAX <= 32      7                 1.3     5.7     0
DAYS MAX >= 80      0                 0.0     0.0     0
DAYS MAX >= 70      0                 0.0     0.0     0
DAYS MIN <= 32     27                12.9    14.1     8
DAYS MIN <= 0       0                 0.0    -0.0     0

PRECIPITATION (INCHES)
RECORD
 MAXIMUM           18.06   1965   
 MINIMUM            0.12   1989
TOTALS              3.97              7.31   -3.34   13.36
DAILY AVG.          0.14              0.26   -0.12    0.48
DAYS >= .01        12                17.6    -5.6    27
DAYS >= .10         9                12.8    -3.8    22
DAYS >= .50         3                 5.2    -2.2    16
DAYS >= 1.0         0                 1.8    -1.8     1
GREATEST
 24 HR TOTAL        0.61   2/15                       1.66  2/15        

SNOWFALL (INCHES)
RECORDS
 TOTAL             33.4   1974
 24 HR TOTAL       14.1   2-20-1948
 SNOW DEPTH        40     2-07-1969    
TOTALS             15.0               7.2     7.8     0.0   
SINCE 7/1          25.1              25.7    -0.6    11.9   
SNOWDEPTH AVG.      0                 0       0       0
DAYS >= TRACE      11                 6.6     4.4     1
DAYS >= 1.0         7                 2.4     4.6     0
DAYS >= 6.0         0                 0.1    -0.1     0
GREATEST
 SNOW DEPTH         3   2/11                          0  MM    
 24 HR TOTAL      3.1   2/18                          T  2/27  

DEGREE_DAYS
HEATING TOTAL    1024               759     265     768 
 SINCE 7/1       4554              4538      16    4591
COOLING TOTAL       0                 0       0       0
 SINCE 1/1          0                 0       0       0
................................................................

WIND (MPH)                        
AVERAGE WIND SPEED                5.9
HIGHEST WIND SPEED/DIRECTION     29/130    DATE   02/15
HIGHEST GUST SPEED/DIRECTION     40/120    DATE   02/15

SKY COVER
POSSIBLE SUNSHINE (PERCENT)   MM                                      
AVERAGE SKY COVER             MM
NUMBER OF DAYS FAIR           MM
NUMBER OF DAYS PC             MM
NUMBER OF DAYS CLOUDY         MM

AVERAGE RH (PERCENT)     MM

WEATHER CONDITIONS. NUMBER OF DAYS WITH
THUNDERSTORM              0     ICE PELLETS                 0
RAIN                     10     GLAZE                       0
DRIZZLE                   0     HAIL                        0
SNOW                      8     HAZE                        0
FOG                      13     FOG W/VIS <= 1/4 MILE       0
BLOWING SNOW              0


-  INDICATES NEGATIVE NUMBERS.
R  INDICATES RECORD WAS SET OR TIED.
MM INDICATES DATA IS MISSING.
T  INDICATES TRACE AMOUNT.

&&


$$
*** MAR 14


Alaska Region Headquarters
222 West 7th Avenue #23
Anchorage, AK 99513-7575
Voice: 1-907-271-5088
Fax: 1-907-271-3711
Recorded Forecast: 1-800-472-0391
Webmaster Email: ARH Webauthors
Page Modified: 03 Feb 2008 18:00 UTC
About Us
Career Opportunities
Glossary
Credits
Disclaimer
Privacy Policy