CXAK57 PANT 101514
CLMANN

CLIMATE REPORT 
NATIONAL WEATHER SERVICE ANNETTE, AK
714 AM AKDT THU JUL 10 2014
...................................

...THE ANNETTE WSO AP CLIMATE SUMMARY FOR THE MONTH OF JUNE 2014...

CLIMATE NORMAL PERIOD 1981 TO 2010
CLIMATE RECORD PERIOD 1948 TO 2014

WEATHER         OBSERVED          NORMAL  DEPART  LAST YEAR\'S
                 VALUE   DATE(S)  VALUE   FROM    VALUE  DATE(S)
                                          NORMAL
................................................................
TEMPERATURE (F)
RECORD
 HIGH              93   6/19/2004 
 LOW               37   6/04/2012 
HIGHEST            69   6/12         77      -8      85  6/16  
LOWEST             42                43      -1      43  6/03  
AVG. MAXIMUM       60.5              61.1    -0.6    64.6    
AVG. MINIMUM       47.1              49.2    -2.1    50.5   
MEAN               53.8              55.1    -1.3    57.6
DAYS MAX >= 90      0                 0.1    -0.1     0
DAYS MAX <= 32      0                 0.0     0.0     0
DAYS MAX >= 80      0                 0.6    -0.6     1
DAYS MAX >= 70      0                 3.5    -3.5     9
DAYS MIN <= 32      0                 0.0     0.0     0
DAYS MIN <= 0       0                 0.0     0.0     0

PRECIPITATION (INCHES)
RECORD
 MAXIMUM           10.40   1956   
 MINIMUM            0.61   1982
TOTALS              7.75              4.88    2.87    3.98
DAILY AVG.          0.26              0.16    0.10    0.13
DAYS >= .01        17                15.4     1.6    17
DAYS >= .10        12                 9.7     2.3    10
DAYS >= .50         5                 3.4     1.6     1
DAYS >= 1.0         1                 0.9     0.1     1
GREATEST
 24 HR TOTAL        2.96   6/22                       1.26  6/06        

SNOWFALL (INCHES)
RECORDS
 TOTAL              0.0   1955
 24 HR TOTAL        0.0   6-01-2004
 SNOW DEPTH         0     6-30-2014    
TOTALS              0.0               0.0     0.0     0.0   
SINCE 7/1          25.4              33.3    -7.9    12.8   
SNOWDEPTH AVG.      0                 0       0       0
DAYS >= TRACE       0                 0.1    -0.1     0
DAYS >= 1.0         0                 0.0     0.0     0
DAYS >= 6.0         0                 0.0     0.0     0
GREATEST
 SNOW DEPTH         0   MM                            0  MM    
 24 HR TOTAL      0.0   MM                          0.0  MM    

DEGREE_DAYS
HEATING TOTAL     327               298      29     220 
 SINCE 7/1       6730              6704      26    6623
COOLING TOTAL       0                 0       0       6
 SINCE 1/1          0                 0       0       6
................................................................

WIND (MPH)                        
AVERAGE WIND SPEED                6.6
HIGHEST WIND SPEED/DIRECTION     24/130    DATE   06/22
HIGHEST GUST SPEED/DIRECTION     32/120    DATE   06/22

SKY COVER
POSSIBLE SUNSHINE (PERCENT)   MM                                      
AVERAGE SKY COVER             MM
NUMBER OF DAYS FAIR           MM
NUMBER OF DAYS PC             MM
NUMBER OF DAYS CLOUDY         MM

AVERAGE RH (PERCENT)     MM

WEATHER CONDITIONS. NUMBER OF DAYS WITH
THUNDERSTORM              0     ICE PELLETS                 0
RAIN                     20     GLAZE                       0
DRIZZLE                   0     HAIL                        0
SNOW                      0     HAZE                        0
FOG                      18     FOG W/VIS <= 1/4 MILE       1
BLOWING SNOW              0


-  INDICATES NEGATIVE NUMBERS.
R  INDICATES RECORD WAS SET OR TIED.
MM INDICATES DATA IS MISSING.
T  INDICATES TRACE AMOUNT.

THE MONTH OF JUNE CLIMATE WAS NORMAL IN ALL CATEGORIES EXCEPT FOR JUNE 22
WHEN WE HAD A RECORD RAINFALL OF 2.96 INCHES ECLIPSING THE PREVIOUS RECORD
BY WELL OVER 1.5O INCHES.  THE RAINFALL FOR THAT DAY BROUGHT THE MONTHLY
TOTAL TO OVER 2.87 INCHES ABOVE THE NORMAL.
 
&&


$$
JH JUL 14


Alaska Region Headquarters
222 West 7th Avenue #23
Anchorage, AK 99513-7575
Voice: 1-907-271-5088
Fax: 1-907-271-3711
Recorded Forecast: 1-800-472-0391
Webmaster Email: ARH Webauthors
Page Modified: 03 Feb 2008 18:00 UTC
About Us
Career Opportunities
Glossary
Credits
Disclaimer
Privacy Policy