CXAK57 PANT 011442
CLMANN

CLIMATE REPORT 
NATIONAL WEATHER SERVICE ANNETTE, AK
542 AM AKST SUN MAR 1 2015
...................................

...THE ANNETTE WSO AP CLIMATE SUMMARY FOR THE MONTH OF FEBRUARY 2015...

CLIMATE NORMAL PERIOD 1981 TO 2010
CLIMATE RECORD PERIOD 1948 TO 2015

WEATHER         OBSERVED          NORMAL  DEPART  LAST YEAR\'S
                 VALUE   DATE(S)  VALUE   FROM    VALUE  DATE(S)
                                          NORMAL
................................................................
TEMPERATURE (F)
RECORD
 HIGH              65   2/09/1993 
 LOW                0   2/01/1995 
HIGHEST            53   2/17         51       2      47  2/26  
LOWEST             27                19       8      10  2/09  
AVG. MAXIMUM       47.2              42.7     4.5    36.9    
AVG. MINIMUM       35.1              32.7     2.4    24.1   
MEAN               41.2              37.7     3.5    30.5
DAYS MAX >= 90      0                 0.0     0.0     0
DAYS MAX <= 32      0                 1.3    -1.3     7
DAYS MAX >= 80      0                 0.0     0.0     0
DAYS MAX >= 70      0                 0.0     0.0     0
DAYS MIN <= 32      9                12.9    -3.9    27
DAYS MIN <= 0       0                 0.0    -0.0     0

PRECIPITATION (INCHES)
RECORD
 MAXIMUM           18.06   1965   
 MINIMUM            0.12   1989
TOTALS              6.35              7.31   -0.96    3.97
DAILY AVG.          0.23              0.26   -0.03    0.14
DAYS >= .01        18                17.6     0.4    12
DAYS >= .10        11                12.8    -1.8     9
DAYS >= .50         4                 5.2    -1.2     3
DAYS >= 1.0         2                 1.8     0.2     0
GREATEST
 24 HR TOTAL        1.55   2/06                       0.61  2/15        

SNOWFALL (INCHES)
RECORDS
 TOTAL             33.4   1974
 24 HR TOTAL       14.1   2-20-1948
 SNOW DEPTH        40     2-07-1969    
TOTALS              2.3               7.2    -4.9    15.0   
SINCE 7/1          10.2              25.7   -15.5    25.1   
SNOWDEPTH AVG.      0                 0       0       0
DAYS >= TRACE       5                 6.6    -1.6    11
DAYS >= 1.0         1                 2.4    -1.4     7
DAYS >= 6.0         0                 0.1    -0.1     0
GREATEST
 SNOW DEPTH         0   MM                            3  2/11  
 24 HR TOTAL      1.0   2/07                        3.1  2/18  

DEGREE_DAYS
HEATING TOTAL     725               759     -34    1024 
 SINCE 7/1       4149              4538    -389    4554
COOLING TOTAL       0                 0       0       0
 SINCE 1/1          0                 0       0       0
................................................................

WIND (MPH)                        
AVERAGE WIND SPEED                5.8
HIGHEST WIND SPEED/DIRECTION     29/130    DATE   02/11
HIGHEST GUST SPEED/DIRECTION     43/120    DATE   02/11

SKY COVER
POSSIBLE SUNSHINE (PERCENT)   MM                                      
AVERAGE SKY COVER             MM
NUMBER OF DAYS FAIR           MM
NUMBER OF DAYS PC             MM
NUMBER OF DAYS CLOUDY         MM

AVERAGE RH (PERCENT)     MM

WEATHER CONDITIONS. NUMBER OF DAYS WITH
THUNDERSTORM              0     ICE PELLETS                 0
RAIN                     20     GLAZE                       0
DRIZZLE                   0     HAIL                        0
SNOW                      4     HAZE                        0
FOG                      17     FOG W/VIS <= 1/4 MILE       0
BLOWING SNOW              0


-  INDICATES NEGATIVE NUMBERS.
R  INDICATES RECORD WAS SET OR TIED.
MM INDICATES DATA IS MISSING.
T  INDICATES TRACE AMOUNT.

&&
THE MONTH OF FEBRUARY ON ANNETTE ISLAND WAS A MUCH WARMER THAN USUAL ONE 
ALONG WITH BEING JUST SLIGHTLY DRIER, JUST AN IMPERCEPTIBLE AMOUNT FROM 
THE NORMAL MONTHLY RAINFALL. WITH 20 DAYS OF RAIN SOUNDING A LOT, HOWEVER 
WAS A BREAK COMPARED TO THE LAST TWO MONTHS OF 26 DAYS EACH. THE 
INTERESTING FACT WAS THAT ONLY 6 DAYS OUT OF THE MONTH RECEIVED 1/2 INCH 
OR MORE OF RAIN. THE REST OF THE DAYS HAD REALLY AN INSIGNIFICANT AMOUNT, 
SO IT PRESUMABLY DIDN\'T FEEL LIKE A WET MONTH.  THE TOTAL RAINFALL WAS 
ABOUT AN INCH LESS THAN THE AVERAGE 7.3 INCHES. FURTHERMORE, A SNOWFALL 
AMOUNT OF 2.3 INCHES WAS NOTABLY LESS THAN THE NORMAL 7.2 INCHES AND 
ESPECIALLY FROM LAST YEARS 15 INCHES! THE AMOUNT OF SNOW THAT FELL HERE 
WAS MAINLY FROM THE FIRST 2 DAYS OF THE MONTH AND FROM THE WINTER STORM ON 
THE 6TH-7TH THAT UNLOADED A LOT OF SNOW EVERYWHERE ELSE BUT HERE. LITTLE 
TO NO SNOW FALLS HERE ON AVERAGE ONCE EVERY 3 YEARS WITH A RECORD OF 0, NO 
SNOW, IN 1997.  

ON THE SUNNY SIDE OF THINGS, THE AVERAGE TEMPERATURE WAS 3.5F HIGHER THAN 
THE AVERAGE 37.7F ALONG WITH AN AVERAGE MAXIMUM TEMPERATURE BEING 4.5F 
HIGHER THAN THE TYPICAL 42.7F.  WE ALSO BROKE A RECORD FOR HIGHEST 
TEMPERATURE FOR THE 17TH WHICH WAS 53F. FURTHERMORE, WE WERE TIED FOR 3RD
HIGHEST AVERAGE MAXIMUM TEMPERATURE AND 6TH PLACE FOR AVERAGE TEMPERATURE ON 
RECORD. 

THE CHILLY SIDE OF THINGS WERE NOT TOO BAD, MOSTLY THANKS TO THE WARMER 
TEMPERATURES.  THE COLDEST IT FELL TO WAS 27F WHICH IS 8F HIGHER THAN 
NORMAL. COMPARED TO LAST MONTHS LOW OF 10F WE WERE 17F HIGHER. THE AVERAGE 
MINIMUM TEMPERATURE OF 35.1F WAS 2.4F LOWER THAN NORMAL AND 11F LOWER THAN 
LAST YEAR.  LASTLY, WINDS WERE AROUND NORMAL WITH THE AVERAGE WIND SPEED 
BEING 5.8MPH COMPARED TO THE 7.1MPH NORM AND PEAK WINDS AVERAGING 23.9MPH 
COMPARED TO THE 21.4MPH NORM.  THE FIRST 2 WEEKS WERE A LITTLE BREEZY 
HOWEVER, THE LAST 2 WEEKS WERE RELATIVELY CALMER WHICH EVENED US OUT TO A 
NORMAL MONTH.  THE HIGHEST WIND SPEED RECORDED FOR THIS MONTH WAS 43MPH ON 
THE 11TH, NOTHING EXTRA-ODINARY, IT DIDNT EVEN MAKE TOP 50 ON THE RECORD 
ALL-TIME HIGH LIST.  


$$
JZ MAR 15


Alaska Region Headquarters
222 West 7th Avenue #23
Anchorage, AK 99513-7575
Voice: 1-907-271-5088
Fax: 1-907-271-3711
Recorded Forecast: 1-800-472-0391
Webmaster Email: ARH Webauthors
Page Modified: 03 Feb 2008 18:00 UTC
About Us
Career Opportunities
Glossary
Credits
Disclaimer
Privacy Policy