CXAK57 PANT 012137
CLMANN

CLIMATE REPORT 
NATIONAL WEATHER SERVICE ANNETTE, AK
137 PM AKDT TUE SEP 1 2015
...................................

...THE ANNETTE WSO AP CLIMATE SUMMARY FOR THE MONTH OF AUGUST 2015...

CLIMATE NORMAL PERIOD 1981 TO 2010
CLIMATE RECORD PERIOD 1948 TO 2015

WEATHER         OBSERVED          NORMAL  DEPART  LAST YEAR\'S
                 VALUE   DATE(S)  VALUE   FROM    VALUE  DATE(S)
                                          NORMAL
................................................................
TEMPERATURE (F)
RECORD
 HIGH              90   8/08/1960 
 LOW               40   8/31/1973 
HIGHEST            75   8/14         78      -3      78  8/22  
LOWEST             47   8/31         46       1      48  8/28  
AVG. MAXIMUM       65.1              64.7     0.4    67.5    
AVG. MINIMUM       53.4              53.1     0.3    53.8   
MEAN               59.3              58.9     0.4    60.7
DAYS MAX >= 90      0                 0.0     0.0     0
DAYS MAX <= 32      0                 0.0     0.0     0
DAYS MAX >= 80      0                 0.9    -0.9     0
DAYS MAX >= 70      6                 6.1    -0.1    12
DAYS MIN <= 32      0                 0.0     0.0     0
DAYS MIN <= 0       0                 0.0     0.0     0

PRECIPITATION (INCHES)
RECORD
 MAXIMUM           20.72   1958   
 MINIMUM            0.71   1954
TOTALS              9.61              6.96    2.65    5.93
DAILY AVG.          0.31              0.23    0.08    0.19
DAYS >= .01        19                15.9     3.1    14
DAYS >= .10        16                10.8     5.2    11
DAYS >= .50         8                 4.7     3.3     5
DAYS >= 1.0         2                 2.3    -0.3     2
GREATEST
 24 HR TOTAL        2.60   8/28                       1.09  8/09        

SNOWFALL (INCHES)
RECORDS
 TOTAL              0.0   1948
 24 HR TOTAL        0.0   8-31-2015
 SNOW DEPTH         0     8-31-2015    
TOTALS              0.0               0.0     0.0     0.0   
SINCE 7/1           0.0               0.3    -0.3     0.0   
SNOWDEPTH AVG.      0                 0       0       0
DAYS >= TRACE       0                 0.0     0.0     0
DAYS >= 1.0         0                 0.0     0.0     0
DAYS >= 6.0         0                 0.0     0.0     0
GREATEST
 SNOW DEPTH         0   MM                            0  MM    
 24 HR TOTAL      0.0   MM                          0.0  MM    

DEGREE_DAYS
HEATING TOTAL     173               195     -22     195 
 SINCE 7/1        292               401    -109     569
COOLING TOTAL       0                 0       0       6
 SINCE 1/1         37                 0      37      14
................................................................

WIND (MPH)                        
AVERAGE WIND SPEED                5.5
HIGHEST WIND SPEED/DIRECTION     31/140    DATE   08/30
HIGHEST GUST SPEED/DIRECTION     45/150    DATE   08/30

SKY COVER
POSSIBLE SUNSHINE (PERCENT)   MM                                      
AVERAGE SKY COVER             MM
NUMBER OF DAYS FAIR           MM
NUMBER OF DAYS PC             MM
NUMBER OF DAYS CLOUDY         MM

AVERAGE RH (PERCENT)     MM

WEATHER CONDITIONS. NUMBER OF DAYS WITH
THUNDERSTORM              0     ICE PELLETS                 0
RAIN                     22     GLAZE                       0
DRIZZLE                   0     HAIL                        0
SNOW                      0     HAZE                        0
FOG                      24     FOG W/VIS <= 1/4 MILE       1
BLOWING SNOW              0


-  INDICATES NEGATIVE NUMBERS.
R  INDICATES RECORD WAS SET OR TIED.
MM INDICATES DATA IS MISSING.
T  INDICATES TRACE AMOUNT.

&&

THE MONTH OF AUGUST FOR ANNETTE ISLAND, AK WAS AN ALMOST PERFECTLY NORMAL AVERAGE 
AUGUST MONTH.  THE REASON THE MONTH WAS JUST EVER SO SLIGHTLY AWAY FROM AVERAGE WAS 
BECAUSE OF A COUPLE FRONTAL SYSTEMS THAT IMPACTED THE AREA ON THE LAST FEW DAYS 
WHICH SLIGHTLY BUMPED AVERAGES AWAY FROM THE NORM. THE TEMPERATURES ACROSS THE 
BOARD WERE RIGHT ON.   WINDS AND FROZEN PRECIPITATION WERE AVERAGE AS WELL.  THE 
ONLY OUTLIER FOR THE MONTH WAS RAINFALL AND WAS ONLY SLIGHTLY BUMPED UP BECAUSE OF 
THE LAST FEWS DAYS OF STEADY RAIN.  APPROXIMATELY 4 INCHES OF RAIN FELL THE LAST 
FEW DAYS MAKING THIS MONTHS TOTAL ONLY 2.65 INCHES ABOVE THE AVERAGE. HOPEFULLY THE 
AVERAGE TREND WILL CONTINUE. 


$$
JZ SEP 15

Alaska Region Headquarters
222 West 7th Avenue #23
Anchorage, AK 99513-7575
Voice: 1-907-271-5088
Fax: 1-907-271-3711
Recorded Forecast: 1-800-472-0391
Webmaster Email: ARH Webauthors
Page Modified: 03 Feb 2008 18:00 UTC
About Us
Career Opportunities
Glossary
Credits
Disclaimer
Privacy Policy