CXAK57 PANT 031522
CLMANN

CLIMATE REPORT 
NATIONAL WEATHER SERVICE ANNETTE, AK
622 AM AKST MON NOV 3 2014
...................................

...THE ANNETTE WSO AP CLIMATE SUMMARY FOR THE MONTH OF OCTOBER 2014...

CLIMATE NORMAL PERIOD 1981 TO 2010
CLIMATE RECORD PERIOD 1948 TO 2014

WEATHER         OBSERVED          NORMAL  DEPART  LAST YEAR\'S
                 VALUE   DATE(S)  VALUE   FROM    VALUE  DATE(S)
                                          NORMAL
................................................................
TEMPERATURE (F)
RECORD
 HIGH              71   10/05/1964
 LOW                0   10/20/1995
HIGHEST            60   10/05        60       0      59  10/02 
LOWEST             33                27       6      34  10/28 
AVG. MAXIMUM       54.4              51.6     2.8    52.8    
AVG. MINIMUM       44.7              41.9     2.8    43.6   
MEAN               49.6              46.7     2.9    48.2
DAYS MAX >= 90      0                 0.0     0.0     0
DAYS MAX <= 32      0                 0.1    -0.1     0
DAYS MAX >= 80      0                 0.0     0.0     0
DAYS MAX >= 70      0                 0.0     0.0     0
DAYS MIN <= 32      0                 2.0    -2.0     0
DAYS MIN <= 0       0                 0.1    -0.1     0

PRECIPITATION (INCHES)
RECORD
 MAXIMUM           34.87   1958   
 MINIMUM            5.44   2012
TOTALS             14.39             13.92    0.47    8.70
DAILY AVG.          0.46              0.44    0.02    0.28
DAYS >= .01        28                23.6     4.4    22
DAYS >= .10        24                18.8     5.2    15
DAYS >= .50        11                 9.8     1.2     7
DAYS >= 1.0         3                 4.6    -1.6     1
GREATEST
 24 HR TOTAL        2.08   10/17                      2.61  10/06       

SNOWFALL (INCHES)
RECORDS
 TOTAL              4.2   1956
 24 HR TOTAL        2.4   10-30-1956
 SNOW DEPTH         2     10-28-1985   
TOTALS              0.0               0.1    -0.1     0.0   
SINCE 7/1           0.0               0.4    -0.4     0.0   
SNOWDEPTH AVG.      0                 0       0       0
DAYS >= TRACE       0                 1.0    -1.0     0
DAYS >= 1.0         0                 0.0    -0.0     0
DAYS >= 6.0         0                 0.0     0.0     0
GREATEST
 SNOW DEPTH         0   MM                            0  MM    
 24 HR TOTAL      0.0   MM                          0.0  MM    

DEGREE_DAYS
HEATING TOTAL     470               565     -95     512 
 SINCE 7/1       1270              1300     -30    1074
COOLING TOTAL       0                 0       0       0
 SINCE 1/1         14                 0      14      22
................................................................

WIND (MPH)                        
AVERAGE WIND SPEED                9.1
HIGHEST WIND SPEED/DIRECTION     36/120    DATE   10/30
HIGHEST GUST SPEED/DIRECTION     49/140    DATE   10/19

SKY COVER
POSSIBLE SUNSHINE (PERCENT)   MM                                      
AVERAGE SKY COVER             MM
NUMBER OF DAYS FAIR           MM
NUMBER OF DAYS PC             MM
NUMBER OF DAYS CLOUDY         MM

AVERAGE RH (PERCENT)     MM

WEATHER CONDITIONS. NUMBER OF DAYS WITH
THUNDERSTORM              0     ICE PELLETS                 0
RAIN                     30     GLAZE                       0
DRIZZLE                   0     HAIL                        0
SNOW                      0     HAZE                        0
FOG                      27     FOG W/VIS <= 1/4 MILE       1
BLOWING SNOW              0


-  INDICATES NEGATIVE NUMBERS.
R  INDICATES RECORD WAS SET OR TIED.
MM INDICATES DATA IS MISSING.
T  INDICATES TRACE AMOUNT.

&&

THE MONTH OF OCTOBER WAS A NORMAL PERIOD WITH VERY LITTLE OR NO EXTREMES IN 
TEMPERATURES, PRECIPITATION, WINDS AND SPECIAL WEATHER EVENT AS THUNDERSTORMS
AND SNOW.  THE DEPARTURES FROM NORMAL FOR TEMPERATURES WERE BELOW THE AVERAGE
FOR THE MONTH AND THE PRECIPITATION AMOUNT WAS LESS THAN 1/2 INCH BELOW THE
MONTHLY AVERAGE. THERE WERE NO THUNDERSTORMS REPORTED OR OBSERVED DURING THE
MONTH ON STATION AND NO SNOW OR HAIL EVENTS.   

$$
JH NOV 14



Alaska Region Headquarters
222 West 7th Avenue #23
Anchorage, AK 99513-7575
Voice: 1-907-271-5088
Fax: 1-907-271-3711
Recorded Forecast: 1-800-472-0391
Webmaster Email: ARH Webauthors
Page Modified: 03 Feb 2008 18:00 UTC
About Us
Career Opportunities
Glossary
Credits
Disclaimer
Privacy Policy