CXAK57 PANT 011255
CLMANN

CLIMATE REPORT 
NATIONAL WEATHER SERVICE ANNETTE, AK
455 AM AKDT WED JUL 1 2015
...................................

...THE ANNETTE WSO AP CLIMATE SUMMARY FOR THE MONTH OF JUNE 2015...

CLIMATE NORMAL PERIOD 1981 TO 2010
CLIMATE RECORD PERIOD 1948 TO 2015

WEATHER         OBSERVED          NORMAL  DEPART  LAST YEAR\'S
                 VALUE   DATE(S)  VALUE   FROM    VALUE  DATE(S)
                                          NORMAL
................................................................
TEMPERATURE (F)
RECORD
 HIGH              93   6/19/2004 
 LOW               37   6/04/2012 
HIGHEST            80   6/14         77       3      69  6/12  
LOWEST             44                43       1      42  6/16  
AVG. MAXIMUM       65.8              61.1     4.7    60.5    
AVG. MINIMUM       51.4              49.2     2.2    47.1   
MEAN               58.6              55.1     3.5    53.8
DAYS MAX >= 90      0                 0.1    -0.1     0
DAYS MAX <= 32      0                 0.0     0.0     0
DAYS MAX >= 80      1                 0.6     0.4     0
DAYS MAX >= 70      8                 3.5     4.5     0
DAYS MIN <= 32      0                 0.0     0.0     0
DAYS MIN <= 0       0                 0.0     0.0     0

PRECIPITATION (INCHES)
RECORD
 MAXIMUM           10.40   1956   
 MINIMUM            0.61   1982
TOTALS              3.99              4.88   -0.89    7.75
DAILY AVG.          0.13              0.16   -0.03    0.26
DAYS >= .01        14                15.4    -1.4    17
DAYS >= .10         7                 9.7    -2.7    12
DAYS >= .50         3                 3.4    -0.4     5
DAYS >= 1.0         1                 0.9     0.1     1
GREATEST
 24 HR TOTAL        1.10   6/07                       2.96  6/22        

SNOWFALL (INCHES)
RECORDS
 TOTAL              0.0   1955
 24 HR TOTAL        0.0   6-01-2004
 SNOW DEPTH         0     6-30-2015    
TOTALS              0.0               0.0     0.0     0.0   
SINCE 7/1          10.2              33.3   -23.1    25.4   
SNOWDEPTH AVG.      0                 0       0       0
DAYS >= TRACE       0                 0.1    -0.1     0
DAYS >= 1.0         0                 0.0     0.0     0
DAYS >= 6.0         0                 0.0     0.0     0
GREATEST
 SNOW DEPTH         0   MM                            0  MM    
 24 HR TOTAL      0.0   MM                          0.0  MM    

DEGREE_DAYS
HEATING TOTAL     188               298    -110     327 
 SINCE 7/1       5807              6704    -897    6730
COOLING TOTAL       2                 0       2       0
 SINCE 1/1          2                 0       2       0
................................................................

WIND (MPH)                        
AVERAGE WIND SPEED                5.1
HIGHEST WIND SPEED/DIRECTION     23/140    DATE   06/25
HIGHEST GUST SPEED/DIRECTION     33/150    DATE   06/25

SKY COVER
POSSIBLE SUNSHINE (PERCENT)   MM                                      
AVERAGE SKY COVER             MM
NUMBER OF DAYS FAIR           MM
NUMBER OF DAYS PC             MM
NUMBER OF DAYS CLOUDY         MM

AVERAGE RH (PERCENT)     MM

WEATHER CONDITIONS. NUMBER OF DAYS WITH
THUNDERSTORM              1     ICE PELLETS                 0
RAIN                     16     GLAZE                       0
DRIZZLE                   3     HAIL                        0
SNOW                      0     HAZE                        0
FOG                      12     FOG W/VIS <= 1/4 MILE       1
BLOWING SNOW              0


-  INDICATES NEGATIVE NUMBERS.
R  INDICATES RECORD WAS SET OR TIED.
MM INDICATES DATA IS MISSING.
T  INDICATES TRACE AMOUNT.

&&

THE MONTH OF JUNE FOR ANNETTE ISLAND, AK WAS BASICALLY AN AVERAGE MONTH FOR THE 
AREA WITH THE ONLY OUTLIER BEING JUST SLIGHTLY WARMER AND DRIER THAN USUAL.  ONE 
THUNDERSTORM WAS RECORDED AND THE AREA ENCOUNTERED A LOT OF SMALL LOW PRESSURE 
SYSTEMS BOTH AT THE SURFACE AND ALOFT THROUGHOUT THE MONTH, HOWEVER THE AREA WAS 
FAR FROM ANY EXTREMES.  THE MAXIMUM TEMPERATURE REACHED WAS 80F (DEGREES 
FAHRENHEIT) ON THE 14TH AND THE MINIMUM FELL TO 44F ON THE 12TH.  THE AVERAGE 
TEMPERATURE OF 58.6F WAS JUST 3.5F ABOVE NORMAL. THE HIGH AND LOW RECORDS FOR JUNE 
ARE 93F AND 37F, RESPECTIVELY.  A TOTAL OF 8 DAYS REACHED AT LEAST 70F OR ABOVE 
WHICH IS MORE THAN DOUBLE THE AVERAGE 3.5 DAYS.  THERE SHOULD BE NO SURPRISE TO 
HEAR THAT TOTAL PRECIPITATION FOR THE MONTH WAS 0.89 INCHES BELOW THE AVERAGE FOR A 
TOTAL OF 3.99 INCHES.  A LOT OF AREAS IN ALASKA WERE RELATIVELY DRY WHICH FUELED A 
LOT OF FOREST FIRES.  THE AREA DID HAVE 16 DAYS WITH RAIN, BUT ONLY 6 DAYS HAD A 
SIGNIFICANT AMOUNT OVER 1/10 OF AN INCH OR MORE.  THERE WAS NO FROZEN PRECIPITATION 
WHATSOEVER. THE AVERAGE WIND SPEED WAS 5.1MPH AND THE HIGHEST THE WIND SPEED 
REACHED WAS 33MPH. NOTHING OUT OF THE ORDINARY HERE WITH MOST VALUES FOR THE MONTH 
JUST SLIGHTLY DEVIATED FROM AVERAGE.   

$$
JZ JUL 15

Alaska Region Headquarters
222 West 7th Avenue #23
Anchorage, AK 99513-7575
Voice: 1-907-271-5088
Fax: 1-907-271-3711
Recorded Forecast: 1-800-472-0391
Webmaster Email: ARH Webauthors
Page Modified: 03 Feb 2008 18:00 UTC
About Us
Career Opportunities
Glossary
Credits
Disclaimer
Privacy Policy