CXAK57 PANT 011422
CLMANN

CLIMATE REPORT 
NATIONAL WEATHER SERVICE ANNETTE, AK
522 AM AKST MON DEC 1 2014
...................................

...THE ANNETTE WSO AP CLIMATE SUMMARY FOR THE MONTH OF NOVEMBER 2014...

CLIMATE NORMAL PERIOD 1981 TO 2010
CLIMATE RECORD PERIOD 1948 TO 2014

WEATHER         OBSERVED          NORMAL  DEPART  LAST YEAR\'S
                 VALUE   DATE(S)  VALUE   FROM    VALUE  DATE(S)
                                          NORMAL
................................................................
TEMPERATURE (F)
RECORD
 HIGH              67   11/01/1970
 LOW               -3   11/26/1985
HIGHEST            54   11/05        53       1      52  11/25 
LOWEST             17                22      -5      19  11/19 
AVG. MAXIMUM       46.7              44.6     2.1    45.0    
AVG. MINIMUM       33.8              35.4    -1.6    35.1   
MEAN               40.3              39.9     0.4    40.1
DAYS MAX >= 90      0                 0.0     0.0     0
DAYS MAX <= 32      2                 1.3     0.7     2
DAYS MAX >= 80      0                 0.0     0.0     0
DAYS MAX >= 70      0                 0.0     0.0     0
DAYS MIN <= 32     14                 9.4     4.6    10
DAYS MIN <= 0       0                 0.1    -0.1     0

PRECIPITATION (INCHES)
RECORD
 MAXIMUM           28.09   1959   
 MINIMUM            3.61   1970
TOTALS              9.83             12.29   -2.46   13.40
DAILY AVG.          0.33              0.41   -0.08    0.45
DAYS >= .01        18                23.5    -5.5    25
DAYS >= .10        14                18.6    -4.6    18
DAYS >= .50        11                 8.9     2.1    12
DAYS >= 1.0         3                 3.8    -0.8     7
GREATEST
 24 HR TOTAL        1.16   11/19                      1.66  11/27       

SNOWFALL (INCHES)
RECORDS
 TOTAL             18.3   1973
 24 HR TOTAL        8.6   11-30-1994
 SNOW DEPTH        10     11-23-1973   
TOTALS              4.2               3.5     0.7     5.7   
SINCE 7/1           4.2               3.4     0.8     5.7   
SNOWDEPTH AVG.      0                 0       0       0
DAYS >= TRACE       1                 4.7    -3.7     6
DAYS >= 1.0         1                 1.0    -0.0     2
DAYS >= 6.0         0                 0.0    -0.0     0
GREATEST
 SNOW DEPTH         0   11/30                         4  11/20 
 24 HR TOTAL      4.2   11/30                       3.5  11/19 

DEGREE_DAYS
HEATING TOTAL     735               750     -15     740 
 SINCE 7/1       2005              2050     -45    1814
COOLING TOTAL       0                 0       0       0
 SINCE 1/1         14                 0      14      22
................................................................

WIND (MPH)                        
AVERAGE WIND SPEED                5.7
HIGHEST WIND SPEED/DIRECTION     44/140    DATE    11/5
HIGHEST GUST SPEED/DIRECTION     67/130    DATE    11/5

SKY COVER
POSSIBLE SUNSHINE (PERCENT)   MM                                      
AVERAGE SKY COVER             MM
NUMBER OF DAYS FAIR           MM
NUMBER OF DAYS PC             MM
NUMBER OF DAYS CLOUDY         MM

AVERAGE RH (PERCENT)     MM

WEATHER CONDITIONS. NUMBER OF DAYS WITH
THUNDERSTORM              0     ICE PELLETS                 0
RAIN                     18     GLAZE                       0
DRIZZLE                   0     HAIL                        0
SNOW                      1     HAZE                        0
FOG                      18     FOG W/VIS <= 1/4 MILE       0
BLOWING SNOW              0


-  INDICATES NEGATIVE NUMBERS.
R  INDICATES RECORD WAS SET OR TIED.
MM INDICATES DATA IS MISSING.
T  INDICATES TRACE AMOUNT.

&&
NOVEMBER PROVED TO BE A NO SPECTACULAR MONTH WITH NO RECORD EVENTS AND 
AVERAGE TO JUST BELOW AVERAGE TEMPERATURE AND PRECIPITATION READINGS
EXCEPT FOR THE LAST DAY OF THE MONTH WHERE SNOW FALL BROUGHT THE AVERAGE 
UP A +.7 INCHES ABOVE NORMAL.  

$$
JH DEC 14


Alaska Region Headquarters
222 West 7th Avenue #23
Anchorage, AK 99513-7575
Voice: 1-907-271-5088
Fax: 1-907-271-3711
Recorded Forecast: 1-800-472-0391
Webmaster Email: ARH Webauthors
Page Modified: 03 Feb 2008 18:00 UTC
About Us
Career Opportunities
Glossary
Credits
Disclaimer
Privacy Policy