CXAK57 PAJK 021123
CLMAJK

CLIMATE REPORT
NATIONAL WEATHER SERVICE JUNEAU, AK                                  
330 AM AKDT SAT MAY 2 2015
................................... 

...THE JUNEAU CLIMATE SUMMARY FOR THE MONTH OF APRIL 2015...

CLIMATE NORMAL PERIOD 1981 TO 2010
CLIMATE RECORD PERIOD 1943 TO 2015

WEATHER         OBSERVED          NORMAL  DEPART  LAST YEAR'S         
                 VALUE   DATE(S)  VALUE   FROM    VALUE  DATE(S)      
                                          NORMAL                      
................................................................
TEMPERATURE (F)
RECORD
 HIGH              74   04/26/2003                                    
 LOW                6   04/05/1963                                    
HIGHEST            62   04/25        60       2       60  04/30       
LOWEST             28   04/05        24       4       24  04/12       
AVG. MAXIMUM     48.3              48.4    -0.1     49.4              
AVG. MINIMUM     35.4              33.3     2.1     32.6              
MEAN             41.9              40.8     1.1     41.0              
DAYS MAX >= 90      0               0.0     0.0        0              
DAYS MAX <= 32      0               0.0     0.0        0              
DAYS MIN <= 32     10              11.1    -1.1       14              
DAYS MIN <= 0       0               0.0     0.0        0              

PRECIPITATION (INCHES)
RECORD
 MAXIMUM         7.48   1999                                          
 MINIMUM         0.27   1948                                          
TOTALS           7.18              2.94    4.24     2.67              
DAILY AVG.       0.24              0.10    0.14     0.09              
DAYS >= .01        19              17.0     2.0       14              
DAYS >= .10        16               8.6     7.4       10              
DAYS >= .50         5               1.2     3.8        1              
DAYS >= 1.00        1               0.2     0.8        0              
GREATEST
 24 HR. TOTAL    1.15   04/08 TO 04/09           

SNOWFALL (INCHES)
RECORDS
 TOTAL           46.3   1963                                          
 24 HR TOTAL     20.5   04/01/1963 TO 04/02/1963                      
 SNOW DEPTH        33   04/04/1963                                    
TOTALS              T               1.1    -1.1      0.3              
SINCE 7/1        48.6              86.7   -38.1     97.1              
SNOWDEPTH AVG.      0                 0       0        0              
DAYS >= TRACE       5               1.3     3.7        4              
DAYS >= 1.0         0               0.3    -0.3        0              
GREATEST
 SNOW DEPTH         0   0                              0  0          
 24 HR TOTAL        T   04/10 TO 04/14           

DEGREE_DAYS
HEATING TOTAL     687               724     -37      711              
 SINCE 7/1       6765              7528    -763     7384              
COOLING TOTAL       0                 0       0        0              
 SINCE 1/1          0                 0       0        0              

FREEZE DATES
RECORD
 EARLIEST     08/24/1969                                              
 LATEST       06/13/1965                                              
EARLIEST                        09/30                                 
LATEST                          05/06                                 
........................................................

WIND (MPH)
AVERAGE WIND SPEED              10.5
RESULTANT WIND SPEED/DIRECTION   8/114
HIGHEST WIND SPEED/DIRECTION    40/110    DATE  04/28
HIGHEST GUST SPEED/DIRECTION    52/120    DATE  04/28

SKY COVER                                     
AVERAGE SKY COVER           0.80
NUMBER OF DAYS FAIR            1
NUMBER OF DAYS PC              5
NUMBER OF DAYS CLOUDY         24

AVERAGE RH (PERCENT)     79

WEATHER CONDITIONS. NUMBER OF DAYS WITH 
THUNDERSTORM              0     MIXED PRECIP               5
HEAVY RAIN                0     RAIN                       8
LIGHT RAIN               23     FREEZING RAIN              0
LT FREEZING RAIN          0     HAIL                       0
HEAVY SNOW                0     SNOW                       1
LIGHT SNOW                2     SLEET                      1
FOG                      23     FOG W/VIS <= 1/4 MILE      3
HAZE                      0                                           
                                                                    
-  INDICATES NEGATIVE NUMBERS.                                      
R  INDICATES RECORD WAS SET OR TIED.                                
MM INDICATES DATA IS MISSING.                                       
T  INDICATES TRACE AMOUNT.                                          

$$

...SOGGY APRIL IN JUNEAU...

APRIL 2015 WAS A WET MONTH WITH 7.18 INCHES OF PRECIPITATION MEASURED AT
THE JUNEAU AIRPORT...WHICH IS THE SECOND WETTEST APRIL ON RECORD. THE
RECORD WAS SET IN 1999 WITH 7.48 INCHES OF PRECIPITATION. MORE THAN A
TENTH OF AN INCH OF PRECIPITATION WAS RECORDED ON 16 DAYS. ONE HALF INCH
OR MORE OF RAINFALL WAS RECORDED ON 5 DAYS...WITH THE MOST RAINFALL
OCCURRING ON THE 8TH AT 1.15 INCHES. THE MONTHLY HIGH AND LOW
TEMPERATURES OF 62 AND 28 DEGREES BOTH OCCURRED DURING TWO OF THE DRIER
PERIODS OF THE MONTH...FROM APRIL 2ND TO 6TH AND THEN BETWEEN THE 21ST
AND THE 25TH. THE DAILY MINIMUM TEMPERATURE WAS LESS THAN 32 DEGREES ON
10 DAYS, THE LAST OF WHICH OCCURRED ON APRIL 25TH. THE CLIMATE NORMAL
LAST FREEZE DATE IS MAY 6TH. A TRACE OF SNOWFALL WAS RECORDED ON SEVERAL
DAYS DURING THE MONTH...BUT MELTED UPON REACHING THE GROUND. THE TOTAL
SNOWFALL FOR THE SEASON SINCE JULY 1 STANDS AT 48.6 INCHES...MORE THAN 3
FEET BELOW THE NORMAL SEASONAL AMOUNT OF 86.7 INCHES. A POTENT, QUICK
MOVING LOW PRESSURE SYSTEM ON THE 28TH BROUGHT THE STRONGEST WINDS OF
THE MONTH TO THE AIRPORT WITH A GUST OF 52 MPH OUT OF THE SOUTHEAST. THE
MONTH OVERALL WAS RELATIVELY WINDY WITH 12 DAYS RECORDING GUSTS OF OVER
30 MPH.

$$ 


Alaska Region Headquarters
222 West 7th Avenue #23
Anchorage, AK 99513-7575
Voice: 1-907-271-5088
Fax: 1-907-271-3711
Recorded Forecast: 1-800-472-0391
Webmaster Email: ARH Webauthors
Page Modified: 03 Feb 2008 18:00 UTC
About Us
Career Opportunities
Glossary
Credits
Disclaimer
Privacy Policy