CXAK57 PAJK 012322
CLMAJK

CLIMATE REPORT
NATIONAL WEATHER SERVICE JUNEAU, AK                                  
202 PM AKST MON DEC 1 2014
................................... 

...THE JUNEAU CLIMATE SUMMARY FOR THE MONTH OF NOVEMBER 2014...

CLIMATE NORMAL PERIOD 1981 TO 2010
CLIMATE RECORD PERIOD 1943 TO 2014

WEATHER         OBSERVED          NORMAL  DEPART  LAST YEAR'S         
                 VALUE   DATE(S)  VALUE   FROM    VALUE  DATE(S)      
                                          NORMAL                      
................................................................
TEMPERATURE (F)
RECORD
 HIGH              56   11/02/1949                                    
 LOW               -5   11/28/2006                                    
                        11/27/2006                                    
                        11/21/1966                                    
HIGHEST            47   11/05        47       0       45  11/01       
LOWEST             13   11/29        14      -1        8  11/19       
                        11/28                                         
AVG. MAXIMUM     39.4              37.8     1.6     35.2              
AVG. MINIMUM     30.2              29.1     1.1     25.6              
MEAN             34.8              33.4     1.4     30.4              
DAYS MAX >= 90      0               0.0     0.0        0              
DAYS MAX <= 32      3               4.7    -1.7        8              
DAYS MIN <= 32     13              16.5    -3.5       22              
DAYS MIN <= 0       0               0.1    -0.1        0              

PRECIPITATION (INCHES)
RECORD
 MAXIMUM        13.67   2005                                          
 MINIMUM         1.15   1983                                          
TOTALS           4.44              5.99   -1.55     6.69              
DAILY AVG.       0.15              0.20   -0.05     0.22              
DAYS >= .01        19              20.9    -1.9       21              
DAYS >= .10        11              14.1    -3.1       15              
DAYS >= .50         4               3.6     0.4        5              
DAYS >= 1.00        0               1.0    -1.0        2              
GREATEST
 24 HR. TOTAL    0.93   11/18 TO 11/19           11/22 TO 11/23       

SNOWFALL (INCHES)
RECORDS
 TOTAL           69.8   1994                                          
 24 HR TOTAL     19.1   11/29/2006 TO 11/29/2006                      
 SNOW DEPTH        28   11/16/2006                                    
TOTALS            9.8              13.1    -3.3     19.2              
SINCE 7/1         9.8              13.9    -4.1     19.2              
SNOWDEPTH AVG.      0                MM      MM        1              
DAYS >= TRACE       4               5.9    -1.9       14              
DAYS >= 1.0         2               3.1    -1.1        3              
GREATEST
 SNOW DEPTH         3   11/30                         12  11/22       
 24 HR TOTAL      8.5   11/30 TO 11/30           11/21 TO 11/21       

DEGREE_DAYS
HEATING TOTAL     895               946     -51     1030              
 SINCE 7/1       2409              2631    -222     2473              
COOLING TOTAL       0                 0       0        0              
 SINCE 1/1          0                 2      -2        9              

FREEZE DATES
RECORD
 EARLIEST     08/24/1969                                              
 LATEST       06/13/1965                                              
EARLIEST      11/11             09/30                                 
LATEST                          05/12                                 
..................................................

WIND (MPH)
AVERAGE WIND SPEED              5.1
RESULTANT WIND SPEED/DIRECTION   4/101
HIGHEST WIND SPEED/DIRECTION    32/120    DATE  11/01
HIGHEST GUST SPEED/DIRECTION    41/110    DATE  11/01

SKY COVER
POSSIBLE SUNSHINE (PERCENT)   MM                                      
AVERAGE SKY COVER           0.80
NUMBER OF DAYS FAIR            6
NUMBER OF DAYS PC              3
NUMBER OF DAYS CLOUDY         21

AVERAGE RH (PERCENT)     87

WEATHER CONDITIONS. NUMBER OF DAYS WITH 
THUNDERSTORM              0     MIXED PRECIP               0
HEAVY RAIN                0     RAIN                       7
LIGHT RAIN               19     FREEZING RAIN              0
LT FREEZING RAIN          0     HAIL                       0
HEAVY SNOW                1     SNOW                       1
LIGHT SNOW                4     SLEET                      0
FOG                      26     FOG W/VIS <= 1/4 MILE      7
HAZE                      0                                           
                                                                    
-  INDICATES NEGATIVE NUMBERS.                                      
R  INDICATES RECORD WAS SET OR TIED.                                
MM INDICATES DATA IS MISSING.                                       
T  INDICATES TRACE AMOUNT.                                          

$$

...NOVEMBER SLIGHTLY WARMER AND DRIER THAN NORMAL...

THE OVERALL AVERAGE TEMPERATURE FOR THE MONTH OF NOVEMBER WAS AROUND 35
DEGREES...WHICH IS ABOUT 1.4 DEGREES ABOVE NORMAL. THE HIGHEST
TEMPERATURE OF THE MONTH OF 47 DEGREES WAS RECORDED ON NOVEMBER
5TH...AND THE LOWEST TEMPERATURE OF 13 DEGREES OCCURRED ON THE 28TH AND
THE 29TH. 

TOTAL LIQUID PRECIPITATION FOR THE MONTH WAS 4.44 INCHES WHICH IS ABOUT
1.5 INCHES BELOW NORMAL. THE TOTAL SNOWFALL OF 9.8 INCHES WAS ABOUT 3
INCHES BELOW NORMAL. THE SNOWIEST DAY OF THE MONTH WAS THE 30TH WHEN 8.5
INCHES WAS RECORDED. ANOTHER 1.3 INCHES FELL THE DAY BEFORE FROM THE
SAME STORM SYSTEM FOR A COMBINED STORM TOTAL OF 9.8 INCHES.

THE HIGHEST WIND GUST AT THE AIRPORT WAS 41 MPH FROM THE SOUTHEAST ON
THE 1ST...AND THE HIGHEST GUST AT THE DOUGLAS BOAT HARBOR WAS 67 MPH ON
THE 26TH.


Alaska Region Headquarters
222 West 7th Avenue #23
Anchorage, AK 99513-7575
Voice: 1-907-271-5088
Fax: 1-907-271-3711
Recorded Forecast: 1-800-472-0391
Webmaster Email: ARH Webauthors
Page Modified: 03 Feb 2008 18:00 UTC
About Us
Career Opportunities
Glossary
Credits
Disclaimer
Privacy Policy