CXAK56 PAYA 300905
CF6YAK

PRELIMINARY LOCAL CLIMATOLOGICAL DATA (WS FORM: F-6)

                                          STATION:   YAKUTAT
                                          MONTH:     04
                                          YEAR:      2016
                                          LATITUDE:   59 31 N                   
                                          LONGITUDE: 139 40 W                   

  TEMPERATURE IN F:       :PCPN:    SNOW:  WIND      :SUNSHINE: SKY     :PK WND 
================================================================================
1   2   3   4   5  6A  6B    7     8   9   10  11  12  13   14  15   16  17  18
                                      12Z  AVG MX 2MIN
DY MAX MIN AVG DEP HDD CDD  WTR   SNW DPTH SPD SPD DIR MIN PSBL S-S WX   SPD DR
================================================================================

 1  46  37  42   7  23   0  0.42  0.0   0  6.9 16  150   M    M   M 1     23 140
 2  47  37  42   7  23   0  0.07  0.0   0  2.8 14  260   M    M   M 1     18 280
 3  52  30  41   6  24   0  0.00  0.0   0  1.7 10   40   M    M   M 2     16 130
 4  50  28  39   4  26   0  0.38  0.0   0  4.9 14  130   M    M   M 1     22  90
 5  46  40  43   8  22   0  0.94  0.0   0  6.7 16  120   M    M   M 1     26 110
 6  46  37  42   6  23   0  0.45  0.0   0  6.3 14  140   M    M   M 1     20 140
 7  48  36  42   6  23   0  1.48  0.0   0 12.9 25  130   M    M   M 1     46 110
 8  50  39  45   9  20   0  0.25  0.0   0  6.8 18  130   M    M   M 1     28 130
 9  47  36  42   6  23   0  0.02  0.0   0  4.6 12  130   M    M   M       17 140
10  45  41  43   6  22   0  0.69  0.0   0  5.1  9  100   M    M   M 1     13 110
11  47  40  44   7  21   0  0.37  0.0   0  6.4 14  120   M    M   M 1     20 140
12  52  35  44   7  21   0     T  0.0   0  2.4 10  200   M    M   M 1     14 150
13  52  34  43   6  22   0  0.08  0.0   0  5.4 18  180   M    M   M 1     23 180
14  47  30  39   1  26   0  0.17  0.0   0  4.9 15  130   M    M   M       22 130
15  46  39  43   5  22   0  0.41  0.0   0  7.6 14  120   M    M   M 1     21 110
16  48  32  40   2  25   0  0.29  0.0   0  6.8 16  130   M    M   M 1     21 150
17  48  29  39   1  26   0  0.32  0.0   0  4.2 15  130   M    M   M 1     26 160
18  46  33  40   2  25   0  0.14  0.0   0  5.9 14  210   M    M   M 18    19 210
19  47  31  39   0  26   0  0.11  0.0   0  3.3 12  190   M    M   M 1     14 130
20  52  29  41   2  24   0  0.00  0.0   0  2.9 13  240   M    M   M 2     15 250
21  64  29  47   8  18   0  0.04  0.0   0  3.6 15  140   M    M   M       21 130
22  56  45  51  12  14   0  0.11  0.0   0  3.2  9  350   M    M   M 1     11 350
23  50  44  47   7  18   0  0.53  0.0   0  5.3 13  130   M    M   M 1     17 150
24  49  40  45   5  20   0  0.04  0.0   0  4.6 13  180   M    M   M       18 170
25  47  42  45   5  20   0  0.31  0.0   0  6.6 15   70   M    M   M 1     22 100
26  48  38  43   3  22   0  0.28  0.0   0  4.9 14  140   M    M   M 1     22 130
27  50  34  42   1  23   0  0.32  0.0   0  7.8 16   80   M    M   M 2     25 130
28  47  40  44   3  21   0  0.68  0.0   0  6.5 14  120   M    M   M 1     22 120
29  46  39  43   2  22   0  0.28  0.0   0  6.9 15  150   M    M   M 1     22 140
================================================================================
SM 1419 1044       645   0  9.18 0.0    157.9           M        M
================================================================================
AV 48.9 36.0                              5.4 FASTST  PSBL  %   M    MAX(MPH)
                                 MISC ---->     25  130                 46 110
================================================================================
NOTES:

COLUMN 17 PEAK WIND IN M.P.H.

PRELIMINARY LOCAL CLIMATOLOGICAL DATA (WS FORM: F-6) , PAGE 2

                                          STATION:   YAKUTAT
                                          MONTH:     04
                                          YEAR:      2016
                                          LATITUDE:  59 31 N                   
                                          LONGITUDE: 139 40 W                   

[TEMPERATURE DATA]      [PRECIPITATION DATA]       SYMBOLS USED IN COLUMN 16    

AVERAGE MONTHLY:42.5   TOTAL FOR MONTH: 9.18       1 = FOG              
DPTR FM NORMAL:  4.7   DPTR FM NORMAL: 0.27       2 = FOG REDUCING VISIBILITY  
HIGHEST:    64 ON 21    GRTST 24HR   1.48 ON  7        TO 1/4 MILE OR LESS   
LOWEST:     28 ON  4                               3 = THUNDER                
                        SNOW, ICE PELLETS, HAIL    4 = ICE PELLETS              
                        TOTAL MONTH: 0.0         5 = HAIL                     
                        GRTST 24HR   0.0           6 = GLAZE OR RIME            
                        GRTST DEPTH:    0          7 = BLOWING DUST OR SAND:    
                                                       VSBY 1/2 MILE OR LESS    
                                                   8 = SMOKE OR HAZE            
[NO. OF DAYS WITH]      [WEATHER - DAYS WITH]      9 = BLOWING SNOW             
                                                   X = TORNADO                  
MAX 32 OR BELOW:   0    0.01 INCH OR MORE:  26                                  
MAX 70 OR ABOVE:   0    0.10 INCH OR MORE:  21                                  
MIN 32 OR BELOW:   8    0.50 INCH OR MORE:   5                                  
MIN  0 OR BELOW:   0    1.00 INCH OR MORE:   1                                  

[HDD (BASE 65) ]                                                                
TOTAL THIS MO.   645    CLEAR  (SCALE 0-3)   M                                  
DPTR FM NORMAL  -147    PTCLDY (SCALE 4-7)   M                                  
SEASONAL TOTAL  6783    CLOUDY (SCALE 8-10)  M                                
DPTR FM NORMAL -1160                                                            

[CDD (BASE 65) ]                                                                
TOTAL THIS MO.     0                                                            
DPTR FM NORMAL     0    [PRESSURE DATA]                                         
SEASONAL TOTAL     0    HIGHEST SLP     M                                 
DPTR FM NORMAL     0    LOWEST  SLP     M                                 

[REMARKS]




Alaska Region Headquarters
222 West 7th Avenue #23
Anchorage, AK 99513-7575
Voice: 1-907-271-5088
Fax: 1-907-271-3711
Recorded Forecast: 1-800-472-0391
Webmaster Email: ARH Webauthors
Page Modified: 03 Feb 2008 18:00 UTC
About Us
Career Opportunities
Glossary
Credits
Disclaimer
Privacy Policy