CXAK56 PASN 311113
CF6SNP

PRELIMINARY LOCAL CLIMATOLOGICAL DATA (WS FORM: F-6)

                                          STATION:   ST PAUL
                                          MONTH:     07
                                          YEAR:      2014
                                          LATITUDE:   57 10 N                   
                                          LONGITUDE: 170 13 W                   

  TEMPERATURE IN F:       :PCPN:    SNOW:  WIND      :SUNSHINE: SKY     :PK WND 
================================================================================
1   2   3   4   5  6A  6B    7     8   9   10  11  12  13   14  15   16  17  18
                                      12Z  AVG MX 2MIN
DY MAX MIN AVG DEP HDD CDD  WTR   SNW DPTH SPD SPD DIR MIN PSBL S-S WX   SPD DR
================================================================================

 1  48  42  45  -1  20   0  0.01  0.0   0  7.8 14  160   M    M   M 1     16 160
 2  51  45  48   2  17   0  0.10  0.0   0  9.4 15  120   M    M   M 1     19 110
 3  51  45  48   2  17   0  0.16  0.0   0  8.3 13   90   M    M   M 1     17  90
 4  51  46  49   3  16   0  0.14  0.0   0  7.3 10  120   M    M   M 1     13 130
 5  53  47  50   4  15   0  0.02  0.0   0  5.0 10  140   M    M   M 1     13 140
 6  52  48  50   4  15   0  0.10  0.0   0  3.6  7  110   M    M   M 1      9 130
 7  55  46  51   5  14   0  0.00  0.0   0  4.7 13  240   M    M   M 1     14 250
 8  53  46  50   3  15   0     T  0.0   0  5.5  9  250   M    M   M 1     11 260
 9  56  43  50   3  15   0  0.00  0.0   0  5.5 12  210   M    M   M 1     14 180
10  50  45  48   1  17   0  0.15  0.0   0  9.6 17  320   M    M   M 1     22 320
11  53  46  50   3  15   0     T  0.0   0 14.9 25  310   M    M   M 1     30 320
12  56  47  52   5  13   0  0.00  0.0   0 19.3 30  340   M    M   M 1     35 360
13  60  44  52   5  13   0  0.00  0.0   0  9.3 15   60   M    M   M 1     19  60
14  58  43  51   4  14   0  0.00  0.0   0  7.5 13  110   M    M   M 12    15 100
15  56  42  49   2  16   0  0.00  0.0   0  4.1  9  150   M    M   M 2     12 150
16  53  42  48   1  17   0  0.00  0.0   0  4.9 10  250   M    M   M 2     13 220
17  54  49  52   5  13   0  0.01  0.0   0  0.0 17  260   M    M   M 12    21 260
18  52  47  50   2  15   0  0.03  0.0   0  9.5 20   30   M    M   M 12    23  40
19  55  44  50   2  15   0  0.00  0.0   0 10.4 20  250   M    M   M 1     24 250
20  55  48  52   4  13   0     T  0.0   0 10.5 15  240   M    M   M 12    19 260
21  55  47  51   3  14   0  0.01  0.0   0  8.3 14  220   M    M   M 1     17 220
22  58  48  53   5  12   0  0.34  0.0   0 11.4 21  310   M    M   M 1     24 320
23  54  49  52   4  13   0     T  0.0   0 12.6 25  260   M    M   M 12    30 270
24  57  49  53   5  12   0     T  0.0   0 13.8 21  280   M    M   M 1     26 280
25  58  49  54   6  11   0  0.00  0.0   0  9.9 17  270   M    M   M 12    20 250
26  57  47  52   4  13   0     T  0.0   0  9.6 15  320   M    M   M 1     18 320
27  56  47  52   4  13   0  0.00  0.0   0  9.3 14  330   M    M   M 1     17 340
28  59  46  53   5  12   0  0.00  0.0   0  5.9 10  360   M    M   M 2     16  10
29  54  39  47  -1  18   0  0.00  0.0   0  4.5 10  110   M    M   M 2     14 100
30  58  47  53   5  12   0  0.00  0.0   0  5.1  8  110   M    M   M 1     10 120
================================================================================
SM 1638 1373       435   0  1.07 0.0    247.5           M        M
================================================================================
AV 54.6 45.8                              8.3 FASTST  PSBL  %   M    MAX(MPH)
                                 MISC ---->     30  340                 35 360
================================================================================
NOTES:

COLUMN 17 PEAK WIND IN M.P.H.

PRELIMINARY LOCAL CLIMATOLOGICAL DATA (WS FORM: F-6) , PAGE 2

                                          STATION:   ST PAUL
                                          MONTH:     07
                                          YEAR:      2014
                                          LATITUDE:  57 10 N                   
                                          LONGITUDE: 170 13 W                   

[TEMPERATURE DATA]      [PRECIPITATION DATA]       SYMBOLS USED IN COLUMN 16    

AVERAGE MONTHLY:50.2   TOTAL FOR MONTH: 1.07       1 = FOG              
DPTR FM NORMAL:  3.0   DPTR FM NORMAL: -0.71       2 = FOG REDUCING VISIBILITY  
HIGHEST:    60 ON 13    GRTST 24HR   0.34 ON 22        TO 1/4 MILE OR LESS   
LOWEST:     39 ON 29                               3 = THUNDER                
                        SNOW, ICE PELLETS, HAIL    4 = ICE PELLETS              
                        TOTAL MONTH: 0.0         5 = HAIL                     
                        GRTST 24HR   0.0           6 = GLAZE OR RIME            
                        GRTST DEPTH:    0          7 = BLOWING DUST OR SAND:    
                                                       VSBY 1/2 MILE OR LESS    
                                                   8 = SMOKE OR HAZE            
[NO. OF DAYS WITH]      [WEATHER - DAYS WITH]      9 = BLOWING SNOW             
                                                   X = TORNADO                  
MAX 32 OR BELOW:   0    0.01 INCH OR MORE:  11                                  
MAX 70 OR ABOVE:   0    0.10 INCH OR MORE:   6                                  
MIN 32 OR BELOW:   0    0.50 INCH OR MORE:   0                                  
MIN  0 OR BELOW:   0    1.00 INCH OR MORE:   0                                  

[HDD (BASE 65) ]                                                                
TOTAL THIS MO.   435    CLEAR  (SCALE 0-3)   M                                  
DPTR FM NORMAL  -101    PTCLDY (SCALE 4-7)   M                                  
SEASONAL TOTAL   435    CLOUDY (SCALE 8-10)  M                                
DPTR FM NORMAL  -101                                                            

[CDD (BASE 65) ]                                                                
TOTAL THIS MO.     0                                                            
DPTR FM NORMAL     0    [PRESSURE DATA]                                         
SEASONAL TOTAL     0    HIGHEST SLP     M                                 
DPTR FM NORMAL     0    LOWEST  SLP     M                                 

[REMARKS]




Alaska Region Headquarters
222 West 7th Avenue #23
Anchorage, AK 99513-7575
Voice: 1-907-271-5088
Fax: 1-907-271-3711
Recorded Forecast: 1-800-472-0391
Webmaster Email: ARH Webauthors
Page Modified: 03 Feb 2008 18:00 UTC
About Us
Career Opportunities
Glossary
Credits
Disclaimer
Privacy Policy