CXAK56 PAOT 281201
CF6OTZ

PRELIMINARY LOCAL CLIMATOLOGICAL DATA (WS FORM: F-6)

                                          STATION:   KOTZEBUE
                                          MONTH:     11
                                          YEAR:      2014
                                          LATITUDE:   66 53 N                   
                                          LONGITUDE: 162 36 W                   

  TEMPERATURE IN F:       :PCPN:    SNOW:  WIND      :SUNSHINE: SKY     :PK WND 
================================================================================
1   2   3   4   5  6A  6B    7     8   9   10  11  12  13   14  15   16  17  18
                                      12Z  AVG MX 2MIN
DY MAX MIN AVG DEP HDD CDD  WTR   SNW DPTH SPD SPD DIR MIN PSBL S-S WX   SPD DR
================================================================================

 1  15   6  11  -4  54   0  0.00  0.0   4  9.1 15   20   M    M   M       17  20
 2  11   1   6  -8  59   0  0.00  0.0   4  8.2 15   40   M    M   M       18  30
 3  11  -2   5  -9  60   0  0.00  0.0   4  5.0  9   80   M    M   M       10  90
 4  14   1   8  -5  57   0  0.00  0.0   4  7.0 15   80   M    M   M 1     18  90
 5   5  -4   1 -12  64   0  0.00  0.0   4  7.0 13   70   M    M   M       14  90
 6  13   3   8  -4  57   0  0.00  0.0   4 17.6 30  100   M    M   M       36 110
 7  19  11  15   3  50   0  0.00  0.0   4 19.0 29  100   M    M   M       35 100
 8  27  16  22  11  43   0     T  0.0   4 21.4 30  110   M    M   M       36 100
 9  32  25  29  18  36   0  0.01  0.1   4 28.6 40  110   M    M   M 19    49 110
10  36  32  34  23  31   0  0.03    T   4 24.1 32  100   M    M   M 1     39 100
11  37  33  35  25  30   0     T    T   4 22.7 29  100   M    M   M 1     35 110
12  38  35  37  27  28   0     T    T   3 25.4 36  110   M    M   M       44 110
13  39  35  37  27  28   0     T  0.0   1 12.0 23  120   M    M   M       27 130
14  36  28  32  23  33   0  0.00  0.0   1 14.2 23  120   M    M   M       29 120
15  32  25  29  20  36   0  0.00  0.0   1 11.5 23  130   M    M   M       27 120
16  32  23  28  19  37   0  0.00  0.0   1  9.6 23  110   M    M   M       26 110
17  29  23  26  18  39   0  0.00  0.0   1 12.9 21  100   M    M   M       27 100
18  32  24  28  20  37   0  0.00  0.0   1 12.5 23   90   M    M   M       27  90
19  36  25  31  23  34   0  0.13    T   1 19.0 28   80   M    M   M 1     33 150
20  35  26  31  24  34   0  0.01  0.0   1 13.1 22  120   M    M   M       26 140
21  32  18  25  18  40   0  0.00  0.0   1 19.1 31   90   M    M   M       37  90
22  20   8  14   7  51   0  0.00  0.0   1  7.4 14   60   M    M   M       17  70
23   9   2   6  -1  59   0  0.00  0.0   1  4.8 10   50   M    M   M       13  50
24  10   4   7   1  58   0  0.00  0.0   1  0.0  8  130   M    M   M        9 120
25   2  -1   1  -5  64   0  0.00  0.0   1  7.3 16   90   M    M   M       19  80
26  13   2   8   2  57   0  0.03  0.3   1 24.4 33  100   M    M   M 1     39 100
27  17  13  15   9  50   0  0.01  0.1   2 22.7 31  100   M    M   M 9     37 110
================================================================================
SM  632  412      1226   0  0.22 0.5    385.6           M        M
================================================================================
AV 23.4 15.3                             14.3 FASTST  PSBL  %   M    MAX(MPH)
                                 MISC ---->     40  110                 49 110
================================================================================
NOTES:

COLUMN 17 PEAK WIND IN M.P.H.

PRELIMINARY LOCAL CLIMATOLOGICAL DATA (WS FORM: F-6) , PAGE 2

                                          STATION:   KOTZEBUE
                                          MONTH:     11
                                          YEAR:      2014
                                          LATITUDE:  66 53 N                   
                                          LONGITUDE: 162 36 W                   

[TEMPERATURE DATA]      [PRECIPITATION DATA]       SYMBOLS USED IN COLUMN 16    

AVERAGE MONTHLY:19.3   TOTAL FOR MONTH: 0.22       1 = FOG              
DPTR FM NORMAL:  9.7   DPTR FM NORMAL: -0.47       2 = FOG REDUCING VISIBILITY  
HIGHEST:    39 ON 13    GRTST 24HR   0.13 ON 19        TO 1/4 MILE OR LESS   
LOWEST:     -4 ON  5                               3 = THUNDER                
                        SNOW, ICE PELLETS, HAIL    4 = ICE PELLETS              
                        TOTAL MONTH: 0.5   INCH  5 = HAIL                     
                        GRTST 24HR   0.3 ON 26     6 = GLAZE OR RIME            
                        GRTST DEPTH:    4 ON 11    7 = BLOWING DUST OR SAND:    
                                                       VSBY 1/2 MILE OR LESS    
                                                   8 = SMOKE OR HAZE            
[NO. OF DAYS WITH]      [WEATHER - DAYS WITH]      9 = BLOWING SNOW             
                                                   X = TORNADO                  
MAX 32 OR BELOW:  20    0.01 INCH OR MORE:   6                                  
MAX 70 OR ABOVE:   0    0.10 INCH OR MORE:   1                                  
MIN 32 OR BELOW:  24    0.50 INCH OR MORE:   0                                  
MIN  0 OR BELOW:   3    1.00 INCH OR MORE:   0                                  

[HDD (BASE 65) ]                                                                
TOTAL THIS MO.  1226    CLEAR  (SCALE 0-3)   M                                  
DPTR FM NORMAL  -272    PTCLDY (SCALE 4-7)   M                                  
SEASONAL TOTAL  3537    CLOUDY (SCALE 8-10)  M                                
DPTR FM NORMAL  -643                                                            

[CDD (BASE 65) ]                                                                
TOTAL THIS MO.     0                                                            
DPTR FM NORMAL     0    [PRESSURE DATA]                                         
SEASONAL TOTAL    19    HIGHEST SLP     M                                 
DPTR FM NORMAL    19    LOWEST  SLP     M                                 

[REMARKS]



Alaska Region Headquarters
222 West 7th Avenue #23
Anchorage, AK 99513-7575
Voice: 1-907-271-5088
Fax: 1-907-271-3711
Recorded Forecast: 1-800-472-0391
Webmaster Email: ARH Webauthors
Page Modified: 03 Feb 2008 18:00 UTC
About Us
Career Opportunities
Glossary
Credits
Disclaimer
Privacy Policy