CXAK56 PAOT 291209
CF6OTZ

PRELIMINARY LOCAL CLIMATOLOGICAL DATA (WS FORM: F-6)

                                          STATION:   KOTZEBUE
                                          MONTH:     08
                                          YEAR:      2014
                                          LATITUDE:   66 53 N                   
                                          LONGITUDE: 162 36 W                   

  TEMPERATURE IN F:       :PCPN:    SNOW:  WIND      :SUNSHINE: SKY     :PK WND 
================================================================================
1   2   3   4   5  6A  6B    7     8   9   10  11  12  13   14  15   16  17  18
                                      12Z  AVG MX 2MIN
DY MAX MIN AVG DEP HDD CDD  WTR   SNW DPTH SPD SPD DIR MIN PSBL S-S WX   SPD DR
================================================================================

 1  58  52  55   1  10   0  0.00  0.0   0 10.9 17  290   M    M   M 1     21 300
 2  63  56  60   6   5   0  0.00  0.0   0 12.1 21  290   M    M   M 1     25 290
 3  66  52  59   5   6   0  0.00  0.0   0  6.2 16  290   M    M   M 12    18 270
 4  69  57  63   9   2   0  0.00  0.0   0  8.7 15  300   M    M   M       17 300
 5  73  56  65  11   0   0  0.00  0.0   0  6.4 14   80   M    M   M       15  80
 6  75  58  67  13   0   2  0.00  0.0   0  6.5 17  110   M    M   M       19 110
 7  68  59  64  11   1   0  0.01  0.0   0 11.0 21   90   M    M   M       24  90
 8  71  58  65  12   0   0  0.10  0.0   0 18.4 30  100   M    M   M 1     35 100
 9  73  60  67  14   0   2     T  0.0   0 16.1 28  100   M    M   M       34 100
10  75  61  68  15   0   3  0.00  0.0   0 15.5 26   90   M    M   M       31  80
11  74  60  67  14   0   2  0.00  0.0   0 13.6 24   80   M    M   M       29  80
12  74  60  67  14   0   2  0.18  0.0   0  8.6 17  100   M    M   M       21  90
13  69  60  65  13   0   0     T  0.0   0 12.1 24   80   M    M   M       28  80
14  67  60  64  12   1   0  0.03  0.0   0 13.0 21  100   M    M   M       25  90
15  73  56  65  13   0   0     T  0.0   0  8.3 20   10   M    M   M       23  10
16  65  58  62  10   3   0  0.09  0.0   0 11.0 20  110   M    M   M 8     23 100
17  66  54  60   8   5   0  0.00  0.0   0  6.9 16  130   M    M   M       18 130
18  60  52  56   4   9   0  0.01  0.0   0  9.7 18  290   M    M   M       21 290
19  58  51  55   4  10   0     T  0.0   0  5.5 10  270   M    M   M 1     13 270
20  59  53  56   5   9   0  0.03  0.0   0  7.7 14  270   M    M   M 1     16 270
21  59  54  57   6   8   0  0.00  0.0   0  8.9 15  250   M    M   M       17 240
22  58  51  55   4  10   0  0.40  0.0   0  5.8 10  250   M    M   M 13    13 260
23  63  54  59   8   6   0  0.00  0.0   0  5.5 12   20   M    M   M       14  20
24  64  50  57   7   8   0  0.00  0.0   0  8.6 15  310   M    M   M       17 310
25  61  52  57   7   8   0  0.00  0.0   0 10.5 20  300   M    M   M       23 300
26  53  50  52   2  13   0  0.00  0.0   0  9.6 20  280   M    M   M 1     24 280
27  56  49  53   3  12   0  0.07  0.0   0 10.3 21  270   M    M   M       24 280
28  52  43  48  -1  17   0     T  0.0   0 18.6 28  300   M    M   M       35 300
================================================================================
SM 1822 1536       143  11  0.92 0.0    286.0           M        M
================================================================================
AV 65.1 54.9                             10.2 FASTST  PSBL  %   M    MAX(MPH)
                                 MISC ---->     30  100               # 35 300
================================================================================
NOTES:

COLUMN 17 PEAK WIND IN M.P.H.

PRELIMINARY LOCAL CLIMATOLOGICAL DATA (WS FORM: F-6) , PAGE 2

                                          STATION:   KOTZEBUE
                                          MONTH:     08
                                          YEAR:      2014
                                          LATITUDE:  66 53 N                   
                                          LONGITUDE: 162 36 W                   

[TEMPERATURE DATA]      [PRECIPITATION DATA]       SYMBOLS USED IN COLUMN 16    

AVERAGE MONTHLY:60.0   TOTAL FOR MONTH: 0.92       1 = FOG              
DPTR FM NORMAL:  7.9   DPTR FM NORMAL: -1.08       2 = FOG REDUCING VISIBILITY  
HIGHEST:    75 ON 10    GRTST 24HR   0.40 ON 22        TO 1/4 MILE OR LESS   
LOWEST:     43 ON 28                               3 = THUNDER                
                        SNOW, ICE PELLETS, HAIL    4 = ICE PELLETS              
                        TOTAL MONTH: 0.0         5 = HAIL                     
                        GRTST 24HR   0.0           6 = GLAZE OR RIME            
                        GRTST DEPTH:    0          7 = BLOWING DUST OR SAND:    
                                                       VSBY 1/2 MILE OR LESS    
                                                   8 = SMOKE OR HAZE            
[NO. OF DAYS WITH]      [WEATHER - DAYS WITH]      9 = BLOWING SNOW             
                                                   X = TORNADO                  
MAX 32 OR BELOW:   0    0.01 INCH OR MORE:   9                                  
MAX 70 OR ABOVE:   8    0.10 INCH OR MORE:   3                                  
MIN 32 OR BELOW:   0    0.50 INCH OR MORE:   0                                  
MIN  0 OR BELOW:   0    1.00 INCH OR MORE:   0                                  

[HDD (BASE 65) ]                                                                
TOTAL THIS MO.   143    CLEAR  (SCALE 0-3)   M                                  
DPTR FM NORMAL  -221    PTCLDY (SCALE 4-7)   M                                  
SEASONAL TOTAL   497    CLOUDY (SCALE 8-10)  M                                
DPTR FM NORMAL  -193                                                            

[CDD (BASE 65) ]                                                                
TOTAL THIS MO.    11                                                            
DPTR FM NORMAL    11    [PRESSURE DATA]                                         
SEASONAL TOTAL    19    HIGHEST SLP     M                                 
DPTR FM NORMAL    19    LOWEST  SLP     M                                 

[REMARKS]



Alaska Region Headquarters
222 West 7th Avenue #23
Anchorage, AK 99513-7575
Voice: 1-907-271-5088
Fax: 1-907-271-3711
Recorded Forecast: 1-800-472-0391
Webmaster Email: ARH Webauthors
Page Modified: 03 Feb 2008 18:00 UTC
About Us
Career Opportunities
Glossary
Credits
Disclaimer
Privacy Policy