CXAK56 PAOT 280919
CF6OTZ

PRELIMINARY LOCAL CLIMATOLOGICAL DATA (WS FORM: F-6)

                                          STATION:   KOTZEBUE
                                          MONTH:     05
                                          YEAR:      2015
                                          LATITUDE:   66 53 N                   
                                          LONGITUDE: 162 36 W                   

  TEMPERATURE IN F:       :PCPN:    SNOW:  WIND      :SUNSHINE: SKY     :PK WND 
================================================================================
1   2   3   4   5  6A  6B    7     8   9   10  11  12  13   14  15   16  17  18
                                      12Z  AVG MX 2MIN
DY MAX MIN AVG DEP HDD CDD  WTR   SNW DPTH SPD SPD DIR MIN PSBL S-S WX   SPD DR
================================================================================

 1  23  11  17  -7  48   0  0.00  0.0   3  3.2  8  290   M    M   M 12    10 290
 2  27  19  23  -2  42   0     T    T   3  7.0 13  300   M    M   M 12    15 300
 3  28  21  25   0  40   0  0.00  0.0   3  9.2 14  300   M    M   M 1     16 300
 4  37  23  30   4  35   0  0.00  0.0   2  4.2  8  300   M    M   M       10 300
 5  32  14  23  -4  42   0  0.00  0.0   2  4.2  8  300   M    M   M        9 300
 6  35  13  24  -3  41   0  0.00  0.0   2  4.1  8  290   M    M   M 1     10 220
 7  40  23  32   4  33   0     T  0.0   2  4.1 10  170   M    M   M       12 170
 8  34  30  32   4  33   0  0.07    T   2  7.0 12  270   M    M   M 1     13 280
 9  35  29  32   3  33   0  0.00  0.0   1  4.9 10   30   M    M   M       15  30
10  46  28  37   8  28   0  0.00  0.0   1  7.2 12  120   M    M   M       14 120
11  47  35  41  11  24   0  0.01  0.0   1  3.9 12  130   M    M   M       12 130
12  49  31  40  10  25   0     T  0.0   T  3.4 10   50   M    M   M       12 260
13  54  37  46  15  19   0  0.02  0.0   T 18.8 29   80   M    M   M       35  80
14  48  37  43  12  22   0  0.03  0.0   0 11.6 18  140   M    M   M 1     20 150
15  51  39  45  13  20   0  0.03  0.0   0 10.0 18  160   M    M   M 1     21 170
16  46  39  43  11  22   0  0.02  0.0   0 19.6 36  150   M    M   M 1     43 150
17  48  39  44  11  21   0  0.19  0.0   0 15.1 24  160   M    M   M 1     29 160
18  50  38  44  11  21   0  0.11  0.0   0 14.3 29  150   M    M   M 1     34 160
19  57  37  47  13  18   0     T  0.0   0  8.5 15  160   M    M   M       16 130
20  52  43  48  14  17   0  0.10  0.0   0 17.8 24  110   M    M   M 1     30 110
21  48  37  43   9  22   0     T  0.0   0 14.7 33  170   M    M   M       37 170
22  56  35  46  11  19   0  0.00  0.0   0 12.0 23  100   M    M   M       27 110
23  60  48  54  19  11   0     T  0.0   0 14.2 25   80   M    M   M       30  70
24  58  42  50  14  15   0  0.00  0.0   0  8.9 17  180   M    M   M       21 180
25  52  40  46  10  19   0     T  0.0   0  5.7 12  300   M    M   M       15 290
26  56  40  48  11  17   0  0.00  0.0   0  3.9 14   90   M    M   M       15  90
27  57  42  50  13  15   0  0.00  0.0   0  8.7 23  150   M    M   M       26 150
================================================================================
SM 1226  870       702   0  0.58     T    246.2           M        M
================================================================================
AV 45.4 32.2                              9.1 FASTST  PSBL  %   M    MAX(MPH)
                                 MISC ---->     36  150                 43 150
================================================================================
NOTES:

COLUMN 17 PEAK WIND IN M.P.H.

PRELIMINARY LOCAL CLIMATOLOGICAL DATA (WS FORM: F-6) , PAGE 2

                                          STATION:   KOTZEBUE
                                          MONTH:     05
                                          YEAR:      2015
                                          LATITUDE:  66 53 N                   
                                          LONGITUDE: 162 36 W                   

[TEMPERATURE DATA]      [PRECIPITATION DATA]       SYMBOLS USED IN COLUMN 16    

AVERAGE MONTHLY:38.8   TOTAL FOR MONTH: 0.58       1 = FOG              
DPTR FM NORMAL:  7.8   DPTR FM NORMAL: 0.22       2 = FOG REDUCING VISIBILITY  
HIGHEST:    60 ON 23    GRTST 24HR   0.19 ON 17        TO 1/4 MILE OR LESS   
LOWEST:     11 ON  1                               3 = THUNDER                
                        SNOW, ICE PELLETS, HAIL    4 = ICE PELLETS              
                        TOTAL MONTH:     T         5 = HAIL                     
                        GRTST 24HR     T ON  8     6 = GLAZE OR RIME            
                        GRTST DEPTH:    3 ON  3    7 = BLOWING DUST OR SAND:    
                                                       VSBY 1/2 MILE OR LESS    
                                                   8 = SMOKE OR HAZE            
[NO. OF DAYS WITH]      [WEATHER - DAYS WITH]      9 = BLOWING SNOW             
                                                   X = TORNADO                  
MAX 32 OR BELOW:   4    0.01 INCH OR MORE:   9                                  
MAX 70 OR ABOVE:   0    0.10 INCH OR MORE:   3                                  
MIN 32 OR BELOW:  11    0.50 INCH OR MORE:   0                                  
MIN  0 OR BELOW:   0    1.00 INCH OR MORE:   0                                  

[HDD (BASE 65) ]                                                                
TOTAL THIS MO.   702    CLEAR  (SCALE 0-3)   M                                  
DPTR FM NORMAL  -216    PTCLDY (SCALE 4-7)   M                                  
SEASONAL TOTAL 13080    CLOUDY (SCALE 8-10)  M                                
DPTR FM NORMAL -1618                                                            

[CDD (BASE 65) ]                                                                
TOTAL THIS MO.     0                                                            
DPTR FM NORMAL     0    [PRESSURE DATA]                                         
SEASONAL TOTAL     0    HIGHEST SLP     M                                 
DPTR FM NORMAL     0    LOWEST  SLP     M                                 

[REMARKS]




Alaska Region Headquarters
222 West 7th Avenue #23
Anchorage, AK 99513-7575
Voice: 1-907-271-5088
Fax: 1-907-271-3711
Recorded Forecast: 1-800-472-0391
Webmaster Email: ARH Webauthors
Page Modified: 03 Feb 2008 18:00 UTC
About Us
Career Opportunities
Glossary
Credits
Disclaimer
Privacy Policy