CXAK56 PAOT 291118
CF6OTZ

PRELIMINARY LOCAL CLIMATOLOGICAL DATA (WS FORM: F-6)

                                          STATION:   KOTZEBUE
                                          MONTH:     06
                                          YEAR:      2016
                                          LATITUDE:   66 53 N                   
                                          LONGITUDE: 162 36 W                   

  TEMPERATURE IN F:       :PCPN:    SNOW:  WIND      :SUNSHINE: SKY     :PK WND 
================================================================================
1   2   3   4   5  6A  6B    7     8   9   10  11  12  13   14  15   16  17  18
                                      12Z  AVG MX 2MIN
DY MAX MIN AVG DEP HDD CDD  WTR   SNW DPTH SPD SPD DIR MIN PSBL S-S WX   SPD DR
================================================================================

 1  60  48  54  15  11   0  0.00  0.0   0 17.5 30   20   M    M   M       38  10
 2  56  40  48   8  17   0  0.00  0.0   0 17.6 28  350   M    M   M       32 350
 3  51  38  45   5  20   0  0.00  0.0   0 15.6 21   10   M    M   M       24 360
 4  46  33  40   0  25   0  0.00  0.0   0 15.6 24  280   M    M   M 2     27 280
 5  59  38  49   8  16   0  0.00  0.0   0 15.2 23   10   M    M   M       28  10
 6  50  43  47   6  18   0     T  0.0   0  7.8 16  250   M    M   M       22 250
 7  50  35  43   1  22   0     T  0.0   0 18.4 30  290   M    M   M 8     36 290
 8  43  34  39  -3  26   0  0.00  0.0   0 22.1 31  290   M    M   M       36 290
 9  48  35  42  -1  23   0  0.00  0.0   0 16.6 24  290   M    M   M 8     28 360
10  54  43  49   6  16   0  0.00  0.0   0  6.9 15   10   M    M   M 8     19 360
11  55  46  51   7  14   0  0.00  0.0   0  8.4 20  280   M    M   M       21 280
12  60  42  51   7  14   0     T  0.0   0 11.1 20  290   M    M   M       22 290
13  43  39  41  -4  24   0  0.09  0.0   0 15.6 20  280   M    M   M 1     23 290
14  59  40  50   5  15   0  0.00  0.0   0  9.6 18  150   M    M   M       22 140
15  54  47  51   5  14   0  0.00  0.0   0  6.7 12  280   M    M   M       13 290
16  70  47  59  13   6   0  0.00  0.0   0  4.8  9   40   M    M   M       11 260
17  74  54  64  17   1   0  0.06  0.0   0 16.2 25  190   M    M   M 1     31 190
18  57  49  53   6  12   0     T  0.0   0 12.1 23  220   M    M   M       28 220
19  60  51  56   9   9   0  0.01  0.0   0  9.3 21  300   M    M   M       25 310
20  52  42  47  -1  18   0     T  0.0   0 13.6 23  280   M    M   M 12    27 290
21  58  45  52   4  13   0  0.00  0.0   0  8.6 20  290   M    M   M       22 300
22  68  51  60  11   5   0  0.00  0.0   0 10.0 18  140   M    M   M       22 130
23  64  54  59  10   6   0  0.01  0.0   0  9.1 20  280   M    M   M       22 290
24  55  52  54   4  11   0     T  0.0   0 18.8 23  290   M    M   M       26 290
25  57  50  54   4  11   0  0.00  0.0   0 16.7 23  280   M    M   M       27 290
26  59  50  55   4  10   0  0.08  0.0   0 11.3 24  310   M    M   M       29 300
27  63  50  57   6   8   0  0.00  0.0   0  7.1 18  300   M    M   M       21 300
28  65  51  58   7   7   0  0.00  0.0   0  7.3 14  200   M    M   M       15 210
================================================================================
SM 1590 1247       392   0  0.25 0.0    349.6           M        M
================================================================================
AV 56.8 44.5                             12.5 FASTST  PSBL  %   M    MAX(MPH)
                                 MISC ---->     31  290                 38  10
================================================================================
NOTES:

COLUMN 17 PEAK WIND IN M.P.H.

PRELIMINARY LOCAL CLIMATOLOGICAL DATA (WS FORM: F-6) , PAGE 2

                                          STATION:   KOTZEBUE
                                          MONTH:     06
                                          YEAR:      2016
                                          LATITUDE:  66 53 N                   
                                          LONGITUDE: 162 36 W                   

[TEMPERATURE DATA]      [PRECIPITATION DATA]       SYMBOLS USED IN COLUMN 16    

AVERAGE MONTHLY:50.7   TOTAL FOR MONTH: 0.25       1 = FOG              
DPTR FM NORMAL:  5.4   DPTR FM NORMAL: -0.27       2 = FOG REDUCING VISIBILITY  
HIGHEST:    74 ON 17    GRTST 24HR   0.09 ON 13        TO 1/4 MILE OR LESS   
LOWEST:     33 ON  4                               3 = THUNDER                
                        SNOW, ICE PELLETS, HAIL    4 = ICE PELLETS              
                        TOTAL MONTH: 0.0         5 = HAIL                     
                        GRTST 24HR   0.0           6 = GLAZE OR RIME            
                        GRTST DEPTH:    0          7 = BLOWING DUST OR SAND:    
                                                       VSBY 1/2 MILE OR LESS    
                                                   8 = SMOKE OR HAZE            
[NO. OF DAYS WITH]      [WEATHER - DAYS WITH]      9 = BLOWING SNOW             
                                                   X = TORNADO                  
MAX 32 OR BELOW:   0    0.01 INCH OR MORE:   5                                  
MAX 70 OR ABOVE:   2    0.10 INCH OR MORE:   0                                  
MIN 32 OR BELOW:   0    0.50 INCH OR MORE:   0                                  
MIN  0 OR BELOW:   0    1.00 INCH OR MORE:   0                                  

[HDD (BASE 65) ]                                                                
TOTAL THIS MO.   392    CLEAR  (SCALE 0-3)   M                                  
DPTR FM NORMAL  -163    PTCLDY (SCALE 4-7)   M                                  
SEASONAL TOTAL 13220    CLOUDY (SCALE 8-10)  M                                
DPTR FM NORMAL -2141                                                            

[CDD (BASE 65) ]                                                                
TOTAL THIS MO.     0                                                            
DPTR FM NORMAL     0    [PRESSURE DATA]                                         
SEASONAL TOTAL     0    HIGHEST SLP     M                                 
DPTR FM NORMAL     0    LOWEST  SLP     M                                 

[REMARKS]



Alaska Region Headquarters
222 West 7th Avenue #23
Anchorage, AK 99513-7575
Voice: 1-907-271-5088
Fax: 1-907-271-3711
Recorded Forecast: 1-800-472-0391
Webmaster Email: ARH Webauthors
Page Modified: 03 Feb 2008 18:00 UTC
About Us
Career Opportunities
Glossary
Credits
Disclaimer
Privacy Policy